[INFO] cloning repository https://github.com/lsimrsi/auth
[INFO] running `Command { std: "git" "-c" "credential.helper=" "-c" "credential.helper=/workspace/cargo-home/bin/git-credential-null" "clone" "--bare" "https://github.com/lsimrsi/auth" "/workspace/cache/git-repos/https%3A%2F%2Fgithub.com%2Flsimrsi%2Fauth", kill_on_drop: false }`
[INFO] [stderr] Cloning into bare repository '/workspace/cache/git-repos/https%3A%2F%2Fgithub.com%2Flsimrsi%2Fauth'...
[INFO] running `Command { std: "git" "rev-parse" "HEAD", kill_on_drop: false }`
[INFO] [stdout] 3c4fae4db6c9a303ff96f4b959f37edcc7a81b8b
[INFO] testing lsimrsi/auth against beta-2021-08-01 for beta-1.55-1
[INFO] running `Command { std: "git" "clone" "/workspace/cache/git-repos/https%3A%2F%2Fgithub.com%2Flsimrsi%2Fauth" "/workspace/builds/worker-40/source", kill_on_drop: false }`
[INFO] [stderr] Cloning into '/workspace/builds/worker-40/source'...
[INFO] [stderr] done.
[INFO] validating manifest of git repo https://github.com/lsimrsi/auth on toolchain beta-2021-08-01
[INFO] running `Command { std: "/workspace/cargo-home/bin/cargo" "+beta-2021-08-01" "metadata" "--manifest-path" "Cargo.toml" "--no-deps", kill_on_drop: false }`
[INFO] started tweaking git repo https://github.com/lsimrsi/auth
[INFO] finished tweaking git repo https://github.com/lsimrsi/auth
[INFO] tweaked toml for git repo https://github.com/lsimrsi/auth written to /workspace/builds/worker-40/source/Cargo.toml
[INFO] crate git repo https://github.com/lsimrsi/auth already has a lockfile, it will not be regenerated
[INFO] running `Command { std: "/workspace/cargo-home/bin/cargo" "+beta-2021-08-01" "fetch" "--manifest-path" "Cargo.toml", kill_on_drop: false }`
[INFO] [stderr]  Downloading crates ...
[INFO] [stderr]   Downloaded ahash v0.2.17
[INFO] [stderr]   Downloaded rust-argon2 v0.6.0
[INFO] [stderr]   Downloaded jsonwebtoken v7.0.0-alpha.2
[INFO] running `Command { std: "docker" "create" "-v" "/var/lib/crater-agent-workspace/builds/worker-40/target:/opt/rustwide/target:rw,Z" "-v" "/var/lib/crater-agent-workspace/builds/worker-40/source:/opt/rustwide/workdir:ro,Z" "-v" "/var/lib/crater-agent-workspace/cargo-home:/opt/rustwide/cargo-home:ro,Z" "-v" "/var/lib/crater-agent-workspace/rustup-home:/opt/rustwide/rustup-home:ro,Z" "-e" "SOURCE_DIR=/opt/rustwide/workdir" "-e" "CARGO_TARGET_DIR=/opt/rustwide/target" "-e" "CARGO_HOME=/opt/rustwide/cargo-home" "-e" "RUSTUP_HOME=/opt/rustwide/rustup-home" "-w" "/opt/rustwide/workdir" "-m" "1610612736" "--user" "0:0" "--network" "none" "ghcr.io/rust-lang/crates-build-env/linux@sha256:34b6a614d2c27851fe6cbf88fbd1137609cefab8b10d0615aaeb6fd47975d74e" "/opt/rustwide/cargo-home/bin/cargo" "+beta-2021-08-01" "metadata" "--no-deps" "--format-version=1", kill_on_drop: false }`
[INFO] [stdout] dbdce723e9ffc84fba39be05d1b086e9fe7033e1adc0681c100628821dc15f6f
[INFO] running `Command { std: "docker" "start" "-a" "dbdce723e9ffc84fba39be05d1b086e9fe7033e1adc0681c100628821dc15f6f", kill_on_drop: false }`
[INFO] running `Command { std: "docker" "inspect" "dbdce723e9ffc84fba39be05d1b086e9fe7033e1adc0681c100628821dc15f6f", kill_on_drop: false }`
[INFO] running `Command { std: "docker" "rm" "-f" "dbdce723e9ffc84fba39be05d1b086e9fe7033e1adc0681c100628821dc15f6f", kill_on_drop: false }`
[INFO] [stdout] dbdce723e9ffc84fba39be05d1b086e9fe7033e1adc0681c100628821dc15f6f
[INFO] running `Command { std: "docker" "create" "-v" "/var/lib/crater-agent-workspace/builds/worker-40/target:/opt/rustwide/target:rw,Z" "-v" "/var/lib/crater-agent-workspace/builds/worker-40/source:/opt/rustwide/workdir:ro,Z" "-v" "/var/lib/crater-agent-workspace/cargo-home:/opt/rustwide/cargo-home:ro,Z" "-v" "/var/lib/crater-agent-workspace/rustup-home:/opt/rustwide/rustup-home:ro,Z" "-e" "SOURCE_DIR=/opt/rustwide/workdir" "-e" "CARGO_TARGET_DIR=/opt/rustwide/target" "-e" "CARGO_INCREMENTAL=0" "-e" "RUST_BACKTRACE=full" "-e" "RUSTFLAGS=--cap-lints=warn" "-e" "CARGO_HOME=/opt/rustwide/cargo-home" "-e" "RUSTUP_HOME=/opt/rustwide/rustup-home" "-w" "/opt/rustwide/workdir" "-m" "1610612736" "--user" "0:0" "--network" "none" "ghcr.io/rust-lang/crates-build-env/linux@sha256:34b6a614d2c27851fe6cbf88fbd1137609cefab8b10d0615aaeb6fd47975d74e" "/opt/rustwide/cargo-home/bin/cargo" "+beta-2021-08-01" "build" "--frozen" "--message-format=json", kill_on_drop: false }`
[INFO] [stdout] db896fe847ddc9bf7df47a6ba7993a9f1b68f8741dddec3de926d503599751ba
[INFO] running `Command { std: "docker" "start" "-a" "db896fe847ddc9bf7df47a6ba7993a9f1b68f8741dddec3de926d503599751ba", kill_on_drop: false }`
[INFO] [stderr]    Compiling libc v0.2.65
[INFO] [stderr]    Compiling log v0.4.8
[INFO] [stderr]    Compiling syn v1.0.8
[INFO] [stderr]    Compiling syn v0.15.44
[INFO] [stderr]    Compiling failure_derive v0.1.6
[INFO] [stderr]    Compiling typenum v1.11.2
[INFO] [stderr]    Compiling arrayref v0.3.5
[INFO] [stderr]    Compiling constant_time_eq v0.1.4
[INFO] [stderr]    Compiling copyless v0.1.4
[INFO] [stderr]    Compiling adler32 v1.0.4
[INFO] [stderr]    Compiling linked-hash-map v0.5.2
[INFO] [stderr]    Compiling quick-error v1.2.2
[INFO] [stderr]    Compiling arc-swap v0.4.3
[INFO] [stderr]    Compiling byte-tools v0.2.0
[INFO] [stderr]    Compiling safemem v0.2.0
[INFO] [stderr]    Compiling siphasher v0.2.3
[INFO] [stderr]    Compiling openssl v0.10.26
[INFO] [stderr]    Compiling fake-simd v0.1.2
[INFO] [stderr]    Compiling fallible-iterator v0.1.6
[INFO] [stderr]    Compiling md5 v0.3.8
[INFO] [stderr]    Compiling sha1 v0.6.0
[INFO] [stderr]    Compiling v_htmlescape v0.4.5
[INFO] [stderr]    Compiling base64 v0.11.0
[INFO] [stderr]    Compiling hex v0.2.0
[INFO] [stderr]    Compiling arrayvec v0.5.1
[INFO] [stderr]    Compiling untrusted v0.7.0
[INFO] [stderr]    Compiling crossbeam-utils v0.6.6
[INFO] [stderr]    Compiling lock_api v0.3.1
[INFO] [stderr]    Compiling tokio-sync v0.1.7
[INFO] [stderr]    Compiling backtrace-sys v0.1.32
[INFO] [stderr]    Compiling rand_pcg v0.1.2
[INFO] [stderr]    Compiling rand_chacha v0.1.1
[INFO] [stderr]    Compiling rand v0.6.5
[INFO] [stderr]    Compiling num-traits v0.2.8
[INFO] [stderr]    Compiling num-integer v0.1.41
[INFO] [stderr]    Compiling crossbeam-utils v0.7.0
[INFO] [stderr]    Compiling crossbeam-epoch v0.8.0
[INFO] [stderr]    Compiling miniz-sys v0.1.12
[INFO] [stderr]    Compiling actix-service v0.4.2
[INFO] [stderr]    Compiling openssl-sys v0.9.53
[INFO] [stderr]    Compiling brotli-sys v0.3.2
[INFO] [stderr]    Compiling hashbrown v0.6.3
[INFO] [stderr]    Compiling nom v4.2.3
[INFO] [stderr]    Compiling error-chain v0.12.1
[INFO] [stderr]    Compiling num-bigint v0.2.3
[INFO] [stderr]    Compiling ring v0.16.9
[INFO] [stderr]    Compiling try_from v0.3.2
[INFO] [stderr]    Compiling crc32fast v1.2.0
[INFO] [stderr]    Compiling encoding_rs v0.8.20
[INFO] [stderr]    Compiling smallvec v0.6.13
[INFO] [stderr]    Compiling parking_lot_core v0.6.2
[INFO] [stderr]    Compiling parking_lot v0.9.0
[INFO] [stderr]    Compiling memoffset v0.5.3
[INFO] [stderr]    Compiling base64 v0.6.0
[INFO] [stderr]    Compiling block-buffer v0.3.3
[INFO] [stderr]    Compiling miniz_oxide v0.3.5
[INFO] [stderr]    Compiling phf_shared v0.7.24
[INFO] [stderr]    Compiling lru-cache v0.1.2
[INFO] [stderr]    Compiling phf v0.7.24
[INFO] [stderr]    Compiling pem v0.7.0
[INFO] [stderr]    Compiling unicode-normalization v0.1.9
[INFO] [stderr]    Compiling blake2b_simd v0.5.9
[INFO] [stderr]    Compiling tokio-executor v0.1.8
[INFO] [stderr]    Compiling crossbeam-queue v0.1.2
[INFO] [stderr]    Compiling want v0.2.0
[INFO] [stderr]    Compiling tokio-timer v0.2.11
[INFO] [stderr]    Compiling tokio-current-thread v0.1.6
[INFO] [stderr]    Compiling native-tls v0.2.3
[INFO] [stderr]    Compiling iovec v0.1.4
[INFO] [stderr]    Compiling num_cpus v1.11.0
[INFO] [stderr]    Compiling net2 v0.2.33
[INFO] [stderr]    Compiling time v0.1.42
[INFO] [stderr]    Compiling getrandom v0.1.13
[INFO] [stderr]    Compiling rand_os v0.1.3
[INFO] [stderr]    Compiling socket2 v0.3.11
[INFO] [stderr]    Compiling hostname v0.1.5
[INFO] [stderr]    Compiling signal-hook-registry v1.1.1
[INFO] [stderr]    Compiling rand v0.4.6
[INFO] [stderr]    Compiling memchr v1.0.2
[INFO] [stderr]    Compiling rust-argon2 v0.6.0
[INFO] [stderr]    Compiling flate2 v1.0.12
[INFO] [stderr]    Compiling backtrace v0.3.40
[INFO] [stderr]    Compiling resolv-conf v0.6.2
[INFO] [stderr]    Compiling bytes v0.4.12
[INFO] [stderr]    Compiling generic-array v0.9.0
[INFO] [stderr]    Compiling threadpool v1.7.1
[INFO] [stderr]    Compiling futures-cpupool v0.1.8
[INFO] [stderr]    Compiling crossbeam-deque v0.7.2
[INFO] [stderr]    Compiling rand_core v0.5.1
[INFO] [stderr]    Compiling idna v0.1.5
[INFO] [stderr]    Compiling idna v0.2.0
[INFO] [stderr]    Compiling stringprep v0.1.2
[INFO] [stderr]    Compiling signal-hook v0.1.11
[INFO] [stderr]    Compiling mio v0.6.19
[INFO] [stderr]    Compiling digest v0.7.6
[INFO] [stderr]    Compiling crypto-mac v0.5.2
[INFO] [stderr]    Compiling tokio-threadpool v0.1.16
[INFO] [stderr]    Compiling rand_chacha v0.2.1
[INFO] [stderr]    Compiling scheduled-thread-pool v0.2.2
[INFO] [stderr]    Compiling sha2 v0.7.1
[INFO] [stderr]    Compiling hmac v0.5.0
[INFO] [stderr]    Compiling tokio-io v0.1.12
[INFO] [stderr]    Compiling http v0.1.19
[INFO] [stderr]    Compiling string v0.2.1
[INFO] [stderr]    Compiling tokio-buf v0.1.1
[INFO] [stderr]    Compiling rand v0.7.2
[INFO] [stderr]    Compiling r2d2 v0.8.6
[INFO] [stderr]    Compiling rand v0.3.23
[INFO] [stderr]    Compiling url v2.1.0
[INFO] [stderr]    Compiling chrono v0.4.10
[INFO] [stderr]    Compiling url v1.7.2
[INFO] [stderr]    Compiling postgres-protocol v0.3.2
[INFO] [stderr]    Compiling mio-uds v0.6.7
[INFO] [stderr]    Compiling uuid v0.7.4
[INFO] [stderr]    Compiling tokio-reactor v0.1.10
[INFO] [stderr]    Compiling tokio-codec v0.1.1
[INFO] [stderr]    Compiling actix-codec v0.1.2
[INFO] [stderr]    Compiling postgres-shared v0.4.2
[INFO] [stderr]    Compiling cookie v0.12.0
[INFO] [stderr]    Compiling tokio-tcp v0.1.3
[INFO] [stderr]    Compiling tokio-udp v0.1.5
[INFO] [stderr]    Compiling tokio-signal v0.2.7
[INFO] [stderr]    Compiling actix-utils v0.4.7
[INFO] [stderr]    Compiling publicsuffix v1.5.4
[INFO] [stderr]    Compiling actix-server-config v0.1.2
[INFO] [stderr]    Compiling tokio v0.1.22
[INFO] [stderr]    Compiling postgres v0.15.2
[INFO] [stderr]    Compiling simple_asn1 v0.4.0
[INFO] [stderr]    Compiling r2d2_postgres v0.14.0
[INFO] [stderr]    Compiling h2 v0.1.26
[INFO] [stderr]    Compiling http-body v0.1.0
[INFO] [stderr]    Compiling derive_more v0.15.0
[INFO] [stderr]    Compiling enum-as-inner v0.2.1
[INFO] [stderr]    Compiling synstructure v0.12.2
[INFO] [stderr]    Compiling brotli2 v0.3.2
[INFO] [stderr]    Compiling hyper v0.12.35
[INFO] [stderr]    Compiling serde_derive v1.0.103
[INFO] [stderr]    Compiling proc-macro-hack v0.5.11
[INFO] [stderr]    Compiling v_escape_derive v0.5.6
[INFO] [stderr]    Compiling actix-web-codegen v0.1.3
[INFO] [stderr]    Compiling failure v0.1.6
[INFO] [stderr]    Compiling hyper-tls v0.3.2
[INFO] [stderr]    Compiling const-random-macro v0.1.6
[INFO] [stderr]    Compiling v_escape v0.7.4
[INFO] [stderr]    Compiling actix-threadpool v0.1.2
[INFO] [stderr]    Compiling trust-dns-proto v0.7.4
[INFO] [stderr]    Compiling actix-rt v0.2.5
[INFO] [stderr]    Compiling actix-server v0.6.1
[INFO] [stderr]    Compiling const-random v0.1.6
[INFO] [stderr]    Compiling ahash v0.2.17
[INFO] [stderr]    Compiling actix-testing v0.1.0
[INFO] [stderr]    Compiling trust-dns-resolver v0.11.1
[INFO] [stderr]    Compiling actix-connect v0.2.5
[INFO] [stderr]    Compiling serde v1.0.102
[INFO] [stderr]    Compiling serde_json v1.0.41
[INFO] [stderr]    Compiling serde_urlencoded v0.6.1
[INFO] [stderr]    Compiling actix-router v0.1.5
[INFO] [stderr]    Compiling serde_urlencoded v0.5.5
[INFO] [stderr]    Compiling actix-http v0.2.11
[INFO] [stderr]    Compiling cookie_store v0.7.0
[INFO] [stderr]    Compiling jsonwebtoken v7.0.0-alpha.2
[INFO] [stderr]    Compiling reqwest v0.9.22
[INFO] [stderr]    Compiling awc v0.2.8
[INFO] [stderr]    Compiling actix-web v1.0.9
[INFO] [stderr]    Compiling actix-files v0.1.7
[INFO] [stderr]    Compiling auth-app v0.1.0 (/opt/rustwide/workdir)
[INFO] [stderr]     Finished dev [unoptimized + debuginfo] target(s) in 46.93s
[INFO] running `Command { std: "docker" "inspect" "db896fe847ddc9bf7df47a6ba7993a9f1b68f8741dddec3de926d503599751ba", kill_on_drop: false }`
[INFO] running `Command { std: "docker" "rm" "-f" "db896fe847ddc9bf7df47a6ba7993a9f1b68f8741dddec3de926d503599751ba", kill_on_drop: false }`
[INFO] [stdout] db896fe847ddc9bf7df47a6ba7993a9f1b68f8741dddec3de926d503599751ba
[INFO] running `Command { std: "docker" "create" "-v" "/var/lib/crater-agent-workspace/builds/worker-40/target:/opt/rustwide/target:rw,Z" "-v" "/var/lib/crater-agent-workspace/builds/worker-40/source:/opt/rustwide/workdir:ro,Z" "-v" "/var/lib/crater-agent-workspace/cargo-home:/opt/rustwide/cargo-home:ro,Z" "-v" "/var/lib/crater-agent-workspace/rustup-home:/opt/rustwide/rustup-home:ro,Z" "-e" "SOURCE_DIR=/opt/rustwide/workdir" "-e" "CARGO_TARGET_DIR=/opt/rustwide/target" "-e" "CARGO_INCREMENTAL=0" "-e" "RUST_BACKTRACE=full" "-e" "RUSTFLAGS=--cap-lints=warn" "-e" "CARGO_HOME=/opt/rustwide/cargo-home" "-e" "RUSTUP_HOME=/opt/rustwide/rustup-home" "-w" "/opt/rustwide/workdir" "-m" "1610612736" "--user" "0:0" "--network" "none" "ghcr.io/rust-lang/crates-build-env/linux@sha256:34b6a614d2c27851fe6cbf88fbd1137609cefab8b10d0615aaeb6fd47975d74e" "/opt/rustwide/cargo-home/bin/cargo" "+beta-2021-08-01" "test" "--frozen" "--no-run" "--message-format=json", kill_on_drop: false }`
[INFO] [stdout] 240f1374d06dbda0124ab1b048c03f99b9c07d2af16719880fe5e307a17159b8
[INFO] running `Command { std: "docker" "start" "-a" "240f1374d06dbda0124ab1b048c03f99b9c07d2af16719880fe5e307a17159b8", kill_on_drop: false }`
[INFO] [stderr]    Compiling auth-app v0.1.0 (/opt/rustwide/workdir)
[INFO] [stderr]     Finished test [unoptimized + debuginfo] target(s) in 7.85s
[INFO] running `Command { std: "docker" "inspect" "240f1374d06dbda0124ab1b048c03f99b9c07d2af16719880fe5e307a17159b8", kill_on_drop: false }`
[INFO] running `Command { std: "docker" "rm" "-f" "240f1374d06dbda0124ab1b048c03f99b9c07d2af16719880fe5e307a17159b8", kill_on_drop: false }`
[INFO] [stdout] 240f1374d06dbda0124ab1b048c03f99b9c07d2af16719880fe5e307a17159b8
[INFO] running `Command { std: "docker" "create" "-v" "/var/lib/crater-agent-workspace/builds/worker-40/target:/opt/rustwide/target:rw,Z" "-v" "/var/lib/crater-agent-workspace/builds/worker-40/source:/opt/rustwide/workdir:ro,Z" "-v" "/var/lib/crater-agent-workspace/cargo-home:/opt/rustwide/cargo-home:ro,Z" "-v" "/var/lib/crater-agent-workspace/rustup-home:/opt/rustwide/rustup-home:ro,Z" "-e" "SOURCE_DIR=/opt/rustwide/workdir" "-e" "CARGO_TARGET_DIR=/opt/rustwide/target" "-e" "CARGO_INCREMENTAL=0" "-e" "RUST_BACKTRACE=full" "-e" "RUSTFLAGS=--cap-lints=warn" "-e" "CARGO_HOME=/opt/rustwide/cargo-home" "-e" "RUSTUP_HOME=/opt/rustwide/rustup-home" "-w" "/opt/rustwide/workdir" "-m" "1610612736" "--user" "0:0" "--network" "none" "ghcr.io/rust-lang/crates-build-env/linux@sha256:34b6a614d2c27851fe6cbf88fbd1137609cefab8b10d0615aaeb6fd47975d74e" "/opt/rustwide/cargo-home/bin/cargo" "+beta-2021-08-01" "test" "--frozen", kill_on_drop: false }`
[INFO] [stdout] 01d5c389d061039409aa93a24bc07a3b487c307436b88662712fda8e692e9549
[INFO] running `Command { std: "docker" "start" "-a" "01d5c389d061039409aa93a24bc07a3b487c307436b88662712fda8e692e9549", kill_on_drop: false }`
[INFO] [stderr]     Finished test [unoptimized + debuginfo] target(s) in 0.15s
[INFO] [stderr]      Running unittests (/opt/rustwide/target/debug/deps/auth_app-8037cdc81592c10f)
[INFO] [stdout] 
[INFO] [stdout] running 1 test
[INFO] [stdout] test auth_google::tests::get_cached_certs_works_with_two_immediate_calls ... FAILED
[INFO] [stdout] 
[INFO] [stdout] failures:
[INFO] [stdout] 
[INFO] [stdout] ---- auth_google::tests::get_cached_certs_works_with_two_immediate_calls stdout ----
[INFO] [stdout] thread 'auth_google::tests::get_cached_certs_works_with_two_immediate_calls' panicked at 'assertion failed: gsi.get_cached_certs().is_ok()', src/auth_google.rs:159:9
[INFO] [stdout] stack backtrace:
[INFO] [stdout]    0:     0x55ba8f7caef0 - std::backtrace_rs::backtrace::libunwind::trace::hff4d1766e93f64f1
[INFO] [stdout]                                at /rustc/53fd98ca776cb875bc9e5514f56b52eb74f9e7a9/library/std/src/../../backtrace/src/backtrace/libunwind.rs:90:5
[INFO] [stdout]    1:     0x55ba8f7caef0 - std::backtrace_rs::backtrace::trace_unsynchronized::h56bbc8eb78770bcb
[INFO] [stdout]                                at /rustc/53fd98ca776cb875bc9e5514f56b52eb74f9e7a9/library/std/src/../../backtrace/src/backtrace/mod.rs:66:5
[INFO] [stdout]    2:     0x55ba8f7caef0 - std::sys_common::backtrace::_print_fmt::h5c8e75464faca780
[INFO] [stdout]                                at /rustc/53fd98ca776cb875bc9e5514f56b52eb74f9e7a9/library/std/src/sys_common/backtrace.rs:67:5
[INFO] [stdout]    3:     0x55ba8f7caef0 - <std::sys_common::backtrace::_print::DisplayBacktrace as core::fmt::Display>::fmt::h48b88277def8b362
[INFO] [stdout]                                at /rustc/53fd98ca776cb875bc9e5514f56b52eb74f9e7a9/library/std/src/sys_common/backtrace.rs:46:22
[INFO] [stdout]    4:     0x55ba8f7ef50c - core::fmt::write::h3381b3176fe2b3d3
[INFO] [stdout]                                at /rustc/53fd98ca776cb875bc9e5514f56b52eb74f9e7a9/library/core/src/fmt/mod.rs:1115:17
[INFO] [stdout]    5:     0x55ba8f7c4ac5 - std::io::Write::write_fmt::h5f34a676f60246b5
[INFO] [stdout]                                at /rustc/53fd98ca776cb875bc9e5514f56b52eb74f9e7a9/library/std/src/io/mod.rs:1665:15
[INFO] [stdout]    6:     0x55ba8f7cd10b - std::sys_common::backtrace::_print::ha537687d6c17dd0d
[INFO] [stdout]                                at /rustc/53fd98ca776cb875bc9e5514f56b52eb74f9e7a9/library/std/src/sys_common/backtrace.rs:49:5
[INFO] [stdout]    7:     0x55ba8f7cd10b - std::sys_common::backtrace::print::h61376ae57d131d72
[INFO] [stdout]                                at /rustc/53fd98ca776cb875bc9e5514f56b52eb74f9e7a9/library/std/src/sys_common/backtrace.rs:36:9
[INFO] [stdout]    8:     0x55ba8f7cd10b - std::panicking::default_hook::{{closure}}::h0f7208c0b9644a54
[INFO] [stdout]                                at /rustc/53fd98ca776cb875bc9e5514f56b52eb74f9e7a9/library/std/src/panicking.rs:208:50
[INFO] [stdout]    9:     0x55ba8f7ccc1c - std::panicking::default_hook::hdac7fc06578c14ce
[INFO] [stdout]                                at /rustc/53fd98ca776cb875bc9e5514f56b52eb74f9e7a9/library/std/src/panicking.rs:222:9
[INFO] [stdout]   10:     0x55ba8f7cd7d4 - std::panicking::rust_panic_with_hook::h72b21c283da3d1ef
[INFO] [stdout]                                at /rustc/53fd98ca776cb875bc9e5514f56b52eb74f9e7a9/library/std/src/panicking.rs:622:17
[INFO] [stdout]   11:     0x55ba8f7cd287 - std::panicking::begin_panic_handler::{{closure}}::he5778f1729cff84a
[INFO] [stdout]                                at /rustc/53fd98ca776cb875bc9e5514f56b52eb74f9e7a9/library/std/src/panicking.rs:517:13
[INFO] [stdout]   12:     0x55ba8f7cb3cc - std::sys_common::backtrace::__rust_end_short_backtrace::h2d11ca8b453b4b1d
[INFO] [stdout]                                at /rustc/53fd98ca776cb875bc9e5514f56b52eb74f9e7a9/library/std/src/sys_common/backtrace.rs:141:18
[INFO] [stdout]   13:     0x55ba8f7cd219 - rust_begin_unwind
[INFO] [stdout]                                at /rustc/53fd98ca776cb875bc9e5514f56b52eb74f9e7a9/library/std/src/panicking.rs:515:5
[INFO] [stdout]   14:     0x55ba8f1e8a41 - core::panicking::panic_fmt::hf9de31d4acbce4db
[INFO] [stdout]                                at /rustc/53fd98ca776cb875bc9e5514f56b52eb74f9e7a9/library/core/src/panicking.rs:92:14
[INFO] [stdout]   15:     0x55ba8f1e898d - core::panicking::panic::h8a6bc58a21c6c095
[INFO] [stdout]                                at /rustc/53fd98ca776cb875bc9e5514f56b52eb74f9e7a9/library/core/src/panicking.rs:50:5
[INFO] [stdout]   16:     0x55ba8f1fc023 - auth_app::auth_google::tests::get_cached_certs_works_with_two_immediate_calls::hd27231bdde1bd058
[INFO] [stdout]                                at /opt/rustwide/workdir/src/auth_google.rs:159:9
[INFO] [stdout]   17:     0x55ba8f1fbf4a - auth_app::auth_google::tests::get_cached_certs_works_with_two_immediate_calls::{{closure}}::h2e8875c9b47a29f0
[INFO] [stdout]                                at /opt/rustwide/workdir/src/auth_google.rs:157:5
[INFO] [stdout]   18:     0x55ba8f1fc55e - core::ops::function::FnOnce::call_once::h25dbafc091ad8abb
[INFO] [stdout]                                at /rustc/53fd98ca776cb875bc9e5514f56b52eb74f9e7a9/library/core/src/ops/function.rs:227:5
[INFO] [stdout]   19:     0x55ba8f232d13 - core::ops::function::FnOnce::call_once::hbb52c4519d3137b0
[INFO] [stdout]                                at /rustc/53fd98ca776cb875bc9e5514f56b52eb74f9e7a9/library/core/src/ops/function.rs:227:5
[INFO] [stdout]   20:     0x55ba8f232d13 - test::__rust_begin_short_backtrace::h86fe3a2a5a5121af
[INFO] [stdout]                                at /rustc/53fd98ca776cb875bc9e5514f56b52eb74f9e7a9/library/test/src/lib.rs:578:5
[INFO] [stdout]   21:     0x55ba8f2317c8 - <alloc::boxed::Box<F,A> as core::ops::function::FnOnce<Args>>::call_once::hfd956bc3d57399be
[INFO] [stdout]                                at /rustc/53fd98ca776cb875bc9e5514f56b52eb74f9e7a9/library/alloc/src/boxed.rs:1572:9
[INFO] [stdout]   22:     0x55ba8f2317c8 - <std::panic::AssertUnwindSafe<F> as core::ops::function::FnOnce<()>>::call_once::h40dc93e0ddb5938a
[INFO] [stdout]                                at /rustc/53fd98ca776cb875bc9e5514f56b52eb74f9e7a9/library/std/src/panic.rs:347:9
[INFO] [stdout]   23:     0x55ba8f2317c8 - std::panicking::try::do_call::h90d07750cb47c562
[INFO] [stdout]                                at /rustc/53fd98ca776cb875bc9e5514f56b52eb74f9e7a9/library/std/src/panicking.rs:401:40
[INFO] [stdout]   24:     0x55ba8f2317c8 - std::panicking::try::h063c84733ad2a629
[INFO] [stdout]                                at /rustc/53fd98ca776cb875bc9e5514f56b52eb74f9e7a9/library/std/src/panicking.rs:365:19
[INFO] [stdout]   25:     0x55ba8f2317c8 - std::panic::catch_unwind::h0c464836a84e7c08
[INFO] [stdout]                                at /rustc/53fd98ca776cb875bc9e5514f56b52eb74f9e7a9/library/std/src/panic.rs:434:14
[INFO] [stdout]   26:     0x55ba8f2317c8 - test::run_test_in_process::h5cb06ef620b157fc
[INFO] [stdout]                                at /rustc/53fd98ca776cb875bc9e5514f56b52eb74f9e7a9/library/test/src/lib.rs:601:18
[INFO] [stdout]   27:     0x55ba8f2317c8 - test::run_test::run_test_inner::{{closure}}::h76f677f4b93f9828
[INFO] [stdout]                                at /rustc/53fd98ca776cb875bc9e5514f56b52eb74f9e7a9/library/test/src/lib.rs:493:39
[INFO] [stdout]   28:     0x55ba8f1fff5d - test::run_test::run_test_inner::{{closure}}::h366d01fe04f4d67a
[INFO] [stdout]                                at /rustc/53fd98ca776cb875bc9e5514f56b52eb74f9e7a9/library/test/src/lib.rs:520:37
[INFO] [stdout]   29:     0x55ba8f1fff5d - std::sys_common::backtrace::__rust_begin_short_backtrace::h7dfa0de4eb395af2
[INFO] [stdout]                                at /rustc/53fd98ca776cb875bc9e5514f56b52eb74f9e7a9/library/std/src/sys_common/backtrace.rs:125:18
[INFO] [stdout]   30:     0x55ba8f204728 - std::thread::Builder::spawn_unchecked::{{closure}}::{{closure}}::hf0a74bb58798037f
[INFO] [stdout]                                at /rustc/53fd98ca776cb875bc9e5514f56b52eb74f9e7a9/library/std/src/thread/mod.rs:476:17
[INFO] [stdout]   31:     0x55ba8f204728 - <std::panic::AssertUnwindSafe<F> as core::ops::function::FnOnce<()>>::call_once::hb024e854818586ac
[INFO] [stdout]                                at /rustc/53fd98ca776cb875bc9e5514f56b52eb74f9e7a9/library/std/src/panic.rs:347:9
[INFO] [stdout]   32:     0x55ba8f204728 - std::panicking::try::do_call::hb2dd9f1d0d48e41d
[INFO] [stdout]                                at /rustc/53fd98ca776cb875bc9e5514f56b52eb74f9e7a9/library/std/src/panicking.rs:401:40
[INFO] [stdout]   33:     0x55ba8f204728 - std::panicking::try::h4717ae7bac8b2bf3
[INFO] [stdout]                                at /rustc/53fd98ca776cb875bc9e5514f56b52eb74f9e7a9/library/std/src/panicking.rs:365:19
[INFO] [stdout]   34:     0x55ba8f204728 - std::panic::catch_unwind::h0dc8a061326ce8d8
[INFO] [stdout]                                at /rustc/53fd98ca776cb875bc9e5514f56b52eb74f9e7a9/library/std/src/panic.rs:434:14
[INFO] [stdout]   35:     0x55ba8f204728 - std::thread::Builder::spawn_unchecked::{{closure}}::haa369e2d6fd00aa1
[INFO] [stdout]                                at /rustc/53fd98ca776cb875bc9e5514f56b52eb74f9e7a9/library/std/src/thread/mod.rs:475:30
[INFO] [stdout]   36:     0x55ba8f204728 - core::ops::function::FnOnce::call_once{{vtable.shim}}::h36dcf3de8b056f17
[INFO] [stdout]                                at /rustc/53fd98ca776cb875bc9e5514f56b52eb74f9e7a9/library/core/src/ops/function.rs:227:5
[INFO] [stdout]   37:     0x55ba8f7d2bc7 - <alloc::boxed::Box<F,A> as core::ops::function::FnOnce<Args>>::call_once::h65c29e4642be2358
[INFO] [stdout]                                at /rustc/53fd98ca776cb875bc9e5514f56b52eb74f9e7a9/library/alloc/src/boxed.rs:1572:9
[INFO] [stdout]   38:     0x55ba8f7d2bc7 - <alloc::boxed::Box<F,A> as core::ops::function::FnOnce<Args>>::call_once::hd0f8f7fbbd9fffbf
[INFO] [stdout]                                at /rustc/53fd98ca776cb875bc9e5514f56b52eb74f9e7a9/library/alloc/src/boxed.rs:1572:9
[INFO] [stdout]   39:     0x55ba8f7d2bc7 - std::sys::unix::thread::Thread::new::thread_start::h2fd22fee3ca77b65
[INFO] [stdout]                                at /rustc/53fd98ca776cb875bc9e5514f56b52eb74f9e7a9/library/std/src/sys/unix/thread.rs:74:17
[INFO] [stdout]   40:     0x7fd962469609 - start_thread
[INFO] [stdout]   41:     0x7fd962239293 - clone
[INFO] [stdout]   42:                0x0 - <unknown>
[INFO] [stdout] 
[INFO] [stdout] 
[INFO] [stdout] failures:
[INFO] [stdout]     auth_google::tests::get_cached_certs_works_with_two_immediate_calls
[INFO] [stdout] 
[INFO] [stdout] test result: FAILED. 0 passed; 1 failed; 0 ignored; 0 measured; 0 filtered out; finished in 0.05s
[INFO] [stdout] 
[INFO] [stderr] error: test failed, to rerun pass '--lib'
[INFO] running `Command { std: "docker" "inspect" "01d5c389d061039409aa93a24bc07a3b487c307436b88662712fda8e692e9549", kill_on_drop: false }`
[INFO] running `Command { std: "docker" "rm" "-f" "01d5c389d061039409aa93a24bc07a3b487c307436b88662712fda8e692e9549", kill_on_drop: false }`
[INFO] [stdout] 01d5c389d061039409aa93a24bc07a3b487c307436b88662712fda8e692e9549
