[INFO] cloning repository https://github.com/dpetersen/sidekiq-kubernetes-autoscaler
[INFO] running `Command { std: "git" "-c" "credential.helper=" "-c" "credential.helper=/workspace/cargo-home/bin/git-credential-null" "clone" "--bare" "https://github.com/dpetersen/sidekiq-kubernetes-autoscaler" "/workspace/cache/git-repos/https%3A%2F%2Fgithub.com%2Fdpetersen%2Fsidekiq-kubernetes-autoscaler", kill_on_drop: false }`
[INFO] [stderr] Cloning into bare repository '/workspace/cache/git-repos/https%3A%2F%2Fgithub.com%2Fdpetersen%2Fsidekiq-kubernetes-autoscaler'...
[INFO] running `Command { std: "git" "rev-parse" "HEAD", kill_on_drop: false }`
[INFO] [stdout] a653813b446b2194b47a82ba7b78b8c0d23f90c1
[INFO] testing dpetersen/sidekiq-kubernetes-autoscaler against beta-2021-08-01 for beta-1.55-1
[INFO] running `Command { std: "git" "clone" "/workspace/cache/git-repos/https%3A%2F%2Fgithub.com%2Fdpetersen%2Fsidekiq-kubernetes-autoscaler" "/workspace/builds/worker-2/source", kill_on_drop: false }`
[INFO] [stderr] Cloning into '/workspace/builds/worker-2/source'...
[INFO] [stderr] done.
[INFO] validating manifest of git repo https://github.com/dpetersen/sidekiq-kubernetes-autoscaler on toolchain beta-2021-08-01
[INFO] running `Command { std: "/workspace/cargo-home/bin/cargo" "+beta-2021-08-01" "metadata" "--manifest-path" "Cargo.toml" "--no-deps", kill_on_drop: false }`
[INFO] started tweaking git repo https://github.com/dpetersen/sidekiq-kubernetes-autoscaler
[INFO] finished tweaking git repo https://github.com/dpetersen/sidekiq-kubernetes-autoscaler
[INFO] tweaked toml for git repo https://github.com/dpetersen/sidekiq-kubernetes-autoscaler written to /workspace/builds/worker-2/source/Cargo.toml
[INFO] crate git repo https://github.com/dpetersen/sidekiq-kubernetes-autoscaler already has a lockfile, it will not be regenerated
[INFO] running `Command { std: "/workspace/cargo-home/bin/cargo" "+beta-2021-08-01" "fetch" "--manifest-path" "Cargo.toml", kill_on_drop: false }`
[INFO] [stderr]     Blocking waiting for file lock on package cache
[INFO] [stderr]  Downloading crates ...
[INFO] [stderr]   Downloaded ordered-float v2.0.1
[INFO] [stderr]   Downloaded tokio-stream v0.1.2
[INFO] [stderr]   Downloaded array_tool v1.0.3
[INFO] [stderr]   Downloaded h2 v0.3.0
[INFO] [stderr]   Downloaded bb8 v0.7.0
[INFO] [stderr]   Downloaded tokio-test v0.4.0
[INFO] [stderr]   Downloaded snafu v0.6.10
[INFO] [stderr]   Downloaded redox_syscall v0.2.4
[INFO] [stderr]   Downloaded serde-value v0.7.0
[INFO] [stderr]   Downloaded derivative v2.1.3
[INFO] [stderr]   Downloaded rand v0.8.2
[INFO] [stderr]   Downloaded miow v0.3.6
[INFO] [stderr]   Downloaded http v0.2.3
[INFO] [stderr]   Downloaded kube-derive v0.47.0
[INFO] [stderr]   Downloaded kube v0.47.0
[INFO] [stderr]   Downloaded pin-project v1.0.4
[INFO] [stderr]   Downloaded kube-runtime v0.47.0
[INFO] [stderr]   Downloaded async-compression v0.3.7
[INFO] [stderr]   Downloaded combine v4.5.2
[INFO] [stderr]   Downloaded snafu-derive v0.6.10
[INFO] [stderr]   Downloaded tokio-macros v1.0.0
[INFO] [stderr]   Downloaded tokio v1.1.0
[INFO] [stderr]   Downloaded serde v1.0.120
[INFO] [stderr]   Downloaded http-body v0.4.0
[INFO] [stderr]   Downloaded pem v0.8.2
[INFO] [stderr]   Downloaded dtoa v0.4.7
[INFO] [stderr]   Downloaded hyper v0.14.2
[INFO] [stderr]   Downloaded mio v0.7.7
[INFO] [stderr]   Downloaded yaml-rust v0.4.5
[INFO] [stderr]   Downloaded tokio-util v0.6.2
[INFO] [stderr]   Downloaded async-stream-impl v0.3.0
[INFO] [stderr]   Downloaded nix v0.19.1
[INFO] [stderr]   Downloaded jsonpath_lib v0.2.6
[INFO] [stderr]   Downloaded thread_local v1.1.1
[INFO] [stderr]   Downloaded reqwest v0.11.0
[INFO] [stderr]   Downloaded redis v0.19.0
[INFO] [stderr]   Downloaded time v0.2.24
[INFO] [stderr]   Downloaded serde_yaml v0.8.15
[INFO] [stderr]   Downloaded pin-project-internal v1.0.4
[INFO] [stderr]   Downloaded bb8-redis v0.8.0
[INFO] [stderr]   Downloaded k8s-openapi v0.10.0
[INFO] [stderr]   Downloaded bumpalo v3.5.0
[INFO] [stderr]   Downloaded serde_derive v1.0.120
[INFO] [stderr]   Downloaded async-stream v0.3.0
[INFO] [stderr]   Downloaded log v0.4.13
[INFO] running `Command { std: "docker" "create" "-v" "/var/lib/crater-agent-workspace/builds/worker-2/target:/opt/rustwide/target:rw,Z" "-v" "/var/lib/crater-agent-workspace/builds/worker-2/source:/opt/rustwide/workdir:ro,Z" "-v" "/var/lib/crater-agent-workspace/cargo-home:/opt/rustwide/cargo-home:ro,Z" "-v" "/var/lib/crater-agent-workspace/rustup-home:/opt/rustwide/rustup-home:ro,Z" "-e" "SOURCE_DIR=/opt/rustwide/workdir" "-e" "CARGO_TARGET_DIR=/opt/rustwide/target" "-e" "CARGO_HOME=/opt/rustwide/cargo-home" "-e" "RUSTUP_HOME=/opt/rustwide/rustup-home" "-w" "/opt/rustwide/workdir" "-m" "1610612736" "--user" "0:0" "--network" "none" "ghcr.io/rust-lang/crates-build-env/linux@sha256:34b6a614d2c27851fe6cbf88fbd1137609cefab8b10d0615aaeb6fd47975d74e" "/opt/rustwide/cargo-home/bin/cargo" "+beta-2021-08-01" "metadata" "--no-deps" "--format-version=1", kill_on_drop: false }`
[INFO] [stdout] b7bbaec0d8a8d6e8a3b12a6d080a782c4a3a86a188bf9ec49416a6edeb5b5f42
[INFO] running `Command { std: "docker" "start" "-a" "b7bbaec0d8a8d6e8a3b12a6d080a782c4a3a86a188bf9ec49416a6edeb5b5f42", kill_on_drop: false }`
[INFO] running `Command { std: "docker" "inspect" "b7bbaec0d8a8d6e8a3b12a6d080a782c4a3a86a188bf9ec49416a6edeb5b5f42", kill_on_drop: false }`
[INFO] running `Command { std: "docker" "rm" "-f" "b7bbaec0d8a8d6e8a3b12a6d080a782c4a3a86a188bf9ec49416a6edeb5b5f42", kill_on_drop: false }`
[INFO] [stdout] b7bbaec0d8a8d6e8a3b12a6d080a782c4a3a86a188bf9ec49416a6edeb5b5f42
[INFO] running `Command { std: "docker" "create" "-v" "/var/lib/crater-agent-workspace/builds/worker-2/target:/opt/rustwide/target:rw,Z" "-v" "/var/lib/crater-agent-workspace/builds/worker-2/source:/opt/rustwide/workdir:ro,Z" "-v" "/var/lib/crater-agent-workspace/cargo-home:/opt/rustwide/cargo-home:ro,Z" "-v" "/var/lib/crater-agent-workspace/rustup-home:/opt/rustwide/rustup-home:ro,Z" "-e" "SOURCE_DIR=/opt/rustwide/workdir" "-e" "CARGO_TARGET_DIR=/opt/rustwide/target" "-e" "CARGO_INCREMENTAL=0" "-e" "RUST_BACKTRACE=full" "-e" "RUSTFLAGS=--cap-lints=warn" "-e" "CARGO_HOME=/opt/rustwide/cargo-home" "-e" "RUSTUP_HOME=/opt/rustwide/rustup-home" "-w" "/opt/rustwide/workdir" "-m" "1610612736" "--user" "0:0" "--network" "none" "ghcr.io/rust-lang/crates-build-env/linux@sha256:34b6a614d2c27851fe6cbf88fbd1137609cefab8b10d0615aaeb6fd47975d74e" "/opt/rustwide/cargo-home/bin/cargo" "+beta-2021-08-01" "build" "--frozen" "--message-format=json", kill_on_drop: false }`
[INFO] [stdout] 812b00132582e88abfb288b5ad67b8c6b723c7fec677fd93a561ccbbe038c85d
[INFO] running `Command { std: "docker" "start" "-a" "812b00132582e88abfb288b5ad67b8c6b723c7fec677fd93a561ccbbe038c85d", kill_on_drop: false }`
[INFO] [stderr]     Blocking waiting for file lock on package cache
[INFO] [stderr]    Compiling syn v1.0.58
[INFO] [stderr]    Compiling libc v0.2.82
[INFO] [stderr]    Compiling log v0.4.13
[INFO] [stderr]    Compiling serde_derive v1.0.120
[INFO] [stderr]    Compiling serde v1.0.120
[INFO] [stderr]    Compiling cc v1.0.66
[INFO] [stderr]    Compiling serde_json v1.0.61
[INFO] [stderr]    Compiling openssl v0.10.32
[INFO] [stderr]    Compiling dtoa v0.4.7
[INFO] [stderr]    Compiling const_fn v0.4.5
[INFO] [stderr]    Compiling linked-hash-map v0.5.4
[INFO] [stderr]    Compiling doc-comment v0.3.3
[INFO] [stderr]    Compiling k8s-openapi v0.10.0
[INFO] [stderr]    Compiling array_tool v1.0.3
[INFO] [stderr]    Compiling humantime v2.1.0
[INFO] [stderr]    Compiling custom_derive v0.1.7
[INFO] [stderr]    Compiling tokio v1.1.0
[INFO] [stderr]    Compiling futures-task v0.3.12
[INFO] [stderr]    Compiling indexmap v1.6.1
[INFO] [stderr]    Compiling thread_local v1.1.1
[INFO] [stderr]    Compiling num-traits v0.2.14
[INFO] [stderr]    Compiling standback v0.2.14
[INFO] [stderr]    Compiling time v0.2.24
[INFO] [stderr]    Compiling http v0.2.3
[INFO] [stderr]    Compiling tracing v0.1.22
[INFO] [stderr]    Compiling quote v1.0.8
[INFO] [stderr]    Compiling conv v0.3.3
[INFO] [stderr]    Compiling regex v1.4.3
[INFO] [stderr]    Compiling yaml-rust v0.4.5
[INFO] [stderr]    Compiling proc-macro-error-attr v1.0.4
[INFO] [stderr]    Compiling want v0.3.0
[INFO] [stderr]    Compiling parking_lot_core v0.8.2
[INFO] [stderr]    Compiling num_cpus v1.13.0
[INFO] [stderr]    Compiling mio v0.7.7
[INFO] [stderr]    Compiling signal-hook-registry v1.3.0
[INFO] [stderr]    Compiling atty v0.2.14
[INFO] [stderr]    Compiling socket2 v0.3.19
[INFO] [stderr]    Compiling time v0.1.44
[INFO] [stderr]    Compiling flate2 v1.0.19
[INFO] [stderr]    Compiling dirs-sys-next v0.1.2
[INFO] [stderr]    Compiling openssl-sys v0.9.60
[INFO] [stderr]    Compiling Inflector v0.11.4
[INFO] [stderr]    Compiling pem v0.8.2
[INFO] [stderr]    Compiling env_logger v0.7.1
[INFO] [stderr]    Compiling clap v2.33.3
[INFO] [stderr]    Compiling env_logger v0.8.2
[INFO] [stderr]    Compiling http-body v0.4.0
[INFO] [stderr]    Compiling dashmap v4.0.2
[INFO] [stderr]    Compiling dirs-next v2.0.0
[INFO] [stderr]    Compiling parking_lot v0.11.1
[INFO] [stderr]    Compiling ordered-float v2.0.1
[INFO] [stderr]    Compiling num-integer v0.1.44
[INFO] [stderr]    Compiling native-tls v0.2.7
[INFO] [stderr]    Compiling proc-macro-error v1.0.4
[INFO] [stderr]    Compiling tokio-macros v1.0.0
[INFO] [stderr]    Compiling futures-macro v0.3.12
[INFO] [stderr]    Compiling async-stream-impl v0.3.0
[INFO] [stderr]    Compiling pin-project-internal v0.4.27
[INFO] [stderr]    Compiling pin-project-internal v1.0.4
[INFO] [stderr]    Compiling time-macros-impl v0.1.1
[INFO] [stderr]    Compiling thiserror-impl v1.0.23
[INFO] [stderr]    Compiling async-trait v0.1.42
[INFO] [stderr]    Compiling snafu-derive v0.6.10
[INFO] [stderr]    Compiling structopt-derive v0.4.14
[INFO] [stderr]    Compiling derivative v2.1.3
[INFO] [stderr]    Compiling time-macros v0.1.1
[INFO] [stderr]    Compiling futures-util v0.3.12
[INFO] [stderr]    Compiling async-stream v0.3.0
[INFO] [stderr]    Compiling pin-project v1.0.4
[INFO] [stderr]    Compiling thiserror v1.0.23
[INFO] [stderr]    Compiling pin-project v0.4.27
[INFO] [stderr]    Compiling tracing-futures v0.2.4
[INFO] [stderr]    Compiling structopt v0.3.21
[INFO] [stderr]    Compiling snafu v0.6.10
[INFO] [stderr]    Compiling futures-executor v0.3.12
[INFO] [stderr]    Compiling futures v0.3.12
[INFO] [stderr]    Compiling tokio-stream v0.1.2
[INFO] [stderr]    Compiling tokio-native-tls v0.3.0
[INFO] [stderr]    Compiling async-compression v0.3.7
[INFO] [stderr]    Compiling combine v4.5.2
[INFO] [stderr]    Compiling bb8 v0.7.0
[INFO] [stderr]    Compiling tokio-util v0.6.2
[INFO] [stderr]    Compiling h2 v0.3.0
[INFO] [stderr]    Compiling chrono v0.4.19
[INFO] [stderr]    Compiling serde-value v0.7.0
[INFO] [stderr]    Compiling serde_urlencoded v0.7.0
[INFO] [stderr]    Compiling serde_yaml v0.8.15
[INFO] [stderr]    Compiling hyper v0.14.2
[INFO] [stderr]    Compiling jsonpath_lib v0.2.6
[INFO] [stderr]    Compiling kube-derive v0.47.0
[INFO] [stderr]    Compiling redis v0.19.0
[INFO] [stderr]    Compiling hyper-tls v0.5.0
[INFO] [stderr]    Compiling reqwest v0.11.0
[INFO] [stderr]    Compiling bb8-redis v0.8.0
[INFO] [stderr]    Compiling kube v0.47.0
[INFO] [stderr]    Compiling kube-runtime v0.47.0
[INFO] [stderr]    Compiling sidekiq-kubernetes-autoscaler v0.1.0 (/opt/rustwide/workdir)
[INFO] [stdout] warning: unused variable: `cluster_state`
[INFO] [stdout]   --> src/scaler.rs:44:17
[INFO] [stdout]    |
[INFO] [stdout] 44 |             let cluster_state = self.cluster_fetcher.get_current_state()?;
[INFO] [stdout]    |                 ^^^^^^^^^^^^^ help: if this is intentional, prefix it with an underscore: `_cluster_state`
[INFO] [stdout]    |
[INFO] [stdout]    = note: `#[warn(unused_variables)]` on by default
[INFO] [stdout] 
[INFO] [stdout] 
[INFO] [stdout] warning: unused variable: `sidekiq_state`
[INFO] [stdout]   --> src/scaler.rs:45:17
[INFO] [stdout]    |
[INFO] [stdout] 45 |             let sidekiq_state = self.sidekiq_fetcher.get_current_state().await?;
[INFO] [stdout]    |                 ^^^^^^^^^^^^^ help: if this is intentional, prefix it with an underscore: `_sidekiq_state`
[INFO] [stdout] 
[INFO] [stdout] 
[INFO] [stdout] warning: 2 warnings emitted
[INFO] [stdout] 
[INFO] [stdout] 
[INFO] [stderr]     Finished dev [unoptimized + debuginfo] target(s) in 2m 28s
[INFO] running `Command { std: "docker" "inspect" "812b00132582e88abfb288b5ad67b8c6b723c7fec677fd93a561ccbbe038c85d", kill_on_drop: false }`
[INFO] running `Command { std: "docker" "rm" "-f" "812b00132582e88abfb288b5ad67b8c6b723c7fec677fd93a561ccbbe038c85d", kill_on_drop: false }`
[INFO] [stdout] 812b00132582e88abfb288b5ad67b8c6b723c7fec677fd93a561ccbbe038c85d
[INFO] running `Command { std: "docker" "create" "-v" "/var/lib/crater-agent-workspace/builds/worker-2/target:/opt/rustwide/target:rw,Z" "-v" "/var/lib/crater-agent-workspace/builds/worker-2/source:/opt/rustwide/workdir:ro,Z" "-v" "/var/lib/crater-agent-workspace/cargo-home:/opt/rustwide/cargo-home:ro,Z" "-v" "/var/lib/crater-agent-workspace/rustup-home:/opt/rustwide/rustup-home:ro,Z" "-e" "SOURCE_DIR=/opt/rustwide/workdir" "-e" "CARGO_TARGET_DIR=/opt/rustwide/target" "-e" "CARGO_INCREMENTAL=0" "-e" "RUST_BACKTRACE=full" "-e" "RUSTFLAGS=--cap-lints=warn" "-e" "CARGO_HOME=/opt/rustwide/cargo-home" "-e" "RUSTUP_HOME=/opt/rustwide/rustup-home" "-w" "/opt/rustwide/workdir" "-m" "1610612736" "--user" "0:0" "--network" "none" "ghcr.io/rust-lang/crates-build-env/linux@sha256:34b6a614d2c27851fe6cbf88fbd1137609cefab8b10d0615aaeb6fd47975d74e" "/opt/rustwide/cargo-home/bin/cargo" "+beta-2021-08-01" "test" "--frozen" "--no-run" "--message-format=json", kill_on_drop: false }`
[INFO] [stdout] 2e4b7575001b0edb4c270bec9f3ec69b7e163448b14f5ca1149eb63621969b7b
[INFO] running `Command { std: "docker" "start" "-a" "2e4b7575001b0edb4c270bec9f3ec69b7e163448b14f5ca1149eb63621969b7b", kill_on_drop: false }`
[INFO] [stderr]     Blocking waiting for file lock on package cache
[INFO] [stderr]    Compiling nix v0.19.1
[INFO] [stderr]    Compiling tokio-test v0.4.0
[INFO] [stderr]    Compiling sidekiq-kubernetes-autoscaler v0.1.0 (/opt/rustwide/workdir)
[INFO] [stdout] warning: unused variable: `cluster_state`
[INFO] [stdout]   --> src/scaler.rs:44:17
[INFO] [stdout]    |
[INFO] [stdout] 44 |             let cluster_state = self.cluster_fetcher.get_current_state()?;
[INFO] [stdout]    |                 ^^^^^^^^^^^^^ help: if this is intentional, prefix it with an underscore: `_cluster_state`
[INFO] [stdout]    |
[INFO] [stdout]    = note: `#[warn(unused_variables)]` on by default
[INFO] [stdout] 
[INFO] [stdout] 
[INFO] [stdout] warning: unused variable: `sidekiq_state`
[INFO] [stdout]   --> src/scaler.rs:45:17
[INFO] [stdout]    |
[INFO] [stdout] 45 |             let sidekiq_state = self.sidekiq_fetcher.get_current_state().await?;
[INFO] [stdout]    |                 ^^^^^^^^^^^^^ help: if this is intentional, prefix it with an underscore: `_sidekiq_state`
[INFO] [stdout] 
[INFO] [stdout] 
[INFO] [stdout] warning: 2 warnings emitted
[INFO] [stdout] 
[INFO] [stdout] 
[INFO] [stderr]     Finished test [unoptimized + debuginfo] target(s) in 16.39s
[INFO] running `Command { std: "docker" "inspect" "2e4b7575001b0edb4c270bec9f3ec69b7e163448b14f5ca1149eb63621969b7b", kill_on_drop: false }`
[INFO] running `Command { std: "docker" "rm" "-f" "2e4b7575001b0edb4c270bec9f3ec69b7e163448b14f5ca1149eb63621969b7b", kill_on_drop: false }`
[INFO] [stdout] 2e4b7575001b0edb4c270bec9f3ec69b7e163448b14f5ca1149eb63621969b7b
[INFO] running `Command { std: "docker" "create" "-v" "/var/lib/crater-agent-workspace/builds/worker-2/target:/opt/rustwide/target:rw,Z" "-v" "/var/lib/crater-agent-workspace/builds/worker-2/source:/opt/rustwide/workdir:ro,Z" "-v" "/var/lib/crater-agent-workspace/cargo-home:/opt/rustwide/cargo-home:ro,Z" "-v" "/var/lib/crater-agent-workspace/rustup-home:/opt/rustwide/rustup-home:ro,Z" "-e" "SOURCE_DIR=/opt/rustwide/workdir" "-e" "CARGO_TARGET_DIR=/opt/rustwide/target" "-e" "CARGO_INCREMENTAL=0" "-e" "RUST_BACKTRACE=full" "-e" "RUSTFLAGS=--cap-lints=warn" "-e" "CARGO_HOME=/opt/rustwide/cargo-home" "-e" "RUSTUP_HOME=/opt/rustwide/rustup-home" "-w" "/opt/rustwide/workdir" "-m" "1610612736" "--user" "0:0" "--network" "none" "ghcr.io/rust-lang/crates-build-env/linux@sha256:34b6a614d2c27851fe6cbf88fbd1137609cefab8b10d0615aaeb6fd47975d74e" "/opt/rustwide/cargo-home/bin/cargo" "+beta-2021-08-01" "test" "--frozen", kill_on_drop: false }`
[INFO] [stdout] 8968c94357878874dae8cd3a81062225fcf42af149783ecb16800844e0f8e667
[INFO] running `Command { std: "docker" "start" "-a" "8968c94357878874dae8cd3a81062225fcf42af149783ecb16800844e0f8e667", kill_on_drop: false }`
[INFO] [stderr] warning: unused variable: `cluster_state`
[INFO] [stderr]   --> src/scaler.rs:44:17
[INFO] [stderr]    |
[INFO] [stderr] 44 |             let cluster_state = self.cluster_fetcher.get_current_state()?;
[INFO] [stderr]    |                 ^^^^^^^^^^^^^ help: if this is intentional, prefix it with an underscore: `_cluster_state`
[INFO] [stderr]    |
[INFO] [stderr]    = note: `#[warn(unused_variables)]` on by default
[INFO] [stderr] 
[INFO] [stderr] warning: unused variable: `sidekiq_state`
[INFO] [stderr]   --> src/scaler.rs:45:17
[INFO] [stderr]    |
[INFO] [stderr] 45 |             let sidekiq_state = self.sidekiq_fetcher.get_current_state().await?;
[INFO] [stderr]    |                 ^^^^^^^^^^^^^ help: if this is intentional, prefix it with an underscore: `_sidekiq_state`
[INFO] [stderr] 
[INFO] [stderr] warning: `sidekiq-kubernetes-autoscaler` (bin "sidekiq-kubernetes-autoscaler" test) generated 2 warnings
[INFO] [stderr]     Finished test [unoptimized + debuginfo] target(s) in 0.14s
[INFO] [stderr]      Running unittests (/opt/rustwide/target/debug/deps/sidekiq_kubernetes_autoscaler-496a56f114cf082d)
[INFO] [stdout] 
[INFO] [stdout] running 4 tests
[INFO] [stdout] test config::tests::replicas ... ok
[INFO] [stdout] test config::tests::replicas_for_percentage ... ok
[INFO] [stdout] test config::tests::replicas_for_percentage_unknown_queue ... ok
[INFO] [stderr] error: test failed, to rerun pass '--bin sidekiq-kubernetes-autoscaler'
[INFO] [stdout] test sidekiq::tests::queue_lengths ... FAILED
[INFO] [stdout] 
[INFO] [stdout] failures:
[INFO] [stdout] 
[INFO] [stdout] ---- sidekiq::tests::queue_lengths stdout ----
[INFO] [stdout] thread 'sidekiq::tests::queue_lengths' panicked at 'called `Result::unwrap()` on an `Err` value: Os { code: 2, kind: NotFound, message: "No such file or directory" }', src/sidekiq.rs:58:14
[INFO] [stdout] stack backtrace:
[INFO] [stdout]    0:     0x55d8b24ab7b0 - std::backtrace_rs::backtrace::libunwind::trace::hff4d1766e93f64f1
[INFO] [stdout]                                at /rustc/53fd98ca776cb875bc9e5514f56b52eb74f9e7a9/library/std/src/../../backtrace/src/backtrace/libunwind.rs:90:5
[INFO] [stdout]    1:     0x55d8b24ab7b0 - std::backtrace_rs::backtrace::trace_unsynchronized::h56bbc8eb78770bcb
[INFO] [stdout]                                at /rustc/53fd98ca776cb875bc9e5514f56b52eb74f9e7a9/library/std/src/../../backtrace/src/backtrace/mod.rs:66:5
[INFO] [stdout]    2:     0x55d8b24ab7b0 - std::sys_common::backtrace::_print_fmt::h5c8e75464faca780
[INFO] [stdout]                                at /rustc/53fd98ca776cb875bc9e5514f56b52eb74f9e7a9/library/std/src/sys_common/backtrace.rs:67:5
[INFO] [stdout]    3:     0x55d8b24ab7b0 - <std::sys_common::backtrace::_print::DisplayBacktrace as core::fmt::Display>::fmt::h48b88277def8b362
[INFO] [stdout]                                at /rustc/53fd98ca776cb875bc9e5514f56b52eb74f9e7a9/library/std/src/sys_common/backtrace.rs:46:22
[INFO] [stdout]    4:     0x55d8b24ce7cc - core::fmt::write::h3381b3176fe2b3d3
[INFO] [stdout]                                at /rustc/53fd98ca776cb875bc9e5514f56b52eb74f9e7a9/library/core/src/fmt/mod.rs:1115:17
[INFO] [stdout]    5:     0x55d8b24a6085 - std::io::Write::write_fmt::h5f34a676f60246b5
[INFO] [stdout]                                at /rustc/53fd98ca776cb875bc9e5514f56b52eb74f9e7a9/library/std/src/io/mod.rs:1665:15
[INFO] [stdout]    6:     0x55d8b24ad94b - std::sys_common::backtrace::_print::ha537687d6c17dd0d
[INFO] [stdout]                                at /rustc/53fd98ca776cb875bc9e5514f56b52eb74f9e7a9/library/std/src/sys_common/backtrace.rs:49:5
[INFO] [stdout]    7:     0x55d8b24ad94b - std::sys_common::backtrace::print::h61376ae57d131d72
[INFO] [stdout]                                at /rustc/53fd98ca776cb875bc9e5514f56b52eb74f9e7a9/library/std/src/sys_common/backtrace.rs:36:9
[INFO] [stdout]    8:     0x55d8b24ad94b - std::panicking::default_hook::{{closure}}::h0f7208c0b9644a54
[INFO] [stdout]                                at /rustc/53fd98ca776cb875bc9e5514f56b52eb74f9e7a9/library/std/src/panicking.rs:208:50
[INFO] [stdout]    9:     0x55d8b24ad45c - std::panicking::default_hook::hdac7fc06578c14ce
[INFO] [stdout]                                at /rustc/53fd98ca776cb875bc9e5514f56b52eb74f9e7a9/library/std/src/panicking.rs:222:9
[INFO] [stdout]   10:     0x55d8b24ae014 - std::panicking::rust_panic_with_hook::h72b21c283da3d1ef
[INFO] [stdout]                                at /rustc/53fd98ca776cb875bc9e5514f56b52eb74f9e7a9/library/std/src/panicking.rs:622:17
[INFO] [stdout]   11:     0x55d8b24adaf7 - std::panicking::begin_panic_handler::{{closure}}::he5778f1729cff84a
[INFO] [stdout]                                at /rustc/53fd98ca776cb875bc9e5514f56b52eb74f9e7a9/library/std/src/panicking.rs:519:13
[INFO] [stdout]   12:     0x55d8b24abc8c - std::sys_common::backtrace::__rust_end_short_backtrace::h2d11ca8b453b4b1d
[INFO] [stdout]                                at /rustc/53fd98ca776cb875bc9e5514f56b52eb74f9e7a9/library/std/src/sys_common/backtrace.rs:141:18
[INFO] [stdout]   13:     0x55d8b24ada59 - rust_begin_unwind
[INFO] [stdout]                                at /rustc/53fd98ca776cb875bc9e5514f56b52eb74f9e7a9/library/std/src/panicking.rs:515:5
[INFO] [stdout]   14:     0x55d8b2233a91 - core::panicking::panic_fmt::hf9de31d4acbce4db
[INFO] [stdout]                                at /rustc/53fd98ca776cb875bc9e5514f56b52eb74f9e7a9/library/core/src/panicking.rs:92:14
[INFO] [stdout]   15:     0x55d8b2233b83 - core::result::unwrap_failed::ha0c84e81219e5878
[INFO] [stdout]                                at /rustc/53fd98ca776cb875bc9e5514f56b52eb74f9e7a9/library/core/src/result.rs:1599:5
[INFO] [stdout]   16:     0x55d8b226f013 - core::result::Result<T,E>::unwrap::h3da3f31118d2bdbf
[INFO] [stdout]                                at /rustc/53fd98ca776cb875bc9e5514f56b52eb74f9e7a9/library/core/src/result.rs:1281:23
[INFO] [stdout]   17:     0x55d8b223ddcd - sidekiq_kubernetes_autoscaler::sidekiq::tests::with_redis_running::h734879d78af0bbed
[INFO] [stdout]                                at /opt/rustwide/workdir/src/sidekiq.rs:47:26
[INFO] [stdout]   18:     0x55d8b223e569 - sidekiq_kubernetes_autoscaler::sidekiq::tests::queue_lengths::h077132cb975c6dc2
[INFO] [stdout]                                at /opt/rustwide/workdir/src/sidekiq.rs:90:9
[INFO] [stdout]   19:     0x55d8b223e45e - sidekiq_kubernetes_autoscaler::sidekiq::tests::queue_lengths::{{closure}}::ha68ac07d684c8ad0
[INFO] [stdout]                                at /opt/rustwide/workdir/src/sidekiq.rs:86:5
[INFO] [stdout]   20:     0x55d8b22464be - core::ops::function::FnOnce::call_once::hd479f077d6584a6e
[INFO] [stdout]                                at /rustc/53fd98ca776cb875bc9e5514f56b52eb74f9e7a9/library/core/src/ops/function.rs:227:5
[INFO] [stdout]   21:     0x55d8b22afb13 - core::ops::function::FnOnce::call_once::hbb52c4519d3137b0
[INFO] [stdout]                                at /rustc/53fd98ca776cb875bc9e5514f56b52eb74f9e7a9/library/core/src/ops/function.rs:227:5
[INFO] [stdout]   22:     0x55d8b22afb13 - test::__rust_begin_short_backtrace::h86fe3a2a5a5121af
[INFO] [stdout]                                at /rustc/53fd98ca776cb875bc9e5514f56b52eb74f9e7a9/library/test/src/lib.rs:578:5
[INFO] [stdout]   23:     0x55d8b22ae5c8 - <alloc::boxed::Box<F,A> as core::ops::function::FnOnce<Args>>::call_once::hfd956bc3d57399be
[INFO] [stdout]                                at /rustc/53fd98ca776cb875bc9e5514f56b52eb74f9e7a9/library/alloc/src/boxed.rs:1572:9
[INFO] [stdout]   24:     0x55d8b22ae5c8 - <std::panic::AssertUnwindSafe<F> as core::ops::function::FnOnce<()>>::call_once::h40dc93e0ddb5938a
[INFO] [stdout]                                at /rustc/53fd98ca776cb875bc9e5514f56b52eb74f9e7a9/library/std/src/panic.rs:347:9
[INFO] [stdout]   25:     0x55d8b22ae5c8 - std::panicking::try::do_call::h90d07750cb47c562
[INFO] [stdout]                                at /rustc/53fd98ca776cb875bc9e5514f56b52eb74f9e7a9/library/std/src/panicking.rs:401:40
[INFO] [stdout]   26:     0x55d8b22ae5c8 - std::panicking::try::h063c84733ad2a629
[INFO] [stdout]                                at /rustc/53fd98ca776cb875bc9e5514f56b52eb74f9e7a9/library/std/src/panicking.rs:365:19
[INFO] [stdout]   27:     0x55d8b22ae5c8 - std::panic::catch_unwind::h0c464836a84e7c08
[INFO] [stdout]                                at /rustc/53fd98ca776cb875bc9e5514f56b52eb74f9e7a9/library/std/src/panic.rs:434:14
[INFO] [stdout]   28:     0x55d8b22ae5c8 - test::run_test_in_process::h5cb06ef620b157fc
[INFO] [stdout]                                at /rustc/53fd98ca776cb875bc9e5514f56b52eb74f9e7a9/library/test/src/lib.rs:601:18
[INFO] [stdout]   29:     0x55d8b22ae5c8 - test::run_test::run_test_inner::{{closure}}::h76f677f4b93f9828
[INFO] [stdout]                                at /rustc/53fd98ca776cb875bc9e5514f56b52eb74f9e7a9/library/test/src/lib.rs:493:39
[INFO] [stdout]   30:     0x55d8b227cd5d - test::run_test::run_test_inner::{{closure}}::h366d01fe04f4d67a
[INFO] [stdout]                                at /rustc/53fd98ca776cb875bc9e5514f56b52eb74f9e7a9/library/test/src/lib.rs:520:37
[INFO] [stdout]   31:     0x55d8b227cd5d - std::sys_common::backtrace::__rust_begin_short_backtrace::h7dfa0de4eb395af2
[INFO] [stdout]                                at /rustc/53fd98ca776cb875bc9e5514f56b52eb74f9e7a9/library/std/src/sys_common/backtrace.rs:125:18
[INFO] [stdout]   32:     0x55d8b2281528 - std::thread::Builder::spawn_unchecked::{{closure}}::{{closure}}::hf0a74bb58798037f
[INFO] [stdout]                                at /rustc/53fd98ca776cb875bc9e5514f56b52eb74f9e7a9/library/std/src/thread/mod.rs:476:17
[INFO] [stdout]   33:     0x55d8b2281528 - <std::panic::AssertUnwindSafe<F> as core::ops::function::FnOnce<()>>::call_once::hb024e854818586ac
[INFO] [stdout]                                at /rustc/53fd98ca776cb875bc9e5514f56b52eb74f9e7a9/library/std/src/panic.rs:347:9
[INFO] [stdout]   34:     0x55d8b2281528 - std::panicking::try::do_call::hb2dd9f1d0d48e41d
[INFO] [stdout]                                at /rustc/53fd98ca776cb875bc9e5514f56b52eb74f9e7a9/library/std/src/panicking.rs:401:40
[INFO] [stdout]   35:     0x55d8b2281528 - std::panicking::try::h4717ae7bac8b2bf3
[INFO] [stdout]                                at /rustc/53fd98ca776cb875bc9e5514f56b52eb74f9e7a9/library/std/src/panicking.rs:365:19
[INFO] [stdout]   36:     0x55d8b2281528 - std::panic::catch_unwind::h0dc8a061326ce8d8
[INFO] [stdout]                                at /rustc/53fd98ca776cb875bc9e5514f56b52eb74f9e7a9/library/std/src/panic.rs:434:14
[INFO] [stdout]   37:     0x55d8b2281528 - std::thread::Builder::spawn_unchecked::{{closure}}::haa369e2d6fd00aa1
[INFO] [stdout]                                at /rustc/53fd98ca776cb875bc9e5514f56b52eb74f9e7a9/library/std/src/thread/mod.rs:475:30
[INFO] [stdout]   38:     0x55d8b2281528 - core::ops::function::FnOnce::call_once{{vtable.shim}}::h36dcf3de8b056f17
[INFO] [stdout]                                at /rustc/53fd98ca776cb875bc9e5514f56b52eb74f9e7a9/library/core/src/ops/function.rs:227:5
[INFO] [stdout]   39:     0x55d8b24b3337 - <alloc::boxed::Box<F,A> as core::ops::function::FnOnce<Args>>::call_once::h65c29e4642be2358
[INFO] [stdout]                                at /rustc/53fd98ca776cb875bc9e5514f56b52eb74f9e7a9/library/alloc/src/boxed.rs:1572:9
[INFO] [stdout]   40:     0x55d8b24b3337 - <alloc::boxed::Box<F,A> as core::ops::function::FnOnce<Args>>::call_once::hd0f8f7fbbd9fffbf
[INFO] [stdout]                                at /rustc/53fd98ca776cb875bc9e5514f56b52eb74f9e7a9/library/alloc/src/boxed.rs:1572:9
[INFO] [stdout]   41:     0x55d8b24b3337 - std::sys::unix::thread::Thread::new::thread_start::h2fd22fee3ca77b65
[INFO] [stdout]                                at /rustc/53fd98ca776cb875bc9e5514f56b52eb74f9e7a9/library/std/src/sys/unix/thread.rs:74:17
[INFO] [stdout]   42:     0x7f0453d79609 - start_thread
[INFO] [stdout]   43:     0x7f0453b49293 - clone
[INFO] [stdout]   44:                0x0 - <unknown>
[INFO] [stdout] 
[INFO] [stdout] 
[INFO] [stdout] failures:
[INFO] [stdout]     sidekiq::tests::queue_lengths
[INFO] [stdout] 
[INFO] [stdout] test result: FAILED. 3 passed; 1 failed; 0 ignored; 0 measured; 0 filtered out; finished in 0.05s
[INFO] [stdout] 
[INFO] running `Command { std: "docker" "inspect" "8968c94357878874dae8cd3a81062225fcf42af149783ecb16800844e0f8e667", kill_on_drop: false }`
[INFO] running `Command { std: "docker" "rm" "-f" "8968c94357878874dae8cd3a81062225fcf42af149783ecb16800844e0f8e667", kill_on_drop: false }`
[INFO] [stdout] 8968c94357878874dae8cd3a81062225fcf42af149783ecb16800844e0f8e667
