[INFO] cloning repository https://github.com/christ776/Rust-Z80
[INFO] running `Command { std: "git" "-c" "credential.helper=" "-c" "credential.helper=/workspace/cargo-home/bin/git-credential-null" "clone" "--bare" "https://github.com/christ776/Rust-Z80" "/workspace/cache/git-repos/https%3A%2F%2Fgithub.com%2Fchrist776%2FRust-Z80", kill_on_drop: false }`
[INFO] [stderr] Cloning into bare repository '/workspace/cache/git-repos/https%3A%2F%2Fgithub.com%2Fchrist776%2FRust-Z80'...
[INFO] running `Command { std: "git" "rev-parse" "HEAD", kill_on_drop: false }`
[INFO] [stdout] f70e92bf2938a0467182799c46e99cdc3215610c
[INFO] testing christ776/Rust-Z80 against beta-2021-08-01 for beta-1.55-1
[INFO] running `Command { std: "git" "clone" "/workspace/cache/git-repos/https%3A%2F%2Fgithub.com%2Fchrist776%2FRust-Z80" "/workspace/builds/worker-9/source", kill_on_drop: false }`
[INFO] [stderr] Cloning into '/workspace/builds/worker-9/source'...
[INFO] [stderr] done.
[INFO] validating manifest of git repo https://github.com/christ776/Rust-Z80 on toolchain beta-2021-08-01
[INFO] running `Command { std: "/workspace/cargo-home/bin/cargo" "+beta-2021-08-01" "metadata" "--manifest-path" "Cargo.toml" "--no-deps", kill_on_drop: false }`
[INFO] started tweaking git repo https://github.com/christ776/Rust-Z80
[INFO] finished tweaking git repo https://github.com/christ776/Rust-Z80
[INFO] tweaked toml for git repo https://github.com/christ776/Rust-Z80 written to /workspace/builds/worker-9/source/Cargo.toml
[INFO] crate git repo https://github.com/christ776/Rust-Z80 already has a lockfile, it will not be regenerated
[INFO] running `Command { std: "/workspace/cargo-home/bin/cargo" "+beta-2021-08-01" "fetch" "--manifest-path" "Cargo.toml", kill_on_drop: false }`
[INFO] [stderr]  Downloading crates ...
[INFO] [stderr]   Downloaded pixels v0.4.0
[INFO] [stderr]   Downloaded imgui-wgpu v0.15.1
[INFO] running `Command { std: "docker" "create" "-v" "/var/lib/crater-agent-workspace/builds/worker-9/target:/opt/rustwide/target:rw,Z" "-v" "/var/lib/crater-agent-workspace/builds/worker-9/source:/opt/rustwide/workdir:ro,Z" "-v" "/var/lib/crater-agent-workspace/cargo-home:/opt/rustwide/cargo-home:ro,Z" "-v" "/var/lib/crater-agent-workspace/rustup-home:/opt/rustwide/rustup-home:ro,Z" "-e" "SOURCE_DIR=/opt/rustwide/workdir" "-e" "CARGO_TARGET_DIR=/opt/rustwide/target" "-e" "CARGO_HOME=/opt/rustwide/cargo-home" "-e" "RUSTUP_HOME=/opt/rustwide/rustup-home" "-w" "/opt/rustwide/workdir" "-m" "1610612736" "--user" "0:0" "--network" "none" "ghcr.io/rust-lang/crates-build-env/linux@sha256:34b6a614d2c27851fe6cbf88fbd1137609cefab8b10d0615aaeb6fd47975d74e" "/opt/rustwide/cargo-home/bin/cargo" "+beta-2021-08-01" "metadata" "--no-deps" "--format-version=1", kill_on_drop: false }`
[INFO] [stdout] 4650184cfd5f3bd7c495f6bc40fa349f8ed58df53113a302415d901fa9de4e8c
[INFO] [stderr] WARNING: Your kernel does not support swap limit capabilities or the cgroup is not mounted. Memory limited without swap.
[INFO] running `Command { std: "docker" "start" "-a" "4650184cfd5f3bd7c495f6bc40fa349f8ed58df53113a302415d901fa9de4e8c", kill_on_drop: false }`
[INFO] running `Command { std: "docker" "inspect" "4650184cfd5f3bd7c495f6bc40fa349f8ed58df53113a302415d901fa9de4e8c", kill_on_drop: false }`
[INFO] running `Command { std: "docker" "rm" "-f" "4650184cfd5f3bd7c495f6bc40fa349f8ed58df53113a302415d901fa9de4e8c", kill_on_drop: false }`
[INFO] [stdout] 4650184cfd5f3bd7c495f6bc40fa349f8ed58df53113a302415d901fa9de4e8c
[INFO] running `Command { std: "docker" "create" "-v" "/var/lib/crater-agent-workspace/builds/worker-9/target:/opt/rustwide/target:rw,Z" "-v" "/var/lib/crater-agent-workspace/builds/worker-9/source:/opt/rustwide/workdir:ro,Z" "-v" "/var/lib/crater-agent-workspace/cargo-home:/opt/rustwide/cargo-home:ro,Z" "-v" "/var/lib/crater-agent-workspace/rustup-home:/opt/rustwide/rustup-home:ro,Z" "-e" "SOURCE_DIR=/opt/rustwide/workdir" "-e" "CARGO_TARGET_DIR=/opt/rustwide/target" "-e" "CARGO_INCREMENTAL=0" "-e" "RUST_BACKTRACE=full" "-e" "RUSTFLAGS=--cap-lints=warn" "-e" "CARGO_HOME=/opt/rustwide/cargo-home" "-e" "RUSTUP_HOME=/opt/rustwide/rustup-home" "-w" "/opt/rustwide/workdir" "-m" "1610612736" "--user" "0:0" "--network" "none" "ghcr.io/rust-lang/crates-build-env/linux@sha256:34b6a614d2c27851fe6cbf88fbd1137609cefab8b10d0615aaeb6fd47975d74e" "/opt/rustwide/cargo-home/bin/cargo" "+beta-2021-08-01" "build" "--frozen" "--message-format=json", kill_on_drop: false }`
[INFO] [stdout] 6d6638a72770a57d75e9b4005f076478884f2249671440a8946ae68f6b7f70f4
[INFO] [stderr] WARNING: Your kernel does not support swap limit capabilities or the cgroup is not mounted. Memory limited without swap.
[INFO] running `Command { std: "docker" "start" "-a" "6d6638a72770a57d75e9b4005f076478884f2249671440a8946ae68f6b7f70f4", kill_on_drop: false }`
[INFO] [stderr]    Compiling libc v0.2.95
[INFO] [stderr]    Compiling log v0.4.11
[INFO] [stderr]    Compiling smallvec v1.6.0
[INFO] [stderr]    Compiling regex-syntax v0.6.21
[INFO] [stderr]    Compiling humantime v2.0.1
[INFO] [stderr]    Compiling pollster v0.2.0
[INFO] [stderr]    Compiling libloading v0.6.6
[INFO] [stderr]    Compiling wayland-sys v0.28.3
[INFO] [stderr]    Compiling nom v6.0.1
[INFO] [stderr]    Compiling wgpu-core v0.8.1
[INFO] [stderr]    Compiling safe_arch v0.5.2
[INFO] [stderr]    Compiling proc-macro2 v1.0.27
[INFO] [stderr]    Compiling ash v0.32.1
[INFO] [stderr]    Compiling wgpu-types v0.8.0
[INFO] [stderr]    Compiling andrew v0.3.1
[INFO] [stderr]    Compiling gpu-descriptor v0.1.1
[INFO] [stderr]    Compiling spirv_headers v1.5.0
[INFO] [stderr]    Compiling dlib v0.4.2
[INFO] [stderr]    Compiling wide v0.6.5
[INFO] [stderr]    Compiling quote v1.0.8
[INFO] [stderr]    Compiling syn v1.0.73
[INFO] [stderr]    Compiling wayland-scanner v0.28.3
[INFO] [stderr]    Compiling regex v1.4.2
[INFO] [stderr]    Compiling jobserver v0.1.21
[INFO] [stderr]    Compiling raw-window-handle v0.3.3
[INFO] [stderr]    Compiling parking_lot_core v0.8.2
[INFO] [stderr]    Compiling nix v0.18.0
[INFO] [stderr]    Compiling khronos-egl v4.1.0
[INFO] [stderr]    Compiling net2 v0.2.37
[INFO] [stderr]    Compiling iovec v0.1.4
[INFO] [stderr]    Compiling memmap2 v0.1.0
[INFO] [stderr]    Compiling x11-dl v2.18.5
[INFO] [stderr]    Compiling nix v0.20.0
[INFO] [stderr]    Compiling libudev-sys v0.1.4
[INFO] [stderr]    Compiling flate2 v1.0.20
[INFO] [stderr]    Compiling time v0.1.44
[INFO] [stderr]    Compiling atty v0.2.14
[INFO] [stderr]    Compiling ultraviolet v0.8.1
[INFO] [stderr]    Compiling wayland-client v0.28.3
[INFO] [stderr]    Compiling wayland-protocols v0.28.3
[INFO] [stderr]    Compiling cc v1.0.66
[INFO] [stderr]    Compiling parking_lot v0.11.1
[INFO] [stderr]    Compiling mio v0.6.23
[INFO] [stderr]    Compiling xcursor v0.3.3
[INFO] [stderr]    Compiling env_logger v0.8.2
[INFO] [stderr]    Compiling mio-extras v2.0.6
[INFO] [stderr]    Compiling imgui-sys v0.7.0
[INFO] [stderr]    Compiling bzip2-sys v0.1.11+1.0.8
[INFO] [stderr]    Compiling bzip2 v0.4.3
[INFO] [stderr]    Compiling gilrs-core v0.3.1
[INFO] [stderr]    Compiling wayland-commons v0.28.3
[INFO] [stderr]    Compiling calloop v0.6.5
[INFO] [stderr]    Compiling gilrs v0.8.1
[INFO] [stderr]    Compiling thiserror-impl v1.0.23
[INFO] [stderr]    Compiling wayland-cursor v0.28.3
[INFO] [stderr]    Compiling thiserror v1.0.23
[INFO] [stderr]    Compiling naga v0.4.2
[INFO] [stderr]    Compiling zip v0.5.13
[INFO] [stderr]    Compiling imgui v0.7.0
[INFO] [stderr]    Compiling gfx-hal v0.8.0
[INFO] [stderr]    Compiling gfx-backend-empty v0.8.0
[INFO] [stderr]    Compiling gfx-backend-vulkan v0.8.0
[INFO] [stderr]    Compiling gfx-backend-gl v0.8.1
[INFO] [stderr]    Compiling wgpu v0.8.1
[INFO] [stderr]    Compiling imgui-wgpu v0.15.1
[INFO] [stderr]    Compiling pixels v0.4.0
[INFO] [stderr]    Compiling smithay-client-toolkit v0.12.2
[INFO] [stderr]    Compiling winit v0.24.0
[INFO] [stderr]    Compiling winit_input_helper v0.9.0
[INFO] [stderr]    Compiling imgui-winit-support v0.7.1
[INFO] [stderr]    Compiling Z80 v0.1.0 (/opt/rustwide/workdir)
[INFO] [stdout] warning: unused imports: `BufRead`, `BufReader`, `Cursor`, `iter::Map`
[INFO] [stdout]  --> src/utils/rom_loader.rs:1:60
[INFO] [stdout]   |
[INFO] [stdout] 1 | use std::{collections::HashMap, ffi::OsStr, fs::File, io::{BufRead, BufReader, Cursor, Error, Read}, iter::Map, path::Path};
[INFO] [stdout]   |                                                            ^^^^^^^  ^^^^^^^^^  ^^^^^^                ^^^^^^^^^
[INFO] [stdout]   |
[INFO] [stdout]   = note: `#[warn(unused_imports)]` on by default
[INFO] [stdout] 
[INFO] [stdout] 
[INFO] [stdout] warning: associated function is never used: `inc_ix_iy_n`
[INFO] [stdout]     --> src/z80.rs:1284:6
[INFO] [stdout]      |
[INFO] [stdout] 1284 |   fn inc_ix_iy_n<R: ReadU16, D: ReadU8>(&mut self, r: R, d: D, mem: &mut dyn Memory) -> u8 {
[INFO] [stdout]      |      ^^^^^^^^^^^
[INFO] [stdout]      |
[INFO] [stdout]      = note: `#[warn(dead_code)]` on by default
[INFO] [stdout] 
[INFO] [stdout] 
[INFO] [stdout] warning: crate `Z80` should have a snake case name
[INFO] [stdout]   |
[INFO] [stdout]   = note: `#[warn(non_snake_case)]` on by default
[INFO] [stdout]   = help: convert the identifier to snake case: `z80`
[INFO] [stdout] 
[INFO] [stdout] 
[INFO] [stdout] warning: 3 warnings emitted
[INFO] [stdout] 
[INFO] [stdout] 
[INFO] [stdout] warning: unused imports: `BufRead`, `BufReader`, `Cursor`, `iter::Map`
[INFO] [stdout]  --> src/utils/rom_loader.rs:1:60
[INFO] [stdout]   |
[INFO] [stdout] 1 | use std::{collections::HashMap, ffi::OsStr, fs::File, io::{BufRead, BufReader, Cursor, Error, Read}, iter::Map, path::Path};
[INFO] [stdout]   |                                                            ^^^^^^^  ^^^^^^^^^  ^^^^^^                ^^^^^^^^^
[INFO] [stdout]   |
[INFO] [stdout]   = note: `#[warn(unused_imports)]` on by default
[INFO] [stdout] 
[INFO] [stdout] 
[INFO] [stdout] warning: unused variable: `y_flip`
[INFO] [stdout]    --> src/gfx_decoder.rs:165:21
[INFO] [stdout]     |
[INFO] [stdout] 165 |       x_flip: bool, y_flip: bool,
[INFO] [stdout]     |                     ^^^^^^ help: if this is intentional, prefix it with an underscore: `_y_flip`
[INFO] [stdout]     |
[INFO] [stdout]     = note: `#[warn(unused_variables)]` on by default
[INFO] [stdout] 
[INFO] [stdout] 
[INFO] [stdout] warning: associated function is never used: `inc_ix_iy_n`
[INFO] [stdout]     --> src/z80.rs:1284:6
[INFO] [stdout]      |
[INFO] [stdout] 1284 |   fn inc_ix_iy_n<R: ReadU16, D: ReadU8>(&mut self, r: R, d: D, mem: &mut dyn Memory) -> u8 {
[INFO] [stdout]      |      ^^^^^^^^^^^
[INFO] [stdout]      |
[INFO] [stdout]      = note: `#[warn(dead_code)]` on by default
[INFO] [stdout] 
[INFO] [stdout] 
[INFO] [stdout] warning: field is never read: `height`
[INFO] [stdout]  --> src/gfx_decoder.rs:6:3
[INFO] [stdout]   |
[INFO] [stdout] 6 |   height: usize,
[INFO] [stdout]   |   ^^^^^^^^^^^^^
[INFO] [stdout] 
[INFO] [stdout] 
[INFO] [stdout] warning: field is never read: `columns`
[INFO] [stdout]  --> src/gfx_decoder.rs:7:3
[INFO] [stdout]   |
[INFO] [stdout] 7 |   columns: usize,
[INFO] [stdout]   |   ^^^^^^^^^^^^^^
[INFO] [stdout] 
[INFO] [stdout] 
[INFO] [stdout] warning: variant is never constructed: `IYH`
[INFO] [stdout]   --> src/registers.rs:52:5
[INFO] [stdout]    |
[INFO] [stdout] 52 |     IYH = 12,
[INFO] [stdout]    |     ^^^^^^^^
[INFO] [stdout] 
[INFO] [stdout] 
[INFO] [stdout] warning: variant is never constructed: `IYL`
[INFO] [stdout]   --> src/registers.rs:54:5
[INFO] [stdout]    |
[INFO] [stdout] 54 |     IYL = 13,
[INFO] [stdout]    |     ^^^^^^^^
[INFO] [stdout] 
[INFO] [stdout] 
[INFO] [stdout] warning: field is never read: `aux_board_enabled`
[INFO] [stdout]    --> src/main.rs:235:5
[INFO] [stdout]     |
[INFO] [stdout] 235 |     aux_board_enabled: bool
[INFO] [stdout]     |     ^^^^^^^^^^^^^^^^^^^^^^^
[INFO] [stdout] 
[INFO] [stdout] 
[INFO] [stdout] warning: 8 warnings emitted
[INFO] [stdout] 
[INFO] [stdout] 
[INFO] [stderr]     Finished dev [unoptimized + debuginfo] target(s) in 3m 03s
[INFO] running `Command { std: "docker" "inspect" "6d6638a72770a57d75e9b4005f076478884f2249671440a8946ae68f6b7f70f4", kill_on_drop: false }`
[INFO] running `Command { std: "docker" "rm" "-f" "6d6638a72770a57d75e9b4005f076478884f2249671440a8946ae68f6b7f70f4", kill_on_drop: false }`
[INFO] [stdout] 6d6638a72770a57d75e9b4005f076478884f2249671440a8946ae68f6b7f70f4
[INFO] running `Command { std: "docker" "create" "-v" "/var/lib/crater-agent-workspace/builds/worker-9/target:/opt/rustwide/target:rw,Z" "-v" "/var/lib/crater-agent-workspace/builds/worker-9/source:/opt/rustwide/workdir:ro,Z" "-v" "/var/lib/crater-agent-workspace/cargo-home:/opt/rustwide/cargo-home:ro,Z" "-v" "/var/lib/crater-agent-workspace/rustup-home:/opt/rustwide/rustup-home:ro,Z" "-e" "SOURCE_DIR=/opt/rustwide/workdir" "-e" "CARGO_TARGET_DIR=/opt/rustwide/target" "-e" "CARGO_INCREMENTAL=0" "-e" "RUST_BACKTRACE=full" "-e" "RUSTFLAGS=--cap-lints=warn" "-e" "CARGO_HOME=/opt/rustwide/cargo-home" "-e" "RUSTUP_HOME=/opt/rustwide/rustup-home" "-w" "/opt/rustwide/workdir" "-m" "1610612736" "--user" "0:0" "--network" "none" "ghcr.io/rust-lang/crates-build-env/linux@sha256:34b6a614d2c27851fe6cbf88fbd1137609cefab8b10d0615aaeb6fd47975d74e" "/opt/rustwide/cargo-home/bin/cargo" "+beta-2021-08-01" "test" "--frozen" "--no-run" "--message-format=json", kill_on_drop: false }`
[INFO] [stdout] d74067811ac61a6df1a803d08c658c00b219d24369b569d534080490393b3392
[INFO] [stderr] WARNING: Your kernel does not support swap limit capabilities or the cgroup is not mounted. Memory limited without swap.
[INFO] running `Command { std: "docker" "start" "-a" "d74067811ac61a6df1a803d08c658c00b219d24369b569d534080490393b3392", kill_on_drop: false }`
[INFO] [stderr]     Blocking waiting for file lock on package cache
[INFO] [stdout] warning: unused imports: `BufRead`, `BufReader`, `Cursor`, `iter::Map`
[INFO] [stdout]  --> src/utils/rom_loader.rs:1:60
[INFO] [stdout]   |
[INFO] [stdout] 1 | use std::{collections::HashMap, ffi::OsStr, fs::File, io::{BufRead, BufReader, Cursor, Error, Read}, iter::Map, path::Path};
[INFO] [stdout]   |                                                            ^^^^^^^  ^^^^^^^^^  ^^^^^^                ^^^^^^^^^
[INFO] [stdout]   |
[INFO] [stdout]   = note: `#[warn(unused_imports)]` on by default
[INFO] [stdout] 
[INFO] [stdout] 
[INFO] [stdout] warning: associated function is never used: `inc_ix_iy_n`
[INFO] [stdout]     --> src/z80.rs:1284:6
[INFO] [stdout]      |
[INFO] [stdout] 1284 |   fn inc_ix_iy_n<R: ReadU16, D: ReadU8>(&mut self, r: R, d: D, mem: &mut dyn Memory) -> u8 {
[INFO] [stdout]      |      ^^^^^^^^^^^
[INFO] [stdout]      |
[INFO] [stdout]      = note: `#[warn(dead_code)]` on by default
[INFO] [stdout] 
[INFO] [stdout] 
[INFO] [stdout] warning: crate `Z80` should have a snake case name
[INFO] [stdout]   |
[INFO] [stdout]   = note: `#[warn(non_snake_case)]` on by default
[INFO] [stdout]   = help: convert the identifier to snake case: `z80`
[INFO] [stdout] 
[INFO] [stdout] 
[INFO] [stdout] warning: 3 warnings emitted
[INFO] [stdout] 
[INFO] [stdout] 
[INFO] [stdout] warning: unused imports: `BufRead`, `BufReader`, `Cursor`, `iter::Map`
[INFO] [stdout]  --> src/utils/rom_loader.rs:1:60
[INFO] [stdout]   |
[INFO] [stdout] 1 | use std::{collections::HashMap, ffi::OsStr, fs::File, io::{BufRead, BufReader, Cursor, Error, Read}, iter::Map, path::Path};
[INFO] [stdout]   |                                                            ^^^^^^^  ^^^^^^^^^  ^^^^^^                ^^^^^^^^^
[INFO] [stdout]   |
[INFO] [stdout]   = note: `#[warn(unused_imports)]` on by default
[INFO] [stdout] 
[INFO] [stdout] 
[INFO] [stdout] warning: unused variable: `y_flip`
[INFO] [stdout]    --> src/gfx_decoder.rs:165:21
[INFO] [stdout]     |
[INFO] [stdout] 165 |       x_flip: bool, y_flip: bool,
[INFO] [stdout]     |                     ^^^^^^ help: if this is intentional, prefix it with an underscore: `_y_flip`
[INFO] [stdout]     |
[INFO] [stdout]     = note: `#[warn(unused_variables)]` on by default
[INFO] [stdout] 
[INFO] [stdout] 
[INFO] [stdout] warning: associated function is never used: `inc_ix_iy_n`
[INFO] [stdout]     --> src/z80.rs:1284:6
[INFO] [stdout]      |
[INFO] [stdout] 1284 |   fn inc_ix_iy_n<R: ReadU16, D: ReadU8>(&mut self, r: R, d: D, mem: &mut dyn Memory) -> u8 {
[INFO] [stdout]      |      ^^^^^^^^^^^
[INFO] [stdout]      |
[INFO] [stdout]      = note: `#[warn(dead_code)]` on by default
[INFO] [stdout] 
[INFO] [stdout] 
[INFO] [stdout] warning: field is never read: `height`
[INFO] [stdout]  --> src/gfx_decoder.rs:6:3
[INFO] [stdout]   |
[INFO] [stdout] 6 |   height: usize,
[INFO] [stdout]   |   ^^^^^^^^^^^^^
[INFO] [stdout] 
[INFO] [stdout] 
[INFO] [stdout] warning: field is never read: `columns`
[INFO] [stdout]  --> src/gfx_decoder.rs:7:3
[INFO] [stdout]   |
[INFO] [stdout] 7 |   columns: usize,
[INFO] [stdout]   |   ^^^^^^^^^^^^^^
[INFO] [stdout] 
[INFO] [stdout] 
[INFO] [stdout] warning: variant is never constructed: `IYH`
[INFO] [stdout]   --> src/registers.rs:52:5
[INFO] [stdout]    |
[INFO] [stdout] 52 |     IYH = 12,
[INFO] [stdout]    |     ^^^^^^^^
[INFO] [stdout] 
[INFO] [stdout] 
[INFO] [stdout] warning: variant is never constructed: `IYL`
[INFO] [stdout]   --> src/registers.rs:54:5
[INFO] [stdout]    |
[INFO] [stdout] 54 |     IYL = 13,
[INFO] [stdout]    |     ^^^^^^^^
[INFO] [stdout] 
[INFO] [stdout] 
[INFO] [stdout] warning: field is never read: `aux_board_enabled`
[INFO] [stdout]    --> src/main.rs:235:5
[INFO] [stdout]     |
[INFO] [stdout] 235 |     aux_board_enabled: bool
[INFO] [stdout]     |     ^^^^^^^^^^^^^^^^^^^^^^^
[INFO] [stdout] 
[INFO] [stdout] 
[INFO] [stdout] warning: 8 warnings emitted
[INFO] [stdout] 
[INFO] [stdout] 
[INFO] [stderr]    Compiling png v0.16.8
[INFO] [stderr]    Compiling Z80 v0.1.0 (/opt/rustwide/workdir)
[INFO] [stdout] warning: unused variable: `run_single_test`
[INFO] [stdout]   --> tests/z80test.rs:31:9
[INFO] [stdout]    |
[INFO] [stdout] 31 |     let run_single_test = false;
[INFO] [stdout]    |         ^^^^^^^^^^^^^^^ help: if this is intentional, prefix it with an underscore: `_run_single_test`
[INFO] [stdout]    |
[INFO] [stdout]    = note: `#[warn(unused_variables)]` on by default
[INFO] [stdout] 
[INFO] [stdout] 
[INFO] [stdout] warning: unused variable: `single_test`
[INFO] [stdout]   --> tests/z80test.rs:32:9
[INFO] [stdout]    |
[INFO] [stdout] 32 |     let single_test = 148;
[INFO] [stdout]    |         ^^^^^^^^^^^ help: if this is intentional, prefix it with an underscore: `_single_test`
[INFO] [stdout] 
[INFO] [stdout] 
[INFO] [stdout] warning: unused imports: `BufRead`, `BufReader`, `Cursor`, `iter::Map`
[INFO] [stdout]  --> src/utils/rom_loader.rs:1:60
[INFO] [stdout]   |
[INFO] [stdout] 1 | use std::{collections::HashMap, ffi::OsStr, fs::File, io::{BufRead, BufReader, Cursor, Error, Read}, iter::Map, path::Path};
[INFO] [stdout]   |                                                            ^^^^^^^  ^^^^^^^^^  ^^^^^^                ^^^^^^^^^
[INFO] [stdout]   |
[INFO] [stdout]   = note: `#[warn(unused_imports)]` on by default
[INFO] [stdout] 
[INFO] [stdout] 
[INFO] [stdout] warning: unnecessary trailing semicolon
[INFO] [stdout]     --> tests/opcodes.rs:1505:105
[INFO] [stdout]      |
[INFO] [stdout] 1505 |         assert_eq!(0xFC, cpu.r.d); assert!(cpu.r.f.contains(Flags::SIGN| Flags::PARITY | Flags::CARRY));;
[INFO] [stdout]      |                                                                                                         ^ help: remove this semicolon
[INFO] [stdout]      |
[INFO] [stdout]      = note: `#[warn(redundant_semicolons)]` on by default
[INFO] [stdout] 
[INFO] [stdout] 
[INFO] [stdout] warning: unused imports: `BufRead`, `BufReader`, `Cursor`, `iter::Map`
[INFO] [stdout]  --> src/utils/rom_loader.rs:1:60
[INFO] [stdout]   |
[INFO] [stdout] 1 | use std::{collections::HashMap, ffi::OsStr, fs::File, io::{BufRead, BufReader, Cursor, Error, Read}, iter::Map, path::Path};
[INFO] [stdout]   |                                                            ^^^^^^^  ^^^^^^^^^  ^^^^^^                ^^^^^^^^^
[INFO] [stdout]   |
[INFO] [stdout]   = note: `#[warn(unused_imports)]` on by default
[INFO] [stdout] 
[INFO] [stdout] 
[INFO] [stdout] warning: associated function is never used: `inc_ix_iy_n`
[INFO] [stdout]     --> src/z80.rs:1284:6
[INFO] [stdout]      |
[INFO] [stdout] 1284 |   fn inc_ix_iy_n<R: ReadU16, D: ReadU8>(&mut self, r: R, d: D, mem: &mut dyn Memory) -> u8 {
[INFO] [stdout]      |      ^^^^^^^^^^^
[INFO] [stdout]      |
[INFO] [stdout]      = note: `#[warn(dead_code)]` on by default
[INFO] [stdout] 
[INFO] [stdout] 
[INFO] [stdout] warning: crate `Z80` should have a snake case name
[INFO] [stdout]   |
[INFO] [stdout]   = note: `#[warn(non_snake_case)]` on by default
[INFO] [stdout]   = help: convert the identifier to snake case: `z80`
[INFO] [stdout] 
[INFO] [stdout] 
[INFO] [stdout] warning: 2 warnings emitted
[INFO] [stdout] 
[INFO] [stdout] 
[INFO] [stdout] warning: unused variable: `y_flip`
[INFO] [stdout]    --> src/gfx_decoder.rs:165:21
[INFO] [stdout]     |
[INFO] [stdout] 165 |       x_flip: bool, y_flip: bool,
[INFO] [stdout]     |                     ^^^^^^ help: if this is intentional, prefix it with an underscore: `_y_flip`
[INFO] [stdout]     |
[INFO] [stdout]     = note: `#[warn(unused_variables)]` on by default
[INFO] [stdout] 
[INFO] [stdout] 
[INFO] [stdout] warning: associated function is never used: `inc_ix_iy_n`
[INFO] [stdout]     --> src/z80.rs:1284:6
[INFO] [stdout]      |
[INFO] [stdout] 1284 |   fn inc_ix_iy_n<R: ReadU16, D: ReadU8>(&mut self, r: R, d: D, mem: &mut dyn Memory) -> u8 {
[INFO] [stdout]      |      ^^^^^^^^^^^
[INFO] [stdout]      |
[INFO] [stdout]      = note: `#[warn(dead_code)]` on by default
[INFO] [stdout] 
[INFO] [stdout] 
[INFO] [stdout] warning: field is never read: `height`
[INFO] [stdout]  --> src/gfx_decoder.rs:6:3
[INFO] [stdout]   |
[INFO] [stdout] 6 |   height: usize,
[INFO] [stdout]   |   ^^^^^^^^^^^^^
[INFO] [stdout] 
[INFO] [stdout] 
[INFO] [stdout] warning: field is never read: `columns`
[INFO] [stdout]  --> src/gfx_decoder.rs:7:3
[INFO] [stdout]   |
[INFO] [stdout] 7 |   columns: usize,
[INFO] [stdout]   |   ^^^^^^^^^^^^^^
[INFO] [stdout] 
[INFO] [stdout] 
[INFO] [stdout] warning: variant is never constructed: `IYH`
[INFO] [stdout]   --> src/registers.rs:52:5
[INFO] [stdout]    |
[INFO] [stdout] 52 |     IYH = 12,
[INFO] [stdout]    |     ^^^^^^^^
[INFO] [stdout] 
[INFO] [stdout] 
[INFO] [stdout] warning: variant is never constructed: `IYL`
[INFO] [stdout]   --> src/registers.rs:54:5
[INFO] [stdout]    |
[INFO] [stdout] 54 |     IYL = 13,
[INFO] [stdout]    |     ^^^^^^^^
[INFO] [stdout] 
[INFO] [stdout] 
[INFO] [stdout] warning: field is never read: `aux_board_enabled`
[INFO] [stdout]    --> src/main.rs:235:5
[INFO] [stdout]     |
[INFO] [stdout] 235 |     aux_board_enabled: bool
[INFO] [stdout]     |     ^^^^^^^^^^^^^^^^^^^^^^^
[INFO] [stdout] 
[INFO] [stdout] 
[INFO] [stdout] warning: 3 warnings emitted
[INFO] [stdout] 
[INFO] [stdout] 
[INFO] [stdout] warning: 1 warning emitted
[INFO] [stdout] 
[INFO] [stdout] 
[INFO] [stdout] warning: 8 warnings emitted
[INFO] [stdout] 
[INFO] [stdout] 
[INFO] [stderr]     Finished test [unoptimized + debuginfo] target(s) in 10.75s
[INFO] running `Command { std: "docker" "inspect" "d74067811ac61a6df1a803d08c658c00b219d24369b569d534080490393b3392", kill_on_drop: false }`
[INFO] running `Command { std: "docker" "rm" "-f" "d74067811ac61a6df1a803d08c658c00b219d24369b569d534080490393b3392", kill_on_drop: false }`
[INFO] [stdout] d74067811ac61a6df1a803d08c658c00b219d24369b569d534080490393b3392
[INFO] running `Command { std: "docker" "create" "-v" "/var/lib/crater-agent-workspace/builds/worker-9/target:/opt/rustwide/target:rw,Z" "-v" "/var/lib/crater-agent-workspace/builds/worker-9/source:/opt/rustwide/workdir:ro,Z" "-v" "/var/lib/crater-agent-workspace/cargo-home:/opt/rustwide/cargo-home:ro,Z" "-v" "/var/lib/crater-agent-workspace/rustup-home:/opt/rustwide/rustup-home:ro,Z" "-e" "SOURCE_DIR=/opt/rustwide/workdir" "-e" "CARGO_TARGET_DIR=/opt/rustwide/target" "-e" "CARGO_INCREMENTAL=0" "-e" "RUST_BACKTRACE=full" "-e" "RUSTFLAGS=--cap-lints=warn" "-e" "CARGO_HOME=/opt/rustwide/cargo-home" "-e" "RUSTUP_HOME=/opt/rustwide/rustup-home" "-w" "/opt/rustwide/workdir" "-m" "1610612736" "--user" "0:0" "--network" "none" "ghcr.io/rust-lang/crates-build-env/linux@sha256:34b6a614d2c27851fe6cbf88fbd1137609cefab8b10d0615aaeb6fd47975d74e" "/opt/rustwide/cargo-home/bin/cargo" "+beta-2021-08-01" "test" "--frozen", kill_on_drop: false }`
[INFO] [stderr] WARNING: Your kernel does not support swap limit capabilities or the cgroup is not mounted. Memory limited without swap.
[INFO] [stdout] 5732c74db375738ef3aec251828589152c8f9a0537e14414e7143b1b16c75a30
[INFO] running `Command { std: "docker" "start" "-a" "5732c74db375738ef3aec251828589152c8f9a0537e14414e7143b1b16c75a30", kill_on_drop: false }`
[INFO] [stderr] warning: unused imports: `BufRead`, `BufReader`, `Cursor`, `iter::Map`
[INFO] [stderr]  --> src/utils/rom_loader.rs:1:60
[INFO] [stderr]   |
[INFO] [stderr] 1 | use std::{collections::HashMap, ffi::OsStr, fs::File, io::{BufRead, BufReader, Cursor, Error, Read}, iter::Map, path::Path};
[INFO] [stderr]   |                                                            ^^^^^^^  ^^^^^^^^^  ^^^^^^                ^^^^^^^^^
[INFO] [stderr]   |
[INFO] [stderr]   = note: `#[warn(unused_imports)]` on by default
[INFO] [stderr] 
[INFO] [stderr] warning: associated function is never used: `inc_ix_iy_n`
[INFO] [stderr]     --> src/z80.rs:1284:6
[INFO] [stderr]      |
[INFO] [stderr] 1284 |   fn inc_ix_iy_n<R: ReadU16, D: ReadU8>(&mut self, r: R, d: D, mem: &mut dyn Memory) -> u8 {
[INFO] [stderr]      |      ^^^^^^^^^^^
[INFO] [stderr]      |
[INFO] [stderr]      = note: `#[warn(dead_code)]` on by default
[INFO] [stderr] 
[INFO] [stderr] warning: crate `Z80` should have a snake case name
[INFO] [stderr]   |
[INFO] [stderr]   = note: `#[warn(non_snake_case)]` on by default
[INFO] [stderr]   = help: convert the identifier to snake case: `z80`
[INFO] [stderr] 
[INFO] [stderr] warning: `Z80` (lib) generated 3 warnings
[INFO] [stderr] warning: `Z80` (lib test) generated 3 warnings (3 duplicates)
[INFO] [stderr] warning: unused variable: `y_flip`
[INFO] [stderr]    --> src/gfx_decoder.rs:165:21
[INFO] [stderr]     |
[INFO] [stderr] 165 |       x_flip: bool, y_flip: bool,
[INFO] [stderr]     |                     ^^^^^^ help: if this is intentional, prefix it with an underscore: `_y_flip`
[INFO] [stderr]     |
[INFO] [stderr]     = note: `#[warn(unused_variables)]` on by default
[INFO] [stderr] 
[INFO] [stderr] warning: field is never read: `height`
[INFO] [stderr]  --> src/gfx_decoder.rs:6:3
[INFO] [stderr]   |
[INFO] [stderr] 6 |   height: usize,
[INFO] [stderr]   |   ^^^^^^^^^^^^^
[INFO] [stderr] 
[INFO] [stderr] warning: field is never read: `columns`
[INFO] [stderr]  --> src/gfx_decoder.rs:7:3
[INFO] [stderr]   |
[INFO] [stderr] 7 |   columns: usize,
[INFO] [stderr]   |   ^^^^^^^^^^^^^^
[INFO] [stderr] 
[INFO] [stderr] warning: variant is never constructed: `IYH`
[INFO] [stderr]   --> src/registers.rs:52:5
[INFO] [stderr]    |
[INFO] [stderr] 52 |     IYH = 12,
[INFO] [stderr]    |     ^^^^^^^^
[INFO] [stderr] 
[INFO] [stderr] warning: variant is never constructed: `IYL`
[INFO] [stderr]   --> src/registers.rs:54:5
[INFO] [stderr]    |
[INFO] [stderr] 54 |     IYL = 13,
[INFO] [stderr]    |     ^^^^^^^^
[INFO] [stderr] 
[INFO] [stderr] warning: field is never read: `aux_board_enabled`
[INFO] [stderr]    --> src/main.rs:235:5
[INFO] [stderr]     |
[INFO] [stderr] 235 |     aux_board_enabled: bool
[INFO] [stderr]     |     ^^^^^^^^^^^^^^^^^^^^^^^
[INFO] [stderr] 
[INFO] [stderr] warning: unnecessary trailing semicolon
[INFO] [stderr]     --> tests/opcodes.rs:1505:105
[INFO] [stderr]      |
[INFO] [stderr] 1505 |         assert_eq!(0xFC, cpu.r.d); assert!(cpu.r.f.contains(Flags::SIGN| Flags::PARITY | Flags::CARRY));;
[INFO] [stderr]      |                                                                                                         ^ help: remove this semicolon
[INFO] [stderr]      |
[INFO] [stderr]      = note: `#[warn(redundant_semicolons)]` on by default
[INFO] [stderr] 
[INFO] [stderr] warning: unused variable: `run_single_test`
[INFO] [stderr]   --> tests/z80test.rs:31:9
[INFO] [stderr]    |
[INFO] [stderr] 31 |     let run_single_test = false;
[INFO] [stderr]    |         ^^^^^^^^^^^^^^^ help: if this is intentional, prefix it with an underscore: `_run_single_test`
[INFO] [stderr]    |
[INFO] [stderr]    = note: `#[warn(unused_variables)]` on by default
[INFO] [stderr] 
[INFO] [stderr] warning: unused variable: `single_test`
[INFO] [stderr]   --> tests/z80test.rs:32:9
[INFO] [stderr]    |
[INFO] [stderr] 32 |     let single_test = 148;
[INFO] [stderr]    |         ^^^^^^^^^^^ help: if this is intentional, prefix it with an underscore: `_single_test`
[INFO] [stderr] 
[INFO] [stderr] warning: `Z80` (bin "Z80" test) generated 8 warnings (2 duplicates)
[INFO] [stderr] warning: `Z80` (bin "Z80") generated 8 warnings (8 duplicates)
[INFO] [stderr] warning: `Z80` (test "opcodes") generated 1 warning
[INFO] [stderr] warning: `Z80` (test "z80test") generated 2 warnings
[INFO] [stderr]     Finished test [unoptimized + debuginfo] target(s) in 0.23s
[INFO] [stderr]      Running unittests (/opt/rustwide/target/debug/deps/Z80-abef208dd2352bc3)
[INFO] [stdout] 
[INFO] [stderr]      Running unittests (/opt/rustwide/target/debug/deps/Z80-1faec4126bd9b4bd)
[INFO] [stdout] running 0 tests
[INFO] [stderr]      Running tests/ex8080.rs (/opt/rustwide/target/debug/deps/ex8080-a93eb5fd8c0dec9a)
[INFO] [stdout] 
[INFO] [stdout] test result: ok. 0 passed; 0 failed; 0 ignored; 0 measured; 0 filtered out; finished in 0.00s
[INFO] [stdout] 
[INFO] [stdout] 
[INFO] [stdout] running 0 tests
[INFO] [stdout] 
[INFO] [stdout] test result: ok. 0 passed; 0 failed; 0 ignored; 0 measured; 0 filtered out; finished in 0.00s
[INFO] [stdout] 
[INFO] [stderr]      Running tests/opcodes.rs (/opt/rustwide/target/debug/deps/opcodes-b8b0c066b8386a45)
[INFO] [stdout] 
[INFO] [stdout] running 1 test
[INFO] [stdout] test zex::test_ex8080 ... ignored
[INFO] [stdout] 
[INFO] [stdout] test result: ok. 0 passed; 0 failed; 1 ignored; 0 measured; 0 filtered out; finished in 0.00s
[INFO] [stdout] 
[INFO] [stdout] 
[INFO] [stdout] running 34 tests
[INFO] [stdout] test test_opcodes::sub8 ... ok
[INFO] [stdout] test test_opcodes::ld_hlddixiy_inn ... ok
[INFO] [stdout] test test_opcodes::test_add_adc_sbc_16 ... ok
[INFO] [stdout] test test_opcodes::test_adc_r ... ok
[INFO] [stdout] test test_opcodes::test_jp_jr ... ok
[INFO] [stdout] test test_opcodes::ld_inn_hlddixiy ... ok
[INFO] [stdout] test test_opcodes::test_djnz ... ok
[INFO] [stdout] test test_opcodes::test_cpir ... ok
[INFO] [stdout] test test_opcodes::test_cp_r ... ok
[INFO] [stdout] test test_opcodes::test_add_ihlixiy ... ok
[INFO] [stdout] test test_opcodes::test_add_r ... ok
[INFO] [stdout] test test_opcodes::test_call_cc_ret_cc ... ok
[INFO] [stdout] test test_opcodes::test_call_ret ... ok
[INFO] [stdout] test test_opcodes::test_add_r_2 ... ok
[INFO] [stdout] test test_opcodes::test_inc_dec_r ... ok
[INFO] [stdout] test test_opcodes::test_inc_dec_ssixiy ... ok
[INFO] [stdout] test test_opcodes::test_jp_cc_nn ... ok
[INFO] [stdout] test test_opcodes::test_rlca_rla_rrca_rra ... ok
[INFO] [stdout] test test_opcodes::test_push_pop ... ok
[INFO] [stdout] test test_opcodes::test_ld_r_ixiy ... ok
[INFO] [stdout] test test_opcodes::test_ld_ihl ... ok
[INFO] [stdout] test test_opcodes::test_ld_sp_hlixiy ... ok
[INFO] [stdout] test test_opcodes::test_ld_ixiy_r ... ok
[INFO] [stdout] test test_opcodes::test_ld_ihl_n ... ok
[INFO] [stdout] test test_opcodes::test_ldi ... ok
[INFO] [stdout] test test_opcodes::test_sbc_r ... ok
[INFO] [stdout] test test_opcodes::test_ld_ixiy_n ... ok
[INFO] [stdout] test test_opcodes::test_jr_cc ... ok
[INFO] [stdout] test test_opcodes::test_sla_r ... ok
[INFO] [stdout] test test_opcodes::test_sub_r ... ok
[INFO] [stdout] test test_opcodes::test_inc_dec_ihlixiy ... FAILED
[INFO] [stdout] test test_opcodes::test_daa ... FAILED
[INFO] [stderr] error: test failed, to rerun pass '--test opcodes'
[INFO] [stdout] test test_opcodes::test_ldir ... FAILED
[INFO] [stdout] test test_opcodes::test_rrc_rlc_rr_rl_ihlixiy ... FAILED
[INFO] [stdout] 
[INFO] [stdout] failures:
[INFO] [stdout] 
[INFO] [stdout] ---- test_opcodes::test_inc_dec_ihlixiy stdout ----
[INFO] [stdout] thread 'test_opcodes::test_inc_dec_ihlixiy' panicked at 'assertion failed: cpu.r.f.contains(Flags::NEGATIVE | Flags::HALFCARRY)', tests/opcodes.rs:1032:43
[INFO] [stdout] stack backtrace:
[INFO] [stdout]    0:     0x55797f6cb2e0 - std::backtrace_rs::backtrace::libunwind::trace::hff4d1766e93f64f1
[INFO] [stdout]                                at /rustc/53fd98ca776cb875bc9e5514f56b52eb74f9e7a9/library/std/src/../../backtrace/src/backtrace/libunwind.rs:90:5
[INFO] [stdout]    1:     0x55797f6cb2e0 - std::backtrace_rs::backtrace::trace_unsynchronized::h56bbc8eb78770bcb
[INFO] [stdout]                                at /rustc/53fd98ca776cb875bc9e5514f56b52eb74f9e7a9/library/std/src/../../backtrace/src/backtrace/mod.rs:66:5
[INFO] [stdout]    2:     0x55797f6cb2e0 - std::sys_common::backtrace::_print_fmt::h5c8e75464faca780
[INFO] [stdout]                                at /rustc/53fd98ca776cb875bc9e5514f56b52eb74f9e7a9/library/std/src/sys_common/backtrace.rs:67:5
[INFO] [stdout]    3:     0x55797f6cb2e0 - <std::sys_common::backtrace::_print::DisplayBacktrace as core::fmt::Display>::fmt::h48b88277def8b362
[INFO] [stdout]                                at /rustc/53fd98ca776cb875bc9e5514f56b52eb74f9e7a9/library/std/src/sys_common/backtrace.rs:46:22
[INFO] [stdout]    4:     0x55797f6edaac - core::fmt::write::h3381b3176fe2b3d3
[INFO] [stdout]                                at /rustc/53fd98ca776cb875bc9e5514f56b52eb74f9e7a9/library/core/src/fmt/mod.rs:1115:17
[INFO] [stdout]    5:     0x55797f6c8245 - std::io::Write::write_fmt::h5f34a676f60246b5
[INFO] [stdout]                                at /rustc/53fd98ca776cb875bc9e5514f56b52eb74f9e7a9/library/std/src/io/mod.rs:1665:15
[INFO] [stdout]    6:     0x55797f6cd45b - std::sys_common::backtrace::_print::ha537687d6c17dd0d
[INFO] [stdout]                                at /rustc/53fd98ca776cb875bc9e5514f56b52eb74f9e7a9/library/std/src/sys_common/backtrace.rs:49:5
[INFO] [stdout]    7:     0x55797f6cd45b - std::sys_common::backtrace::print::h61376ae57d131d72
[INFO] [stdout]                                at /rustc/53fd98ca776cb875bc9e5514f56b52eb74f9e7a9/library/std/src/sys_common/backtrace.rs:36:9
[INFO] [stdout]    8:     0x55797f6cd45b - std::panicking::default_hook::{{closure}}::h0f7208c0b9644a54
[INFO] [stdout]                                at /rustc/53fd98ca776cb875bc9e5514f56b52eb74f9e7a9/library/std/src/panicking.rs:208:50
[INFO] [stdout]    9:     0x55797f6ccf6c - std::panicking::default_hook::hdac7fc06578c14ce
[INFO] [stdout]                                at /rustc/53fd98ca776cb875bc9e5514f56b52eb74f9e7a9/library/std/src/panicking.rs:222:9
[INFO] [stdout]   10:     0x55797f6cdb24 - std::panicking::rust_panic_with_hook::h72b21c283da3d1ef
[INFO] [stdout]                                at /rustc/53fd98ca776cb875bc9e5514f56b52eb74f9e7a9/library/std/src/panicking.rs:622:17
[INFO] [stdout]   11:     0x55797f6cd5d7 - std::panicking::begin_panic_handler::{{closure}}::he5778f1729cff84a
[INFO] [stdout]                                at /rustc/53fd98ca776cb875bc9e5514f56b52eb74f9e7a9/library/std/src/panicking.rs:517:13
[INFO] [stdout]   12:     0x55797f6cb7bc - std::sys_common::backtrace::__rust_end_short_backtrace::h2d11ca8b453b4b1d
[INFO] [stdout]                                at /rustc/53fd98ca776cb875bc9e5514f56b52eb74f9e7a9/library/std/src/sys_common/backtrace.rs:141:18
[INFO] [stdout]   13:     0x55797f6cd569 - rust_begin_unwind
[INFO] [stdout]                                at /rustc/53fd98ca776cb875bc9e5514f56b52eb74f9e7a9/library/std/src/panicking.rs:515:5
[INFO] [stdout]   14:     0x55797f6463b1 - core::panicking::panic_fmt::hf9de31d4acbce4db
[INFO] [stdout]                                at /rustc/53fd98ca776cb875bc9e5514f56b52eb74f9e7a9/library/core/src/panicking.rs:92:14
[INFO] [stdout]   15:     0x55797f6462fd - core::panicking::panic::h8a6bc58a21c6c095
[INFO] [stdout]                                at /rustc/53fd98ca776cb875bc9e5514f56b52eb74f9e7a9/library/core/src/panicking.rs:50:5
[INFO] [stdout]   16:     0x55797f659194 - opcodes::test_opcodes::test_inc_dec_ihlixiy::hc4f5c7053b43ccec
[INFO] [stdout]                                at /opt/rustwide/workdir/tests/opcodes.rs:1032:43
[INFO] [stdout]   17:     0x55797f6589ba - opcodes::test_opcodes::test_inc_dec_ihlixiy::{{closure}}::h3bf165f2cb08247b
[INFO] [stdout]                                at /opt/rustwide/workdir/tests/opcodes.rs:1004:5
[INFO] [stdout]   18:     0x55797f66437e - core::ops::function::FnOnce::call_once::h2b2b870a16c28e8d
[INFO] [stdout]                                at /rustc/53fd98ca776cb875bc9e5514f56b52eb74f9e7a9/library/core/src/ops/function.rs:227:5
[INFO] [stdout]   19:     0x55797f698123 - core::ops::function::FnOnce::call_once::hbb52c4519d3137b0
[INFO] [stdout]                                at /rustc/53fd98ca776cb875bc9e5514f56b52eb74f9e7a9/library/core/src/ops/function.rs:227:5
[INFO] [stdout]   20:     0x55797f698123 - test::__rust_begin_short_backtrace::h86fe3a2a5a5121af
[INFO] [stdout]                                at /rustc/53fd98ca776cb875bc9e5514f56b52eb74f9e7a9/library/test/src/lib.rs:578:5
[INFO] [stdout]   21:     0x55797f696bd8 - <alloc::boxed::Box<F,A> as core::ops::function::FnOnce<Args>>::call_once::hfd956bc3d57399be
[INFO] [stdout]                                at /rustc/53fd98ca776cb875bc9e5514f56b52eb74f9e7a9/library/alloc/src/boxed.rs:1572:9
[INFO] [stdout]   22:     0x55797f696bd8 - <std::panic::AssertUnwindSafe<F> as core::ops::function::FnOnce<()>>::call_once::h40dc93e0ddb5938a
[INFO] [stdout]                                at /rustc/53fd98ca776cb875bc9e5514f56b52eb74f9e7a9/library/std/src/panic.rs:347:9
[INFO] [stdout]   23:     0x55797f696bd8 - std::panicking::try::do_call::h90d07750cb47c562
[INFO] [stdout]                                at /rustc/53fd98ca776cb875bc9e5514f56b52eb74f9e7a9/library/std/src/panicking.rs:401:40
[INFO] [stdout]   24:     0x55797f696bd8 - std::panicking::try::h063c84733ad2a629
[INFO] [stdout]                                at /rustc/53fd98ca776cb875bc9e5514f56b52eb74f9e7a9/library/std/src/panicking.rs:365:19
[INFO] [stdout]   25:     0x55797f696bd8 - std::panic::catch_unwind::h0c464836a84e7c08
[INFO] [stdout]                                at /rustc/53fd98ca776cb875bc9e5514f56b52eb74f9e7a9/library/std/src/panic.rs:434:14
[INFO] [stdout]   26:     0x55797f696bd8 - test::run_test_in_process::h5cb06ef620b157fc
[INFO] [stdout]                                at /rustc/53fd98ca776cb875bc9e5514f56b52eb74f9e7a9/library/test/src/lib.rs:601:18
[INFO] [stdout]   27:     0x55797f696bd8 - test::run_test::run_test_inner::{{closure}}::h76f677f4b93f9828
[INFO] [stdout]                                at /rustc/53fd98ca776cb875bc9e5514f56b52eb74f9e7a9/library/test/src/lib.rs:493:39
[INFO] [stdout]   28:     0x55797f66536d - test::run_test::run_test_inner::{{closure}}::h366d01fe04f4d67a
[INFO] [stdout]                                at /rustc/53fd98ca776cb875bc9e5514f56b52eb74f9e7a9/library/test/src/lib.rs:520:37
[INFO] [stdout]   29:     0x55797f66536d - std::sys_common::backtrace::__rust_begin_short_backtrace::h7dfa0de4eb395af2
[INFO] [stdout]                                at /rustc/53fd98ca776cb875bc9e5514f56b52eb74f9e7a9/library/std/src/sys_common/backtrace.rs:125:18
[INFO] [stdout]   30:     0x55797f669b38 - std::thread::Builder::spawn_unchecked::{{closure}}::{{closure}}::hf0a74bb58798037f
[INFO] [stdout]                                at /rustc/53fd98ca776cb875bc9e5514f56b52eb74f9e7a9/library/std/src/thread/mod.rs:476:17
[INFO] [stdout]   31:     0x55797f669b38 - <std::panic::AssertUnwindSafe<F> as core::ops::function::FnOnce<()>>::call_once::hb024e854818586ac
[INFO] [stdout]                                at /rustc/53fd98ca776cb875bc9e5514f56b52eb74f9e7a9/library/std/src/panic.rs:347:9
[INFO] [stdout]   32:     0x55797f669b38 - std::panicking::try::do_call::hb2dd9f1d0d48e41d
[INFO] [stdout]                                at /rustc/53fd98ca776cb875bc9e5514f56b52eb74f9e7a9/library/std/src/panicking.rs:401:40
[INFO] [stdout]   33:     0x55797f669b38 - std::panicking::try::h4717ae7bac8b2bf3
[INFO] [stdout]                                at /rustc/53fd98ca776cb875bc9e5514f56b52eb74f9e7a9/library/std/src/panicking.rs:365:19
[INFO] [stdout]   34:     0x55797f669b38 - std::panic::catch_unwind::h0dc8a061326ce8d8
[INFO] [stdout]                                at /rustc/53fd98ca776cb875bc9e5514f56b52eb74f9e7a9/library/std/src/panic.rs:434:14
[INFO] [stdout]   35:     0x55797f669b38 - std::thread::Builder::spawn_unchecked::{{closure}}::haa369e2d6fd00aa1
[INFO] [stdout]                                at /rustc/53fd98ca776cb875bc9e5514f56b52eb74f9e7a9/library/std/src/thread/mod.rs:475:30
[INFO] [stdout]   36:     0x55797f669b38 - core::ops::function::FnOnce::call_once{{vtable.shim}}::h36dcf3de8b056f17
[INFO] [stdout]                                at /rustc/53fd98ca776cb875bc9e5514f56b52eb74f9e7a9/library/core/src/ops/function.rs:227:5
[INFO] [stdout]   37:     0x55797f6d2697 - <alloc::boxed::Box<F,A> as core::ops::function::FnOnce<Args>>::call_once::h65c29e4642be2358
[INFO] [stdout]                                at /rustc/53fd98ca776cb875bc9e5514f56b52eb74f9e7a9/library/alloc/src/boxed.rs:1572:9
[INFO] [stdout]   38:     0x55797f6d2697 - <alloc::boxed::Box<F,A> as core::ops::function::FnOnce<Args>>::call_once::hd0f8f7fbbd9fffbf
[INFO] [stdout]                                at /rustc/53fd98ca776cb875bc9e5514f56b52eb74f9e7a9/library/alloc/src/boxed.rs:1572:9
[INFO] [stdout]   39:     0x55797f6d2697 - std::sys::unix::thread::Thread::new::thread_start::h2fd22fee3ca77b65
[INFO] [stdout]                                at /rustc/53fd98ca776cb875bc9e5514f56b52eb74f9e7a9/library/std/src/sys/unix/thread.rs:74:17
[INFO] [stdout]   40:     0x7f85c6f4c609 - start_thread
[INFO] [stdout]   41:     0x7f85c6d1e293 - clone
[INFO] [stdout]   42:                0x0 - <unknown>
[INFO] [stdout] 
[INFO] [stdout] ---- test_opcodes::test_daa stdout ----
[INFO] [stdout] thread 'test_opcodes::test_daa' panicked at 'assertion failed: `(left == right)`
[INFO] [stdout]   left: `21`,
[INFO] [stdout]  right: `33`', tests/opcodes.rs:1582:9
[INFO] [stdout] stack backtrace:
[INFO] [stdout]    0:     0x55797f6cb2e0 - std::backtrace_rs::backtrace::libunwind::trace::hff4d1766e93f64f1
[INFO] [stdout]                                at /rustc/53fd98ca776cb875bc9e5514f56b52eb74f9e7a9/library/std/src/../../backtrace/src/backtrace/libunwind.rs:90:5
[INFO] [stdout]    1:     0x55797f6cb2e0 - std::backtrace_rs::backtrace::trace_unsynchronized::h56bbc8eb78770bcb
[INFO] [stdout]                                at /rustc/53fd98ca776cb875bc9e5514f56b52eb74f9e7a9/library/std/src/../../backtrace/src/backtrace/mod.rs:66:5
[INFO] [stdout]    2:     0x55797f6cb2e0 - std::sys_common::backtrace::_print_fmt::h5c8e75464faca780
[INFO] [stdout]                                at /rustc/53fd98ca776cb875bc9e5514f56b52eb74f9e7a9/library/std/src/sys_common/backtrace.rs:67:5
[INFO] [stdout]    3:     0x55797f6cb2e0 - <std::sys_common::backtrace::_print::DisplayBacktrace as core::fmt::Display>::fmt::h48b88277def8b362
[INFO] [stdout]                                at /rustc/53fd98ca776cb875bc9e5514f56b52eb74f9e7a9/library/std/src/sys_common/backtrace.rs:46:22
[INFO] [stdout]    4:     0x55797f6edaac - core::fmt::write::h3381b3176fe2b3d3
[INFO] [stdout]                                at /rustc/53fd98ca776cb875bc9e5514f56b52eb74f9e7a9/library/core/src/fmt/mod.rs:1115:17
[INFO] [stdout]    5:     0x55797f6c8245 - std::io::Write::write_fmt::h5f34a676f60246b5
[INFO] [stdout]                                at /rustc/53fd98ca776cb875bc9e5514f56b52eb74f9e7a9/library/std/src/io/mod.rs:1665:15
[INFO] [stdout]    6:     0x55797f6cd45b - std::sys_common::backtrace::_print::ha537687d6c17dd0d
[INFO] [stdout]                                at /rustc/53fd98ca776cb875bc9e5514f56b52eb74f9e7a9/library/std/src/sys_common/backtrace.rs:49:5
[INFO] [stdout]    7:     0x55797f6cd45b - std::sys_common::backtrace::print::h61376ae57d131d72
[INFO] [stdout]                                at /rustc/53fd98ca776cb875bc9e5514f56b52eb74f9e7a9/library/std/src/sys_common/backtrace.rs:36:9
[INFO] [stdout]    8:     0x55797f6cd45b - std::panicking::default_hook::{{closure}}::h0f7208c0b9644a54
[INFO] [stdout]                                at /rustc/53fd98ca776cb875bc9e5514f56b52eb74f9e7a9/library/std/src/panicking.rs:208:50
[INFO] [stdout]    9:     0x55797f6ccf6c - std::panicking::default_hook::hdac7fc06578c14ce
[INFO] [stdout]                                at /rustc/53fd98ca776cb875bc9e5514f56b52eb74f9e7a9/library/std/src/panicking.rs:222:9
[INFO] [stdout]   10:     0x55797f6cdb24 - std::panicking::rust_panic_with_hook::h72b21c283da3d1ef
[INFO] [stdout]                                at /rustc/53fd98ca776cb875bc9e5514f56b52eb74f9e7a9/library/std/src/panicking.rs:622:17
[INFO] [stdout]   11:     0x55797f6cd607 - std::panicking::begin_panic_handler::{{closure}}::he5778f1729cff84a
[INFO] [stdout]                                at /rustc/53fd98ca776cb875bc9e5514f56b52eb74f9e7a9/library/std/src/panicking.rs:519:13
[INFO] [stdout]   12:     0x55797f6cb7bc - std::sys_common::backtrace::__rust_end_short_backtrace::h2d11ca8b453b4b1d
[INFO] [stdout]                                at /rustc/53fd98ca776cb875bc9e5514f56b52eb74f9e7a9/library/std/src/sys_common/backtrace.rs:141:18
[INFO] [stdout]   13:     0x55797f6cd569 - rust_begin_unwind
[INFO] [stdout]                                at /rustc/53fd98ca776cb875bc9e5514f56b52eb74f9e7a9/library/std/src/panicking.rs:515:5
[INFO] [stdout]   14:     0x55797f6463b1 - core::panicking::panic_fmt::hf9de31d4acbce4db
[INFO] [stdout]                                at /rustc/53fd98ca776cb875bc9e5514f56b52eb74f9e7a9/library/core/src/panicking.rs:92:14
[INFO] [stdout]   15:     0x55797f6ec3c8 - core::panicking::assert_failed_inner::h62e8cb2847a6e7ec
[INFO] [stdout]   16:     0x55797f66413a - core::panicking::assert_failed::h612fa33f7e27e598
[INFO] [stdout]                                at /rustc/53fd98ca776cb875bc9e5514f56b52eb74f9e7a9/library/core/src/panicking.rs:117:5
[INFO] [stdout]   17:     0x55797f663019 - opcodes::test_opcodes::test_daa::h2acd75646a397a3b
[INFO] [stdout]                                at /opt/rustwide/workdir/tests/opcodes.rs:1582:9
[INFO] [stdout]   18:     0x55797f6628aa - opcodes::test_opcodes::test_daa::{{closure}}::h3654ec21404ed259
[INFO] [stdout]                                at /opt/rustwide/workdir/tests/opcodes.rs:1553:5
[INFO] [stdout]   19:     0x55797f66488e - core::ops::function::FnOnce::call_once::ha75a0dd10eae61ce
[INFO] [stdout]                                at /rustc/53fd98ca776cb875bc9e5514f56b52eb74f9e7a9/library/core/src/ops/function.rs:227:5
[INFO] [stdout]   20:     0x55797f698123 - core::ops::function::FnOnce::call_once::hbb52c4519d3137b0
[INFO] [stdout]                                at /rustc/53fd98ca776cb875bc9e5514f56b52eb74f9e7a9/library/core/src/ops/function.rs:227:5
[INFO] [stdout]   21:     0x55797f698123 - test::__rust_begin_short_backtrace::h86fe3a2a5a5121af
[INFO] [stdout]                                at /rustc/53fd98ca776cb875bc9e5514f56b52eb74f9e7a9/library/test/src/lib.rs:578:5
[INFO] [stdout]   22:     0x55797f696bd8 - <alloc::boxed::Box<F,A> as core::ops::function::FnOnce<Args>>::call_once::hfd956bc3d57399be
[INFO] [stdout]                                at /rustc/53fd98ca776cb875bc9e5514f56b52eb74f9e7a9/library/alloc/src/boxed.rs:1572:9
[INFO] [stdout]   23:     0x55797f696bd8 - <std::panic::AssertUnwindSafe<F> as core::ops::function::FnOnce<()>>::call_once::h40dc93e0ddb5938a
[INFO] [stdout]                                at /rustc/53fd98ca776cb875bc9e5514f56b52eb74f9e7a9/library/std/src/panic.rs:347:9
[INFO] [stdout]   24:     0x55797f696bd8 - std::panicking::try::do_call::h90d07750cb47c562
[INFO] [stdout]                                at /rustc/53fd98ca776cb875bc9e5514f56b52eb74f9e7a9/library/std/src/panicking.rs:401:40
[INFO] [stdout]   25:     0x55797f696bd8 - std::panicking::try::h063c84733ad2a629
[INFO] [stdout]                                at /rustc/53fd98ca776cb875bc9e5514f56b52eb74f9e7a9/library/std/src/panicking.rs:365:19
[INFO] [stdout]   26:     0x55797f696bd8 - std::panic::catch_unwind::h0c464836a84e7c08
[INFO] [stdout]                                at /rustc/53fd98ca776cb875bc9e5514f56b52eb74f9e7a9/library/std/src/panic.rs:434:14
[INFO] [stdout]   27:     0x55797f696bd8 - test::run_test_in_process::h5cb06ef620b157fc
[INFO] [stdout]                                at /rustc/53fd98ca776cb875bc9e5514f56b52eb74f9e7a9/library/test/src/lib.rs:601:18
[INFO] [stdout]   28:     0x55797f696bd8 - test::run_test::run_test_inner::{{closure}}::h76f677f4b93f9828
[INFO] [stdout]                                at /rustc/53fd98ca776cb875bc9e5514f56b52eb74f9e7a9/library/test/src/lib.rs:493:39
[INFO] [stdout]   29:     0x55797f66536d - test::run_test::run_test_inner::{{closure}}::h366d01fe04f4d67a
[INFO] [stdout]                                at /rustc/53fd98ca776cb875bc9e5514f56b52eb74f9e7a9/library/test/src/lib.rs:520:37
[INFO] [stdout]   30:     0x55797f66536d - std::sys_common::backtrace::__rust_begin_short_backtrace::h7dfa0de4eb395af2
[INFO] [stdout]                                at /rustc/53fd98ca776cb875bc9e5514f56b52eb74f9e7a9/library/std/src/sys_common/backtrace.rs:125:18
[INFO] [stdout]   31:     0x55797f669b38 - std::thread::Builder::spawn_unchecked::{{closure}}::{{closure}}::hf0a74bb58798037f
[INFO] [stdout]                                at /rustc/53fd98ca776cb875bc9e5514f56b52eb74f9e7a9/library/std/src/thread/mod.rs:476:17
[INFO] [stdout]   32:     0x55797f669b38 - <std::panic::AssertUnwindSafe<F> as core::ops::function::FnOnce<()>>::call_once::hb024e854818586ac
[INFO] [stdout]                                at /rustc/53fd98ca776cb875bc9e5514f56b52eb74f9e7a9/library/std/src/panic.rs:347:9
[INFO] [stdout]   33:     0x55797f669b38 - std::panicking::try::do_call::hb2dd9f1d0d48e41d
[INFO] [stdout]                                at /rustc/53fd98ca776cb875bc9e5514f56b52eb74f9e7a9/library/std/src/panicking.rs:401:40
[INFO] [stdout]   34:     0x55797f669b38 - std::panicking::try::h4717ae7bac8b2bf3
[INFO] [stdout]                                at /rustc/53fd98ca776cb875bc9e5514f56b52eb74f9e7a9/library/std/src/panicking.rs:365:19
[INFO] [stdout]   35:     0x55797f669b38 - std::panic::catch_unwind::h0dc8a061326ce8d8
[INFO] [stdout]                                at /rustc/53fd98ca776cb875bc9e5514f56b52eb74f9e7a9/library/std/src/panic.rs:434:14
[INFO] [stdout]   36:     0x55797f669b38 - std::thread::Builder::spawn_unchecked::{{closure}}::haa369e2d6fd00aa1
[INFO] [stdout]                                at /rustc/53fd98ca776cb875bc9e5514f56b52eb74f9e7a9/library/std/src/thread/mod.rs:475:30
[INFO] [stdout]   37:     0x55797f669b38 - core::ops::function::FnOnce::call_once{{vtable.shim}}::h36dcf3de8b056f17
[INFO] [stdout]                                at /rustc/53fd98ca776cb875bc9e5514f56b52eb74f9e7a9/library/core/src/ops/function.rs:227:5
[INFO] [stdout]   38:     0x55797f6d2697 - <alloc::boxed::Box<F,A> as core::ops::function::FnOnce<Args>>::call_once::h65c29e4642be2358
[INFO] [stdout]                                at /rustc/53fd98ca776cb875bc9e5514f56b52eb74f9e7a9/library/alloc/src/boxed.rs:1572:9
[INFO] [stdout]   39:     0x55797f6d2697 - <alloc::boxed::Box<F,A> as core::ops::function::FnOnce<Args>>::call_once::hd0f8f7fbbd9fffbf
[INFO] [stdout]                                at /rustc/53fd98ca776cb875bc9e5514f56b52eb74f9e7a9/library/alloc/src/boxed.rs:1572:9
[INFO] [stdout]   40:     0x55797f6d2697 - std::sys::unix::thread::Thread::new::thread_start::h2fd22fee3ca77b65
[INFO] [stdout]                                at /rustc/53fd98ca776cb875bc9e5514f56b52eb74f9e7a9/library/std/src/sys/unix/thread.rs:74:17
[INFO] [stdout]   41:     0x7f85c6f4c609 - start_thread
[INFO] [stdout]   42:     0x7f85c6d1e293 - clone
[INFO] [stdout]   43:                0x0 - <unknown>
[INFO] [stdout] 
[INFO] [stdout] ---- test_opcodes::test_ldir stdout ----
[INFO] [stdout] thread 'test_opcodes::test_ldir' panicked at 'assertion failed: `(left == right)`
[INFO] [stdout]   left: `PARITY`,
[INFO] [stdout]  right: `(empty)`', tests/opcodes.rs:1352:9
[INFO] [stdout] stack backtrace:
[INFO] [stdout]    0:     0x55797f6cb2e0 - std::backtrace_rs::backtrace::libunwind::trace::hff4d1766e93f64f1
[INFO] [stdout]                                at /rustc/53fd98ca776cb875bc9e5514f56b52eb74f9e7a9/library/std/src/../../backtrace/src/backtrace/libunwind.rs:90:5
[INFO] [stdout]    1:     0x55797f6cb2e0 - std::backtrace_rs::backtrace::trace_unsynchronized::h56bbc8eb78770bcb
[INFO] [stdout]                                at /rustc/53fd98ca776cb875bc9e5514f56b52eb74f9e7a9/library/std/src/../../backtrace/src/backtrace/mod.rs:66:5
[INFO] [stdout]    2:     0x55797f6cb2e0 - std::sys_common::backtrace::_print_fmt::h5c8e75464faca780
[INFO] [stdout]                                at /rustc/53fd98ca776cb875bc9e5514f56b52eb74f9e7a9/library/std/src/sys_common/backtrace.rs:67:5
[INFO] [stdout]    3:     0x55797f6cb2e0 - <std::sys_common::backtrace::_print::DisplayBacktrace as core::fmt::Display>::fmt::h48b88277def8b362
[INFO] [stdout]                                at /rustc/53fd98ca776cb875bc9e5514f56b52eb74f9e7a9/library/std/src/sys_common/backtrace.rs:46:22
[INFO] [stdout]    4:     0x55797f6edaac - core::fmt::write::h3381b3176fe2b3d3
[INFO] [stdout]                                at /rustc/53fd98ca776cb875bc9e5514f56b52eb74f9e7a9/library/core/src/fmt/mod.rs:1115:17
[INFO] [stdout]    5:     0x55797f6c8245 - std::io::Write::write_fmt::h5f34a676f60246b5
[INFO] [stdout]                                at /rustc/53fd98ca776cb875bc9e5514f56b52eb74f9e7a9/library/std/src/io/mod.rs:1665:15
[INFO] [stdout]    6:     0x55797f6cd45b - std::sys_common::backtrace::_print::ha537687d6c17dd0d
[INFO] [stdout]                                at /rustc/53fd98ca776cb875bc9e5514f56b52eb74f9e7a9/library/std/src/sys_common/backtrace.rs:49:5
[INFO] [stdout]    7:     0x55797f6cd45b - std::sys_common::backtrace::print::h61376ae57d131d72
[INFO] [stdout]                                at /rustc/53fd98ca776cb875bc9e5514f56b52eb74f9e7a9/library/std/src/sys_common/backtrace.rs:36:9
[INFO] [stdout]    8:     0x55797f6cd45b - std::panicking::default_hook::{{closure}}::h0f7208c0b9644a54
[INFO] [stdout]                                at /rustc/53fd98ca776cb875bc9e5514f56b52eb74f9e7a9/library/std/src/panicking.rs:208:50
[INFO] [stdout]    9:     0x55797f6ccf6c - std::panicking::default_hook::hdac7fc06578c14ce
[INFO] [stdout]                                at /rustc/53fd98ca776cb875bc9e5514f56b52eb74f9e7a9/library/std/src/panicking.rs:222:9
[INFO] [stdout]   10:     0x55797f6cdb24 - std::panicking::rust_panic_with_hook::h72b21c283da3d1ef
[INFO] [stdout]                                at /rustc/53fd98ca776cb875bc9e5514f56b52eb74f9e7a9/library/std/src/panicking.rs:622:17
[INFO] [stdout]   11:     0x55797f6cd607 - std::panicking::begin_panic_handler::{{closure}}::he5778f1729cff84a
[INFO] [stdout]                                at /rustc/53fd98ca776cb875bc9e5514f56b52eb74f9e7a9/library/std/src/panicking.rs:519:13
[INFO] [stdout]   12:     0x55797f6cb7bc - std::sys_common::backtrace::__rust_end_short_backtrace::h2d11ca8b453b4b1d
[INFO] [stdout]                                at /rustc/53fd98ca776cb875bc9e5514f56b52eb74f9e7a9/library/std/src/sys_common/backtrace.rs:141:18
[INFO] [stdout]   13:     0x55797f6cd569 - rust_begin_unwind
[INFO] [stdout]                                at /rustc/53fd98ca776cb875bc9e5514f56b52eb74f9e7a9/library/std/src/panicking.rs:515:5
[INFO] [stdout]   14:     0x55797f6463b1 - core::panicking::panic_fmt::hf9de31d4acbce4db
[INFO] [stdout]                                at /rustc/53fd98ca776cb875bc9e5514f56b52eb74f9e7a9/library/core/src/panicking.rs:92:14
[INFO] [stdout]   15:     0x55797f6ec3c8 - core::panicking::assert_failed_inner::h62e8cb2847a6e7ec
[INFO] [stdout]   16:     0x55797f66419a - core::panicking::assert_failed::h68fd22ffc10b7802
[INFO] [stdout]                                at /rustc/53fd98ca776cb875bc9e5514f56b52eb74f9e7a9/library/core/src/panicking.rs:117:5
[INFO] [stdout]   17:     0x55797f65f0b9 - opcodes::test_opcodes::test_ldir::he7a16bc57dd129a9
[INFO] [stdout]                                at /opt/rustwide/workdir/tests/opcodes.rs:1352:9
[INFO] [stdout]   18:     0x55797f65e8ea - opcodes::test_opcodes::test_ldir::{{closure}}::h4cf38bbb950797b8
[INFO] [stdout]                                at /opt/rustwide/workdir/tests/opcodes.rs:1326:5
[INFO] [stdout]   19:     0x55797f66490e - core::ops::function::FnOnce::call_once::hba12a251a7350299
[INFO] [stdout]                                at /rustc/53fd98ca776cb875bc9e5514f56b52eb74f9e7a9/library/core/src/ops/function.rs:227:5
[INFO] [stdout]   20:     0x55797f698123 - core::ops::function::FnOnce::call_once::hbb52c4519d3137b0
[INFO] [stdout]                                at /rustc/53fd98ca776cb875bc9e5514f56b52eb74f9e7a9/library/core/src/ops/function.rs:227:5
[INFO] [stdout]   21:     0x55797f698123 - test::__rust_begin_short_backtrace::h86fe3a2a5a5121af
[INFO] [stdout]                                at /rustc/53fd98ca776cb875bc9e5514f56b52eb74f9e7a9/library/test/src/lib.rs:578:5
[INFO] [stdout]   22:     0x55797f696bd8 - <alloc::boxed::Box<F,A> as core::ops::function::FnOnce<Args>>::call_once::hfd956bc3d57399be
[INFO] [stdout]                                at /rustc/53fd98ca776cb875bc9e5514f56b52eb74f9e7a9/library/alloc/src/boxed.rs:1572:9
[INFO] [stdout]   23:     0x55797f696bd8 - <std::panic::AssertUnwindSafe<F> as core::ops::function::FnOnce<()>>::call_once::h40dc93e0ddb5938a
[INFO] [stdout]                                at /rustc/53fd98ca776cb875bc9e5514f56b52eb74f9e7a9/library/std/src/panic.rs:347:9
[INFO] [stdout]   24:     0x55797f696bd8 - std::panicking::try::do_call::h90d07750cb47c562
[INFO] [stdout]                                at /rustc/53fd98ca776cb875bc9e5514f56b52eb74f9e7a9/library/std/src/panicking.rs:401:40
[INFO] [stdout]   25:     0x55797f696bd8 - std::panicking::try::h063c84733ad2a629
[INFO] [stdout]                                at /rustc/53fd98ca776cb875bc9e5514f56b52eb74f9e7a9/library/std/src/panicking.rs:365:19
[INFO] [stdout]   26:     0x55797f696bd8 - std::panic::catch_unwind::h0c464836a84e7c08
[INFO] [stdout]                                at /rustc/53fd98ca776cb875bc9e5514f56b52eb74f9e7a9/library/std/src/panic.rs:434:14
[INFO] [stdout]   27:     0x55797f696bd8 - test::run_test_in_process::h5cb06ef620b157fc
[INFO] [stdout]                                at /rustc/53fd98ca776cb875bc9e5514f56b52eb74f9e7a9/library/test/src/lib.rs:601:18
[INFO] [stdout]   28:     0x55797f696bd8 - test::run_test::run_test_inner::{{closure}}::h76f677f4b93f9828
[INFO] [stdout]                                at /rustc/53fd98ca776cb875bc9e5514f56b52eb74f9e7a9/library/test/src/lib.rs:493:39
[INFO] [stdout]   29:     0x55797f66536d - test::run_test::run_test_inner::{{closure}}::h366d01fe04f4d67a
[INFO] [stdout]                                at /rustc/53fd98ca776cb875bc9e5514f56b52eb74f9e7a9/library/test/src/lib.rs:520:37
[INFO] [stdout]   30:     0x55797f66536d - std::sys_common::backtrace::__rust_begin_short_backtrace::h7dfa0de4eb395af2
[INFO] [stdout]                                at /rustc/53fd98ca776cb875bc9e5514f56b52eb74f9e7a9/library/std/src/sys_common/backtrace.rs:125:18
[INFO] [stdout]   31:     0x55797f669b38 - std::thread::Builder::spawn_unchecked::{{closure}}::{{closure}}::hf0a74bb58798037f
[INFO] [stdout]                                at /rustc/53fd98ca776cb875bc9e5514f56b52eb74f9e7a9/library/std/src/thread/mod.rs:476:17
[INFO] [stdout]   32:     0x55797f669b38 - <std::panic::AssertUnwindSafe<F> as core::ops::function::FnOnce<()>>::call_once::hb024e854818586ac
[INFO] [stdout]                                at /rustc/53fd98ca776cb875bc9e5514f56b52eb74f9e7a9/library/std/src/panic.rs:347:9
[INFO] [stdout]   33:     0x55797f669b38 - std::panicking::try::do_call::hb2dd9f1d0d48e41d
[INFO] [stdout]                                at /rustc/53fd98ca776cb875bc9e5514f56b52eb74f9e7a9/library/std/src/panicking.rs:401:40
[INFO] [stdout]   34:     0x55797f669b38 - std::panicking::try::h4717ae7bac8b2bf3
[INFO] [stdout]                                at /rustc/53fd98ca776cb875bc9e5514f56b52eb74f9e7a9/library/std/src/panicking.rs:365:19
[INFO] [stdout]   35:     0x55797f669b38 - std::panic::catch_unwind::h0dc8a061326ce8d8
[INFO] [stdout]                                at /rustc/53fd98ca776cb875bc9e5514f56b52eb74f9e7a9/library/std/src/panic.rs:434:14
[INFO] [stdout]   36:     0x55797f669b38 - std::thread::Builder::spawn_unchecked::{{closure}}::haa369e2d6fd00aa1
[INFO] [stdout]                                at /rustc/53fd98ca776cb875bc9e5514f56b52eb74f9e7a9/library/std/src/thread/mod.rs:475:30
[INFO] [stdout]   37:     0x55797f669b38 - core::ops::function::FnOnce::call_once{{vtable.shim}}::h36dcf3de8b056f17
[INFO] [stdout]                                at /rustc/53fd98ca776cb875bc9e5514f56b52eb74f9e7a9/library/core/src/ops/function.rs:227:5
[INFO] [stdout]   38:     0x55797f6d2697 - <alloc::boxed::Box<F,A> as core::ops::function::FnOnce<Args>>::call_once::h65c29e4642be2358
[INFO] [stdout]                                at /rustc/53fd98ca776cb875bc9e5514f56b52eb74f9e7a9/library/alloc/src/boxed.rs:1572:9
[INFO] [stdout]   39:     0x55797f6d2697 - <alloc::boxed::Box<F,A> as core::ops::function::FnOnce<Args>>::call_once::hd0f8f7fbbd9fffbf
[INFO] [stdout]                                at /rustc/53fd98ca776cb875bc9e5514f56b52eb74f9e7a9/library/alloc/src/boxed.rs:1572:9
[INFO] [stdout]   40:     0x55797f6d2697 - std::sys::unix::thread::Thread::new::thread_start::h2fd22fee3ca77b65
[INFO] [stdout]                                at /rustc/53fd98ca776cb875bc9e5514f56b52eb74f9e7a9/library/std/src/sys/unix/thread.rs:74:17
[INFO] [stdout]   41:     0x7f85c6f4c609 - start_thread
[INFO] [stdout]   42:     0x7f85c6d1e293 - clone
[INFO] [stdout]   43:                0x0 - <unknown>
[INFO] [stdout] 
[INFO] [stdout] ---- test_opcodes::test_rrc_rlc_rr_rl_ihlixiy stdout ----
[INFO] [stdout] thread 'test_opcodes::test_rrc_rlc_rr_rl_ihlixiy' panicked at 'assertion failed: cpu.r.f.contains(Flags::SIGN | Flags::PARITY | Flags::CARRY)', tests/opcodes.rs:245:41
[INFO] [stdout] stack backtrace:
[INFO] [stdout]    0:     0x55797f6cb2e0 - std::backtrace_rs::backtrace::libunwind::trace::hff4d1766e93f64f1
[INFO] [stdout]                                at /rustc/53fd98ca776cb875bc9e5514f56b52eb74f9e7a9/library/std/src/../../backtrace/src/backtrace/libunwind.rs:90:5
[INFO] [stdout]    1:     0x55797f6cb2e0 - std::backtrace_rs::backtrace::trace_unsynchronized::h56bbc8eb78770bcb
[INFO] [stdout]                                at /rustc/53fd98ca776cb875bc9e5514f56b52eb74f9e7a9/library/std/src/../../backtrace/src/backtrace/mod.rs:66:5
[INFO] [stdout]    2:     0x55797f6cb2e0 - std::sys_common::backtrace::_print_fmt::h5c8e75464faca780
[INFO] [stdout]                                at /rustc/53fd98ca776cb875bc9e5514f56b52eb74f9e7a9/library/std/src/sys_common/backtrace.rs:67:5
[INFO] [stdout]    3:     0x55797f6cb2e0 - <std::sys_common::backtrace::_print::DisplayBacktrace as core::fmt::Display>::fmt::h48b88277def8b362
[INFO] [stdout]                                at /rustc/53fd98ca776cb875bc9e5514f56b52eb74f9e7a9/library/std/src/sys_common/backtrace.rs:46:22
[INFO] [stdout]    4:     0x55797f6edaac - core::fmt::write::h3381b3176fe2b3d3
[INFO] [stdout]                                at /rustc/53fd98ca776cb875bc9e5514f56b52eb74f9e7a9/library/core/src/fmt/mod.rs:1115:17
[INFO] [stdout]    5:     0x55797f6c8245 - std::io::Write::write_fmt::h5f34a676f60246b5
[INFO] [stdout]                                at /rustc/53fd98ca776cb875bc9e5514f56b52eb74f9e7a9/library/std/src/io/mod.rs:1665:15
[INFO] [stdout]    6:     0x55797f6cd45b - std::sys_common::backtrace::_print::ha537687d6c17dd0d
[INFO] [stdout]                                at /rustc/53fd98ca776cb875bc9e5514f56b52eb74f9e7a9/library/std/src/sys_common/backtrace.rs:49:5
[INFO] [stdout]    7:     0x55797f6cd45b - std::sys_common::backtrace::print::h61376ae57d131d72
[INFO] [stdout]                                at /rustc/53fd98ca776cb875bc9e5514f56b52eb74f9e7a9/library/std/src/sys_common/backtrace.rs:36:9
[INFO] [stdout]    8:     0x55797f6cd45b - std::panicking::default_hook::{{closure}}::h0f7208c0b9644a54
[INFO] [stdout]                                at /rustc/53fd98ca776cb875bc9e5514f56b52eb74f9e7a9/library/std/src/panicking.rs:208:50
[INFO] [stdout]    9:     0x55797f6ccf6c - std::panicking::default_hook::hdac7fc06578c14ce
[INFO] [stdout]                                at /rustc/53fd98ca776cb875bc9e5514f56b52eb74f9e7a9/library/std/src/panicking.rs:222:9
[INFO] [stdout]   10:     0x55797f6cdb24 - std::panicking::rust_panic_with_hook::h72b21c283da3d1ef
[INFO] [stdout]                                at /rustc/53fd98ca776cb875bc9e5514f56b52eb74f9e7a9/library/std/src/panicking.rs:622:17
[INFO] [stdout]   11:     0x55797f6cd5d7 - std::panicking::begin_panic_handler::{{closure}}::he5778f1729cff84a
[INFO] [stdout]                                at /rustc/53fd98ca776cb875bc9e5514f56b52eb74f9e7a9/library/std/src/panicking.rs:517:13
[INFO] [stdout]   12:     0x55797f6cb7bc - std::sys_common::backtrace::__rust_end_short_backtrace::h2d11ca8b453b4b1d
[INFO] [stdout]                                at /rustc/53fd98ca776cb875bc9e5514f56b52eb74f9e7a9/library/std/src/sys_common/backtrace.rs:141:18
[INFO] [stdout]   13:     0x55797f6cd569 - rust_begin_unwind
[INFO] [stdout]                                at /rustc/53fd98ca776cb875bc9e5514f56b52eb74f9e7a9/library/std/src/panicking.rs:515:5
[INFO] [stdout]   14:     0x55797f6463b1 - core::panicking::panic_fmt::hf9de31d4acbce4db
[INFO] [stdout]                                at /rustc/53fd98ca776cb875bc9e5514f56b52eb74f9e7a9/library/core/src/panicking.rs:92:14
[INFO] [stdout]   15:     0x55797f6462fd - core::panicking::panic::h8a6bc58a21c6c095
[INFO] [stdout]                                at /rustc/53fd98ca776cb875bc9e5514f56b52eb74f9e7a9/library/core/src/panicking.rs:50:5
[INFO] [stdout]   16:     0x55797f64a32d - opcodes::test_opcodes::test_rrc_rlc_rr_rl_ihlixiy::hc9465341eb595945
[INFO] [stdout]                                at /opt/rustwide/workdir/tests/opcodes.rs:245:41
[INFO] [stdout]   17:     0x55797f64994a - opcodes::test_opcodes::test_rrc_rlc_rr_rl_ihlixiy::{{closure}}::h165f161b08dc63b5
[INFO] [stdout]                                at /opt/rustwide/workdir/tests/opcodes.rs:196:3
[INFO] [stdout]   18:     0x55797f66427e - core::ops::function::FnOnce::call_once::h160613e69f1a8ffe
[INFO] [stdout]                                at /rustc/53fd98ca776cb875bc9e5514f56b52eb74f9e7a9/library/core/src/ops/function.rs:227:5
[INFO] [stdout]   19:     0x55797f698123 - core::ops::function::FnOnce::call_once::hbb52c4519d3137b0
[INFO] [stdout]                                at /rustc/53fd98ca776cb875bc9e5514f56b52eb74f9e7a9/library/core/src/ops/function.rs:227:5
[INFO] [stdout]   20:     0x55797f698123 - test::__rust_begin_short_backtrace::h86fe3a2a5a5121af
[INFO] [stdout]                                at /rustc/53fd98ca776cb875bc9e5514f56b52eb74f9e7a9/library/test/src/lib.rs:578:5
[INFO] [stdout]   21:     0x55797f696bd8 - <alloc::boxed::Box<F,A> as core::ops::function::FnOnce<Args>>::call_once::hfd956bc3d57399be
[INFO] [stdout]                                at /rustc/53fd98ca776cb875bc9e5514f56b52eb74f9e7a9/library/alloc/src/boxed.rs:1572:9
[INFO] [stdout]   22:     0x55797f696bd8 - <std::panic::AssertUnwindSafe<F> as core::ops::function::FnOnce<()>>::call_once::h40dc93e0ddb5938a
[INFO] [stdout]                                at /rustc/53fd98ca776cb875bc9e5514f56b52eb74f9e7a9/library/std/src/panic.rs:347:9
[INFO] [stdout]   23:     0x55797f696bd8 - std::panicking::try::do_call::h90d07750cb47c562
[INFO] [stdout]                                at /rustc/53fd98ca776cb875bc9e5514f56b52eb74f9e7a9/library/std/src/panicking.rs:401:40
[INFO] [stdout]   24:     0x55797f696bd8 - std::panicking::try::h063c84733ad2a629
[INFO] [stdout]                                at /rustc/53fd98ca776cb875bc9e5514f56b52eb74f9e7a9/library/std/src/panicking.rs:365:19
[INFO] [stdout]   25:     0x55797f696bd8 - std::panic::catch_unwind::h0c464836a84e7c08
[INFO] [stdout]                                at /rustc/53fd98ca776cb875bc9e5514f56b52eb74f9e7a9/library/std/src/panic.rs:434:14
[INFO] [stdout]   26:     0x55797f696bd8 - test::run_test_in_process::h5cb06ef620b157fc
[INFO] [stdout]                                at /rustc/53fd98ca776cb875bc9e5514f56b52eb74f9e7a9/library/test/src/lib.rs:601:18
[INFO] [stdout]   27:     0x55797f696bd8 - test::run_test::run_test_inner::{{closure}}::h76f677f4b93f9828
[INFO] [stdout]                                at /rustc/53fd98ca776cb875bc9e5514f56b52eb74f9e7a9/library/test/src/lib.rs:493:39
[INFO] [stdout]   28:     0x55797f66536d - test::run_test::run_test_inner::{{closure}}::h366d01fe04f4d67a
[INFO] [stdout]                                at /rustc/53fd98ca776cb875bc9e5514f56b52eb74f9e7a9/library/test/src/lib.rs:520:37
[INFO] [stdout]   29:     0x55797f66536d - std::sys_common::backtrace::__rust_begin_short_backtrace::h7dfa0de4eb395af2
[INFO] [stdout]                                at /rustc/53fd98ca776cb875bc9e5514f56b52eb74f9e7a9/library/std/src/sys_common/backtrace.rs:125:18
[INFO] [stdout]   30:     0x55797f669b38 - std::thread::Builder::spawn_unchecked::{{closure}}::{{closure}}::hf0a74bb58798037f
[INFO] [stdout]                                at /rustc/53fd98ca776cb875bc9e5514f56b52eb74f9e7a9/library/std/src/thread/mod.rs:476:17
[INFO] [stdout]   31:     0x55797f669b38 - <std::panic::AssertUnwindSafe<F> as core::ops::function::FnOnce<()>>::call_once::hb024e854818586ac
[INFO] [stdout]                                at /rustc/53fd98ca776cb875bc9e5514f56b52eb74f9e7a9/library/std/src/panic.rs:347:9
[INFO] [stdout]   32:     0x55797f669b38 - std::panicking::try::do_call::hb2dd9f1d0d48e41d
[INFO] [stdout]                                at /rustc/53fd98ca776cb875bc9e5514f56b52eb74f9e7a9/library/std/src/panicking.rs:401:40
[INFO] [stdout]   33:     0x55797f669b38 - std::panicking::try::h4717ae7bac8b2bf3
[INFO] [stdout]                                at /rustc/53fd98ca776cb875bc9e5514f56b52eb74f9e7a9/library/std/src/panicking.rs:365:19
[INFO] [stdout]   34:     0x55797f669b38 - std::panic::catch_unwind::h0dc8a061326ce8d8
[INFO] [stdout]                                at /rustc/53fd98ca776cb875bc9e5514f56b52eb74f9e7a9/library/std/src/panic.rs:434:14
[INFO] [stdout]   35:     0x55797f669b38 - std::thread::Builder::spawn_unchecked::{{closure}}::haa369e2d6fd00aa1
[INFO] [stdout]                                at /rustc/53fd98ca776cb875bc9e5514f56b52eb74f9e7a9/library/std/src/thread/mod.rs:475:30
[INFO] [stdout]   36:     0x55797f669b38 - core::ops::function::FnOnce::call_once{{vtable.shim}}::h36dcf3de8b056f17
[INFO] [stdout]                                at /rustc/53fd98ca776cb875bc9e5514f56b52eb74f9e7a9/library/core/src/ops/function.rs:227:5
[INFO] [stdout]   37:     0x55797f6d2697 - <alloc::boxed::Box<F,A> as core::ops::function::FnOnce<Args>>::call_once::h65c29e4642be2358
[INFO] [stdout]                                at /rustc/53fd98ca776cb875bc9e5514f56b52eb74f9e7a9/library/alloc/src/boxed.rs:1572:9
[INFO] [stdout]   38:     0x55797f6d2697 - <alloc::boxed::Box<F,A> as core::ops::function::FnOnce<Args>>::call_once::hd0f8f7fbbd9fffbf
[INFO] [stdout]                                at /rustc/53fd98ca776cb875bc9e5514f56b52eb74f9e7a9/library/alloc/src/boxed.rs:1572:9
[INFO] [stdout]   39:     0x55797f6d2697 - std::sys::unix::thread::Thread::new::thread_start::h2fd22fee3ca77b65
[INFO] [stdout]                                at /rustc/53fd98ca776cb875bc9e5514f56b52eb74f9e7a9/library/std/src/sys/unix/thread.rs:74:17
[INFO] [stdout]   40:     0x7f85c6f4c609 - start_thread
[INFO] [stdout]   41:     0x7f85c6d1e293 - clone
[INFO] [stdout]   42:                0x0 - <unknown>
[INFO] [stdout] 
[INFO] [stdout] 
[INFO] [stdout] failures:
[INFO] [stdout]     test_opcodes::test_daa
[INFO] [stdout]     test_opcodes::test_inc_dec_ihlixiy
[INFO] [stdout]     test_opcodes::test_ldir
[INFO] [stdout]     test_opcodes::test_rrc_rlc_rr_rl_ihlixiy
[INFO] [stdout] 
[INFO] [stdout] test result: FAILED. 30 passed; 4 failed; 0 ignored; 0 measured; 0 filtered out; finished in 0.09s
[INFO] [stdout] 
[INFO] running `Command { std: "docker" "inspect" "5732c74db375738ef3aec251828589152c8f9a0537e14414e7143b1b16c75a30", kill_on_drop: false }`
[INFO] running `Command { std: "docker" "rm" "-f" "5732c74db375738ef3aec251828589152c8f9a0537e14414e7143b1b16c75a30", kill_on_drop: false }`
[INFO] [stdout] 5732c74db375738ef3aec251828589152c8f9a0537e14414e7143b1b16c75a30
