[INFO] cloning repository https://github.com/arnau/some-thing
[INFO] running `Command { std: "git" "-c" "credential.helper=" "-c" "credential.helper=/workspace/cargo-home/bin/git-credential-null" "clone" "--bare" "https://github.com/arnau/some-thing" "/workspace/cache/git-repos/https%3A%2F%2Fgithub.com%2Farnau%2Fsome-thing", kill_on_drop: false }`
[INFO] [stderr] Cloning into bare repository '/workspace/cache/git-repos/https%3A%2F%2Fgithub.com%2Farnau%2Fsome-thing'...
[INFO] running `Command { std: "git" "rev-parse" "HEAD", kill_on_drop: false }`
[INFO] [stdout] 07da80f76cb2c9991d5d5683fde4f20d32544dc6
[INFO] testing arnau/some-thing against beta-2021-08-01 for beta-1.55-1
[INFO] running `Command { std: "git" "clone" "/workspace/cache/git-repos/https%3A%2F%2Fgithub.com%2Farnau%2Fsome-thing" "/workspace/builds/worker-3/source", kill_on_drop: false }`
[INFO] [stderr] Cloning into '/workspace/builds/worker-3/source'...
[INFO] [stderr] done.
[INFO] validating manifest of git repo https://github.com/arnau/some-thing on toolchain beta-2021-08-01
[INFO] running `Command { std: "/workspace/cargo-home/bin/cargo" "+beta-2021-08-01" "metadata" "--manifest-path" "Cargo.toml" "--no-deps", kill_on_drop: false }`
[INFO] started tweaking git repo https://github.com/arnau/some-thing
[INFO] finished tweaking git repo https://github.com/arnau/some-thing
[INFO] tweaked toml for git repo https://github.com/arnau/some-thing written to /workspace/builds/worker-3/source/Cargo.toml
[INFO] crate git repo https://github.com/arnau/some-thing already has a lockfile, it will not be regenerated
[INFO] running `Command { std: "/workspace/cargo-home/bin/cargo" "+beta-2021-08-01" "fetch" "--manifest-path" "Cargo.toml", kill_on_drop: false }`
[INFO] [stderr]  Downloading crates ...
[INFO] [stderr]   Downloaded ahash v0.4.5
[INFO] [stderr]   Downloaded tuikit v0.3.4
[INFO] [stderr]   Downloaded clap_generate v3.0.0-beta.2
[INFO] [stderr]   Downloaded dirs-sys-next v0.1.0
[INFO] [stderr]   Downloaded skim v0.8.2
[INFO] [stderr]   Downloaded pin-project v0.4.26
[INFO] [stderr]   Downloaded pin-project-internal v0.4.26
[INFO] [stderr]   Downloaded rusqlite v0.24.1
[INFO] [stderr]   Downloaded dirs-next v1.0.1
[INFO] running `Command { std: "docker" "create" "-v" "/var/lib/crater-agent-workspace/builds/worker-3/target:/opt/rustwide/target:rw,Z" "-v" "/var/lib/crater-agent-workspace/builds/worker-3/source:/opt/rustwide/workdir:ro,Z" "-v" "/var/lib/crater-agent-workspace/cargo-home:/opt/rustwide/cargo-home:ro,Z" "-v" "/var/lib/crater-agent-workspace/rustup-home:/opt/rustwide/rustup-home:ro,Z" "-e" "SOURCE_DIR=/opt/rustwide/workdir" "-e" "CARGO_TARGET_DIR=/opt/rustwide/target" "-e" "CARGO_HOME=/opt/rustwide/cargo-home" "-e" "RUSTUP_HOME=/opt/rustwide/rustup-home" "-w" "/opt/rustwide/workdir" "-m" "1610612736" "--user" "0:0" "--network" "none" "ghcr.io/rust-lang/crates-build-env/linux@sha256:34b6a614d2c27851fe6cbf88fbd1137609cefab8b10d0615aaeb6fd47975d74e" "/opt/rustwide/cargo-home/bin/cargo" "+beta-2021-08-01" "metadata" "--no-deps" "--format-version=1", kill_on_drop: false }`
[INFO] [stdout] 6e27f1a91b2714f9e9595ed2f464b5b494aaea05e8f7eecef990a02427c2c8cc
[INFO] running `Command { std: "docker" "start" "-a" "6e27f1a91b2714f9e9595ed2f464b5b494aaea05e8f7eecef990a02427c2c8cc", kill_on_drop: false }`
[INFO] running `Command { std: "docker" "inspect" "6e27f1a91b2714f9e9595ed2f464b5b494aaea05e8f7eecef990a02427c2c8cc", kill_on_drop: false }`
[INFO] running `Command { std: "docker" "rm" "-f" "6e27f1a91b2714f9e9595ed2f464b5b494aaea05e8f7eecef990a02427c2c8cc", kill_on_drop: false }`
[INFO] [stdout] 6e27f1a91b2714f9e9595ed2f464b5b494aaea05e8f7eecef990a02427c2c8cc
[INFO] running `Command { std: "docker" "create" "-v" "/var/lib/crater-agent-workspace/builds/worker-3/target:/opt/rustwide/target:rw,Z" "-v" "/var/lib/crater-agent-workspace/builds/worker-3/source:/opt/rustwide/workdir:ro,Z" "-v" "/var/lib/crater-agent-workspace/cargo-home:/opt/rustwide/cargo-home:ro,Z" "-v" "/var/lib/crater-agent-workspace/rustup-home:/opt/rustwide/rustup-home:ro,Z" "-e" "SOURCE_DIR=/opt/rustwide/workdir" "-e" "CARGO_TARGET_DIR=/opt/rustwide/target" "-e" "CARGO_INCREMENTAL=0" "-e" "RUST_BACKTRACE=full" "-e" "RUSTFLAGS=--cap-lints=warn" "-e" "CARGO_HOME=/opt/rustwide/cargo-home" "-e" "RUSTUP_HOME=/opt/rustwide/rustup-home" "-w" "/opt/rustwide/workdir" "-m" "1610612736" "--user" "0:0" "--network" "none" "ghcr.io/rust-lang/crates-build-env/linux@sha256:34b6a614d2c27851fe6cbf88fbd1137609cefab8b10d0615aaeb6fd47975d74e" "/opt/rustwide/cargo-home/bin/cargo" "+beta-2021-08-01" "build" "--frozen" "--message-format=json", kill_on_drop: false }`
[INFO] [stdout] fa039d5e03c80d6cbd73f5bc79e6df0ac9234c46dce38042c9bf7e6f0887b0ad
[INFO] running `Command { std: "docker" "start" "-a" "fa039d5e03c80d6cbd73f5bc79e6df0ac9234c46dce38042c9bf7e6f0887b0ad", kill_on_drop: false }`
[INFO] [stderr]    Compiling libc v0.2.79
[INFO] [stderr]    Compiling syn v1.0.42
[INFO] [stderr]    Compiling serde_derive v1.0.116
[INFO] [stderr]    Compiling serde v1.0.116
[INFO] [stderr]    Compiling cc v1.0.60
[INFO] [stderr]    Compiling ahash v0.4.5
[INFO] [stderr]    Compiling futures-core v0.3.6
[INFO] [stderr]    Compiling pin-project-internal v0.4.26
[INFO] [stderr]    Compiling pin-project-lite v0.1.10
[INFO] [stderr]    Compiling serde_json v1.0.58
[INFO] [stderr]    Compiling proc-macro-hack v0.5.18
[INFO] [stderr]    Compiling ident_case v1.0.1
[INFO] [stderr]    Compiling scopeguard v1.1.0
[INFO] [stderr]    Compiling rayon-core v1.8.1
[INFO] [stderr]    Compiling futures-io v0.3.8
[INFO] [stderr]    Compiling futures-sink v0.3.6
[INFO] [stderr]    Compiling nix v0.14.1
[INFO] [stderr]    Compiling tinyvec v0.3.4
[INFO] [stderr]    Compiling smallvec v1.4.2
[INFO] [stderr]    Compiling encoding_rs v0.8.24
[INFO] [stderr]    Compiling derive_builder v0.9.0
[INFO] [stderr]    Compiling nodrop v0.1.14
[INFO] [stderr]    Compiling pulldown-cmark v0.8.0
[INFO] [stderr]    Compiling thin-slice v0.1.1
[INFO] [stderr]    Compiling utf8parse v0.1.1
[INFO] [stderr]    Compiling os_str_bytes v2.3.2
[INFO] [stderr]    Compiling utf8parse v0.2.0
[INFO] [stderr]    Compiling ego-tree v0.6.2
[INFO] [stderr]    Compiling num-traits v0.2.12
[INFO] [stderr]    Compiling num-integer v0.1.43
[INFO] [stderr]    Compiling rayon v1.4.1
[INFO] [stderr]    Compiling futures-task v0.3.6
[INFO] [stderr]    Compiling futf v0.1.4
[INFO] [stderr]    Compiling dtoa-short v0.3.2
[INFO] [stderr]    Compiling itertools v0.10.0
[INFO] [stderr]    Compiling crossbeam-utils v0.7.2
[INFO] [stderr]    Compiling memoffset v0.5.6
[INFO] [stderr]    Compiling crossbeam-epoch v0.8.2
[INFO] [stderr]    Compiling fuzzy-matcher v0.3.7
[INFO] [stderr]    Compiling hashbrown v0.9.1
[INFO] [stderr]    Compiling tracing v0.1.21
[INFO] [stderr]    Compiling aho-corasick v0.7.13
[INFO] [stderr]    Compiling vte v0.3.3
[INFO] [stderr]    Compiling futures-channel v0.3.6
[INFO] [stderr]    Compiling servo_arc v0.1.1
[INFO] [stderr]    Compiling proc-macro-error-attr v1.0.4
[INFO] [stderr]    Compiling tendril v0.4.1
[INFO] [stderr]    Compiling unicode-normalization v0.1.13
[INFO] [stderr]    Compiling indexmap v1.6.0
[INFO] [stderr]    Compiling hashlink v0.6.0
[INFO] [stderr]    Compiling regex v1.3.9
[INFO] [stderr]    Compiling openssl-sys v0.9.58
[INFO] [stderr]    Compiling libsqlite3-sys v0.20.1
[INFO] [stderr]    Compiling idna v0.2.0
[INFO] [stderr]    Compiling url v2.2.0
[INFO] [stderr]    Compiling crossbeam-channel v0.4.4
[INFO] [stderr]    Compiling crossbeam-queue v0.2.3
[INFO] [stderr]    Compiling crossbeam-deque v0.7.3
[INFO] [stderr]    Compiling openssl v0.10.30
[INFO] [stderr]    Compiling native-tls v0.2.4
[INFO] [stderr]    Compiling crossbeam v0.7.3
[INFO] [stderr]    Compiling getrandom v0.1.15
[INFO] [stderr]    Compiling num_cpus v1.13.0
[INFO] [stderr]    Compiling iovec v0.1.4
[INFO] [stderr]    Compiling net2 v0.2.35
[INFO] [stderr]    Compiling atty v0.2.14
[INFO] [stderr]    Compiling dirs-sys v0.3.5
[INFO] [stderr]    Compiling socket2 v0.3.15
[INFO] [stderr]    Compiling time v0.1.44
[INFO] [stderr]    Compiling dirs-sys-next v0.1.0
[INFO] [stderr]    Compiling nix v0.18.0
[INFO] [stderr]    Compiling env_logger v0.6.2
[INFO] [stderr]    Compiling clap v2.33.3
[INFO] [stderr]    Compiling rand_core v0.5.1
[INFO] [stderr]    Compiling dirs-next v1.0.1
[INFO] [stderr]    Compiling dirs v2.0.2
[INFO] [stderr]    Compiling directories v3.0.1
[INFO] [stderr]    Compiling mio v0.6.22
[INFO] [stderr]    Compiling term v0.6.1
[INFO] [stderr]    Compiling rand_chacha v0.2.2
[INFO] [stderr]    Compiling rand_pcg v0.2.1
[INFO] [stderr]    Compiling rand v0.7.3
[INFO] [stderr]    Compiling tokio v0.2.22
[INFO] [stderr]    Compiling phf_generator v0.8.0
[INFO] [stderr]    Compiling uuid v0.8.1
[INFO] [stderr]    Compiling phf_codegen v0.8.0
[INFO] [stderr]    Compiling string_cache_codegen v0.5.1
[INFO] [stderr]    Compiling selectors v0.22.0
[INFO] [stderr]    Compiling darling_core v0.10.2
[INFO] [stderr]    Compiling proc-macro-error v1.0.4
[INFO] [stderr]    Compiling tuikit v0.3.4
[INFO] [stderr]    Compiling rustyline v6.3.0
[INFO] [stderr]    Compiling tokio-util v0.3.1
[INFO] [stderr]    Compiling tokio-tls v0.3.1
[INFO] [stderr]    Compiling phf_macros v0.8.0
[INFO] [stderr]    Compiling darling_macro v0.10.2
[INFO] [stderr]    Compiling cssparser v0.27.2
[INFO] [stderr]    Compiling cssparser-macros v0.6.0
[INFO] [stderr]    Compiling html5ever v0.25.1
[INFO] [stderr]    Compiling clap_derive v3.0.0-beta.2
[INFO] [stderr]    Compiling derive_more v0.99.11
[INFO] [stderr]    Compiling thiserror-impl v1.0.21
[INFO] [stderr]    Compiling darling v0.10.2
[INFO] [stderr]    Compiling derive_builder_core v0.9.0
[INFO] [stderr]    Compiling rusqlite v0.24.1
[INFO] [stderr]    Compiling phf v0.8.0
[INFO] [stderr]    Compiling thiserror v1.0.21
[INFO] [stderr]    Compiling pin-project v0.4.26
[INFO] [stderr]    Compiling futures-util v0.3.6
[INFO] [stderr]    Compiling clap v3.0.0-beta.2
[INFO] [stderr]    Compiling clap_generate v3.0.0-beta.2
[INFO] [stderr]    Compiling h2 v0.2.6
[INFO] [stderr]    Compiling string_cache v0.8.0
[INFO] [stderr]    Compiling chrono v0.4.19
[INFO] [stderr]    Compiling serde_urlencoded v0.7.0
[INFO] [stderr]    Compiling bstr v0.2.13
[INFO] [stderr]    Compiling toml v0.5.6
[INFO] [stderr]    Compiling csv v1.1.3
[INFO] [stderr]    Compiling timer v0.2.0
[INFO] [stderr]    Compiling hyper v0.13.8
[INFO] [stderr]    Compiling skim v0.8.2
[INFO] [stderr]    Compiling markup5ever v0.10.0
[INFO] [stderr]    Compiling hyper-tls v0.4.3
[INFO] [stderr]    Compiling reqwest v0.10.10
[INFO] [stderr]    Compiling scraper v0.12.0
[INFO] [stderr]    Compiling some-thing v0.1.0 (/opt/rustwide/workdir)
[INFO] [stdout] warning: unused import: `crate::Markdown`
[INFO] [stdout]  --> src/thing.rs:6:5
[INFO] [stdout]   |
[INFO] [stdout] 6 | use crate::Markdown;
[INFO] [stdout]   |     ^^^^^^^^^^^^^^^
[INFO] [stdout]   |
[INFO] [stdout]   = note: `#[warn(unused_imports)]` on by default
[INFO] [stdout] 
[INFO] [stdout] 
[INFO] [stdout] warning: 1 warning emitted
[INFO] [stdout] 
[INFO] [stdout] 
[INFO] [stderr]     Finished dev [unoptimized + debuginfo] target(s) in 1m 44s
[INFO] running `Command { std: "docker" "inspect" "fa039d5e03c80d6cbd73f5bc79e6df0ac9234c46dce38042c9bf7e6f0887b0ad", kill_on_drop: false }`
[INFO] running `Command { std: "docker" "rm" "-f" "fa039d5e03c80d6cbd73f5bc79e6df0ac9234c46dce38042c9bf7e6f0887b0ad", kill_on_drop: false }`
[INFO] [stdout] fa039d5e03c80d6cbd73f5bc79e6df0ac9234c46dce38042c9bf7e6f0887b0ad
[INFO] running `Command { std: "docker" "create" "-v" "/var/lib/crater-agent-workspace/builds/worker-3/target:/opt/rustwide/target:rw,Z" "-v" "/var/lib/crater-agent-workspace/builds/worker-3/source:/opt/rustwide/workdir:ro,Z" "-v" "/var/lib/crater-agent-workspace/cargo-home:/opt/rustwide/cargo-home:ro,Z" "-v" "/var/lib/crater-agent-workspace/rustup-home:/opt/rustwide/rustup-home:ro,Z" "-e" "SOURCE_DIR=/opt/rustwide/workdir" "-e" "CARGO_TARGET_DIR=/opt/rustwide/target" "-e" "CARGO_INCREMENTAL=0" "-e" "RUST_BACKTRACE=full" "-e" "RUSTFLAGS=--cap-lints=warn" "-e" "CARGO_HOME=/opt/rustwide/cargo-home" "-e" "RUSTUP_HOME=/opt/rustwide/rustup-home" "-w" "/opt/rustwide/workdir" "-m" "1610612736" "--user" "0:0" "--network" "none" "ghcr.io/rust-lang/crates-build-env/linux@sha256:34b6a614d2c27851fe6cbf88fbd1137609cefab8b10d0615aaeb6fd47975d74e" "/opt/rustwide/cargo-home/bin/cargo" "+beta-2021-08-01" "test" "--frozen" "--no-run" "--message-format=json", kill_on_drop: false }`
[INFO] [stdout] ec5a2c1668234c8d330ebf702e60d7f9b0a7fd9490d88936e16cf62702d15360
[INFO] running `Command { std: "docker" "start" "-a" "ec5a2c1668234c8d330ebf702e60d7f9b0a7fd9490d88936e16cf62702d15360", kill_on_drop: false }`
[INFO] [stderr]    Compiling some-thing v0.1.0 (/opt/rustwide/workdir)
[INFO] [stdout] warning: unused import: `crate::Markdown`
[INFO] [stdout]  --> src/thing.rs:6:5
[INFO] [stdout]   |
[INFO] [stdout] 6 | use crate::Markdown;
[INFO] [stdout]   |     ^^^^^^^^^^^^^^^
[INFO] [stdout]   |
[INFO] [stdout]   = note: `#[warn(unused_imports)]` on by default
[INFO] [stdout] 
[INFO] [stdout] 
[INFO] [stdout] warning: 1 warning emitted
[INFO] [stdout] 
[INFO] [stdout] 
[INFO] [stdout] warning: unused import: `crate::Markdown`
[INFO] [stdout]  --> src/thing.rs:6:5
[INFO] [stdout]   |
[INFO] [stdout] 6 | use crate::Markdown;
[INFO] [stdout]   |     ^^^^^^^^^^^^^^^
[INFO] [stdout]   |
[INFO] [stdout]   = note: `#[warn(unused_imports)]` on by default
[INFO] [stdout] 
[INFO] [stdout] 
[INFO] [stdout] warning: 1 warning emitted
[INFO] [stdout] 
[INFO] [stdout] 
[INFO] [stderr]     Finished test [unoptimized + debuginfo] target(s) in 8.99s
[INFO] running `Command { std: "docker" "inspect" "ec5a2c1668234c8d330ebf702e60d7f9b0a7fd9490d88936e16cf62702d15360", kill_on_drop: false }`
[INFO] running `Command { std: "docker" "rm" "-f" "ec5a2c1668234c8d330ebf702e60d7f9b0a7fd9490d88936e16cf62702d15360", kill_on_drop: false }`
[INFO] [stdout] ec5a2c1668234c8d330ebf702e60d7f9b0a7fd9490d88936e16cf62702d15360
[INFO] running `Command { std: "docker" "create" "-v" "/var/lib/crater-agent-workspace/builds/worker-3/target:/opt/rustwide/target:rw,Z" "-v" "/var/lib/crater-agent-workspace/builds/worker-3/source:/opt/rustwide/workdir:ro,Z" "-v" "/var/lib/crater-agent-workspace/cargo-home:/opt/rustwide/cargo-home:ro,Z" "-v" "/var/lib/crater-agent-workspace/rustup-home:/opt/rustwide/rustup-home:ro,Z" "-e" "SOURCE_DIR=/opt/rustwide/workdir" "-e" "CARGO_TARGET_DIR=/opt/rustwide/target" "-e" "CARGO_INCREMENTAL=0" "-e" "RUST_BACKTRACE=full" "-e" "RUSTFLAGS=--cap-lints=warn" "-e" "CARGO_HOME=/opt/rustwide/cargo-home" "-e" "RUSTUP_HOME=/opt/rustwide/rustup-home" "-w" "/opt/rustwide/workdir" "-m" "1610612736" "--user" "0:0" "--network" "none" "ghcr.io/rust-lang/crates-build-env/linux@sha256:34b6a614d2c27851fe6cbf88fbd1137609cefab8b10d0615aaeb6fd47975d74e" "/opt/rustwide/cargo-home/bin/cargo" "+beta-2021-08-01" "test" "--frozen", kill_on_drop: false }`
[INFO] [stdout] 47b9c2c7327328e0fd04e0c9cddb30eeca4bb2dc271719e6e0df08906c4c36f2
[INFO] running `Command { std: "docker" "start" "-a" "47b9c2c7327328e0fd04e0c9cddb30eeca4bb2dc271719e6e0df08906c4c36f2", kill_on_drop: false }`
[INFO] [stderr] warning: unused import: `crate::Markdown`
[INFO] [stderr]  --> src/thing.rs:6:5
[INFO] [stderr]   |
[INFO] [stderr] 6 | use crate::Markdown;
[INFO] [stderr]   |     ^^^^^^^^^^^^^^^
[INFO] [stderr]   |
[INFO] [stderr]   = note: `#[warn(unused_imports)]` on by default
[INFO] [stderr] 
[INFO] [stderr] warning: `some-thing` (lib) generated 1 warning
[INFO] [stderr] warning: `some-thing` (lib test) generated 1 warning (1 duplicate)
[INFO] [stderr]     Finished test [unoptimized + debuginfo] target(s) in 0.16s
[INFO] [stderr]      Running unittests (/opt/rustwide/target/debug/deps/some-35d839495974a9ae)
[INFO] [stdout] 
[INFO] [stderr]      Running unittests (/opt/rustwide/target/debug/deps/some-2430d5fcf3ecfc48)
[INFO] [stdout] running 3 tests
[INFO] [stdout] test package::tests::deserialise ... ok
[INFO] [stdout] test package::tests::fullround ... ok
[INFO] [stdout] test package::core::tests::name::assert_valid_name ... ok
[INFO] [stdout] 
[INFO] [stdout] test result: ok. 3 passed; 0 failed; 0 ignored; 0 measured; 0 filtered out; finished in 0.01s
[INFO] [stdout] 
[INFO] [stderr]    Doc-tests some
[INFO] [stdout] 
[INFO] [stdout] running 0 tests
[INFO] [stdout] 
[INFO] [stdout] test result: ok. 0 passed; 0 failed; 0 ignored; 0 measured; 0 filtered out; finished in 0.00s
[INFO] [stdout] 
[INFO] [stdout] 
[INFO] [stdout] running 6 tests
[INFO] [stdout] test src/package/mod.rs - package (line 43) - compile ... ok
[INFO] [stdout] test src/package/mod.rs - package::PackageBuilder (line 130) ... FAILED
[INFO] [stdout] test src/package/mod.rs - package (line 23) ... FAILED
[INFO] [stdout] test src/package/mod.rs - package::PackageBuilder::id (line 180) ... FAILED
[INFO] [stdout] test src/package/core.rs - package::core::Licence (line 117) ... ok
[INFO] [stdout] test src/package/mod.rs - package::PackageBuilder::name (line 197) ... ok
[INFO] [stdout] 
[INFO] [stdout] failures:
[INFO] [stdout] 
[INFO] [stdout] ---- src/package/mod.rs - package::PackageBuilder (line 130) stdout ----
[INFO] [stdout] error[E0432]: unresolved import `some::lenses::thing::package_resource`
[INFO] [stdout]  --> src/package/mod.rs:134:5
[INFO] [stdout]   |
[INFO] [stdout] 7 |     lenses::thing::package_resource,
[INFO] [stdout]   |     ^^^^^^^^^^^^^^^^^^^^^^^^^^^^^^^ no `package_resource` in `lenses::thing`
[INFO] [stdout] 
[INFO] [stdout] error: aborting due to previous error
[INFO] [stdout] 
[INFO] [stdout] For more information about this error, try `rustc --explain E0432`.
[INFO] [stdout] Couldn't compile the test.
[INFO] [stdout] ---- src/package/mod.rs - package (line 23) stdout ----
[INFO] [stdout] error[E0432]: unresolved import `some::lenses::thing::package_resource`
[INFO] [stdout]  --> src/package/mod.rs:27:5
[INFO] [stdout]   |
[INFO] [stdout] 7 |     lenses::thing::package_resource,
[INFO] [stdout]   |     ^^^^^^^^^^^^^^^^^^^^^^^^^^^^^^^ no `package_resource` in `lenses::thing`
[INFO] [stdout] 
[INFO] [stdout] error: aborting due to previous error
[INFO] [stdout] 
[INFO] [stdout] For more information about this error, try `rustc --explain E0432`.
[INFO] [stdout] Couldn't compile the test.
[INFO] [stdout] ---- src/package/mod.rs - package::PackageBuilder::id (line 180) stdout ----
[INFO] [stdout] error: linking with `cc` failed: exit status: 1
[INFO] [stdout]   |
[INFO] [stdout]   = note: "cc" "-m64" "/tmp/rustdoctestz34hnQ/rust_out.rust_out.1376475e-cgu.0.rcgu.o" "/tmp/rustdoctestz34hnQ/rust_out.3oi7hjnjienb8flc.rcgu.o" "-Wl,--as-needed" "-L" "/opt/rustwide/target/debug/deps" "-L" "/opt/rustwide/target/debug/deps" "-L" "/opt/rustwide/target/debug/build/libsqlite3-sys-6dd5dbe847c3a6b4/out" "-L" "/opt/rustwide/rustup-home/toolchains/beta-2021-08-01-x86_64-unknown-linux-gnu/lib/rustlib/x86_64-unknown-linux-gnu/lib" "-Wl,-Bstatic" "/opt/rustwide/target/debug/deps/libsome-c1fd8a0771d8e57c.rlib" "/opt/rustwide/target/debug/deps/libreqwest-712c38856e6e9ed2.rlib" "/opt/rustwide/target/debug/deps/libhyper_tls-da74b6f0eed6a322.rlib" "/opt/rustwide/target/debug/deps/libipnet-3035d9a16f3d0bd5.rlib" "/opt/rustwide/target/debug/deps/libtokio_tls-0ce524ace921bdf2.rlib" "/opt/rustwide/target/debug/deps/libserde_urlencoded-cbc4d0c719750fbe.rlib" "/opt/rustwide/target/debug/deps/libencoding_rs-8b789c6f7cb4ed9d.rlib" "/opt/rustwide/target/debug/deps/libbase64-161b2497349df519.rlib" "/opt/rustwide/target/debug/deps/libmime_guess-4af3f38b94e5fc42.rlib" "/opt/rustwide/target/debug/deps/libunicase-0d00462a1030ed4b.rlib" "/opt/rustwide/target/debug/deps/libmime-536904fee2e1448a.rlib" "/opt/rustwide/target/debug/deps/libnative_tls-8efd72f2d73c5573.rlib" "/opt/rustwide/target/debug/deps/libopenssl_probe-f1937205362a8d90.rlib" "/opt/rustwide/target/debug/deps/libopenssl-76647be0b07a4adc.rlib" "/opt/rustwide/target/debug/deps/libopenssl_sys-fc911b65a83851a7.rlib" "/opt/rustwide/target/debug/deps/libforeign_types-b4d4d7edd906e428.rlib" "/opt/rustwide/target/debug/deps/libforeign_types_shared-585f047ff6a62f75.rlib" "/opt/rustwide/target/debug/deps/libhyper-ebdb428d30da492a.rlib" "/opt/rustwide/target/debug/deps/libhttparse-d8040f65969a670a.rlib" "/opt/rustwide/target/debug/deps/libwant-f5713fbf76e38605.rlib" "/opt/rustwide/target/debug/deps/libtry_lock-5413453539618953.rlib" "/opt/rustwide/target/debug/deps/libh2-b39683bebada9cc4.rlib" "/opt/rustwide/target/debug/deps/libtokio_util-f91529c487bcb1c8.rlib" "/opt/rustwide/target/debug/deps/libfutures_sink-b970e5cd105fa92d.rlib" "/opt/rustwide/target/debug/deps/libhttpdate-ef4841a50895f36d.rlib" "/opt/rustwide/target/debug/deps/libsocket2-68732edeb013546f.rlib" "/opt/rustwide/target/debug/deps/libtower_service-c947f102bbfcbd85.rlib" "/opt/rustwide/target/debug/deps/libfutures_channel-790b2b7d4710c903.rlib" "/opt/rustwide/target/debug/deps/libtracing-afc38c5b25c56a11.rlib" "/opt/rustwide/target/debug/deps/libtracing_core-b16b6e2c6bc60736.rlib" "/opt/rustwide/target/debug/deps/libtokio-42c31eb6987655ac.rlib" "/opt/rustwide/target/debug/deps/libmio-0295427db48a1f59.rlib" "/opt/rustwide/target/debug/deps/libiovec-6eaa776787777bf7.rlib" "/opt/rustwide/target/debug/deps/libnet2-d06beb625013b7cb.rlib" "/opt/rustwide/target/debug/deps/libpin_project_lite-e3f3754a61ecf231.rlib" "/opt/rustwide/target/debug/deps/libpin_project_lite-44f386e0f83bdf42.rlib" "/opt/rustwide/target/debug/deps/libhttp_body-a087d5c9cecc35e3.rlib" "/opt/rustwide/target/debug/deps/libfutures_util-5bb77662633b7375.rlib" "/opt/rustwide/target/debug/deps/libfutures_io-6cda696e1103358b.rlib" "/opt/rustwide/target/debug/deps/libslab-19bed823898320f8.rlib" "/opt/rustwide/target/debug/deps/libpin_project-715bf1d03ab282f6.rlib" "/opt/rustwide/target/debug/deps/libfutures_task-a3bf6fbb1eaf912e.rlib" "/opt/rustwide/target/debug/deps/libonce_cell-07b51f6f2af6d085.rlib" "/opt/rustwide/target/debug/deps/libpin_utils-0d9ad188af5be84f.rlib" "/opt/rustwide/target/debug/deps/libfutures_core-b18c7042e8890ecd.rlib" "/opt/rustwide/target/debug/deps/libhttp-0b4604abb36bbf39.rlib" "/opt/rustwide/target/debug/deps/libbytes-91dab7f8d12d1514.rlib" "/opt/rustwide/target/debug/deps/libfnv-059813dc4f8dd4c8.rlib" "/opt/rustwide/target/debug/deps/libserde_json-d447dfc90d7c180a.rlib" "/opt/rustwide/target/debug/deps/libuuid-195ef8d5290eb898.rlib" "/opt/rustwide/target/debug/deps/librand-2b75796c4d521d46.rlib" "/opt/rustwide/target/debug/deps/librand_pcg-fe82058428a719b2.rlib" "/opt/rustwide/target/debug/deps/librand_chacha-9492e7f49e0e6a82.rlib" "/opt/rustwide/target/debug/deps/libppv_lite86-874c5fb9ecf298b2.rlib" "/opt/rustwide/target/debug/deps/librand_core-c2710c07eee17b6e.rlib" "/opt/rustwide/target/debug/deps/libgetrandom-5885d1c030326c19.rlib" "/opt/rustwide/target/debug/deps/libscraper-78e37903ae30ba8a.rlib" "/opt/rustwide/target/debug/deps/libselectors-926d7f2270b6834a.rlib" "/opt/rustwide/target/debug/deps/libthin_slice-08bbebc9690f3157.rlib" "/opt/rustwide/target/debug/deps/libservo_arc-21205e9c7af8acc9.rlib" "/opt/rustwide/target/debug/deps/libstable_deref_trait-a06244137f0ef4ae.rlib" "/opt/rustwide/target/debug/deps/libnodrop-393f2d64a5c1feac.rlib" "/opt/rustwide/target/debug/deps/libfxhash-63541c676806a718.rlib" "/opt/rustwide/target/debug/deps/libcssparser-58c46c86de85b060.rlib" "/opt/rustwide/target/debug/deps/libdtoa_short-5ac9b3f08276d46a.rlib" "/opt/rustwide/target/debug/deps/libdtoa-690d005be71c7932.rlib" "/opt/rustwide/target/debug/deps/libego_tree-125d31ac9e2eb329.rlib" "/opt/rustwide/target/debug/deps/libhtml5ever-9645853ef3d46624.rlib" "/opt/rustwide/target/debug/deps/libmarkup5ever-7c099d00aa2d7783.rlib" "/opt/rustwide/target/debug/deps/libstring_cache-758b5c7dba167aec.rlib" "/opt/rustwide/target/debug/deps/libprecomputed_hash-799f53524e50cbfa.rlib" "/opt/rustwide/target/debug/deps/libphf-a4919f5673fcf3be.rlib" "/opt/rustwide/target/debug/deps/libphf_shared-a63149e58f8ff297.rlib" "/opt/rustwide/target/debug/deps/libsiphasher-80c0a4861f931d53.rlib" "/opt/rustwide/target/debug/deps/libtendril-012a146b9765505d.rlib" "/opt/rustwide/target/debug/deps/libutf8-18a80940a4a0c9a2.rlib" "/opt/rustwide/target/debug/deps/libfutf-7dd04d9f398e4130.rlib" "/opt/rustwide/target/debug/deps/libdebug_unreachable-462a9d6ddbe468d1.rlib" "/opt/rustwide/target/debug/deps/libmac-df40ebeeeccc3771.rlib" "/opt/rustwide/target/debug/deps/libitertools-6a54da02a63aa384.rlib" "/opt/rustwide/target/debug/deps/libclap-a5bacabd6d17571e.rlib" "/opt/rustwide/target/debug/deps/libstrsim-ebf03c86b56fe678.rlib" "/opt/rustwide/target/debug/deps/libatty-7612d4e767c3deb5.rlib" "/opt/rustwide/target/debug/deps/libtextwrap-f4318263f1c89fa2.rlib" "/opt/rustwide/target/debug/deps/libvec_map-9437af413e5e5769.rlib" "/opt/rustwide/target/debug/deps/libos_str_bytes-b7aa099724d5c5a4.rlib" "/opt/rustwide/target/debug/deps/libtermcolor-3aba0a29031a465a.rlib" "/opt/rustwide/target/debug/deps/libindexmap-ff28393feba0e730.rlib" "/opt/rustwide/target/debug/deps/libskim-bb9aadbfd18b8945.rlib" "/opt/rustwide/target/debug/deps/libtimer-5da544b5c8ca993a.rlib" "/opt/rustwide/target/debug/deps/librayon-ca76720dbe80a387.rlib" "/opt/rustwide/target/debug/deps/librayon_core-c515bf65ca7bde4a.rlib" "/opt/rustwide/target/debug/deps/libnum_cpus-6d704b07073ced81.rlib" "/opt/rustwide/target/debug/deps/libeither-867d2789c96c5e02.rlib" "/opt/rustwide/target/debug/deps/libfuzzy_matcher-383e36aa98efc438.rlib" "/opt/rustwide/target/debug/deps/libregex-c5c7ffe18d5aca01.rlib" "/opt/rustwide/target/debug/deps/libthread_local-3b926810dda75ea6.rlib" "/opt/rustwide/target/debug/deps/libregex_syntax-a8678468cb8b8804.rlib" "/opt/rustwide/target/debug/deps/libaho_corasick-4c9f51f146aec7c2.rlib" "/opt/rustwide/target/debug/deps/libvte-fa0a7efd5755c7f8.rlib" "/opt/rustwide/target/debug/deps/libutf8parse-4794ca191a4d7b67.rlib" "/opt/rustwide/target/debug/deps/libtuikit-140820daf1546394.rlib" "/opt/rustwide/target/debug/deps/libterm-a2e6a01f18ae6e1f.rlib" "/opt/rustwide/target/debug/deps/libdirs-6cb4dda7c3f9ca36.rlib" "/opt/rustwide/target/debug/deps/libnix-c2bb7ac2045359cb.rlib" "/opt/rustwide/target/debug/deps/libvoid-0f00770ac4b830b4.rlib" "/opt/rustwide/target/debug/deps/libcrossbeam-a8c5774bf06a7408.rlib" "/opt/rustwide/target/debug/deps/libcrossbeam_queue-7e820ed6f748bdf1.rlib" "/opt/rustwide/target/debug/deps/libcrossbeam_channel-f5a146f462aeea17.rlib" "/opt/rustwide/target/debug/deps/libcrossbeam_deque-0ad8372509543028.rlib" "/opt/rustwide/target/debug/deps/libcrossbeam_epoch-d68fdbe47cac12a0.rlib" "/opt/rustwide/target/debug/deps/libscopeguard-6af357b04516600c.rlib" "/opt/rustwide/target/debug/deps/libmemoffset-a12ae7293f8eed8b.rlib" "/opt/rustwide/target/debug/deps/libcrossbeam_utils-6ccdd1cb1d87c90c.rlib" "/opt/rustwide/target/debug/deps/libmaybe_uninit-695311e2d4eb5931.rlib" "/opt/rustwide/target/debug/deps/libdirectories-c82bcb1fad85ea71.rlib" "/opt/rustwide/target/debug/deps/libdirs_sys-726d49e7f71e98bc.rlib" "/opt/rustwide/target/debug/deps/liburl-5cf71eb6e737b833.rlib" "/opt/rustwide/target/debug/deps/libidna-15893242e4e660bf.rlib" "/opt/rustwide/target/debug/deps/libunicode_normalization-e051a8bd6501f74f.rlib" "/opt/rustwide/target/debug/deps/libtinyvec-422dadaf16bf6188.rlib" "/opt/rustwide/target/debug/deps/libunicode_bidi-f649dd84372809b8.rlib" "/opt/rustwide/target/debug/deps/libform_urlencoded-551049ac9d7ea423.rlib" "/opt/rustwide/target/debug/deps/libpercent_encoding-f9199a68e8c135fc.rlib" "/opt/rustwide/target/debug/deps/libmatches-9cfb84f2ef24c6e0.rlib" "/opt/rustwide/target/debug/deps/libtoml-8dc1f604dbc6172a.rlib" "/opt/rustwide/target/debug/deps/libthiserror-29ec0852e1166bf6.rlib" "/opt/rustwide/target/debug/deps/librustyline-795c0aa02e0a7d5a.rlib" "/opt/rustwide/target/debug/deps/libutf8parse-cbe4f29db70d1eda.rlib" "/opt/rustwide/target/debug/deps/libnix-c0ebf5644465c04f.rlib" "/opt/rustwide/target/debug/deps/libunicode_width-31fed32a2fe36ec3.rlib" "/opt/rustwide/target/debug/deps/libunicode_segmentation-94f0a43b6869dca3.rlib" "/opt/rustwide/target/debug/deps/liblog-cfad8b3f08736a8f.rlib" "/opt/rustwide/target/debug/deps/libdirs_next-d87d0bc737bf740b.rlib" "/opt/rustwide/target/debug/deps/libdirs_sys_next-df410b57c6ce45dc.rlib" "/opt/rustwide/target/debug/deps/libcfg_if-ffb7f11ad1437080.rlib" "/opt/rustwide/target/debug/deps/librusqlite-c7d6b7ff3d0fa63d.rlib" "/opt/rustwide/target/debug/deps/libbitflags-e09638bf9aca31b4.rlib" "/opt/rustwide/target/debug/deps/libsmallvec-4acc08e4987ba165.rlib" "/opt/rustwide/target/debug/deps/libfallible_streaming_iterator-b738bcd847152a63.rlib" "/opt/rustwide/target/debug/deps/libfallible_iterator-f9606d723291fe03.rlib" "/opt/rustwide/target/debug/deps/libhashlink-7ce1e3b1a9b4ed19.rlib" "/opt/rustwide/target/debug/deps/libhashbrown-fbd5b59e4c4bad04.rlib" "/opt/rustwide/target/debug/deps/libahash-d253579b0fd74e3e.rlib" "/opt/rustwide/target/debug/deps/liblibsqlite3_sys-90650950d1cf49b1.rlib" "/opt/rustwide/target/debug/deps/libcsv-559ee8ee4ff7ccef.rlib" "/opt/rustwide/target/debug/deps/libryu-58d6bdbbdb00e196.rlib" "/opt/rustwide/target/debug/deps/libitoa-3b3a95f8ba6296b3.rlib" "/opt/rustwide/target/debug/deps/libcsv_core-ec0a25b770601481.rlib" "/opt/rustwide/target/debug/deps/libbstr-97f74b65555b2e8c.rlib" "/opt/rustwide/target/debug/deps/libregex_automata-3f21ebda30f6a1b9.rlib" "/opt/rustwide/target/debug/deps/libbyteorder-3dc46fcfdc27cac2.rlib" "/opt/rustwide/target/debug/deps/libmemchr-471a0917c9740522.rlib" "/opt/rustwide/target/debug/deps/liblazy_static-e92083d5a39a8b50.rlib" "/opt/rustwide/target/debug/deps/libchrono-ae68d2fe2a24bb16.rlib" "/opt/rustwide/target/debug/deps/libserde-58cf37d608885dda.rlib" "/opt/rustwide/target/debug/deps/libnum_integer-191ece2406846b5e.rlib" "/opt/rustwide/target/debug/deps/libnum_traits-d0f47a55fa49d048.rlib" "/opt/rustwide/target/debug/deps/libtime-a0f51e9408a86857.rlib" "/opt/rustwide/target/debug/deps/liblibc-c0bbad5567d9ccf7.rlib" "-Wl,--start-group" "/opt/rustwide/rustup-home/toolchains/beta-2021-08-01-x86_64-unknown-linux-gnu/lib/rustlib/x86_64-unknown-linux-gnu/lib/libstd-197d933f09d9a590.rlib" "/opt/rustwide/rustup-home/toolchains/beta-2021-08-01-x86_64-unknown-linux-gnu/lib/rustlib/x86_64-unknown-linux-gnu/lib/libpanic_unwind-46a006cddfd334f0.rlib" "/opt/rustwide/rustup-home/toolchains/beta-2021-08-01-x86_64-unknown-linux-gnu/lib/rustlib/x86_64-unknown-linux-gnu/lib/libminiz_oxide-5b9870310e470b38.rlib" "/opt/rustwide/rustup-home/toolchains/beta-2021-08-01-x86_64-unknown-linux-gnu/lib/rustlib/x86_64-unknown-linux-gnu/lib/libadler-260022ba8f1ab4ee.rlib" "/opt/rustwide/rustup-home/toolchains/beta-2021-08-01-x86_64-unknown-linux-gnu/lib/rustlib/x86_64-unknown-linux-gnu/lib/libobject-71377435a799394f.rlib" "/opt/rustwide/rustup-home/toolchains/beta-2021-08-01-x86_64-unknown-linux-gnu/lib/rustlib/x86_64-unknown-linux-gnu/lib/libaddr2line-658ee5924fde57cd.rlib" "/opt/rustwide/rustup-home/toolchains/beta-2021-08-01-x86_64-unknown-linux-gnu/lib/rustlib/x86_64-unknown-linux-gnu/lib/libgimli-9e8627da6bd1b94a.rlib" "/opt/rustwide/rustup-home/toolchains/beta-2021-08-01-x86_64-unknown-linux-gnu/lib/rustlib/x86_64-unknown-linux-gnu/lib/libstd_detect-19fdaac49f59be84.rlib" "/opt/rustwide/rustup-home/toolchains/beta-2021-08-01-x86_64-unknown-linux-gnu/lib/rustlib/x86_64-unknown-linux-gnu/lib/librustc_demangle-cb00e2691ea45905.rlib" "/opt/rustwide/rustup-home/toolchains/beta-2021-08-01-x86_64-unknown-linux-gnu/lib/rustlib/x86_64-unknown-linux-gnu/lib/libhashbrown-50f6726defae5ae1.rlib" "/opt/rustwide/rustup-home/toolchains/beta-2021-08-01-x86_64-unknown-linux-gnu/lib/rustlib/x86_64-unknown-linux-gnu/lib/librustc_std_workspace_alloc-2afc16311deea26e.rlib" "/opt/rustwide/rustup-home/toolchains/beta-2021-08-01-x86_64-unknown-linux-gnu/lib/rustlib/x86_64-unknown-linux-gnu/lib/libunwind-bb5cb0fe086ee8cf.rlib" "/opt/rustwide/rustup-home/toolchains/beta-2021-08-01-x86_64-unknown-linux-gnu/lib/rustlib/x86_64-unknown-linux-gnu/lib/libcfg_if-896053247b5dfd0b.rlib" "/opt/rustwide/rustup-home/toolchains/beta-2021-08-01-x86_64-unknown-linux-gnu/lib/rustlib/x86_64-unknown-linux-gnu/lib/liblibc-735e1f2ac3cf23be.rlib" "/opt/rustwide/rustup-home/toolchains/beta-2021-08-01-x86_64-unknown-linux-gnu/lib/rustlib/x86_64-unknown-linux-gnu/lib/liballoc-9dfb6622644c732c.rlib" "/opt/rustwide/rustup-home/toolchains/beta-2021-08-01-x86_64-unknown-linux-gnu/lib/rustlib/x86_64-unknown-linux-gnu/lib/librustc_std_workspace_core-beea7d9617fe25c5.rlib" "/opt/rustwide/rustup-home/toolchains/beta-2021-08-01-x86_64-unknown-linux-gnu/lib/rustlib/x86_64-unknown-linux-gnu/lib/libcore-8ef7dd43fc671f88.rlib" "-Wl,--end-group" "/opt/rustwide/rustup-home/toolchains/beta-2021-08-01-x86_64-unknown-linux-gnu/lib/rustlib/x86_64-unknown-linux-gnu/lib/libcompiler_builtins-a9a3b2ad67977f47.rlib" "-Wl,-Bdynamic" "-lssl" "-lcrypto" "-lgcc_s" "-lutil" "-lrt" "-lpthread" "-lm" "-ldl" "-lc" "-Wl,--eh-frame-hdr" "-Wl,-znoexecstack" "-L" "/opt/rustwide/rustup-home/toolchains/beta-2021-08-01-x86_64-unknown-linux-gnu/lib/rustlib/x86_64-unknown-linux-gnu/lib" "-o" "/tmp/rustdoctestz34hnQ/rust_out" "-Wl,--gc-sections" "-pie" "-Wl,-zrelro" "-Wl,-znow" "-nodefaultlibs"
[INFO] [stdout]   = note: collect2: fatal error: ld terminated with signal 9 [Killed]
[INFO] [stdout]           compilation terminated.
[INFO] [stdout]           
[INFO] [stdout] 
[INFO] [stdout] error: aborting due to previous error
[INFO] [stdout] 
[INFO] [stdout] Couldn't compile the test.
[INFO] [stdout] 
[INFO] [stdout] failures:
[INFO] [stdout]     src/package/mod.rs - package (line 23)
[INFO] [stdout]     src/package/mod.rs - package::PackageBuilder (line 130)
[INFO] [stdout]     src/package/mod.rs - package::PackageBuilder::id (line 180)
[INFO] [stdout] 
[INFO] [stdout] test result: FAILED. 3 passed; 3 failed; 0 ignored; 0 measured; 0 filtered out; finished in 9.15s
[INFO] [stdout] 
[INFO] [stderr] error: test failed, to rerun pass '--doc'
[INFO] running `Command { std: "docker" "inspect" "47b9c2c7327328e0fd04e0c9cddb30eeca4bb2dc271719e6e0df08906c4c36f2", kill_on_drop: false }`
[INFO] running `Command { std: "docker" "rm" "-f" "47b9c2c7327328e0fd04e0c9cddb30eeca4bb2dc271719e6e0df08906c4c36f2", kill_on_drop: false }`
[INFO] [stdout] 47b9c2c7327328e0fd04e0c9cddb30eeca4bb2dc271719e6e0df08906c4c36f2
