[INFO] cloning repository https://github.com/097115/tiny-forked
[INFO] running `Command { std: "git" "-c" "credential.helper=" "-c" "credential.helper=/workspace/cargo-home/bin/git-credential-null" "clone" "--bare" "https://github.com/097115/tiny-forked" "/workspace/cache/git-repos/https%3A%2F%2Fgithub.com%2F097115%2Ftiny-forked", kill_on_drop: false }`
[INFO] [stderr] Cloning into bare repository '/workspace/cache/git-repos/https%3A%2F%2Fgithub.com%2F097115%2Ftiny-forked'...
[INFO] running `Command { std: "git" "rev-parse" "HEAD", kill_on_drop: false }`
[INFO] [stdout] 42f80bfd314aeb697a77310cb7cc8c9f9c2b23a9
[INFO] testing 097115/tiny-forked against beta-2021-08-01 for beta-1.55-1
[INFO] running `Command { std: "git" "clone" "/workspace/cache/git-repos/https%3A%2F%2Fgithub.com%2F097115%2Ftiny-forked" "/workspace/builds/worker-1/source", kill_on_drop: false }`
[INFO] [stderr] Cloning into '/workspace/builds/worker-1/source'...
[INFO] [stderr] done.
[INFO] validating manifest of git repo https://github.com/097115/tiny-forked on toolchain beta-2021-08-01
[INFO] running `Command { std: "/workspace/cargo-home/bin/cargo" "+beta-2021-08-01" "metadata" "--manifest-path" "Cargo.toml" "--no-deps", kill_on_drop: false }`
[INFO] removed /workspace/builds/worker-1/source/rust-toolchain
[INFO] started tweaking git repo https://github.com/097115/tiny-forked
[INFO] finished tweaking git repo https://github.com/097115/tiny-forked
[INFO] tweaked toml for git repo https://github.com/097115/tiny-forked written to /workspace/builds/worker-1/source/Cargo.toml
[INFO] crate git repo https://github.com/097115/tiny-forked already has a lockfile, it will not be regenerated
[INFO] running `Command { std: "/workspace/cargo-home/bin/cargo" "+beta-2021-08-01" "fetch" "--manifest-path" "Cargo.toml", kill_on_drop: false }`
[INFO] [stderr]  Downloading crates ...
[INFO] [stderr]   Downloaded rustc_tools_util v0.2.0
[INFO] running `Command { std: "docker" "create" "-v" "/var/lib/crater-agent-workspace/builds/worker-1/target:/opt/rustwide/target:rw,Z" "-v" "/var/lib/crater-agent-workspace/builds/worker-1/source:/opt/rustwide/workdir:ro,Z" "-v" "/var/lib/crater-agent-workspace/cargo-home:/opt/rustwide/cargo-home:ro,Z" "-v" "/var/lib/crater-agent-workspace/rustup-home:/opt/rustwide/rustup-home:ro,Z" "-e" "SOURCE_DIR=/opt/rustwide/workdir" "-e" "CARGO_TARGET_DIR=/opt/rustwide/target" "-e" "CARGO_HOME=/opt/rustwide/cargo-home" "-e" "RUSTUP_HOME=/opt/rustwide/rustup-home" "-w" "/opt/rustwide/workdir" "-m" "1610612736" "--user" "0:0" "--network" "none" "ghcr.io/rust-lang/crates-build-env/linux@sha256:34b6a614d2c27851fe6cbf88fbd1137609cefab8b10d0615aaeb6fd47975d74e" "/opt/rustwide/cargo-home/bin/cargo" "+beta-2021-08-01" "metadata" "--no-deps" "--format-version=1", kill_on_drop: false }`
[INFO] [stdout] d11b3df48578bec92b3621ff20fe0eac94d27aed21689aa79ba6f5279148a93a
[INFO] [stderr] WARNING: Your kernel does not support swap limit capabilities or the cgroup is not mounted. Memory limited without swap.
[INFO] running `Command { std: "docker" "start" "-a" "d11b3df48578bec92b3621ff20fe0eac94d27aed21689aa79ba6f5279148a93a", kill_on_drop: false }`
[INFO] running `Command { std: "docker" "inspect" "d11b3df48578bec92b3621ff20fe0eac94d27aed21689aa79ba6f5279148a93a", kill_on_drop: false }`
[INFO] running `Command { std: "docker" "rm" "-f" "d11b3df48578bec92b3621ff20fe0eac94d27aed21689aa79ba6f5279148a93a", kill_on_drop: false }`
[INFO] [stdout] d11b3df48578bec92b3621ff20fe0eac94d27aed21689aa79ba6f5279148a93a
[INFO] running `Command { std: "docker" "create" "-v" "/var/lib/crater-agent-workspace/builds/worker-1/target:/opt/rustwide/target:rw,Z" "-v" "/var/lib/crater-agent-workspace/builds/worker-1/source:/opt/rustwide/workdir:ro,Z" "-v" "/var/lib/crater-agent-workspace/cargo-home:/opt/rustwide/cargo-home:ro,Z" "-v" "/var/lib/crater-agent-workspace/rustup-home:/opt/rustwide/rustup-home:ro,Z" "-e" "SOURCE_DIR=/opt/rustwide/workdir" "-e" "CARGO_TARGET_DIR=/opt/rustwide/target" "-e" "CARGO_INCREMENTAL=0" "-e" "RUST_BACKTRACE=full" "-e" "RUSTFLAGS=--cap-lints=warn" "-e" "CARGO_HOME=/opt/rustwide/cargo-home" "-e" "RUSTUP_HOME=/opt/rustwide/rustup-home" "-w" "/opt/rustwide/workdir" "-m" "1610612736" "--user" "0:0" "--network" "none" "ghcr.io/rust-lang/crates-build-env/linux@sha256:34b6a614d2c27851fe6cbf88fbd1137609cefab8b10d0615aaeb6fd47975d74e" "/opt/rustwide/cargo-home/bin/cargo" "+beta-2021-08-01" "build" "--frozen" "--message-format=json", kill_on_drop: false }`
[INFO] [stdout] 3a249bccc514e3c89ec37de34c0d87de8d7c3ab531b5f47d1698851c4f5c862e
[INFO] [stderr] WARNING: Your kernel does not support swap limit capabilities or the cgroup is not mounted. Memory limited without swap.
[INFO] running `Command { std: "docker" "start" "-a" "3a249bccc514e3c89ec37de34c0d87de8d7c3ab531b5f47d1698851c4f5c862e", kill_on_drop: false }`
[INFO] [stderr]    Compiling libc v0.2.97
[INFO] [stderr]    Compiling syn v1.0.73
[INFO] [stderr]    Compiling libtiny_common v0.1.0 (/opt/rustwide/workdir/crates/libtiny_common)
[INFO] [stderr]    Compiling rustc_tools_util v0.2.0
[INFO] [stderr]    Compiling ring v0.16.20
[INFO] [stderr]    Compiling tokio v1.7.1
[INFO] [stderr]    Compiling futures-task v0.3.15
[INFO] [stderr]    Compiling env_logger v0.8.4
[INFO] [stderr]    Compiling futures-util v0.3.15
[INFO] [stderr]    Compiling libtiny_wire v0.1.0 (/opt/rustwide/workdir/crates/libtiny_wire)
[INFO] [stderr]    Compiling tiny v0.9.0 (/opt/rustwide/workdir/crates/tiny)
[INFO] [stderr]    Compiling mio v0.7.13
[INFO] [stderr]    Compiling signal-hook-registry v1.4.0
[INFO] [stderr]    Compiling getrandom v0.2.3
[INFO] [stderr]    Compiling time v0.1.43
[INFO] [stderr]    Compiling nix v0.19.1
[INFO] [stderr]    Compiling termion v1.5.6
[INFO] [stderr]    Compiling dirs-sys v0.3.6
[INFO] [stderr]    Compiling atty v0.2.14
[INFO] [stderr]    Compiling clap v2.33.3
[INFO] [stderr]    Compiling dirs v3.0.2
[INFO] [stderr]    Compiling rand_core v0.6.3
[INFO] [stderr]    Compiling libtiny_logger v0.1.0 (/opt/rustwide/workdir/crates/libtiny_logger)
[INFO] [stderr]    Compiling rand_chacha v0.3.1
[INFO] [stderr]    Compiling termbox_simple v0.2.3 (/opt/rustwide/workdir/crates/termbox)
[INFO] [stderr]    Compiling rand v0.8.4
[INFO] [stderr]    Compiling tempfile v3.2.0
[INFO] [stderr]    Compiling webpki v0.21.4
[INFO] [stderr]    Compiling sct v0.6.1
[INFO] [stderr]    Compiling rustls v0.19.1
[INFO] [stderr]    Compiling rustls-native-certs v0.5.0
[INFO] [stderr]    Compiling tokio-macros v1.2.0
[INFO] [stderr]    Compiling serde_derive v1.0.126
[INFO] [stderr]    Compiling term_input_macros v0.2.0 (/opt/rustwide/workdir/crates/term_input_macros)
[INFO] [stderr]    Compiling tokio-stream v0.1.6
[INFO] [stderr]    Compiling tokio-rustls v0.22.0
[INFO] [stderr]    Compiling serde v1.0.126
[INFO] [stderr]    Compiling term_input v0.2.0 (/opt/rustwide/workdir/crates/term_input)
[INFO] [stderr]    Compiling libtiny_client v0.1.0 (/opt/rustwide/workdir/crates/libtiny_client)
[INFO] [stderr]    Compiling serde_yaml v0.8.17
[INFO] [stderr]    Compiling libtiny_tui v0.1.0 (/opt/rustwide/workdir/crates/libtiny_tui)
[INFO] [stdout] warning: associated function is never used: `blank`
[INFO] [stdout]   --> crates/libtiny_tui/src/messaging.rs:68:8
[INFO] [stdout]    |
[INFO] [stdout] 68 |     fn blank(msg_area: &mut MsgArea) {
[INFO] [stdout]    |        ^^^^^
[INFO] [stdout]    |
[INFO] [stdout]    = note: `#[warn(dead_code)]` on by default
[INFO] [stdout] 
[INFO] [stdout] 
[INFO] [stdout] warning: 1 warning emitted
[INFO] [stdout] 
[INFO] [stdout] 
[INFO] [stdout] warning: field is never read: `config_path`
[INFO] [stdout]   --> crates/tiny/src/cmd.rs:12:5
[INFO] [stdout]    |
[INFO] [stdout] 12 |     pub config_path: &'a Path,
[INFO] [stdout]    |     ^^^^^^^^^^^^^^^^^^^^^^^^^
[INFO] [stdout]    |
[INFO] [stdout]    = note: `#[warn(dead_code)]` on by default
[INFO] [stdout] 
[INFO] [stdout] 
[INFO] [stdout] warning: 1 warning emitted
[INFO] [stdout] 
[INFO] [stdout] 
[INFO] [stderr]     Finished dev [unoptimized + debuginfo] target(s) in 1m 44s
[INFO] running `Command { std: "docker" "inspect" "3a249bccc514e3c89ec37de34c0d87de8d7c3ab531b5f47d1698851c4f5c862e", kill_on_drop: false }`
[INFO] running `Command { std: "docker" "rm" "-f" "3a249bccc514e3c89ec37de34c0d87de8d7c3ab531b5f47d1698851c4f5c862e", kill_on_drop: false }`
[INFO] [stdout] 3a249bccc514e3c89ec37de34c0d87de8d7c3ab531b5f47d1698851c4f5c862e
[INFO] running `Command { std: "docker" "create" "-v" "/var/lib/crater-agent-workspace/builds/worker-1/target:/opt/rustwide/target:rw,Z" "-v" "/var/lib/crater-agent-workspace/builds/worker-1/source:/opt/rustwide/workdir:ro,Z" "-v" "/var/lib/crater-agent-workspace/cargo-home:/opt/rustwide/cargo-home:ro,Z" "-v" "/var/lib/crater-agent-workspace/rustup-home:/opt/rustwide/rustup-home:ro,Z" "-e" "SOURCE_DIR=/opt/rustwide/workdir" "-e" "CARGO_TARGET_DIR=/opt/rustwide/target" "-e" "CARGO_INCREMENTAL=0" "-e" "RUST_BACKTRACE=full" "-e" "RUSTFLAGS=--cap-lints=warn" "-e" "CARGO_HOME=/opt/rustwide/cargo-home" "-e" "RUSTUP_HOME=/opt/rustwide/rustup-home" "-w" "/opt/rustwide/workdir" "-m" "1610612736" "--user" "0:0" "--network" "none" "ghcr.io/rust-lang/crates-build-env/linux@sha256:34b6a614d2c27851fe6cbf88fbd1137609cefab8b10d0615aaeb6fd47975d74e" "/opt/rustwide/cargo-home/bin/cargo" "+beta-2021-08-01" "test" "--frozen" "--no-run" "--message-format=json", kill_on_drop: false }`
[INFO] [stdout] 252f2e267ddd4d1e004e7eca9084660433766defb148dbe7f11ec5a368f04294
[INFO] [stderr] WARNING: Your kernel does not support swap limit capabilities or the cgroup is not mounted. Memory limited without swap.
[INFO] running `Command { std: "docker" "start" "-a" "252f2e267ddd4d1e004e7eca9084660433766defb148dbe7f11ec5a368f04294", kill_on_drop: false }`
[INFO] [stderr]    Compiling bencher v0.1.5
[INFO] [stderr]    Compiling libtiny_common v0.1.0 (/opt/rustwide/workdir/crates/libtiny_common)
[INFO] [stderr]    Compiling libtiny_wire v0.1.0 (/opt/rustwide/workdir/crates/libtiny_wire)
[INFO] [stderr]    Compiling libtiny_logger v0.1.0 (/opt/rustwide/workdir/crates/libtiny_logger)
[INFO] [stderr]    Compiling term_input_macros v0.2.0 (/opt/rustwide/workdir/crates/term_input_macros)
[INFO] [stderr]    Compiling libtiny_client v0.1.0 (/opt/rustwide/workdir/crates/libtiny_client)
[INFO] [stderr]    Compiling term_input v0.2.0 (/opt/rustwide/workdir/crates/term_input)
[INFO] [stderr]    Compiling termbox_simple v0.2.3 (/opt/rustwide/workdir/crates/termbox)
[INFO] [stderr]    Compiling tiny v0.9.0 (/opt/rustwide/workdir/crates/tiny)
[INFO] [stdout] warning: associated function is never used: `blank`
[INFO] [stdout]   --> crates/libtiny_tui/src/messaging.rs:68:8
[INFO] [stdout]    |
[INFO] [stdout] 68 |     fn blank(msg_area: &mut MsgArea) {
[INFO] [stdout]    |        ^^^^^
[INFO] [stdout]    |
[INFO] [stdout]    = note: `#[warn(dead_code)]` on by default
[INFO] [stdout] 
[INFO] [stdout] 
[INFO] [stdout] warning: 1 warning emitted
[INFO] [stdout] 
[INFO] [stdout] 
[INFO] [stderr]    Compiling libtiny_tui v0.1.0 (/opt/rustwide/workdir/crates/libtiny_tui)
[INFO] [stdout] warning: field is never read: `config_path`
[INFO] [stdout]   --> crates/tiny/src/cmd.rs:12:5
[INFO] [stdout]    |
[INFO] [stdout] 12 |     pub config_path: &'a Path,
[INFO] [stdout]    |     ^^^^^^^^^^^^^^^^^^^^^^^^^
[INFO] [stdout]    |
[INFO] [stdout]    = note: `#[warn(dead_code)]` on by default
[INFO] [stdout] 
[INFO] [stdout] 
[INFO] [stdout] warning: associated function is never used: `blank`
[INFO] [stdout]   --> crates/libtiny_tui/src/messaging.rs:68:8
[INFO] [stdout]    |
[INFO] [stdout] 68 |     fn blank(msg_area: &mut MsgArea) {
[INFO] [stdout]    |        ^^^^^
[INFO] [stdout]    |
[INFO] [stdout]    = note: `#[warn(dead_code)]` on by default
[INFO] [stdout] 
[INFO] [stdout] 
[INFO] [stdout] warning: 1 warning emitted
[INFO] [stdout] 
[INFO] [stdout] 
[INFO] [stdout] warning: 1 warning emitted
[INFO] [stdout] 
[INFO] [stdout] 
[INFO] [stderr]     Finished test [unoptimized + debuginfo] target(s) in 32.62s
[INFO] running `Command { std: "docker" "inspect" "252f2e267ddd4d1e004e7eca9084660433766defb148dbe7f11ec5a368f04294", kill_on_drop: false }`
[INFO] running `Command { std: "docker" "rm" "-f" "252f2e267ddd4d1e004e7eca9084660433766defb148dbe7f11ec5a368f04294", kill_on_drop: false }`
[INFO] [stdout] 252f2e267ddd4d1e004e7eca9084660433766defb148dbe7f11ec5a368f04294
[INFO] running `Command { std: "docker" "create" "-v" "/var/lib/crater-agent-workspace/builds/worker-1/target:/opt/rustwide/target:rw,Z" "-v" "/var/lib/crater-agent-workspace/builds/worker-1/source:/opt/rustwide/workdir:ro,Z" "-v" "/var/lib/crater-agent-workspace/cargo-home:/opt/rustwide/cargo-home:ro,Z" "-v" "/var/lib/crater-agent-workspace/rustup-home:/opt/rustwide/rustup-home:ro,Z" "-e" "SOURCE_DIR=/opt/rustwide/workdir" "-e" "CARGO_TARGET_DIR=/opt/rustwide/target" "-e" "CARGO_INCREMENTAL=0" "-e" "RUST_BACKTRACE=full" "-e" "RUSTFLAGS=--cap-lints=warn" "-e" "CARGO_HOME=/opt/rustwide/cargo-home" "-e" "RUSTUP_HOME=/opt/rustwide/rustup-home" "-w" "/opt/rustwide/workdir" "-m" "1610612736" "--user" "0:0" "--network" "none" "ghcr.io/rust-lang/crates-build-env/linux@sha256:34b6a614d2c27851fe6cbf88fbd1137609cefab8b10d0615aaeb6fd47975d74e" "/opt/rustwide/cargo-home/bin/cargo" "+beta-2021-08-01" "test" "--frozen", kill_on_drop: false }`
[INFO] [stdout] 80406a075da0f5c17bc8c44dc604e1c615eb231d24c3af0a7827e619be8bb935
[INFO] [stderr] WARNING: Your kernel does not support swap limit capabilities or the cgroup is not mounted. Memory limited without swap.
[INFO] running `Command { std: "docker" "start" "-a" "80406a075da0f5c17bc8c44dc604e1c615eb231d24c3af0a7827e619be8bb935", kill_on_drop: false }`
[INFO] [stderr]     Blocking waiting for file lock on package cache
[INFO] [stderr]     Blocking waiting for file lock on package cache
[INFO] [stderr] warning: associated function is never used: `blank`
[INFO] [stderr]   --> crates/libtiny_tui/src/messaging.rs:68:8
[INFO] [stderr]    |
[INFO] [stderr] 68 |     fn blank(msg_area: &mut MsgArea) {
[INFO] [stderr]    |        ^^^^^
[INFO] [stderr]    |
[INFO] [stderr]    = note: `#[warn(dead_code)]` on by default
[INFO] [stderr] 
[INFO] [stderr] warning: `libtiny_tui` (lib) generated 1 warning
[INFO] [stderr] warning: `libtiny_tui` (lib test) generated 1 warning (1 duplicate)
[INFO] [stderr] warning: field is never read: `config_path`
[INFO] [stderr]   --> crates/tiny/src/cmd.rs:12:5
[INFO] [stderr]    |
[INFO] [stderr] 12 |     pub config_path: &'a Path,
[INFO] [stderr]    |     ^^^^^^^^^^^^^^^^^^^^^^^^^
[INFO] [stderr]    |
[INFO] [stderr]    = note: `#[warn(dead_code)]` on by default
[INFO] [stderr] 
[INFO] [stderr] warning: `tiny` (bin "tiny" test) generated 1 warning
[INFO] [stderr]     Finished test [unoptimized + debuginfo] target(s) in 0.30s
[INFO] [stdout] 
[INFO] [stderr]      Running unittests (/opt/rustwide/target/debug/deps/libtiny_client-115aaebe423f3c0c)
[INFO] [stdout] running 8 tests
[INFO] [stdout] test state::tests::test_parse_servername_2 ... ok
[INFO] [stdout] test utils::tests::test_split_iterator_2 ... ok
[INFO] [stdout] test utils::tests::test_split_iterator_5 ... ok
[INFO] [stdout] test utils::tests::test_split_iterator_6 ... ok
[INFO] [stdout] test utils::tests::test_split_iterator_3 ... ok
[INFO] [stdout] test utils::tests::test_split_iterator_4 ... ok
[INFO] [stdout] test state::tests::test_parse_servername_1 ... ok
[INFO] [stdout] test utils::tests::test_split_iterator_1 ... ok
[INFO] [stdout] 
[INFO] [stdout] test result: ok. 8 passed; 0 failed; 0 ignored; 0 measured; 0 filtered out; finished in 0.01s
[INFO] [stdout] 
[INFO] [stderr]      Running unittests (/opt/rustwide/target/debug/deps/libtiny_common-4b74c2b1d2c437ef)
[INFO] [stdout] 
[INFO] [stdout] running 0 tests
[INFO] [stdout] 
[INFO] [stdout] test result: ok. 0 passed; 0 failed; 0 ignored; 0 measured; 0 filtered out; finished in 0.00s
[INFO] [stdout] 
[INFO] [stderr]      Running unittests (/opt/rustwide/target/debug/deps/libtiny_logger-68bf63c07126e55d)
[INFO] [stdout] 
[INFO] [stderr]      Running unittests (/opt/rustwide/target/debug/deps/libtiny_tui-6c3610a1599ec207)
[INFO] [stdout] running 0 tests
[INFO] [stdout] 
[INFO] [stdout] test result: ok. 0 passed; 0 failed; 0 ignored; 0 measured; 0 filtered out; finished in 0.00s
[INFO] [stdout] 
[INFO] [stdout] 
[INFO] [stdout] running 28 tests
[INFO] [stdout] test msg_area::tests::test_max_lines ... ok
[INFO] [stdout] test msg_area::tests::newline_scrolling ... ok
[INFO] [stdout] test input_area::tests::test_set_buffer ... ok
[INFO] [stdout] test tests::init_screen ... ok
[INFO] [stdout] test tests::small_screen_1 ... ok
[INFO] [stdout] test msg_area::line::tests::height_test_4 ... ok
[INFO] [stdout] test input_area::tests::text_field_bug ... ok
[INFO] [stdout] test msg_area::line::tests::height_test_1 ... ok
[INFO] [stdout] test key_map::deser_keymap ... ok
[INFO] [stdout] test msg_area::line::tests::height_test_2 ... ok
[INFO] [stdout] test tests::test_alignment_long_string ... ok
[INFO] [stdout] test msg_area::line::tests::align_test ... ok
[INFO] [stdout] test tests::close_rightmost_tab ... ok
[INFO] [stdout] test input_area::input_line::tests::test_calculate_height ... ok
[INFO] [stdout] test tests::ctrl_w ... ok
[INFO] [stdout] test key_map::deser_key ... ok
[INFO] [stdout] test msg_area::line::tests::height_test_3 ... ok
[INFO] [stdout] test key_map::deser_key_action_goto_tab ... ok
[INFO] [stdout] test msg_area::line::tests::height_test_5 ... ok
[INFO] [stdout] test trie::tests::trie_test_3 ... ok
[INFO] [stdout] test trie::tests::trie_test_insert_remove ... ok
[INFO] [stdout] test tests::test_join_part_overflow ... ok
[INFO] [stdout] test trie::tests::trie_test_2 ... ok
[INFO] [stdout] test trie::tests::trie_test_1 ... ok
[INFO] [stdout] test utils::test_translate_irc_control_chars ... ok
[INFO] [stdout] test tests::test_text_field_wrap ... ok
[INFO] [stdout] test tests::small_screen_2 ... FAILED
[INFO] [stderr] error: test failed, to rerun pass '-p libtiny_tui --lib'
[INFO] [stdout] test tests::test_resize ... ok
[INFO] [stdout] 
[INFO] [stdout] failures:
[INFO] [stdout] 
[INFO] [stdout] ---- tests::small_screen_2 stdout ----
[INFO] [stdout] thread 'tests::small_screen_2' panicked at 'Unexpected screen
[INFO] [stdout] Expected:
[INFO] [stdout] ---------------------
[INFO] [stdout] 00:00 Blah blah blah-
[INFO] [stdout] +123456              
[INFO] [stdout] osa1:                
[INFO] [stdout] < #chan              
[INFO] [stdout] ---------------------
[INFO] [stdout] Found:
[INFO] [stdout] ---------------------
[INFO] [stdout] 00:00 Blah blah blah-
[INFO] [stdout] 00:00 +123456        
[INFO] [stdout] osa1:                
[INFO] [stdout] < #chan              
[INFO] [stdout] ---------------------
[INFO] [stdout] Called by: crates/libtiny_tui/src/tests/mod.rs:159:59
[INFO] [stdout] ', crates/libtiny_tui/src/test_utils.rs:56:9
[INFO] [stdout] stack backtrace:
[INFO] [stdout]    0:     0x55e0be5c6210 - std::backtrace_rs::backtrace::libunwind::trace::hff4d1766e93f64f1
[INFO] [stdout]                                at /rustc/53fd98ca776cb875bc9e5514f56b52eb74f9e7a9/library/std/src/../../backtrace/src/backtrace/libunwind.rs:90:5
[INFO] [stdout]    1:     0x55e0be5c6210 - std::backtrace_rs::backtrace::trace_unsynchronized::h56bbc8eb78770bcb
[INFO] [stdout]                                at /rustc/53fd98ca776cb875bc9e5514f56b52eb74f9e7a9/library/std/src/../../backtrace/src/backtrace/mod.rs:66:5
[INFO] [stdout]    2:     0x55e0be5c6210 - std::sys_common::backtrace::_print_fmt::h5c8e75464faca780
[INFO] [stdout]                                at /rustc/53fd98ca776cb875bc9e5514f56b52eb74f9e7a9/library/std/src/sys_common/backtrace.rs:67:5
[INFO] [stdout]    3:     0x55e0be5c6210 - <std::sys_common::backtrace::_print::DisplayBacktrace as core::fmt::Display>::fmt::h48b88277def8b362
[INFO] [stdout]                                at /rustc/53fd98ca776cb875bc9e5514f56b52eb74f9e7a9/library/std/src/sys_common/backtrace.rs:46:22
[INFO] [stdout]    4:     0x55e0be5ea53c - core::fmt::write::h3381b3176fe2b3d3
[INFO] [stdout]                                at /rustc/53fd98ca776cb875bc9e5514f56b52eb74f9e7a9/library/core/src/fmt/mod.rs:1115:17
[INFO] [stdout]    5:     0x55e0be5c2e85 - std::io::Write::write_fmt::h5f34a676f60246b5
[INFO] [stdout]                                at /rustc/53fd98ca776cb875bc9e5514f56b52eb74f9e7a9/library/std/src/io/mod.rs:1665:15
[INFO] [stdout]    6:     0x55e0be5c843b - std::sys_common::backtrace::_print::ha537687d6c17dd0d
[INFO] [stdout]                                at /rustc/53fd98ca776cb875bc9e5514f56b52eb74f9e7a9/library/std/src/sys_common/backtrace.rs:49:5
[INFO] [stdout]    7:     0x55e0be5c843b - std::sys_common::backtrace::print::h61376ae57d131d72
[INFO] [stdout]                                at /rustc/53fd98ca776cb875bc9e5514f56b52eb74f9e7a9/library/std/src/sys_common/backtrace.rs:36:9
[INFO] [stdout]    8:     0x55e0be5c843b - std::panicking::default_hook::{{closure}}::h0f7208c0b9644a54
[INFO] [stdout]                                at /rustc/53fd98ca776cb875bc9e5514f56b52eb74f9e7a9/library/std/src/panicking.rs:208:50
[INFO] [stdout]    9:     0x55e0be5c7f4c - std::panicking::default_hook::hdac7fc06578c14ce
[INFO] [stdout]                                at /rustc/53fd98ca776cb875bc9e5514f56b52eb74f9e7a9/library/std/src/panicking.rs:222:9
[INFO] [stdout]   10:     0x55e0be5c8b04 - std::panicking::rust_panic_with_hook::h72b21c283da3d1ef
[INFO] [stdout]                                at /rustc/53fd98ca776cb875bc9e5514f56b52eb74f9e7a9/library/std/src/panicking.rs:622:17
[INFO] [stdout]   11:     0x55e0be5c85e7 - std::panicking::begin_panic_handler::{{closure}}::he5778f1729cff84a
[INFO] [stdout]                                at /rustc/53fd98ca776cb875bc9e5514f56b52eb74f9e7a9/library/std/src/panicking.rs:519:13
[INFO] [stdout]   12:     0x55e0be5c66ec - std::sys_common::backtrace::__rust_end_short_backtrace::h2d11ca8b453b4b1d
[INFO] [stdout]                                at /rustc/53fd98ca776cb875bc9e5514f56b52eb74f9e7a9/library/std/src/sys_common/backtrace.rs:141:18
[INFO] [stdout]   13:     0x55e0be5c8549 - rust_begin_unwind
[INFO] [stdout]                                at /rustc/53fd98ca776cb875bc9e5514f56b52eb74f9e7a9/library/std/src/panicking.rs:515:5
[INFO] [stdout]   14:     0x55e0be40ac9b - std::panicking::begin_panic_fmt::h746518bde832d259
[INFO] [stdout]                                at /rustc/53fd98ca776cb875bc9e5514f56b52eb74f9e7a9/library/std/src/panicking.rs:457:5
[INFO] [stdout]   15:     0x55e0be44c915 - libtiny_tui::test_utils::expect_screen::h33ae88b9135061b6
[INFO] [stdout]                                at /opt/rustwide/workdir/crates/libtiny_tui/src/test_utils.rs:56:9
[INFO] [stdout]   16:     0x55e0be497356 - libtiny_tui::tests::small_screen_2::h84da446374994d20
[INFO] [stdout]                                at /opt/rustwide/workdir/crates/libtiny_tui/src/tests/mod.rs:159:5
[INFO] [stdout]   17:     0x55e0be496f1a - libtiny_tui::tests::small_screen_2::{{closure}}::h730f7ca16db7afb4
[INFO] [stdout]                                at /opt/rustwide/workdir/crates/libtiny_tui/src/tests/mod.rs:126:1
[INFO] [stdout]   18:     0x55e0be4367fe - core::ops::function::FnOnce::call_once::hc4649adb68ab44ca
[INFO] [stdout]                                at /rustc/53fd98ca776cb875bc9e5514f56b52eb74f9e7a9/library/core/src/ops/function.rs:227:5
[INFO] [stdout]   19:     0x55e0be563e63 - core::ops::function::FnOnce::call_once::hbb52c4519d3137b0
[INFO] [stdout]                                at /rustc/53fd98ca776cb875bc9e5514f56b52eb74f9e7a9/library/core/src/ops/function.rs:227:5
[INFO] [stdout]   20:     0x55e0be563e63 - test::__rust_begin_short_backtrace::h86fe3a2a5a5121af
[INFO] [stdout]                                at /rustc/53fd98ca776cb875bc9e5514f56b52eb74f9e7a9/library/test/src/lib.rs:578:5
[INFO] [stdout]   21:     0x55e0be562918 - <alloc::boxed::Box<F,A> as core::ops::function::FnOnce<Args>>::call_once::hfd956bc3d57399be
[INFO] [stdout]                                at /rustc/53fd98ca776cb875bc9e5514f56b52eb74f9e7a9/library/alloc/src/boxed.rs:1572:9
[INFO] [stdout]   22:     0x55e0be562918 - <std::panic::AssertUnwindSafe<F> as core::ops::function::FnOnce<()>>::call_once::h40dc93e0ddb5938a
[INFO] [stdout]                                at /rustc/53fd98ca776cb875bc9e5514f56b52eb74f9e7a9/library/std/src/panic.rs:347:9
[INFO] [stdout]   23:     0x55e0be562918 - std::panicking::try::do_call::h90d07750cb47c562
[INFO] [stdout]                                at /rustc/53fd98ca776cb875bc9e5514f56b52eb74f9e7a9/library/std/src/panicking.rs:401:40
[INFO] [stdout]   24:     0x55e0be562918 - std::panicking::try::h063c84733ad2a629
[INFO] [stdout]                                at /rustc/53fd98ca776cb875bc9e5514f56b52eb74f9e7a9/library/std/src/panicking.rs:365:19
[INFO] [stdout]   25:     0x55e0be562918 - std::panic::catch_unwind::h0c464836a84e7c08
[INFO] [stdout]                                at /rustc/53fd98ca776cb875bc9e5514f56b52eb74f9e7a9/library/std/src/panic.rs:434:14
[INFO] [stdout]   26:     0x55e0be562918 - test::run_test_in_process::h5cb06ef620b157fc
[INFO] [stdout]                                at /rustc/53fd98ca776cb875bc9e5514f56b52eb74f9e7a9/library/test/src/lib.rs:601:18
[INFO] [stdout]   27:     0x55e0be562918 - test::run_test::run_test_inner::{{closure}}::h76f677f4b93f9828
[INFO] [stdout]                                at /rustc/53fd98ca776cb875bc9e5514f56b52eb74f9e7a9/library/test/src/lib.rs:493:39
[INFO] [stdout]   28:     0x55e0be5310ad - test::run_test::run_test_inner::{{closure}}::h366d01fe04f4d67a
[INFO] [stdout]                                at /rustc/53fd98ca776cb875bc9e5514f56b52eb74f9e7a9/library/test/src/lib.rs:520:37
[INFO] [stdout]   29:     0x55e0be5310ad - std::sys_common::backtrace::__rust_begin_short_backtrace::h7dfa0de4eb395af2
[INFO] [stdout]                                at /rustc/53fd98ca776cb875bc9e5514f56b52eb74f9e7a9/library/std/src/sys_common/backtrace.rs:125:18
[INFO] [stdout]   30:     0x55e0be535878 - std::thread::Builder::spawn_unchecked::{{closure}}::{{closure}}::hf0a74bb58798037f
[INFO] [stdout]                                at /rustc/53fd98ca776cb875bc9e5514f56b52eb74f9e7a9/library/std/src/thread/mod.rs:476:17
[INFO] [stdout]   31:     0x55e0be535878 - <std::panic::AssertUnwindSafe<F> as core::ops::function::FnOnce<()>>::call_once::hb024e854818586ac
[INFO] [stdout]                                at /rustc/53fd98ca776cb875bc9e5514f56b52eb74f9e7a9/library/std/src/panic.rs:347:9
[INFO] [stdout]   32:     0x55e0be535878 - std::panicking::try::do_call::hb2dd9f1d0d48e41d
[INFO] [stdout]                                at /rustc/53fd98ca776cb875bc9e5514f56b52eb74f9e7a9/library/std/src/panicking.rs:401:40
[INFO] [stdout]   33:     0x55e0be535878 - std::panicking::try::h4717ae7bac8b2bf3
[INFO] [stdout]                                at /rustc/53fd98ca776cb875bc9e5514f56b52eb74f9e7a9/library/std/src/panicking.rs:365:19
[INFO] [stdout]   34:     0x55e0be535878 - std::panic::catch_unwind::h0dc8a061326ce8d8
[INFO] [stdout]                                at /rustc/53fd98ca776cb875bc9e5514f56b52eb74f9e7a9/library/std/src/panic.rs:434:14
[INFO] [stdout]   35:     0x55e0be535878 - std::thread::Builder::spawn_unchecked::{{closure}}::haa369e2d6fd00aa1
[INFO] [stdout]                                at /rustc/53fd98ca776cb875bc9e5514f56b52eb74f9e7a9/library/std/src/thread/mod.rs:475:30
[INFO] [stdout]   36:     0x55e0be535878 - core::ops::function::FnOnce::call_once{{vtable.shim}}::h36dcf3de8b056f17
[INFO] [stdout]                                at /rustc/53fd98ca776cb875bc9e5514f56b52eb74f9e7a9/library/core/src/ops/function.rs:227:5
[INFO] [stdout]   37:     0x55e0be5cdae7 - <alloc::boxed::Box<F,A> as core::ops::function::FnOnce<Args>>::call_once::h65c29e4642be2358
[INFO] [stdout]                                at /rustc/53fd98ca776cb875bc9e5514f56b52eb74f9e7a9/library/alloc/src/boxed.rs:1572:9
[INFO] [stdout]   38:     0x55e0be5cdae7 - <alloc::boxed::Box<F,A> as core::ops::function::FnOnce<Args>>::call_once::hd0f8f7fbbd9fffbf
[INFO] [stdout]                                at /rustc/53fd98ca776cb875bc9e5514f56b52eb74f9e7a9/library/alloc/src/boxed.rs:1572:9
[INFO] [stdout]   39:     0x55e0be5cdae7 - std::sys::unix::thread::Thread::new::thread_start::h2fd22fee3ca77b65
[INFO] [stdout]                                at /rustc/53fd98ca776cb875bc9e5514f56b52eb74f9e7a9/library/std/src/sys/unix/thread.rs:74:17
[INFO] [stdout]   40:     0x7f786c55d609 - start_thread
[INFO] [stdout]   41:     0x7f786c32d293 - clone
[INFO] [stdout]   42:                0x0 - <unknown>
[INFO] [stdout] 
[INFO] [stdout] 
[INFO] [stdout] failures:
[INFO] [stdout]     tests::small_screen_2
[INFO] [stdout] 
[INFO] [stdout] test result: FAILED. 27 passed; 1 failed; 0 ignored; 0 measured; 0 filtered out; finished in 0.45s
[INFO] [stdout] 
[INFO] running `Command { std: "docker" "inspect" "80406a075da0f5c17bc8c44dc604e1c615eb231d24c3af0a7827e619be8bb935", kill_on_drop: false }`
[INFO] running `Command { std: "docker" "rm" "-f" "80406a075da0f5c17bc8c44dc604e1c615eb231d24c3af0a7827e619be8bb935", kill_on_drop: false }`
[INFO] [stdout] 80406a075da0f5c17bc8c44dc604e1c615eb231d24c3af0a7827e619be8bb935
