[INFO] fetching crate tokio-by-hand 0.0.0...
[INFO] testing tokio-by-hand-0.0.0 against beta-2021-08-01 for beta-1.55-1
[INFO] extracting crate tokio-by-hand 0.0.0 into /workspace/builds/worker-119/source
[INFO] validating manifest of crates.io crate tokio-by-hand 0.0.0 on toolchain beta-2021-08-01
[INFO] running `Command { std: "/workspace/cargo-home/bin/cargo" "+beta-2021-08-01" "metadata" "--manifest-path" "Cargo.toml" "--no-deps", kill_on_drop: false }`
[INFO] started tweaking crates.io crate tokio-by-hand 0.0.0
[INFO] finished tweaking crates.io crate tokio-by-hand 0.0.0
[INFO] tweaked toml for crates.io crate tokio-by-hand 0.0.0 written to /workspace/builds/worker-119/source/Cargo.toml
[INFO] running `Command { std: "/workspace/cargo-home/bin/cargo" "+beta-2021-08-01" "generate-lockfile" "--manifest-path" "Cargo.toml" "-Zno-index-update", kill_on_drop: false }`
[INFO] running `Command { std: "/workspace/cargo-home/bin/cargo" "+beta-2021-08-01" "fetch" "--manifest-path" "Cargo.toml", kill_on_drop: false }`
[INFO] [stderr]     Blocking waiting for file lock on package cache
[INFO] running `Command { std: "docker" "create" "-v" "/var/lib/crater-agent-workspace/builds/worker-119/target:/opt/rustwide/target:rw,Z" "-v" "/var/lib/crater-agent-workspace/builds/worker-119/source:/opt/rustwide/workdir:ro,Z" "-v" "/var/lib/crater-agent-workspace/cargo-home:/opt/rustwide/cargo-home:ro,Z" "-v" "/var/lib/crater-agent-workspace/rustup-home:/opt/rustwide/rustup-home:ro,Z" "-e" "SOURCE_DIR=/opt/rustwide/workdir" "-e" "CARGO_TARGET_DIR=/opt/rustwide/target" "-e" "CARGO_HOME=/opt/rustwide/cargo-home" "-e" "RUSTUP_HOME=/opt/rustwide/rustup-home" "-w" "/opt/rustwide/workdir" "-m" "1610612736" "--user" "0:0" "--network" "none" "ghcr.io/rust-lang/crates-build-env/linux@sha256:34b6a614d2c27851fe6cbf88fbd1137609cefab8b10d0615aaeb6fd47975d74e" "/opt/rustwide/cargo-home/bin/cargo" "+beta-2021-08-01" "metadata" "--no-deps" "--format-version=1", kill_on_drop: false }`
[INFO] [stdout] 5e249dfefb90450416ebcb3bd3609c818428f761e3e6dcf5cf971793cef76a24
[INFO] running `Command { std: "docker" "start" "-a" "5e249dfefb90450416ebcb3bd3609c818428f761e3e6dcf5cf971793cef76a24", kill_on_drop: false }`
[INFO] running `Command { std: "docker" "inspect" "5e249dfefb90450416ebcb3bd3609c818428f761e3e6dcf5cf971793cef76a24", kill_on_drop: false }`
[INFO] running `Command { std: "docker" "rm" "-f" "5e249dfefb90450416ebcb3bd3609c818428f761e3e6dcf5cf971793cef76a24", kill_on_drop: false }`
[INFO] [stdout] 5e249dfefb90450416ebcb3bd3609c818428f761e3e6dcf5cf971793cef76a24
[INFO] running `Command { std: "docker" "create" "-v" "/var/lib/crater-agent-workspace/builds/worker-119/target:/opt/rustwide/target:rw,Z" "-v" "/var/lib/crater-agent-workspace/builds/worker-119/source:/opt/rustwide/workdir:ro,Z" "-v" "/var/lib/crater-agent-workspace/cargo-home:/opt/rustwide/cargo-home:ro,Z" "-v" "/var/lib/crater-agent-workspace/rustup-home:/opt/rustwide/rustup-home:ro,Z" "-e" "SOURCE_DIR=/opt/rustwide/workdir" "-e" "CARGO_TARGET_DIR=/opt/rustwide/target" "-e" "CARGO_INCREMENTAL=0" "-e" "RUST_BACKTRACE=full" "-e" "RUSTFLAGS=--cap-lints=warn" "-e" "CARGO_HOME=/opt/rustwide/cargo-home" "-e" "RUSTUP_HOME=/opt/rustwide/rustup-home" "-w" "/opt/rustwide/workdir" "-m" "1610612736" "--user" "0:0" "--network" "none" "ghcr.io/rust-lang/crates-build-env/linux@sha256:34b6a614d2c27851fe6cbf88fbd1137609cefab8b10d0615aaeb6fd47975d74e" "/opt/rustwide/cargo-home/bin/cargo" "+beta-2021-08-01" "build" "--frozen" "--message-format=json", kill_on_drop: false }`
[INFO] [stdout] b0e6ec789fd1de951e812bbee8fa1015c5a9c6c139d86e258bfeb65fe805d68f
[INFO] running `Command { std: "docker" "start" "-a" "b0e6ec789fd1de951e812bbee8fa1015c5a9c6c139d86e258bfeb65fe805d68f", kill_on_drop: false }`
[INFO] [stderr]     Blocking waiting for file lock on package cache
[INFO] [stderr]     Blocking waiting for file lock on package cache
[INFO] [stderr]     Blocking waiting for file lock on package cache
[INFO] [stderr]    Compiling maybe-uninit v2.0.0
[INFO] [stderr]    Compiling futures v0.1.31
[INFO] [stderr]    Compiling slab v0.4.4
[INFO] [stderr]    Compiling byteorder v1.4.3
[INFO] [stderr]    Compiling scoped-tls v0.1.2
[INFO] [stderr]    Compiling crossbeam-utils v0.7.2
[INFO] [stderr]    Compiling memoffset v0.5.6
[INFO] [stderr]    Compiling crossbeam-epoch v0.8.2
[INFO] [stderr]    Compiling lock_api v0.3.4
[INFO] [stderr]    Compiling iovec v0.1.4
[INFO] [stderr]    Compiling parking_lot_core v0.6.2
[INFO] [stderr]    Compiling parking_lot v0.9.0
[INFO] [stderr]    Compiling net2 v0.2.37
[INFO] [stderr]    Compiling rand v0.3.23
[INFO] [stderr]    Compiling bytes v0.4.12
[INFO] [stderr]    Compiling mio v0.6.23
[INFO] [stderr]    Compiling smallvec v0.6.14
[INFO] [stderr]    Compiling mio-uds v0.6.8
[INFO] [stderr]    Compiling tokio-io v0.1.13
[INFO] [stderr]    Compiling tokio-sync v0.1.8
[INFO] [stderr]    Compiling tokio-executor v0.1.10
[INFO] [stderr]    Compiling crossbeam-queue v0.2.3
[INFO] [stderr]    Compiling tokio-timer v0.2.13
[INFO] [stderr]    Compiling tokio-current-thread v0.1.7
[INFO] [stderr]    Compiling tokio-reactor v0.1.12
[INFO] [stderr]    Compiling tokio-codec v0.1.2
[INFO] [stderr]    Compiling crossbeam-deque v0.7.4
[INFO] [stderr]    Compiling tokio-threadpool v0.1.18
[INFO] [stderr]    Compiling tokio-tcp v0.1.4
[INFO] [stderr]    Compiling tokio-uds v0.2.7
[INFO] [stderr]    Compiling tokio-udp v0.1.6
[INFO] [stderr]    Compiling tokio-fs v0.1.7
[INFO] [stderr]    Compiling tokio v0.1.22
[INFO] [stderr]    Compiling tokio-core v0.1.18
[INFO] [stderr]    Compiling tokio-by-hand v0.0.0 (/opt/rustwide/workdir)
[INFO] [stderr]     Finished dev [unoptimized + debuginfo] target(s) in 7.88s
[INFO] running `Command { std: "docker" "inspect" "b0e6ec789fd1de951e812bbee8fa1015c5a9c6c139d86e258bfeb65fe805d68f", kill_on_drop: false }`
[INFO] running `Command { std: "docker" "rm" "-f" "b0e6ec789fd1de951e812bbee8fa1015c5a9c6c139d86e258bfeb65fe805d68f", kill_on_drop: false }`
[INFO] [stdout] b0e6ec789fd1de951e812bbee8fa1015c5a9c6c139d86e258bfeb65fe805d68f
[INFO] running `Command { std: "docker" "create" "-v" "/var/lib/crater-agent-workspace/builds/worker-119/target:/opt/rustwide/target:rw,Z" "-v" "/var/lib/crater-agent-workspace/builds/worker-119/source:/opt/rustwide/workdir:ro,Z" "-v" "/var/lib/crater-agent-workspace/cargo-home:/opt/rustwide/cargo-home:ro,Z" "-v" "/var/lib/crater-agent-workspace/rustup-home:/opt/rustwide/rustup-home:ro,Z" "-e" "SOURCE_DIR=/opt/rustwide/workdir" "-e" "CARGO_TARGET_DIR=/opt/rustwide/target" "-e" "CARGO_INCREMENTAL=0" "-e" "RUST_BACKTRACE=full" "-e" "RUSTFLAGS=--cap-lints=warn" "-e" "CARGO_HOME=/opt/rustwide/cargo-home" "-e" "RUSTUP_HOME=/opt/rustwide/rustup-home" "-w" "/opt/rustwide/workdir" "-m" "1610612736" "--user" "0:0" "--network" "none" "ghcr.io/rust-lang/crates-build-env/linux@sha256:34b6a614d2c27851fe6cbf88fbd1137609cefab8b10d0615aaeb6fd47975d74e" "/opt/rustwide/cargo-home/bin/cargo" "+beta-2021-08-01" "test" "--frozen" "--no-run" "--message-format=json", kill_on_drop: false }`
[INFO] [stdout] b238342fc4a244dc049dcb5096906790d3fe5b4d5b4f5e9b73a80f2588fe17ed
[INFO] running `Command { std: "docker" "start" "-a" "b238342fc4a244dc049dcb5096906790d3fe5b4d5b4f5e9b73a80f2588fe17ed", kill_on_drop: false }`
[INFO] [stderr]     Blocking waiting for file lock on package cache
[INFO] [stderr]    Compiling tokio-by-hand v0.0.0 (/opt/rustwide/workdir)
[INFO] [stdout] warning: unused `futures::stream::Take` in tuple element 0 that must be used
[INFO] [stdout]   --> src/standard/instant_series.rs:91:7
[INFO] [stdout]    |
[INFO] [stdout] 91 |       producer.forward(consumer).wait().unwrap();
[INFO] [stdout]    |       ^^^^^^^^^^^^^^^^^^^^^^^^^^^^^^^^^^^^^^^^^^^
[INFO] [stdout]    |
[INFO] [stdout]    = note: `#[warn(unused_must_use)]` on by default
[INFO] [stdout]    = note: streams do nothing unless polled
[INFO] [stdout] 
[INFO] [stdout] 
[INFO] [stdout] warning: unused `futures::stream::Take` in tuple element 0 that must be used
[INFO] [stdout]   --> src/standard/delayed_series.rs:73:5
[INFO] [stdout]    |
[INFO] [stdout] 73 |     core.run(producer.forward(consumer)).unwrap();
[INFO] [stdout]    |     ^^^^^^^^^^^^^^^^^^^^^^^^^^^^^^^^^^^^^^^^^^^^^^
[INFO] [stdout]    |
[INFO] [stdout]    = note: streams do nothing unless polled
[INFO] [stdout] 
[INFO] [stdout] 
[INFO] [stdout] warning: unused `futures::stream::Take` in tuple element 0 that must be used
[INFO] [stdout]   --> src/standard/delayed_series.rs:87:5
[INFO] [stdout]    |
[INFO] [stdout] 87 |     core.run(producer.forward(consumer)).unwrap();
[INFO] [stdout]    |     ^^^^^^^^^^^^^^^^^^^^^^^^^^^^^^^^^^^^^^^^^^^^^^
[INFO] [stdout]    |
[INFO] [stdout]    = note: streams do nothing unless polled
[INFO] [stdout] 
[INFO] [stdout] 
[INFO] [stdout] warning: unused `futures::stream::Take` in tuple element 0 that must be used
[INFO] [stdout]    --> src/standard/delayed_series.rs:102:5
[INFO] [stdout]     |
[INFO] [stdout] 102 |     core.run(producer.forward(consumer)).unwrap();
[INFO] [stdout]     |     ^^^^^^^^^^^^^^^^^^^^^^^^^^^^^^^^^^^^^^^^^^^^^^
[INFO] [stdout]     |
[INFO] [stdout]     = note: streams do nothing unless polled
[INFO] [stdout] 
[INFO] [stdout] 
[INFO] [stdout] warning: unused `futures::stream::Take` in tuple element 0 that must be used
[INFO] [stdout]   --> src/standard/buffered.rs:67:5
[INFO] [stdout]    |
[INFO] [stdout] 67 |     core.run(producer.forward(consumer)).unwrap();
[INFO] [stdout]    |     ^^^^^^^^^^^^^^^^^^^^^^^^^^^^^^^^^^^^^^^^^^^^^^
[INFO] [stdout]    |
[INFO] [stdout]    = note: streams do nothing unless polled
[INFO] [stdout] 
[INFO] [stdout] 
[INFO] [stdout] warning: unused `futures::stream::Take` in tuple element 0 that must be used
[INFO] [stdout]    --> src/extended/instant_series.rs:115:7
[INFO] [stdout]     |
[INFO] [stdout] 115 |       producer.forward(consumer).wait().unwrap();
[INFO] [stdout]     |       ^^^^^^^^^^^^^^^^^^^^^^^^^^^^^^^^^^^^^^^^^^^
[INFO] [stdout]     |
[INFO] [stdout]     = note: streams do nothing unless polled
[INFO] [stdout] 
[INFO] [stdout] 
[INFO] [stdout] warning: unused `futures::stream::Take` in tuple element 0 that must be used
[INFO] [stdout]   --> src/extended/delayed_series.rs:98:5
[INFO] [stdout]    |
[INFO] [stdout] 98 |     core.run(producer.forward(consumer)).unwrap();
[INFO] [stdout]    |     ^^^^^^^^^^^^^^^^^^^^^^^^^^^^^^^^^^^^^^^^^^^^^^
[INFO] [stdout]    |
[INFO] [stdout]    = note: streams do nothing unless polled
[INFO] [stdout] 
[INFO] [stdout] 
[INFO] [stdout] warning: unused `futures::stream::Take` in tuple element 0 that must be used
[INFO] [stdout]    --> src/extended/delayed_series.rs:112:5
[INFO] [stdout]     |
[INFO] [stdout] 112 |     core.run(producer.forward(consumer)).unwrap();
[INFO] [stdout]     |     ^^^^^^^^^^^^^^^^^^^^^^^^^^^^^^^^^^^^^^^^^^^^^^
[INFO] [stdout]     |
[INFO] [stdout]     = note: streams do nothing unless polled
[INFO] [stdout] 
[INFO] [stdout] 
[INFO] [stdout] warning: unused `futures::stream::Take` in tuple element 0 that must be used
[INFO] [stdout]    --> src/extended/delayed_series.rs:127:5
[INFO] [stdout]     |
[INFO] [stdout] 127 |     core.run(producer.forward(consumer)).unwrap();
[INFO] [stdout]     |     ^^^^^^^^^^^^^^^^^^^^^^^^^^^^^^^^^^^^^^^^^^^^^^
[INFO] [stdout]     |
[INFO] [stdout]     = note: streams do nothing unless polled
[INFO] [stdout] 
[INFO] [stdout] 
[INFO] [stdout] warning: unused `futures::stream::Take` in tuple element 0 that must be used
[INFO] [stdout]   --> src/extended/buffered.rs:90:5
[INFO] [stdout]    |
[INFO] [stdout] 90 |     core.run(producer.forward(consumer)).unwrap();
[INFO] [stdout]    |     ^^^^^^^^^^^^^^^^^^^^^^^^^^^^^^^^^^^^^^^^^^^^^^
[INFO] [stdout]    |
[INFO] [stdout]    = note: streams do nothing unless polled
[INFO] [stdout] 
[INFO] [stdout] 
[INFO] [stdout] warning: unused `futures::stream::Map` in tuple element 0 that must be used
[INFO] [stdout]    --> src/extended/adapter.rs:130:5
[INFO] [stdout]     |
[INFO] [stdout] 130 | /     stream
[INFO] [stdout] 131 | |       .take(7)
[INFO] [stdout] 132 | |       .inspect(|x| println!("from stream: {:?}", x))
[INFO] [stdout] 133 | |       .map(|x| Outgoing(x.0))
[INFO] [stdout] 134 | |       .forward(sink).wait().unwrap();
[INFO] [stdout]     | |_____________________________________^
[INFO] [stdout]     |
[INFO] [stdout]     = note: streams do nothing unless polled
[INFO] [stdout] 
[INFO] [stdout] 
[INFO] [stdout] warning: 11 warnings emitted
[INFO] [stdout] 
[INFO] [stdout] 
[INFO] [stderr]     Finished test [unoptimized + debuginfo] target(s) in 4.72s
[INFO] running `Command { std: "docker" "inspect" "b238342fc4a244dc049dcb5096906790d3fe5b4d5b4f5e9b73a80f2588fe17ed", kill_on_drop: false }`
[INFO] running `Command { std: "docker" "rm" "-f" "b238342fc4a244dc049dcb5096906790d3fe5b4d5b4f5e9b73a80f2588fe17ed", kill_on_drop: false }`
[INFO] [stdout] b238342fc4a244dc049dcb5096906790d3fe5b4d5b4f5e9b73a80f2588fe17ed
[INFO] running `Command { std: "docker" "create" "-v" "/var/lib/crater-agent-workspace/builds/worker-119/target:/opt/rustwide/target:rw,Z" "-v" "/var/lib/crater-agent-workspace/builds/worker-119/source:/opt/rustwide/workdir:ro,Z" "-v" "/var/lib/crater-agent-workspace/cargo-home:/opt/rustwide/cargo-home:ro,Z" "-v" "/var/lib/crater-agent-workspace/rustup-home:/opt/rustwide/rustup-home:ro,Z" "-e" "SOURCE_DIR=/opt/rustwide/workdir" "-e" "CARGO_TARGET_DIR=/opt/rustwide/target" "-e" "CARGO_INCREMENTAL=0" "-e" "RUST_BACKTRACE=full" "-e" "RUSTFLAGS=--cap-lints=warn" "-e" "CARGO_HOME=/opt/rustwide/cargo-home" "-e" "RUSTUP_HOME=/opt/rustwide/rustup-home" "-w" "/opt/rustwide/workdir" "-m" "1610612736" "--user" "0:0" "--network" "none" "ghcr.io/rust-lang/crates-build-env/linux@sha256:34b6a614d2c27851fe6cbf88fbd1137609cefab8b10d0615aaeb6fd47975d74e" "/opt/rustwide/cargo-home/bin/cargo" "+beta-2021-08-01" "test" "--frozen", kill_on_drop: false }`
[INFO] [stdout] 626a6b36e37573d1ec807d325ae297114c289a4c8b8d6904a402db4e02df3e31
[INFO] running `Command { std: "docker" "start" "-a" "626a6b36e37573d1ec807d325ae297114c289a4c8b8d6904a402db4e02df3e31", kill_on_drop: false }`
[INFO] [stderr] warning: unused `futures::stream::Take` in tuple element 0 that must be used
[INFO] [stderr]   --> src/standard/instant_series.rs:91:7
[INFO] [stderr]    |
[INFO] [stderr] 91 |       producer.forward(consumer).wait().unwrap();
[INFO] [stderr]    |       ^^^^^^^^^^^^^^^^^^^^^^^^^^^^^^^^^^^^^^^^^^^
[INFO] [stderr]    |
[INFO] [stderr]    = note: `#[warn(unused_must_use)]` on by default
[INFO] [stderr]    = note: streams do nothing unless polled
[INFO] [stderr] 
[INFO] [stderr] warning: unused `futures::stream::Take` in tuple element 0 that must be used
[INFO] [stderr]   --> src/standard/delayed_series.rs:73:5
[INFO] [stderr]    |
[INFO] [stderr] 73 |     core.run(producer.forward(consumer)).unwrap();
[INFO] [stderr]    |     ^^^^^^^^^^^^^^^^^^^^^^^^^^^^^^^^^^^^^^^^^^^^^^
[INFO] [stderr]    |
[INFO] [stderr]    = note: streams do nothing unless polled
[INFO] [stderr] 
[INFO] [stderr] warning: unused `futures::stream::Take` in tuple element 0 that must be used
[INFO] [stderr]   --> src/standard/delayed_series.rs:87:5
[INFO] [stderr]    |
[INFO] [stderr] 87 |     core.run(producer.forward(consumer)).unwrap();
[INFO] [stderr]    |     ^^^^^^^^^^^^^^^^^^^^^^^^^^^^^^^^^^^^^^^^^^^^^^
[INFO] [stderr]    |
[INFO] [stderr]    = note: streams do nothing unless polled
[INFO] [stderr] 
[INFO] [stderr] warning: unused `futures::stream::Take` in tuple element 0 that must be used
[INFO] [stderr]    --> src/standard/delayed_series.rs:102:5
[INFO] [stderr]     |
[INFO] [stderr] 102 |     core.run(producer.forward(consumer)).unwrap();
[INFO] [stderr]     |     ^^^^^^^^^^^^^^^^^^^^^^^^^^^^^^^^^^^^^^^^^^^^^^
[INFO] [stderr]     |
[INFO] [stderr]     = note: streams do nothing unless polled
[INFO] [stderr] 
[INFO] [stderr] warning: unused `futures::stream::Take` in tuple element 0 that must be used
[INFO] [stderr]   --> src/standard/buffered.rs:67:5
[INFO] [stderr]    |
[INFO] [stderr] 67 |     core.run(producer.forward(consumer)).unwrap();
[INFO] [stderr]    |     ^^^^^^^^^^^^^^^^^^^^^^^^^^^^^^^^^^^^^^^^^^^^^^
[INFO] [stderr]    |
[INFO] [stderr]    = note: streams do nothing unless polled
[INFO] [stderr] 
[INFO] [stderr] warning: unused `futures::stream::Take` in tuple element 0 that must be used
[INFO] [stderr]    --> src/extended/instant_series.rs:115:7
[INFO] [stderr]     |
[INFO] [stderr] 115 |       producer.forward(consumer).wait().unwrap();
[INFO] [stderr]     |       ^^^^^^^^^^^^^^^^^^^^^^^^^^^^^^^^^^^^^^^^^^^
[INFO] [stderr]     |
[INFO] [stderr]     = note: streams do nothing unless polled
[INFO] [stderr] 
[INFO] [stderr] warning: unused `futures::stream::Take` in tuple element 0 that must be used
[INFO] [stderr]   --> src/extended/delayed_series.rs:98:5
[INFO] [stderr]    |
[INFO] [stderr] 98 |     core.run(producer.forward(consumer)).unwrap();
[INFO] [stderr]    |     ^^^^^^^^^^^^^^^^^^^^^^^^^^^^^^^^^^^^^^^^^^^^^^
[INFO] [stderr]    |
[INFO] [stderr]    = note: streams do nothing unless polled
[INFO] [stderr] 
[INFO] [stderr] warning: unused `futures::stream::Take` in tuple element 0 that must be used
[INFO] [stderr]    --> src/extended/delayed_series.rs:112:5
[INFO] [stderr]     |
[INFO] [stderr] 112 |     core.run(producer.forward(consumer)).unwrap();
[INFO] [stderr]     |     ^^^^^^^^^^^^^^^^^^^^^^^^^^^^^^^^^^^^^^^^^^^^^^
[INFO] [stderr]     |
[INFO] [stderr]     = note: streams do nothing unless polled
[INFO] [stderr] 
[INFO] [stderr] warning: unused `futures::stream::Take` in tuple element 0 that must be used
[INFO] [stderr]    --> src/extended/delayed_series.rs:127:5
[INFO] [stderr]     |
[INFO] [stderr] 127 |     core.run(producer.forward(consumer)).unwrap();
[INFO] [stderr]     |     ^^^^^^^^^^^^^^^^^^^^^^^^^^^^^^^^^^^^^^^^^^^^^^
[INFO] [stderr]     |
[INFO] [stderr]     = note: streams do nothing unless polled
[INFO] [stderr] 
[INFO] [stderr] warning: unused `futures::stream::Take` in tuple element 0 that must be used
[INFO] [stderr]   --> src/extended/buffered.rs:90:5
[INFO] [stderr]    |
[INFO] [stderr] 90 |     core.run(producer.forward(consumer)).unwrap();
[INFO] [stderr]    |     ^^^^^^^^^^^^^^^^^^^^^^^^^^^^^^^^^^^^^^^^^^^^^^
[INFO] [stderr]    |
[INFO] [stderr]    = note: streams do nothing unless polled
[INFO] [stderr] 
[INFO] [stderr] warning: unused `futures::stream::Map` in tuple element 0 that must be used
[INFO] [stderr]    --> src/extended/adapter.rs:130:5
[INFO] [stderr]     |
[INFO] [stderr] 130 | /     stream
[INFO] [stderr] 131 | |       .take(7)
[INFO] [stderr] 132 | |       .inspect(|x| println!("from stream: {:?}", x))
[INFO] [stderr] 133 | |       .map(|x| Outgoing(x.0))
[INFO] [stderr] 134 | |       .forward(sink).wait().unwrap();
[INFO] [stderr]     | |_____________________________________^
[INFO] [stderr]     |
[INFO] [stderr]     = note: streams do nothing unless polled
[INFO] [stderr] 
[INFO] [stderr] warning: `tokio-by-hand` (lib test) generated 11 warnings
[INFO] [stderr]     Finished test [unoptimized + debuginfo] target(s) in 0.25s
[INFO] [stderr]      Running unittests (/opt/rustwide/target/debug/deps/tokio_by_hand-5f7c03f963caa3da)
[INFO] [stdout] 
[INFO] [stdout] running 29 tests
[INFO] [stdout] test extended::instant::tests::consumer_completes_quickly ... ok
[INFO] [stdout] test standard::instant::tests::producer_completes_quickly ... ok
[INFO] [stdout] test standard::instant::tests::consumer_completes_quickly ... ok
[INFO] [stdout] test extended::instant_series::tests::producer_returns_all_values ... ok
[INFO] [stdout] test extended::instant::tests::producer_returns_all_values ... ok
[INFO] [stdout] test extended::instant::tests::producer_completes_quickly ... ok
[INFO] [stdout] test standard::instant::tests::producer_returns_all_values ... ok
[INFO] [stdout] test standard::instant_series::tests::producer_returns_all_values ... ok
[INFO] [stdout] test standard::instant_series::tests::forward_to_consumer ... ok
[INFO] [stdout] test extended::instant_series::tests::forward_to_consumer ... ok
[INFO] [stdout] test standard::sleeper::tests::with_wait ... ok
[INFO] [stdout] test extended::sleeper::tests::with_wait ... ok
[INFO] [stdout] test extended::sleeper::tests::with_core ... ok
[INFO] [stdout] test standard::delayed::tests::producer_completes_in_about_one_second ... ok
[INFO] [stdout] test standard::delayed::tests::consumer_completes_in_about_one_second ... ok
[INFO] [stdout] test extended::delayed::tests::consumer_completes_in_about_one_second ... ok
[INFO] [stdout] test standard::sleeper::tests::with_core ... ok
[INFO] [stdout] test extended::delayed::tests::producer_completes_in_about_one_second ... ok
[INFO] [stdout] test extended::delayed::tests::producer_returns_all_values ... ok
[INFO] [stdout] test standard::delayed::tests::producer_returns_all_values ... ok
[INFO] [stdout] test standard::delayed_series::tests::values_take_one_second_to_produce ... ok
[INFO] [stdout] test standard::delayed_series::tests::production_and_consumption_are_concurrent ... ok
[INFO] [stdout] test standard::delayed_series::tests::values_take_one_second_to_consume ... ok
[INFO] [stdout] test extended::delayed_series::tests::values_take_one_second_to_produce ... FAILED
[INFO] [stdout] test extended::delayed_series::tests::values_take_one_second_to_consume ... FAILED
[INFO] [stdout] test standard::buffered::tests::production_and_consumption_are_concurrent ... ok
[INFO] [stdout] test extended::delayed_series::tests::production_and_consumption_are_concurrent ... ok
[INFO] [stdout] test extended::buffered::tests::production_and_consumption_are_concurrent ... ok
[INFO] [stdout] test extended::adapter::tests::basic ... ok
[INFO] [stdout] 
[INFO] [stdout] failures:
[INFO] [stdout] 
[INFO] [stdout] ---- extended::delayed_series::tests::values_take_one_second_to_produce stdout ----
[INFO] [stdout] thread 'extended::delayed_series::tests::values_take_one_second_to_produce' panicked at 'assertion failed: elapsed < Duration::new(5, 500_000_000)', src/extended/delayed_series.rs:101:5
[INFO] [stdout] stack backtrace:
[INFO] [stdout]    0:     0x55e12cc21370 - std::backtrace_rs::backtrace::libunwind::trace::hff4d1766e93f64f1
[INFO] [stdout]                                at /rustc/53fd98ca776cb875bc9e5514f56b52eb74f9e7a9/library/std/src/../../backtrace/src/backtrace/libunwind.rs:90:5
[INFO] [stdout]    1:     0x55e12cc21370 - std::backtrace_rs::backtrace::trace_unsynchronized::h56bbc8eb78770bcb
[INFO] [stdout]                                at /rustc/53fd98ca776cb875bc9e5514f56b52eb74f9e7a9/library/std/src/../../backtrace/src/backtrace/mod.rs:66:5
[INFO] [stdout]    2:     0x55e12cc21370 - std::sys_common::backtrace::_print_fmt::h5c8e75464faca780
[INFO] [stdout]                                at /rustc/53fd98ca776cb875bc9e5514f56b52eb74f9e7a9/library/std/src/sys_common/backtrace.rs:67:5
[INFO] [stdout]    3:     0x55e12cc21370 - <std::sys_common::backtrace::_print::DisplayBacktrace as core::fmt::Display>::fmt::h48b88277def8b362
[INFO] [stdout]                                at /rustc/53fd98ca776cb875bc9e5514f56b52eb74f9e7a9/library/std/src/sys_common/backtrace.rs:46:22
[INFO] [stdout]    4:     0x55e12cc43dac - core::fmt::write::h3381b3176fe2b3d3
[INFO] [stdout]                                at /rustc/53fd98ca776cb875bc9e5514f56b52eb74f9e7a9/library/core/src/fmt/mod.rs:1115:17
[INFO] [stdout]    5:     0x55e12cc1dea5 - std::io::Write::write_fmt::h5f34a676f60246b5
[INFO] [stdout]                                at /rustc/53fd98ca776cb875bc9e5514f56b52eb74f9e7a9/library/std/src/io/mod.rs:1665:15
[INFO] [stdout]    6:     0x55e12cc2355b - std::sys_common::backtrace::_print::ha537687d6c17dd0d
[INFO] [stdout]                                at /rustc/53fd98ca776cb875bc9e5514f56b52eb74f9e7a9/library/std/src/sys_common/backtrace.rs:49:5
[INFO] [stdout]    7:     0x55e12cc2355b - std::sys_common::backtrace::print::h61376ae57d131d72
[INFO] [stdout]                                at /rustc/53fd98ca776cb875bc9e5514f56b52eb74f9e7a9/library/std/src/sys_common/backtrace.rs:36:9
[INFO] [stdout]    8:     0x55e12cc2355b - std::panicking::default_hook::{{closure}}::h0f7208c0b9644a54
[INFO] [stdout]                                at /rustc/53fd98ca776cb875bc9e5514f56b52eb74f9e7a9/library/std/src/panicking.rs:208:50
[INFO] [stdout]    9:     0x55e12cc2306c - std::panicking::default_hook::hdac7fc06578c14ce
[INFO] [stdout]                                at /rustc/53fd98ca776cb875bc9e5514f56b52eb74f9e7a9/library/std/src/panicking.rs:222:9
[INFO] [stdout]   10:     0x55e12cc23c24 - std::panicking::rust_panic_with_hook::h72b21c283da3d1ef
[INFO] [stdout]                                at /rustc/53fd98ca776cb875bc9e5514f56b52eb74f9e7a9/library/std/src/panicking.rs:622:17
[INFO] [stdout]   11:     0x55e12cc236d7 - std::panicking::begin_panic_handler::{{closure}}::he5778f1729cff84a
[INFO] [stdout]                                at /rustc/53fd98ca776cb875bc9e5514f56b52eb74f9e7a9/library/std/src/panicking.rs:517:13
[INFO] [stdout]   12:     0x55e12cc2184c - std::sys_common::backtrace::__rust_end_short_backtrace::h2d11ca8b453b4b1d
[INFO] [stdout]                                at /rustc/53fd98ca776cb875bc9e5514f56b52eb74f9e7a9/library/std/src/sys_common/backtrace.rs:141:18
[INFO] [stdout]   13:     0x55e12cc23669 - rust_begin_unwind
[INFO] [stdout]                                at /rustc/53fd98ca776cb875bc9e5514f56b52eb74f9e7a9/library/std/src/panicking.rs:515:5
[INFO] [stdout]   14:     0x55e12ca68431 - core::panicking::panic_fmt::hf9de31d4acbce4db
[INFO] [stdout]                                at /rustc/53fd98ca776cb875bc9e5514f56b52eb74f9e7a9/library/core/src/panicking.rs:92:14
[INFO] [stdout]   15:     0x55e12ca6837d - core::panicking::panic::h8a6bc58a21c6c095
[INFO] [stdout]                                at /rustc/53fd98ca776cb875bc9e5514f56b52eb74f9e7a9/library/core/src/panicking.rs:50:5
[INFO] [stdout]   16:     0x55e12ca793f3 - tokio_by_hand::extended::delayed_series::tests::values_take_one_second_to_produce::h8e5514d827b42ae3
[INFO] [stdout]                                at /opt/rustwide/workdir/src/extended/delayed_series.rs:101:5
[INFO] [stdout]   17:     0x55e12ca791ba - tokio_by_hand::extended::delayed_series::tests::values_take_one_second_to_produce::{{closure}}::h00840261c251cd6f
[INFO] [stdout]                                at /opt/rustwide/workdir/src/extended/delayed_series.rs:93:3
[INFO] [stdout]   18:     0x55e12cab9a3e - core::ops::function::FnOnce::call_once::h89157289c418b3e4
[INFO] [stdout]                                at /rustc/53fd98ca776cb875bc9e5514f56b52eb74f9e7a9/library/core/src/ops/function.rs:227:5
[INFO] [stdout]   19:     0x55e12cafd193 - core::ops::function::FnOnce::call_once::hbb52c4519d3137b0
[INFO] [stdout]                                at /rustc/53fd98ca776cb875bc9e5514f56b52eb74f9e7a9/library/core/src/ops/function.rs:227:5
[INFO] [stdout]   20:     0x55e12cafd193 - test::__rust_begin_short_backtrace::h86fe3a2a5a5121af
[INFO] [stdout]                                at /rustc/53fd98ca776cb875bc9e5514f56b52eb74f9e7a9/library/test/src/lib.rs:578:5
[INFO] [stdout]   21:     0x55e12cafbc48 - <alloc::boxed::Box<F,A> as core::ops::function::FnOnce<Args>>::call_once::hfd956bc3d57399be
[INFO] [stdout]                                at /rustc/53fd98ca776cb875bc9e5514f56b52eb74f9e7a9/library/alloc/src/boxed.rs:1572:9
[INFO] [stdout]   22:     0x55e12cafbc48 - <std::panic::AssertUnwindSafe<F> as core::ops::function::FnOnce<()>>::call_once::h40dc93e0ddb5938a
[INFO] [stdout]                                at /rustc/53fd98ca776cb875bc9e5514f56b52eb74f9e7a9/library/std/src/panic.rs:347:9
[INFO] [stdout]   23:     0x55e12cafbc48 - std::panicking::try::do_call::h90d07750cb47c562
[INFO] [stdout]                                at /rustc/53fd98ca776cb875bc9e5514f56b52eb74f9e7a9/library/std/src/panicking.rs:401:40
[INFO] [stdout]   24:     0x55e12cafbc48 - std::panicking::try::h063c84733ad2a629
[INFO] [stdout]                                at /rustc/53fd98ca776cb875bc9e5514f56b52eb74f9e7a9/library/std/src/panicking.rs:365:19
[INFO] [stdout]   25:     0x55e12cafbc48 - std::panic::catch_unwind::h0c464836a84e7c08
[INFO] [stdout]                                at /rustc/53fd98ca776cb875bc9e5514f56b52eb74f9e7a9/library/std/src/panic.rs:434:14
[INFO] [stdout]   26:     0x55e12cafbc48 - test::run_test_in_process::h5cb06ef620b157fc
[INFO] [stdout]                                at /rustc/53fd98ca776cb875bc9e5514f56b52eb74f9e7a9/library/test/src/lib.rs:601:18
[INFO] [stdout]   27:     0x55e12cafbc48 - test::run_test::run_test_inner::{{closure}}::h76f677f4b93f9828
[INFO] [stdout]                                at /rustc/53fd98ca776cb875bc9e5514f56b52eb74f9e7a9/library/test/src/lib.rs:493:39
[INFO] [stdout]   28:     0x55e12caca3dd - test::run_test::run_test_inner::{{closure}}::h366d01fe04f4d67a
[INFO] [stdout]                                at /rustc/53fd98ca776cb875bc9e5514f56b52eb74f9e7a9/library/test/src/lib.rs:520:37
[INFO] [stdout]   29:     0x55e12caca3dd - std::sys_common::backtrace::__rust_begin_short_backtrace::h7dfa0de4eb395af2
[INFO] [stdout]                                at /rustc/53fd98ca776cb875bc9e5514f56b52eb74f9e7a9/library/std/src/sys_common/backtrace.rs:125:18
[INFO] [stdout]   30:     0x55e12caceba8 - std::thread::Builder::spawn_unchecked::{{closure}}::{{closure}}::hf0a74bb58798037f
[INFO] [stdout]                                at /rustc/53fd98ca776cb875bc9e5514f56b52eb74f9e7a9/library/std/src/thread/mod.rs:476:17
[INFO] [stdout]   31:     0x55e12caceba8 - <std::panic::AssertUnwindSafe<F> as core::ops::function::FnOnce<()>>::call_once::hb024e854818586ac
[INFO] [stdout]                                at /rustc/53fd98ca776cb875bc9e5514f56b52eb74f9e7a9/library/std/src/panic.rs:347:9
[INFO] [stdout]   32:     0x55e12caceba8 - std::panicking::try::do_call::hb2dd9f1d0d48e41d
[INFO] [stdout]                                at /rustc/53fd98ca776cb875bc9e5514f56b52eb74f9e7a9/library/std/src/panicking.rs:401:40
[INFO] [stdout]   33:     0x55e12caceba8 - std::panicking::try::h4717ae7bac8b2bf3
[INFO] [stdout]                                at /rustc/53fd98ca776cb875bc9e5514f56b52eb74f9e7a9/library/std/src/panicking.rs:365:19
[INFO] [stdout]   34:     0x55e12caceba8 - std::panic::catch_unwind::h0dc8a061326ce8d8
[INFO] [stdout]                                at /rustc/53fd98ca776cb875bc9e5514f56b52eb74f9e7a9/library/std/src/panic.rs:434:14
[INFO] [stdout]   35:     0x55e12caceba8 - std::thread::Builder::spawn_unchecked::{{closure}}::haa369e2d6fd00aa1
[INFO] [stdout]                                at /rustc/53fd98ca776cb875bc9e5514f56b52eb74f9e7a9/library/std/src/thread/mod.rs:475:30
[INFO] [stdout]   36:     0x55e12caceba8 - core::ops::function::FnOnce::call_once{{vtable.shim}}::h36dcf3de8b056f17
[INFO] [stdout]                                at /rustc/53fd98ca776cb875bc9e5514f56b52eb74f9e7a9/library/core/src/ops/function.rs:227:5
[INFO] [stdout]   37:     0x55e12cc28997 - <alloc::boxed::Box<F,A> as core::ops::function::FnOnce<Args>>::call_once::h65c29e4642be2358
[INFO] [stdout]                                at /rustc/53fd98ca776cb875bc9e5514f56b52eb74f9e7a9/library/alloc/src/boxed.rs:1572:9
[INFO] [stdout]   38:     0x55e12cc28997 - <alloc::boxed::Box<F,A> as core::ops::function::FnOnce<Args>>::call_once::hd0f8f7fbbd9fffbf
[INFO] [stdout]                                at /rustc/53fd98ca776cb875bc9e5514f56b52eb74f9e7a9/library/alloc/src/boxed.rs:1572:9
[INFO] [stdout]   39:     0x55e12cc28997 - std::sys::unix::thread::Thread::new::thread_start::h2fd22fee3ca77b65
[INFO] [stdout]                                at /rustc/53fd98ca776cb875bc9e5514f56b52eb74f9e7a9/library/std/src/sys/unix/thread.rs:74:17
[INFO] [stdout]   40:     0x7fdadcbb4609 - start_thread
[INFO] [stdout]   41:     0x7fdadc986293 - clone
[INFO] [stdout]   42:                0x0 - <unknown>
[INFO] [stdout] 
[INFO] [stdout] ---- extended::delayed_series::tests::values_take_one_second_to_consume stdout ----
[INFO] [stdout] thread 'extended::delayed_series::tests::values_take_one_second_to_consume' panicked at 'assertion failed: elapsed < Duration::new(5, 500_000_000)', src/extended/delayed_series.rs:115:5
[INFO] [stdout] stack backtrace:
[INFO] [stdout]    0:     0x55e12cc21370 - std::backtrace_rs::backtrace::libunwind::trace::hff4d1766e93f64f1
[INFO] [stdout]                                at /rustc/53fd98ca776cb875bc9e5514f56b52eb74f9e7a9/library/std/src/../../backtrace/src/backtrace/libunwind.rs:90:5
[INFO] [stdout]    1:     0x55e12cc21370 - std::backtrace_rs::backtrace::trace_unsynchronized::h56bbc8eb78770bcb
[INFO] [stdout]                                at /rustc/53fd98ca776cb875bc9e5514f56b52eb74f9e7a9/library/std/src/../../backtrace/src/backtrace/mod.rs:66:5
[INFO] [stdout]    2:     0x55e12cc21370 - std::sys_common::backtrace::_print_fmt::h5c8e75464faca780
[INFO] [stdout]                                at /rustc/53fd98ca776cb875bc9e5514f56b52eb74f9e7a9/library/std/src/sys_common/backtrace.rs:67:5
[INFO] [stdout]    3:     0x55e12cc21370 - <std::sys_common::backtrace::_print::DisplayBacktrace as core::fmt::Display>::fmt::h48b88277def8b362
[INFO] [stdout]                                at /rustc/53fd98ca776cb875bc9e5514f56b52eb74f9e7a9/library/std/src/sys_common/backtrace.rs:46:22
[INFO] [stdout]    4:     0x55e12cc43dac - core::fmt::write::h3381b3176fe2b3d3
[INFO] [stdout]                                at /rustc/53fd98ca776cb875bc9e5514f56b52eb74f9e7a9/library/core/src/fmt/mod.rs:1115:17
[INFO] [stdout]    5:     0x55e12cc1dea5 - std::io::Write::write_fmt::h5f34a676f60246b5
[INFO] [stdout]                                at /rustc/53fd98ca776cb875bc9e5514f56b52eb74f9e7a9/library/std/src/io/mod.rs:1665:15
[INFO] [stdout]    6:     0x55e12cc2355b - std::sys_common::backtrace::_print::ha537687d6c17dd0d
[INFO] [stdout]                                at /rustc/53fd98ca776cb875bc9e5514f56b52eb74f9e7a9/library/std/src/sys_common/backtrace.rs:49:5
[INFO] [stdout]    7:     0x55e12cc2355b - std::sys_common::backtrace::print::h61376ae57d131d72
[INFO] [stdout]                                at /rustc/53fd98ca776cb875bc9e5514f56b52eb74f9e7a9/library/std/src/sys_common/backtrace.rs:36:9
[INFO] [stdout]    8:     0x55e12cc2355b - std::panicking::default_hook::{{closure}}::h0f7208c0b9644a54
[INFO] [stdout]                                at /rustc/53fd98ca776cb875bc9e5514f56b52eb74f9e7a9/library/std/src/panicking.rs:208:50
[INFO] [stdout]    9:     0x55e12cc2306c - std::panicking::default_hook::hdac7fc06578c14ce
[INFO] [stdout]                                at /rustc/53fd98ca776cb875bc9e5514f56b52eb74f9e7a9/library/std/src/panicking.rs:222:9
[INFO] [stdout]   10:     0x55e12cc23c24 - std::panicking::rust_panic_with_hook::h72b21c283da3d1ef
[INFO] [stdout]                                at /rustc/53fd98ca776cb875bc9e5514f56b52eb74f9e7a9/library/std/src/panicking.rs:622:17
[INFO] [stdout]   11:     0x55e12cc236d7 - std::panicking::begin_panic_handler::{{closure}}::he5778f1729cff84a
[INFO] [stdout]                                at /rustc/53fd98ca776cb875bc9e5514f56b52eb74f9e7a9/library/std/src/panicking.rs:517:13
[INFO] [stdout]   12:     0x55e12cc2184c - std::sys_common::backtrace::__rust_end_short_backtrace::h2d11ca8b453b4b1d
[INFO] [stdout]                                at /rustc/53fd98ca776cb875bc9e5514f56b52eb74f9e7a9/library/std/src/sys_common/backtrace.rs:141:18
[INFO] [stdout]   13:     0x55e12cc23669 - rust_begin_unwind
[INFO] [stdout]                                at /rustc/53fd98ca776cb875bc9e5514f56b52eb74f9e7a9/library/std/src/panicking.rs:515:5
[INFO] [stdout]   14:     0x55e12ca68431 - core::panicking::panic_fmt::hf9de31d4acbce4db
[INFO] [stdout]                                at /rustc/53fd98ca776cb875bc9e5514f56b52eb74f9e7a9/library/core/src/panicking.rs:92:14
[INFO] [stdout]   15:     0x55e12ca6837d - core::panicking::panic::h8a6bc58a21c6c095
[INFO] [stdout]                                at /rustc/53fd98ca776cb875bc9e5514f56b52eb74f9e7a9/library/core/src/panicking.rs:50:5
[INFO] [stdout]   16:     0x55e12ca796a7 - tokio_by_hand::extended::delayed_series::tests::values_take_one_second_to_consume::h751fa1db8bf076f8
[INFO] [stdout]                                at /opt/rustwide/workdir/src/extended/delayed_series.rs:115:5
[INFO] [stdout]   17:     0x55e12ca7948a - tokio_by_hand::extended::delayed_series::tests::values_take_one_second_to_consume::{{closure}}::h5c970a46e43a8c59
[INFO] [stdout]                                at /opt/rustwide/workdir/src/extended/delayed_series.rs:106:3
[INFO] [stdout]   18:     0x55e12cab8f1e - core::ops::function::FnOnce::call_once::h39357a2f7a7c9342
[INFO] [stdout]                                at /rustc/53fd98ca776cb875bc9e5514f56b52eb74f9e7a9/library/core/src/ops/function.rs:227:5
[INFO] [stdout]   19:     0x55e12cafd193 - core::ops::function::FnOnce::call_once::hbb52c4519d3137b0
[INFO] [stdout]                                at /rustc/53fd98ca776cb875bc9e5514f56b52eb74f9e7a9/library/core/src/ops/function.rs:227:5
[INFO] [stdout]   20:     0x55e12cafd193 - test::__rust_begin_short_backtrace::h86fe3a2a5a5121af
[INFO] [stdout]                                at /rustc/53fd98ca776cb875bc9e5514f56b52eb74f9e7a9/library/test/src/lib.rs:578:5
[INFO] [stdout]   21:     0x55e12cafbc48 - <alloc::boxed::Box<F,A> as core::ops::function::FnOnce<Args>>::call_once::hfd956bc3d57399be
[INFO] [stdout]                                at /rustc/53fd98ca776cb875bc9e5514f56b52eb74f9e7a9/library/alloc/src/boxed.rs:1572:9
[INFO] [stdout]   22:     0x55e12cafbc48 - <std::panic::AssertUnwindSafe<F> as core::ops::function::FnOnce<()>>::call_once::h40dc93e0ddb5938a
[INFO] [stdout]                                at /rustc/53fd98ca776cb875bc9e5514f56b52eb74f9e7a9/library/std/src/panic.rs:347:9
[INFO] [stdout]   23:     0x55e12cafbc48 - std::panicking::try::do_call::h90d07750cb47c562
[INFO] [stdout]                                at /rustc/53fd98ca776cb875bc9e5514f56b52eb74f9e7a9/library/std/src/panicking.rs:401:40
[INFO] [stdout]   24:     0x55e12cafbc48 - std::panicking::try::h063c84733ad2a629
[INFO] [stdout]                                at /rustc/53fd98ca776cb875bc9e5514f56b52eb74f9e7a9/library/std/src/panicking.rs:365:19
[INFO] [stdout]   25:     0x55e12cafbc48 - std::panic::catch_unwind::h0c464836a84e7c08
[INFO] [stdout]                                at /rustc/53fd98ca776cb875bc9e5514f56b52eb74f9e7a9/library/std/src/panic.rs:434:14
[INFO] [stdout]   26:     0x55e12cafbc48 - test::run_test_in_process::h5cb06ef620b157fc
[INFO] [stdout]                                at /rustc/53fd98ca776cb875bc9e5514f56b52eb74f9e7a9/library/test/src/lib.rs:601:18
[INFO] [stdout]   27:     0x55e12cafbc48 - test::run_test::run_test_inner::{{closure}}::h76f677f4b93f9828
[INFO] [stdout]                                at /rustc/53fd98ca776cb875bc9e5514f56b52eb74f9e7a9/library/test/src/lib.rs:493:39
[INFO] [stdout]   28:     0x55e12caca3dd - test::run_test::run_test_inner::{{closure}}::h366d01fe04f4d67a
[INFO] [stdout]                                at /rustc/53fd98ca776cb875bc9e5514f56b52eb74f9e7a9/library/test/src/lib.rs:520:37
[INFO] [stdout]   29:     0x55e12caca3dd - std::sys_common::backtrace::__rust_begin_short_backtrace::h7dfa0de4eb395af2
[INFO] [stdout]                                at /rustc/53fd98ca776cb875bc9e5514f56b52eb74f9e7a9/library/std/src/sys_common/backtrace.rs:125:18
[INFO] [stdout]   30:     0x55e12caceba8 - std::thread::Builder::spawn_unchecked::{{closure}}::{{closure}}::hf0a74bb58798037f
[INFO] [stdout]                                at /rustc/53fd98ca776cb875bc9e5514f56b52eb74f9e7a9/library/std/src/thread/mod.rs:476:17
[INFO] [stdout]   31:     0x55e12caceba8 - <std::panic::AssertUnwindSafe<F> as core::ops::function::FnOnce<()>>::call_once::hb024e854818586ac
[INFO] [stdout]                                at /rustc/53fd98ca776cb875bc9e5514f56b52eb74f9e7a9/library/std/src/panic.rs:347:9
[INFO] [stdout]   32:     0x55e12caceba8 - std::panicking::try::do_call::hb2dd9f1d0d48e41d
[INFO] [stdout]                                at /rustc/53fd98ca776cb875bc9e5514f56b52eb74f9e7a9/library/std/src/panicking.rs:401:40
[INFO] [stdout]   33:     0x55e12caceba8 - std::panicking::try::h4717ae7bac8b2bf3
[INFO] [stdout]                                at /rustc/53fd98ca776cb875bc9e5514f56b52eb74f9e7a9/library/std/src/panicking.rs:365:19
[INFO] [stdout]   34:     0x55e12caceba8 - std::panic::catch_unwind::h0dc8a061326ce8d8
[INFO] [stdout]                                at /rustc/53fd98ca776cb875bc9e5514f56b52eb74f9e7a9/library/std/src/panic.rs:434:14
[INFO] [stdout]   35:     0x55e12caceba8 - std::thread::Builder::spawn_unchecked::{{closure}}::haa369e2d6fd00aa1
[INFO] [stdout]                                at /rustc/53fd98ca776cb875bc9e5514f56b52eb74f9e7a9/library/std/src/thread/mod.rs:475:30
[INFO] [stdout]   36:     0x55e12caceba8 - core::ops::function::FnOnce::call_once{{vtable.shim}}::h36dcf3de8b056f17
[INFO] [stdout]                                at /rustc/53fd98ca776cb875bc9e5514f56b52eb74f9e7a9/library/core/src/ops/function.rs:227:5
[INFO] [stdout]   37:     0x55e12cc28997 - <alloc::boxed::Box<F,A> as core::ops::function::FnOnce<Args>>::call_once::h65c29e4642be2358
[INFO] [stdout]                                at /rustc/53fd98ca776cb875bc9e5514f56b52eb74f9e7a9/library/alloc/src/boxed.rs:1572:9
[INFO] [stdout]   38:     0x55e12cc28997 - <alloc::boxed::Box<F,A> as core::ops::function::FnOnce<Args>>::call_once::hd0f8f7fbbd9fffbf
[INFO] [stdout]                                at /rustc/53fd98ca776cb875bc9e5514f56b52eb74f9e7a9/library/alloc/src/boxed.rs:1572:9
[INFO] [stdout]   39:     0x55e12cc28997 - std::sys::unix::thread::Thread::new::thread_start::h2fd22fee3ca77b65
[INFO] [stdout]                                at /rustc/53fd98ca776cb875bc9e5514f56b52eb74f9e7a9/library/std/src/sys/unix/thread.rs:74:17
[INFO] [stdout]   40:     0x7fdadcbb4609 - start_thread
[INFO] [stdout]   41:     0x7fdadc986293 - clone
[INFO] [stdout]   42:                0x0 - <unknown>
[INFO] [stdout] 
[INFO] [stdout] 
[INFO] [stdout] failures:
[INFO] [stdout]     extended::delayed_series::tests::values_take_one_second_to_consume
[INFO] [stdout]     extended::delayed_series::tests::values_take_one_second_to_produce
[INFO] [stdout] 
[INFO] [stdout] test result: FAILED. 27 passed; 2 failed; 0 ignored; 0 measured; 0 filtered out; finished in 27.05s
[INFO] [stdout] 
[INFO] [stderr] error: test failed, to rerun pass '--lib'
[INFO] running `Command { std: "docker" "inspect" "626a6b36e37573d1ec807d325ae297114c289a4c8b8d6904a402db4e02df3e31", kill_on_drop: false }`
[INFO] running `Command { std: "docker" "rm" "-f" "626a6b36e37573d1ec807d325ae297114c289a4c8b8d6904a402db4e02df3e31", kill_on_drop: false }`
[INFO] [stdout] 626a6b36e37573d1ec807d325ae297114c289a4c8b8d6904a402db4e02df3e31
