[INFO] fetching crate gitbook 0.1.1...
[INFO] testing gitbook-0.1.1 against 1.54.0 for beta-1.55-1
[INFO] extracting crate gitbook 0.1.1 into /workspace/builds/worker-1/source
[INFO] validating manifest of crates.io crate gitbook 0.1.1 on toolchain 1.54.0
[INFO] running `Command { std: "/workspace/cargo-home/bin/cargo" "+1.54.0" "metadata" "--manifest-path" "Cargo.toml" "--no-deps", kill_on_drop: false }`
[INFO] started tweaking crates.io crate gitbook 0.1.1
[INFO] finished tweaking crates.io crate gitbook 0.1.1
[INFO] tweaked toml for crates.io crate gitbook 0.1.1 written to /workspace/builds/worker-1/source/Cargo.toml
[INFO] crate crates.io crate gitbook 0.1.1 already has a lockfile, it will not be regenerated
[INFO] running `Command { std: "/workspace/cargo-home/bin/cargo" "+1.54.0" "fetch" "--manifest-path" "Cargo.toml", kill_on_drop: false }`
[INFO] running `Command { std: "docker" "create" "-v" "/var/lib/crater-agent-workspace/builds/worker-1/target:/opt/rustwide/target:rw,Z" "-v" "/var/lib/crater-agent-workspace/builds/worker-1/source:/opt/rustwide/workdir:ro,Z" "-v" "/var/lib/crater-agent-workspace/cargo-home:/opt/rustwide/cargo-home:ro,Z" "-v" "/var/lib/crater-agent-workspace/rustup-home:/opt/rustwide/rustup-home:ro,Z" "-e" "SOURCE_DIR=/opt/rustwide/workdir" "-e" "CARGO_TARGET_DIR=/opt/rustwide/target" "-e" "CARGO_HOME=/opt/rustwide/cargo-home" "-e" "RUSTUP_HOME=/opt/rustwide/rustup-home" "-w" "/opt/rustwide/workdir" "-m" "1610612736" "--user" "0:0" "--network" "none" "ghcr.io/rust-lang/crates-build-env/linux@sha256:34b6a614d2c27851fe6cbf88fbd1137609cefab8b10d0615aaeb6fd47975d74e" "/opt/rustwide/cargo-home/bin/cargo" "+1.54.0" "metadata" "--no-deps" "--format-version=1", kill_on_drop: false }`
[INFO] [stderr] WARNING: Your kernel does not support swap limit capabilities or the cgroup is not mounted. Memory limited without swap.
[INFO] [stdout] c7058644f2d0355d55d5b134b6e18c15b00d759e57e8b8370256baea2fa82517
[INFO] running `Command { std: "docker" "start" "-a" "c7058644f2d0355d55d5b134b6e18c15b00d759e57e8b8370256baea2fa82517", kill_on_drop: false }`
[INFO] running `Command { std: "docker" "inspect" "c7058644f2d0355d55d5b134b6e18c15b00d759e57e8b8370256baea2fa82517", kill_on_drop: false }`
[INFO] running `Command { std: "docker" "rm" "-f" "c7058644f2d0355d55d5b134b6e18c15b00d759e57e8b8370256baea2fa82517", kill_on_drop: false }`
[INFO] [stdout] c7058644f2d0355d55d5b134b6e18c15b00d759e57e8b8370256baea2fa82517
[INFO] running `Command { std: "docker" "create" "-v" "/var/lib/crater-agent-workspace/builds/worker-1/target:/opt/rustwide/target:rw,Z" "-v" "/var/lib/crater-agent-workspace/builds/worker-1/source:/opt/rustwide/workdir:ro,Z" "-v" "/var/lib/crater-agent-workspace/cargo-home:/opt/rustwide/cargo-home:ro,Z" "-v" "/var/lib/crater-agent-workspace/rustup-home:/opt/rustwide/rustup-home:ro,Z" "-e" "SOURCE_DIR=/opt/rustwide/workdir" "-e" "CARGO_TARGET_DIR=/opt/rustwide/target" "-e" "CARGO_INCREMENTAL=0" "-e" "RUST_BACKTRACE=full" "-e" "RUSTFLAGS=--cap-lints=warn" "-e" "CARGO_HOME=/opt/rustwide/cargo-home" "-e" "RUSTUP_HOME=/opt/rustwide/rustup-home" "-w" "/opt/rustwide/workdir" "-m" "1610612736" "--user" "0:0" "--network" "none" "ghcr.io/rust-lang/crates-build-env/linux@sha256:34b6a614d2c27851fe6cbf88fbd1137609cefab8b10d0615aaeb6fd47975d74e" "/opt/rustwide/cargo-home/bin/cargo" "+1.54.0" "build" "--frozen" "--message-format=json", kill_on_drop: false }`
[INFO] [stdout] ccd6569bb6aca2281cef13d6884d28adb0122c0326cfe2999bb85a1e554702d6
[INFO] [stderr] WARNING: Your kernel does not support swap limit capabilities or the cgroup is not mounted. Memory limited without swap.
[INFO] running `Command { std: "docker" "start" "-a" "ccd6569bb6aca2281cef13d6884d28adb0122c0326cfe2999bb85a1e554702d6", kill_on_drop: false }`
[INFO] [stderr]    Compiling syn v1.0.39
[INFO] [stderr]    Compiling serde v1.0.115
[INFO] [stderr]    Compiling futures-io v0.3.5
[INFO] [stderr]    Compiling open v1.4.0
[INFO] [stderr]    Compiling tracing-core v0.1.15
[INFO] [stderr]    Compiling input_buffer v0.3.1
[INFO] [stderr]    Compiling futf v0.1.4
[INFO] [stderr]    Compiling gitignore v1.0.7
[INFO] [stderr]    Compiling headers-core v0.2.0
[INFO] [stderr]    Compiling getrandom v0.1.14
[INFO] [stderr]    Compiling time v0.1.44
[INFO] [stderr]    Compiling inotify-sys v0.1.3
[INFO] [stderr]    Compiling filetime v0.2.12
[INFO] [stderr]    Compiling mio v0.6.22
[INFO] [stderr]    Compiling clap v2.33.3
[INFO] [stderr]    Compiling sha-1 v0.9.1
[INFO] [stderr]    Compiling sha-1 v0.8.2
[INFO] [stderr]    Compiling env_logger v0.7.1
[INFO] [stderr]    Compiling inotify v0.7.1
[INFO] [stderr]    Compiling rand_core v0.5.1
[INFO] [stderr]    Compiling tendril v0.4.1
[INFO] [stderr]    Compiling headers v0.3.2
[INFO] [stderr]    Compiling chrono v0.4.15
[INFO] [stderr]    Compiling tracing v0.1.19
[INFO] [stderr]    Compiling rand_chacha v0.2.2
[INFO] [stderr]    Compiling rand_pcg v0.2.1
[INFO] [stderr]    Compiling mio-extras v2.0.6
[INFO] [stderr]    Compiling rand v0.7.3
[INFO] [stderr]    Compiling notify v4.0.15
[INFO] [stderr]    Compiling phf_generator v0.8.0
[INFO] [stderr]    Compiling tungstenite v0.11.1
[INFO] [stderr]    Compiling tempfile v3.1.0
[INFO] [stderr]    Compiling string_cache_codegen v0.5.1
[INFO] [stderr]    Compiling phf_codegen v0.8.0
[INFO] [stderr]    Compiling serde_json v1.0.57
[INFO] [stderr]    Compiling string_cache v0.8.0
[INFO] [stderr]    Compiling serde_urlencoded v0.6.1
[INFO] [stderr]    Compiling toml v0.5.6
[INFO] [stderr]    Compiling pest_generator v2.1.3
[INFO] [stderr]    Compiling pin-project-internal v0.4.23
[INFO] [stderr]    Compiling serde_derive v1.0.115
[INFO] [stderr]    Compiling tokio-macros v0.2.5
[INFO] [stderr]    Compiling futures-macro v0.3.5
[INFO] [stderr]    Compiling html5ever v0.25.1
[INFO] [stderr]    Compiling pest_derive v2.1.0
[INFO] [stderr]    Compiling strum_macros v0.18.0
[INFO] [stderr]    Compiling handlebars v3.4.0
[INFO] [stderr]    Compiling tokio v0.2.22
[INFO] [stderr]    Compiling pin-project v0.4.23
[INFO] [stderr]    Compiling futures-util v0.3.5
[INFO] [stderr]    Compiling tracing-futures v0.2.4
[INFO] [stderr]    Compiling tokio-util v0.3.1
[INFO] [stderr]    Compiling markup5ever v0.10.0
[INFO] [stderr]    Compiling elasticlunr-rs v2.3.9
[INFO] [stderr]    Compiling h2 v0.2.6
[INFO] [stderr]    Compiling tokio-tungstenite v0.11.0
[INFO] [stderr]    Compiling futures v0.3.5
[INFO] [stderr]    Compiling xml5ever v0.16.1
[INFO] [stderr]    Compiling hyper v0.13.7
[INFO] [stderr]    Compiling markup5ever_rcdom v0.1.0
[INFO] [stderr]    Compiling ammonia v3.1.0
[INFO] [stderr]    Compiling warp v0.2.5
[INFO] [stderr]    Compiling gitbook v0.1.1 (/opt/rustwide/workdir)
[INFO] [stderr]     Finished dev [unoptimized + debuginfo] target(s) in 1m 16s
[INFO] running `Command { std: "docker" "inspect" "ccd6569bb6aca2281cef13d6884d28adb0122c0326cfe2999bb85a1e554702d6", kill_on_drop: false }`
[INFO] running `Command { std: "docker" "rm" "-f" "ccd6569bb6aca2281cef13d6884d28adb0122c0326cfe2999bb85a1e554702d6", kill_on_drop: false }`
[INFO] [stdout] ccd6569bb6aca2281cef13d6884d28adb0122c0326cfe2999bb85a1e554702d6
[INFO] running `Command { std: "docker" "create" "-v" "/var/lib/crater-agent-workspace/builds/worker-1/target:/opt/rustwide/target:rw,Z" "-v" "/var/lib/crater-agent-workspace/builds/worker-1/source:/opt/rustwide/workdir:ro,Z" "-v" "/var/lib/crater-agent-workspace/cargo-home:/opt/rustwide/cargo-home:ro,Z" "-v" "/var/lib/crater-agent-workspace/rustup-home:/opt/rustwide/rustup-home:ro,Z" "-e" "SOURCE_DIR=/opt/rustwide/workdir" "-e" "CARGO_TARGET_DIR=/opt/rustwide/target" "-e" "CARGO_INCREMENTAL=0" "-e" "RUST_BACKTRACE=full" "-e" "RUSTFLAGS=--cap-lints=warn" "-e" "CARGO_HOME=/opt/rustwide/cargo-home" "-e" "RUSTUP_HOME=/opt/rustwide/rustup-home" "-w" "/opt/rustwide/workdir" "-m" "1610612736" "--user" "0:0" "--network" "none" "ghcr.io/rust-lang/crates-build-env/linux@sha256:34b6a614d2c27851fe6cbf88fbd1137609cefab8b10d0615aaeb6fd47975d74e" "/opt/rustwide/cargo-home/bin/cargo" "+1.54.0" "test" "--frozen" "--no-run" "--message-format=json", kill_on_drop: false }`
[INFO] [stderr] WARNING: Your kernel does not support swap limit capabilities or the cgroup is not mounted. Memory limited without swap.
[INFO] [stdout] 94cfbf09c5fd855dd1cf6939e81f6a100adcdd02d86021967ab7cf0eb5cc7213
[INFO] running `Command { std: "docker" "start" "-a" "94cfbf09c5fd855dd1cf6939e81f6a100adcdd02d86021967ab7cf0eb5cc7213", kill_on_drop: false }`
[INFO] [stderr]    Compiling select v0.5.0
[INFO] [stderr]    Compiling gitbook v0.1.1 (/opt/rustwide/workdir)
[INFO] [stderr]     Finished test [unoptimized + debuginfo] target(s) in 14.86s
[INFO] running `Command { std: "docker" "inspect" "94cfbf09c5fd855dd1cf6939e81f6a100adcdd02d86021967ab7cf0eb5cc7213", kill_on_drop: false }`
[INFO] running `Command { std: "docker" "rm" "-f" "94cfbf09c5fd855dd1cf6939e81f6a100adcdd02d86021967ab7cf0eb5cc7213", kill_on_drop: false }`
[INFO] [stdout] 94cfbf09c5fd855dd1cf6939e81f6a100adcdd02d86021967ab7cf0eb5cc7213
[INFO] running `Command { std: "docker" "create" "-v" "/var/lib/crater-agent-workspace/builds/worker-1/target:/opt/rustwide/target:rw,Z" "-v" "/var/lib/crater-agent-workspace/builds/worker-1/source:/opt/rustwide/workdir:ro,Z" "-v" "/var/lib/crater-agent-workspace/cargo-home:/opt/rustwide/cargo-home:ro,Z" "-v" "/var/lib/crater-agent-workspace/rustup-home:/opt/rustwide/rustup-home:ro,Z" "-e" "SOURCE_DIR=/opt/rustwide/workdir" "-e" "CARGO_TARGET_DIR=/opt/rustwide/target" "-e" "CARGO_INCREMENTAL=0" "-e" "RUST_BACKTRACE=full" "-e" "RUSTFLAGS=--cap-lints=warn" "-e" "CARGO_HOME=/opt/rustwide/cargo-home" "-e" "RUSTUP_HOME=/opt/rustwide/rustup-home" "-w" "/opt/rustwide/workdir" "-m" "1610612736" "--user" "0:0" "--network" "none" "ghcr.io/rust-lang/crates-build-env/linux@sha256:34b6a614d2c27851fe6cbf88fbd1137609cefab8b10d0615aaeb6fd47975d74e" "/opt/rustwide/cargo-home/bin/cargo" "+1.54.0" "test" "--frozen", kill_on_drop: false }`
[INFO] [stdout] c593a010a6b49e9c8ce5985b678e376ec25eacc517b28bac118d3d5bdcf8fd21
[INFO] [stderr] WARNING: Your kernel does not support swap limit capabilities or the cgroup is not mounted. Memory limited without swap.
[INFO] running `Command { std: "docker" "start" "-a" "c593a010a6b49e9c8ce5985b678e376ec25eacc517b28bac118d3d5bdcf8fd21", kill_on_drop: false }`
[INFO] [stderr]     Finished test [unoptimized + debuginfo] target(s) in 0.20s
[INFO] [stdout] 
[INFO] [stderr]      Running unittests (/opt/rustwide/target/debug/deps/gitbook-9b8489408943ed10)
[INFO] [stdout] running 117 tests
[INFO] [stdout] test book::book::tests::iterate_over_nested_book_items ... ok
[INFO] [stdout] test book::book::tests::load_a_book_with_a_single_chapter ... ok
[INFO] [stdout] test book::book::tests::load_recursive_link_with_separators ... ok
[INFO] [stdout] test book::summary::tests::an_empty_link_location_is_a_draft_chapter ... ok
[INFO] [stdout] test book::summary::tests::allow_space_in_link_destination ... ok
[INFO] [stdout] test book::summary::tests::add_space_for_multi_line_chapter_names ... ok
[INFO] [stdout] test book::book::tests::load_a_single_chapter_from_disk ... ok
[INFO] [stdout] test book::summary::tests::can_have_a_subheader_between_nested_items ... ok
[INFO] [stdout] test book::summary::tests::convert_markdown_events_to_a_string ... ok
[INFO] [stdout] test book::book::tests::cant_load_chapters_when_the_link_is_a_directory ... ok
[INFO] [stdout] test book::summary::tests::keep_numbering_after_separator ... ok
[INFO] [stdout] test book::summary::tests::parse_a_link ... ok
[INFO] [stdout] test book::summary::tests::parse_nested_numbered_chapters ... ok
[INFO] [stdout] test book::book::tests::book_iter_iterates_over_sequential_items ... ok
[INFO] [stdout] test book::summary::tests::section_number_has_correct_dotted_representation ... ok
[INFO] [stdout] test book::summary::tests::parse_titled_parts ... ok
[INFO] [stdout] test book::summary::tests::parse_title_with_styling ... ok
[INFO] [stdout] test book::summary::tests::parse_prefix_items_with_a_separator ... ok
[INFO] [stdout] test book::summary::tests::parse_some_prefix_items ... ok
[INFO] [stdout] test book::summary::tests::parse_numbered_chapters_separated_by_comment ... ok
[INFO] [stdout] test book::book::tests::for_each_mut_visits_all_items ... ok
[INFO] [stdout] test book::book::tests::cant_load_chapters_with_an_empty_path ... ok
[INFO] [stdout] test book::summary::tests::parse_a_numbered_chapter ... ok
[INFO] [stdout] test book::summary::tests::parse_initial_title ... ok
[INFO] [stdout] test book::tests::add_a_random_renderer_to_the_config ... ok
[INFO] [stdout] test book::tests::add_a_random_renderer_with_custom_command_to_the_config ... ok
[INFO] [stdout] test book::summary::tests::suffix_items_cannot_be_followed_by_a_list ... ok
[INFO] [stdout] test book::book::tests::cant_load_a_nonexistent_chapter ... ok
[INFO] [stdout] test book::tests::can_determine_third_party_preprocessors ... ok
[INFO] [stdout] test config::tests::edition_2018 ... ok
[INFO] [stdout] test config::tests::load_a_complex_config_file ... ok
[INFO] [stdout] test config::tests::file_404_custom ... ok
[INFO] [stdout] test book::tests::config_defaults_to_link_and_index_preprocessor_if_not_set ... ok
[INFO] [stdout] test book::tests::config_respects_preprocessor_selection ... ok
[INFO] [stdout] test book::tests::preprocessor_should_run_falls_back_to_supports_renderer_method ... ok
[INFO] [stdout] test config::tests::file_404_default ... ok
[INFO] [stdout] test book::tests::preprocessors_can_provide_their_own_commands ... ok
[INFO] [stdout] test book::tests::use_default_preprocessors_works ... ok
[INFO] [stdout] test config::tests::update_config_using_env_var_and_complex_value ... ok
[INFO] [stdout] test config::tests::can_still_load_the_previous_format ... ok
[INFO] [stdout] test preprocess::links::tests::parse_with_floating_point_interpreted_as_anchor ... ok
[INFO] [stdout] test config::tests::edition_2015 ... ok
[INFO] [stdout] test preprocess::links::tests::parse_with_more_than_three_colons_ignores_everything_after_third_colon ... ok
[INFO] [stdout] test preprocess::links::tests::parse_with_garbage_after_two_colons_includes_all ... ok
[INFO] [stdout] test book::tests::config_defaults_to_html_renderer_if_empty ... ok
[INFO] [stdout] test preprocess::links::tests::parse_start_with_garbage_interpreted_as_start_only_range ... ok
[INFO] [stdout] test preprocess::links::tests::parse_with_anchor_followed_by_colon ... ok
[INFO] [stdout] test config::tests::set_a_config_item ... ok
[INFO] [stdout] test preprocess::links::tests::parse_start_and_end_range ... ok
[INFO] [stdout] test preprocess::links::tests::parse_start_only_range ... ok
[INFO] [stdout] test config::tests::update_book_title_via_env ... ok
[INFO] [stdout] test preprocess::links::tests::parse_end_only_range ... ok
[INFO] [stdout] test preprocess::links::tests::parse_with_two_colons_includes_all ... ok
[INFO] [stdout] test preprocess::links::tests::parse_with_negative_interpreted_as_anchor ... ok
[INFO] [stdout] test preprocess::links::tests::parse_with_nothing_after_colon_includes_all ... ok
[INFO] [stdout] test preprocess::links::tests::parse_with_one_based_start_becomes_zero_based ... ok
[INFO] [stdout] test preprocess::links::tests::parse_with_one_number_after_colon_only_that_line ... ok
[INFO] [stdout] test preprocess::links::tests::parse_with_zero_based_start_stays_zero_based_but_is_probably_an_error ... ok
[INFO] [stdout] test preprocess::index::tests::file_stem_exactly_matches_readme_case_insensitively ... ok
[INFO] [stdout] test config::tests::update_config_using_env_var ... ok
[INFO] [stdout] test config::tests::load_arbitrary_output_type ... ok
[INFO] [stdout] test preprocess::links::tests::parse_without_colon_includes_all ... ok
[INFO] [stdout] test config::tests::mutate_some_stuff ... ok
[INFO] [stdout] test config::tests::parse_env_vars ... ok
[INFO] [stdout] test preprocess::links::tests::test_find_links_empty_link ... ok
[INFO] [stdout] test preprocess::links::tests::test_find_links_with_to_range ... ok
[INFO] [stdout] test preprocess::links::tests::test_find_links_with_anchor ... ok
[INFO] [stdout] test preprocess::links::tests::test_find_links_with_full_range ... ok
[INFO] [stdout] test preprocess::links::tests::test_find_links_partial_link ... ok
[INFO] [stdout] test preprocess::links::tests::test_find_links_simple_link ... ok
[INFO] [stdout] test preprocess::links::tests::test_find_links_with_no_range_specified ... ok
[INFO] [stdout] test preprocess::links::tests::test_find_links_with_range ... ok
[INFO] [stdout] test preprocess::links::tests::test_find_links_with_special_characters ... ok
[INFO] [stdout] test preprocess::links::tests::test_find_links_unknown_link_type ... ok
[INFO] [stdout] test preprocess::links::tests::test_find_playgrounds_with_properties ... ok
[INFO] [stdout] test preprocess::links::tests::test_find_all_link_types ... ok
[INFO] [stdout] test preprocess::links::tests::test_find_links_escaped_link ... ok
[INFO] [stdout] test preprocess::links::tests::test_find_links_no_link ... ok
[INFO] [stdout] test preprocess::links::tests::test_find_links_with_from_range ... ok
[INFO] [stdout] test preprocess::links::tests::test_find_links_with_line_number ... ok
[INFO] [stdout] test renderer::html_handlebars::helpers::navigation::tests::test_next_previous ... ok
[INFO] [stdout] test renderer::html_handlebars::helpers::navigation::tests::test_first ... ok
[INFO] [stdout] test renderer::html_handlebars::helpers::navigation::tests::test_last ... ok
[INFO] [stdout] test preprocess::links::tests::test_replace_all_escaped ... ok
[INFO] [stdout] test renderer::html_handlebars::hbs_renderer::tests::original_build_header_links ... ok
[INFO] [stdout] test theme::tests::favicon_override ... ok
[INFO] [stdout] test utils::fs::tests::copy_files_except_ext_test ... ok
[INFO] [stdout] test utils::string::tests::take_lines_test ... ok
[INFO] [stdout] test utils::string::tests::take_rustdoc_include_lines_test ... ok
[INFO] [stdout] test utils::tests::convert_quotes_to_curly::it_converts_double_quotes ... ok
[INFO] [stdout] test theme::tests::theme_uses_defaults_with_nonexistent_src_dir ... ok
[INFO] [stdout] test utils::tests::convert_quotes_to_curly::it_converts_single_quotes ... ok
[INFO] [stdout] test theme::tests::theme_dir_overrides_defaults ... ok
[INFO] [stdout] test utils::tests::convert_quotes_to_curly::it_treats_tab_as_whitespace ... ok
[INFO] [stdout] test utils::tests::html_munging::it_generates_anchors ... ok
[INFO] [stdout] test utils::tests::render_markdown::it_can_make_quotes_curly_except_when_they_are_in_code ... ok
[INFO] [stdout] test renderer::html_handlebars::hbs_renderer::tests::add_playground_edition2015 ... ok
[INFO] [stdout] test utils::toml_ext::tests::delete_a_nested_item ... ok
[INFO] [stdout] test utils::tests::render_markdown::rust_code_block_without_properties_has_proper_html_class ... ok
[INFO] [stdout] test utils::tests::render_markdown::it_can_keep_quotes_straight ... ok
[INFO] [stdout] test utils::tests::render_markdown::whitespace_outside_of_codeblock_header_is_preserved ... ok
[INFO] [stdout] test utils::tests::render_markdown::rust_code_block_properties_are_passed_as_space_delimited_class ... ok
[INFO] [stdout] test utils::tests::render_markdown::it_can_adjust_markdown_links ... ok
[INFO] [stdout] test utils::tests::render_markdown::preserves_external_links ... ok
[INFO] [stdout] test utils::tests::html_munging::it_normalizes_ids ... ok
[INFO] [stdout] test utils::tests::html_munging::it_generates_anchors_from_non_ascii_initial ... ok
[INFO] [stdout] test utils::tests::render_markdown::rust_code_block_properties_with_whitespace_are_passed_as_space_delimited_class ... ok
[INFO] [stdout] test renderer::html_handlebars::hbs_renderer::tests::add_playground_edition2018 ... ok
[INFO] [stdout] test utils::toml_ext::tests::insert_nested_item ... ok
[INFO] [stdout] test utils::toml_ext::tests::read_simple_table ... ok
[INFO] [stdout] test utils::toml_ext::tests::insert_item_at_top_level ... ok
[INFO] [stdout] test utils::toml_ext::tests::read_nested_item ... ok
[INFO] [stdout] test utils::toml_ext::tests::delete_a_top_level_item ... ok
[INFO] [stdout] test renderer::html_handlebars::hbs_renderer::tests::add_playground ... ok
[INFO] [stdout] test preprocess::cmd::tests::round_trip_write_and_parse_input ... FAILED
[INFO] [stdout] test utils::string::tests::take_anchored_lines_test ... ok
[INFO] [stderr] error: test failed, to rerun pass '--lib'
[INFO] [stdout] test utils::string::tests::take_rustdoc_include_anchored_lines_test ... ok
[INFO] [stdout] 
[INFO] [stdout] failures:
[INFO] [stdout] 
[INFO] [stdout] ---- preprocess::cmd::tests::round_trip_write_and_parse_input stdout ----
[INFO] [stdout] thread 'preprocess::cmd::tests::round_trip_write_and_parse_input' panicked at 'called `Result::unwrap()` on an `Err` value: Couldn't open SUMMARY.md
[INFO] [stdout] 
[INFO] [stdout] Caused by:
[INFO] [stdout]     No such file or directory (os error 2)', src/preprocess/cmd.rs:176:31
[INFO] [stdout] stack backtrace:
[INFO] [stdout]    0:     0x561aa47d8400 - std::backtrace_rs::backtrace::libunwind::trace::h34055254b57d8e79
[INFO] [stdout]                                at /rustc/a178d0322ce20e33eac124758e837cbd80a6f633/library/std/src/../../backtrace/src/backtrace/libunwind.rs:90:5
[INFO] [stdout]    1:     0x561aa47d8400 - std::backtrace_rs::backtrace::trace_unsynchronized::h8f1e3fbd9afff6ec
[INFO] [stdout]                                at /rustc/a178d0322ce20e33eac124758e837cbd80a6f633/library/std/src/../../backtrace/src/backtrace/mod.rs:66:5
[INFO] [stdout]    2:     0x561aa47d8400 - std::sys_common::backtrace::_print_fmt::h3a99a796b770c360
[INFO] [stdout]                                at /rustc/a178d0322ce20e33eac124758e837cbd80a6f633/library/std/src/sys_common/backtrace.rs:67:5
[INFO] [stdout]    3:     0x561aa47d8400 - <std::sys_common::backtrace::_print::DisplayBacktrace as core::fmt::Display>::fmt::h32d1f94a80615d18
[INFO] [stdout]                                at /rustc/a178d0322ce20e33eac124758e837cbd80a6f633/library/std/src/sys_common/backtrace.rs:46:22
[INFO] [stdout]    4:     0x561aa47fe9ec - core::fmt::write::h306731c068f7162c
[INFO] [stdout]                                at /rustc/a178d0322ce20e33eac124758e837cbd80a6f633/library/core/src/fmt/mod.rs:1110:17
[INFO] [stdout]    5:     0x561aa47d4075 - std::io::Write::write_fmt::h87f19b0a2cd190bc
[INFO] [stdout]                                at /rustc/a178d0322ce20e33eac124758e837cbd80a6f633/library/std/src/io/mod.rs:1588:15
[INFO] [stdout]    6:     0x561aa47daa1b - std::sys_common::backtrace::_print::h5abaa2601a852287
[INFO] [stdout]                                at /rustc/a178d0322ce20e33eac124758e837cbd80a6f633/library/std/src/sys_common/backtrace.rs:49:5
[INFO] [stdout]    7:     0x561aa47daa1b - std::sys_common::backtrace::print::h8d81445442bb638f
[INFO] [stdout]                                at /rustc/a178d0322ce20e33eac124758e837cbd80a6f633/library/std/src/sys_common/backtrace.rs:36:9
[INFO] [stdout]    8:     0x561aa47daa1b - std::panicking::default_hook::{{closure}}::hcfe804496a9fa747
[INFO] [stdout]                                at /rustc/a178d0322ce20e33eac124758e837cbd80a6f633/library/std/src/panicking.rs:208:50
[INFO] [stdout]    9:     0x561aa47da52c - std::panicking::default_hook::hbea8e3ccf2ba8901
[INFO] [stdout]                                at /rustc/a178d0322ce20e33eac124758e837cbd80a6f633/library/std/src/panicking.rs:222:9
[INFO] [stdout]   10:     0x561aa47db0e4 - std::panicking::rust_panic_with_hook::h7ee9e1a2d0f8975a
[INFO] [stdout]                                at /rustc/a178d0322ce20e33eac124758e837cbd80a6f633/library/std/src/panicking.rs:622:17
[INFO] [stdout]   11:     0x561aa47dabc7 - std::panicking::begin_panic_handler::{{closure}}::h8ab3b4491718b2c7
[INFO] [stdout]                                at /rustc/a178d0322ce20e33eac124758e837cbd80a6f633/library/std/src/panicking.rs:519:13
[INFO] [stdout]   12:     0x561aa47d88fc - std::sys_common::backtrace::__rust_end_short_backtrace::hd489062ffa586a9f
[INFO] [stdout]                                at /rustc/a178d0322ce20e33eac124758e837cbd80a6f633/library/std/src/sys_common/backtrace.rs:141:18
[INFO] [stdout]   13:     0x561aa47dab29 - rust_begin_unwind
[INFO] [stdout]                                at /rustc/a178d0322ce20e33eac124758e837cbd80a6f633/library/std/src/panicking.rs:515:5
[INFO] [stdout]   14:     0x561aa3fb8d31 - core::panicking::panic_fmt::hca6330e3e14086b4
[INFO] [stdout]                                at /rustc/a178d0322ce20e33eac124758e837cbd80a6f633/library/core/src/panicking.rs:92:14
[INFO] [stdout]   15:     0x561aa3fb8e23 - core::result::unwrap_failed::h6160d2b4bfbb0e87
[INFO] [stdout]                                at /rustc/a178d0322ce20e33eac124758e837cbd80a6f633/library/core/src/result.rs:1355:5
[INFO] [stdout]   16:     0x561aa4056c6b - core::result::Result<T,E>::unwrap::h01ea82b2356efa02
[INFO] [stdout]                                at /rustc/a178d0322ce20e33eac124758e837cbd80a6f633/library/core/src/result.rs:1037:23
[INFO] [stdout]   17:     0x561aa40e926c - gitbook::preprocess::cmd::tests::book_example::ha818ce243dc7b1bb
[INFO] [stdout]                                at /opt/rustwide/workdir/src/preprocess/cmd.rs:176:9
[INFO] [stdout]   18:     0x561aa40e9bf6 - gitbook::preprocess::cmd::tests::round_trip_write_and_parse_input::he85bee7880690b49
[INFO] [stdout]                                at /opt/rustwide/workdir/src/preprocess/cmd.rs:182:18
[INFO] [stdout]   19:     0x561aa40e9b2a - gitbook::preprocess::cmd::tests::round_trip_write_and_parse_input::{{closure}}::hb0ade9a3d095da53
[INFO] [stdout]                                at /opt/rustwide/workdir/src/preprocess/cmd.rs:180:5
[INFO] [stdout]   20:     0x561aa40b9c7e - core::ops::function::FnOnce::call_once::he1d4530179568d35
[INFO] [stdout]                                at /rustc/a178d0322ce20e33eac124758e837cbd80a6f633/library/core/src/ops/function.rs:227:5
[INFO] [stdout]   21:     0x561aa42e9e73 - core::ops::function::FnOnce::call_once::h152e7e439ff59e19
[INFO] [stdout]                                at /rustc/a178d0322ce20e33eac124758e837cbd80a6f633/library/core/src/ops/function.rs:227:5
[INFO] [stdout]   22:     0x561aa42e9e73 - test::__rust_begin_short_backtrace::h0908f3b1fdbb72ab
[INFO] [stdout]                                at /rustc/a178d0322ce20e33eac124758e837cbd80a6f633/library/test/src/lib.rs:577:5
[INFO] [stdout]   23:     0x561aa42e8930 - <alloc::boxed::Box<F,A> as core::ops::function::FnOnce<Args>>::call_once::hf6d2a51e5587546c
[INFO] [stdout]                                at /rustc/a178d0322ce20e33eac124758e837cbd80a6f633/library/alloc/src/boxed.rs:1575:9
[INFO] [stdout]   24:     0x561aa42e8930 - <std::panic::AssertUnwindSafe<F> as core::ops::function::FnOnce<()>>::call_once::h8af660f3a89ef593
[INFO] [stdout]                                at /rustc/a178d0322ce20e33eac124758e837cbd80a6f633/library/std/src/panic.rs:347:9
[INFO] [stdout]   25:     0x561aa42e8930 - std::panicking::try::do_call::hd36aef60f84b6d36
[INFO] [stdout]                                at /rustc/a178d0322ce20e33eac124758e837cbd80a6f633/library/std/src/panicking.rs:401:40
[INFO] [stdout]   26:     0x561aa42e8930 - std::panicking::try::h9932b4480e69817c
[INFO] [stdout]                                at /rustc/a178d0322ce20e33eac124758e837cbd80a6f633/library/std/src/panicking.rs:365:19
[INFO] [stdout]   27:     0x561aa42e8930 - std::panic::catch_unwind::h6aa177099cfff5f8
[INFO] [stdout]                                at /rustc/a178d0322ce20e33eac124758e837cbd80a6f633/library/std/src/panic.rs:434:14
[INFO] [stdout]   28:     0x561aa42e8930 - test::run_test_in_process::h5884d6f2d99e20c3
[INFO] [stdout]                                at /rustc/a178d0322ce20e33eac124758e837cbd80a6f633/library/test/src/lib.rs:600:18
[INFO] [stdout]   29:     0x561aa42e8930 - test::run_test::run_test_inner::{{closure}}::h6fdc58c6d5f5b6e3
[INFO] [stdout]                                at /rustc/a178d0322ce20e33eac124758e837cbd80a6f633/library/test/src/lib.rs:492:39
[INFO] [stdout]   30:     0x561aa42c1fe2 - test::run_test::run_test_inner::{{closure}}::h408365d67a78ade8
[INFO] [stdout]                                at /rustc/a178d0322ce20e33eac124758e837cbd80a6f633/library/test/src/lib.rs:519:37
[INFO] [stdout]   31:     0x561aa42c1fe2 - std::sys_common::backtrace::__rust_begin_short_backtrace::hb560b77c4f701523
[INFO] [stdout]                                at /rustc/a178d0322ce20e33eac124758e837cbd80a6f633/library/std/src/sys_common/backtrace.rs:125:18
[INFO] [stdout]   32:     0x561aa42c5b98 - std::thread::Builder::spawn_unchecked::{{closure}}::{{closure}}::hf2e7831dad93c597
[INFO] [stdout]                                at /rustc/a178d0322ce20e33eac124758e837cbd80a6f633/library/std/src/thread/mod.rs:481:17
[INFO] [stdout]   33:     0x561aa42c5b98 - <std::panic::AssertUnwindSafe<F> as core::ops::function::FnOnce<()>>::call_once::hd2e08783d8be4d02
[INFO] [stdout]                                at /rustc/a178d0322ce20e33eac124758e837cbd80a6f633/library/std/src/panic.rs:347:9
[INFO] [stdout]   34:     0x561aa42c5b98 - std::panicking::try::do_call::h062597b7acfd6b82
[INFO] [stdout]                                at /rustc/a178d0322ce20e33eac124758e837cbd80a6f633/library/std/src/panicking.rs:401:40
[INFO] [stdout]   35:     0x561aa42c5b98 - std::panicking::try::h0d7b79db04c14552
[INFO] [stdout]                                at /rustc/a178d0322ce20e33eac124758e837cbd80a6f633/library/std/src/panicking.rs:365:19
[INFO] [stdout]   36:     0x561aa42c5b98 - std::panic::catch_unwind::hb01a0b5e7c8cd43b
[INFO] [stdout]                                at /rustc/a178d0322ce20e33eac124758e837cbd80a6f633/library/std/src/panic.rs:434:14
[INFO] [stdout]   37:     0x561aa42c5b98 - std::thread::Builder::spawn_unchecked::{{closure}}::h5bde48cc887e0d1e
[INFO] [stdout]                                at /rustc/a178d0322ce20e33eac124758e837cbd80a6f633/library/std/src/thread/mod.rs:480:30
[INFO] [stdout]   38:     0x561aa42c5b98 - core::ops::function::FnOnce::call_once{{vtable.shim}}::h745ea30807a29e55
[INFO] [stdout]                                at /rustc/a178d0322ce20e33eac124758e837cbd80a6f633/library/core/src/ops/function.rs:227:5
[INFO] [stdout]   39:     0x561aa47e1347 - <alloc::boxed::Box<F,A> as core::ops::function::FnOnce<Args>>::call_once::h7ece6cfefaff1005
[INFO] [stdout]                                at /rustc/a178d0322ce20e33eac124758e837cbd80a6f633/library/alloc/src/boxed.rs:1575:9
[INFO] [stdout]   40:     0x561aa47e1347 - <alloc::boxed::Box<F,A> as core::ops::function::FnOnce<Args>>::call_once::hb8b48e55c21f193e
[INFO] [stdout]                                at /rustc/a178d0322ce20e33eac124758e837cbd80a6f633/library/alloc/src/boxed.rs:1575:9
[INFO] [stdout]   41:     0x561aa47e1347 - std::sys::unix::thread::Thread::new::thread_start::h8c7c4450dba62914
[INFO] [stdout]                                at /rustc/a178d0322ce20e33eac124758e837cbd80a6f633/library/std/src/sys/unix/thread.rs:71:17
[INFO] [stdout]   42:     0x7ffa5da7d609 - start_thread
[INFO] [stdout]   43:     0x7ffa5d855293 - clone
[INFO] [stdout]   44:                0x0 - <unknown>
[INFO] [stdout] 
[INFO] [stdout] 
[INFO] [stdout] failures:
[INFO] [stdout]     preprocess::cmd::tests::round_trip_write_and_parse_input
[INFO] [stdout] 
[INFO] [stdout] test result: FAILED. 116 passed; 1 failed; 0 ignored; 0 measured; 0 filtered out; finished in 0.32s
[INFO] [stdout] 
[INFO] running `Command { std: "docker" "inspect" "c593a010a6b49e9c8ce5985b678e376ec25eacc517b28bac118d3d5bdcf8fd21", kill_on_drop: false }`
[INFO] running `Command { std: "docker" "rm" "-f" "c593a010a6b49e9c8ce5985b678e376ec25eacc517b28bac118d3d5bdcf8fd21", kill_on_drop: false }`
[INFO] [stdout] c593a010a6b49e9c8ce5985b678e376ec25eacc517b28bac118d3d5bdcf8fd21
