[INFO] fetching crate asyncgit 0.16.3...
[INFO] testing asyncgit-0.16.3 against beta-2021-08-01 for beta-1.55-1
[INFO] extracting crate asyncgit 0.16.3 into /workspace/builds/worker-1/source
[INFO] validating manifest of crates.io crate asyncgit 0.16.3 on toolchain beta-2021-08-01
[INFO] running `Command { std: "/workspace/cargo-home/bin/cargo" "+beta-2021-08-01" "metadata" "--manifest-path" "Cargo.toml" "--no-deps", kill_on_drop: false }`
[INFO] started tweaking crates.io crate asyncgit 0.16.3
[INFO] finished tweaking crates.io crate asyncgit 0.16.3
[INFO] tweaked toml for crates.io crate asyncgit 0.16.3 written to /workspace/builds/worker-1/source/Cargo.toml
[INFO] running `Command { std: "/workspace/cargo-home/bin/cargo" "+beta-2021-08-01" "generate-lockfile" "--manifest-path" "Cargo.toml" "-Zno-index-update", kill_on_drop: false }`
[INFO] running `Command { std: "/workspace/cargo-home/bin/cargo" "+beta-2021-08-01" "fetch" "--manifest-path" "Cargo.toml", kill_on_drop: false }`
[INFO] [stderr]  Downloading crates ...
[INFO] [stderr]   Downloaded scopetime v0.1.1
[INFO] [stderr]   Downloaded unicode-truncate v0.2.0
[INFO] [stderr]   Downloaded invalidstring v0.1.2
[INFO] running `Command { std: "docker" "create" "-v" "/var/lib/crater-agent-workspace/builds/worker-1/target:/opt/rustwide/target:rw,Z" "-v" "/var/lib/crater-agent-workspace/builds/worker-1/source:/opt/rustwide/workdir:ro,Z" "-v" "/var/lib/crater-agent-workspace/cargo-home:/opt/rustwide/cargo-home:ro,Z" "-v" "/var/lib/crater-agent-workspace/rustup-home:/opt/rustwide/rustup-home:ro,Z" "-e" "SOURCE_DIR=/opt/rustwide/workdir" "-e" "CARGO_TARGET_DIR=/opt/rustwide/target" "-e" "CARGO_HOME=/opt/rustwide/cargo-home" "-e" "RUSTUP_HOME=/opt/rustwide/rustup-home" "-w" "/opt/rustwide/workdir" "-m" "1610612736" "--user" "0:0" "--network" "none" "ghcr.io/rust-lang/crates-build-env/linux@sha256:34b6a614d2c27851fe6cbf88fbd1137609cefab8b10d0615aaeb6fd47975d74e" "/opt/rustwide/cargo-home/bin/cargo" "+beta-2021-08-01" "metadata" "--no-deps" "--format-version=1", kill_on_drop: false }`
[INFO] [stdout] 3283cd215795a2092fb52e8fb433e8683a301d076c1a8b31b062cdd57ef45a2a
[INFO] [stderr] WARNING: Your kernel does not support swap limit capabilities or the cgroup is not mounted. Memory limited without swap.
[INFO] running `Command { std: "docker" "start" "-a" "3283cd215795a2092fb52e8fb433e8683a301d076c1a8b31b062cdd57ef45a2a", kill_on_drop: false }`
[INFO] running `Command { std: "docker" "inspect" "3283cd215795a2092fb52e8fb433e8683a301d076c1a8b31b062cdd57ef45a2a", kill_on_drop: false }`
[INFO] running `Command { std: "docker" "rm" "-f" "3283cd215795a2092fb52e8fb433e8683a301d076c1a8b31b062cdd57ef45a2a", kill_on_drop: false }`
[INFO] [stdout] 3283cd215795a2092fb52e8fb433e8683a301d076c1a8b31b062cdd57ef45a2a
[INFO] running `Command { std: "docker" "create" "-v" "/var/lib/crater-agent-workspace/builds/worker-1/target:/opt/rustwide/target:rw,Z" "-v" "/var/lib/crater-agent-workspace/builds/worker-1/source:/opt/rustwide/workdir:ro,Z" "-v" "/var/lib/crater-agent-workspace/cargo-home:/opt/rustwide/cargo-home:ro,Z" "-v" "/var/lib/crater-agent-workspace/rustup-home:/opt/rustwide/rustup-home:ro,Z" "-e" "SOURCE_DIR=/opt/rustwide/workdir" "-e" "CARGO_TARGET_DIR=/opt/rustwide/target" "-e" "CARGO_INCREMENTAL=0" "-e" "RUST_BACKTRACE=full" "-e" "RUSTFLAGS=--cap-lints=warn" "-e" "CARGO_HOME=/opt/rustwide/cargo-home" "-e" "RUSTUP_HOME=/opt/rustwide/rustup-home" "-w" "/opt/rustwide/workdir" "-m" "1610612736" "--user" "0:0" "--network" "none" "ghcr.io/rust-lang/crates-build-env/linux@sha256:34b6a614d2c27851fe6cbf88fbd1137609cefab8b10d0615aaeb6fd47975d74e" "/opt/rustwide/cargo-home/bin/cargo" "+beta-2021-08-01" "build" "--frozen" "--message-format=json", kill_on_drop: false }`
[INFO] [stdout] cafc7a9b0f2da5e08ee6ebd9d70b65fd183734ad9515d316504b2fbf135f63c7
[INFO] [stderr] WARNING: Your kernel does not support swap limit capabilities or the cgroup is not mounted. Memory limited without swap.
[INFO] running `Command { std: "docker" "start" "-a" "cafc7a9b0f2da5e08ee6ebd9d70b65fd183734ad9515d316504b2fbf135f63c7", kill_on_drop: false }`
[INFO] [stderr]    Compiling easy-cast v0.4.4
[INFO] [stderr]    Compiling unicode-truncate v0.2.0
[INFO] [stderr]    Compiling jobserver v0.1.23
[INFO] [stderr]    Compiling scopetime v0.1.1
[INFO] [stderr]    Compiling thiserror-impl v1.0.26
[INFO] [stderr]    Compiling cc v1.0.69
[INFO] [stderr]    Compiling openssl-src v111.15.0+1.1.1k
[INFO] [stderr]    Compiling openssl-sys v0.9.65
[INFO] [stderr]    Compiling libz-sys v1.1.3
[INFO] [stderr]    Compiling libssh2-sys v0.2.21
[INFO] [stderr]    Compiling libgit2-sys v0.12.21+1.1.0
[INFO] [stderr]    Compiling thiserror v1.0.26
[INFO] [stderr]    Compiling git2 v0.13.20
[INFO] [stderr]    Compiling asyncgit v0.16.3 (/opt/rustwide/workdir)
[INFO] [stderr]     Finished dev [unoptimized + debuginfo] target(s) in 1m 14s
[INFO] running `Command { std: "docker" "inspect" "cafc7a9b0f2da5e08ee6ebd9d70b65fd183734ad9515d316504b2fbf135f63c7", kill_on_drop: false }`
[INFO] running `Command { std: "docker" "rm" "-f" "cafc7a9b0f2da5e08ee6ebd9d70b65fd183734ad9515d316504b2fbf135f63c7", kill_on_drop: false }`
[INFO] [stdout] cafc7a9b0f2da5e08ee6ebd9d70b65fd183734ad9515d316504b2fbf135f63c7
[INFO] running `Command { std: "docker" "create" "-v" "/var/lib/crater-agent-workspace/builds/worker-1/target:/opt/rustwide/target:rw,Z" "-v" "/var/lib/crater-agent-workspace/builds/worker-1/source:/opt/rustwide/workdir:ro,Z" "-v" "/var/lib/crater-agent-workspace/cargo-home:/opt/rustwide/cargo-home:ro,Z" "-v" "/var/lib/crater-agent-workspace/rustup-home:/opt/rustwide/rustup-home:ro,Z" "-e" "SOURCE_DIR=/opt/rustwide/workdir" "-e" "CARGO_TARGET_DIR=/opt/rustwide/target" "-e" "CARGO_INCREMENTAL=0" "-e" "RUST_BACKTRACE=full" "-e" "RUSTFLAGS=--cap-lints=warn" "-e" "CARGO_HOME=/opt/rustwide/cargo-home" "-e" "RUSTUP_HOME=/opt/rustwide/rustup-home" "-w" "/opt/rustwide/workdir" "-m" "1610612736" "--user" "0:0" "--network" "none" "ghcr.io/rust-lang/crates-build-env/linux@sha256:34b6a614d2c27851fe6cbf88fbd1137609cefab8b10d0615aaeb6fd47975d74e" "/opt/rustwide/cargo-home/bin/cargo" "+beta-2021-08-01" "test" "--frozen" "--no-run" "--message-format=json", kill_on_drop: false }`
[INFO] [stdout] a2c84d2945558959683bb9f56db1c404bb62c02fe5166e77bb1f9072628bd31c
[INFO] [stderr] WARNING: Your kernel does not support swap limit capabilities or the cgroup is not mounted. Memory limited without swap.
[INFO] running `Command { std: "docker" "start" "-a" "a2c84d2945558959683bb9f56db1c404bb62c02fe5166e77bb1f9072628bd31c", kill_on_drop: false }`
[INFO] [stderr]    Compiling invalidstring v0.1.2
[INFO] [stderr]    Compiling parking_lot_core v0.8.3
[INFO] [stderr]    Compiling serial_test_derive v0.5.1
[INFO] [stderr]    Compiling parking_lot v0.11.1
[INFO] [stderr]    Compiling serial_test v0.5.1
[INFO] [stderr]    Compiling asyncgit v0.16.3 (/opt/rustwide/workdir)
[INFO] [stderr]     Finished test [unoptimized + debuginfo] target(s) in 12.16s
[INFO] running `Command { std: "docker" "inspect" "a2c84d2945558959683bb9f56db1c404bb62c02fe5166e77bb1f9072628bd31c", kill_on_drop: false }`
[INFO] running `Command { std: "docker" "rm" "-f" "a2c84d2945558959683bb9f56db1c404bb62c02fe5166e77bb1f9072628bd31c", kill_on_drop: false }`
[INFO] [stdout] a2c84d2945558959683bb9f56db1c404bb62c02fe5166e77bb1f9072628bd31c
[INFO] running `Command { std: "docker" "create" "-v" "/var/lib/crater-agent-workspace/builds/worker-1/target:/opt/rustwide/target:rw,Z" "-v" "/var/lib/crater-agent-workspace/builds/worker-1/source:/opt/rustwide/workdir:ro,Z" "-v" "/var/lib/crater-agent-workspace/cargo-home:/opt/rustwide/cargo-home:ro,Z" "-v" "/var/lib/crater-agent-workspace/rustup-home:/opt/rustwide/rustup-home:ro,Z" "-e" "SOURCE_DIR=/opt/rustwide/workdir" "-e" "CARGO_TARGET_DIR=/opt/rustwide/target" "-e" "CARGO_INCREMENTAL=0" "-e" "RUST_BACKTRACE=full" "-e" "RUSTFLAGS=--cap-lints=warn" "-e" "CARGO_HOME=/opt/rustwide/cargo-home" "-e" "RUSTUP_HOME=/opt/rustwide/rustup-home" "-w" "/opt/rustwide/workdir" "-m" "1610612736" "--user" "0:0" "--network" "none" "ghcr.io/rust-lang/crates-build-env/linux@sha256:34b6a614d2c27851fe6cbf88fbd1137609cefab8b10d0615aaeb6fd47975d74e" "/opt/rustwide/cargo-home/bin/cargo" "+beta-2021-08-01" "test" "--frozen", kill_on_drop: false }`
[INFO] [stdout] 454b2b7fc0d79dc10ae6473f71d4950691463749e4f5a5442946abded50678a3
[INFO] [stderr] WARNING: Your kernel does not support swap limit capabilities or the cgroup is not mounted. Memory limited without swap.
[INFO] running `Command { std: "docker" "start" "-a" "454b2b7fc0d79dc10ae6473f71d4950691463749e4f5a5442946abded50678a3", kill_on_drop: false }`
[INFO] [stderr]     Finished test [unoptimized + debuginfo] target(s) in 0.11s
[INFO] [stderr]      Running unittests (/opt/rustwide/target/debug/deps/asyncgit-b368b1086031ea0f)
[INFO] [stdout] 
[INFO] [stdout] running 133 tests
[INFO] [stdout] test progress::tests::test_progress_zero_total ... ok
[INFO] [stdout] test progress::tests::test_progress_rounding ... ok
[INFO] [stdout] test asyncjob::test::test_cancel ... FAILED
[INFO] [stdout] test sync::branch::test_delete_branch::test_delete_branch ... ok
[INFO] [stdout] test asyncjob::test::test_overwrite ... ok
[INFO] [stdout] test sync::branch::tests_branches::test_multiple ... ok
[INFO] [stdout] test sync::blame::tests::test_blame ... ok
[INFO] [stdout] test sync::branch::rename::test::test_rename_branch ... ok
[INFO] [stdout] test sync::branch::tests_branch_name::test_empty_repo ... ok
[INFO] [stdout] test sync::branch::tests_branch_compare::test_smoke ... ok
[INFO] [stdout] test sync::branch::tests_create_branch::test_smoke ... ok
[INFO] [stdout] test sync::branch::tests_branches::test_branch_remote_no_branch ... ok
[INFO] [stdout] test sync::branch::tests_branches::test_smoke ... ok
[INFO] [stdout] test sync::branch::tests_branch_name::test_smoke ... ok
[INFO] [stdout] test sync::branch::tests_checkout::test_multiple ... ok
[INFO] [stdout] test sync::branch::tests_checkout::test_smoke ... ok
[INFO] [stdout] test sync::commit::tests::test_commit_in_empty_repo ... ok
[INFO] [stdout] test sync::commit::tests::test_amend ... ok
[INFO] [stdout] test sync::commit::tests::test_empty_name ... ok
[INFO] [stdout] test sync::commit::tests::test_empty_email ... ok
[INFO] [stdout] test sync::branch::tests_branches::test_branch_remote_no_upstream ... ok
[INFO] [stdout] test sync::commit::tests::test_commit ... ok
[INFO] [stdout] test sync::branch::merge_commit::test::test_merge_normal ... ok
[INFO] [stdout] test sync::commit::tests::test_tag ... ok
[INFO] [stdout] test sync::branch::merge_commit::test::test_merge_normal_non_ff ... ok
[INFO] [stdout] test sync::commit_details::tests::test_commit_message_combine ... ok
[INFO] [stdout] test sync::branch::merge_rebase::test::test_merge_conflict ... ok
[INFO] [stdout] test sync::branch::test_remote_branches::test_checkout_remote_branch ... ok
[INFO] [stdout] test sync::cred::tests::test_credential_complete ... ok
[INFO] [stdout] test sync::config::tests::test_get_config ... ok
[INFO] [stdout] test sync::commit_details::tests::test_msg_linefeeds ... ok
[INFO] [stdout] test sync::cred::tests::test_credential_not_complete ... ok
[INFO] [stdout] test sync::commits_info::tests::test_log ... ok
[INFO] [stdout] test sync::commit_files::tests::test_smoke ... ok
[INFO] [stdout] test sync::commits_info::tests::test_log_first_msg_line ... ok
[INFO] [stdout] test sync::commits_info::tests::test_invalid_utf8 ... ok
[INFO] [stdout] test sync::commit_files::tests::test_stashed_untracked_and_modified ... ok
[INFO] [stdout] test sync::branch::merge_ff::test::test_merge_fastforward ... ok
[INFO] [stdout] test sync::commit_details::tests::test_msg_invalid_utf8 ... ok
[INFO] [stdout] test sync::cred::tests::test_extract_username_from_url ... ok
[INFO] [stdout] test sync::cred::tests::test_extract_username_password_from_url ... ok
[INFO] [stdout] test sync::cred::tests::test_extract_nothing_from_url ... ok
[INFO] [stdout] test sync::diff::tests::test_diff_delta_size_commit ... ok
[INFO] [stdout] test sync::commit_files::tests::test_stashed_untracked ... ok
[INFO] [stdout] test sync::branch::merge_rebase::test::test_merge_multiple ... ok
[INFO] [stdout] test sync::diff::tests::test_empty_repo ... ok
[INFO] [stdout] test sync::branch::merge_rebase::test::test_merge_normal ... ok
[INFO] [stdout] test sync::diff::tests::test_diff_delta_size ... ok
[INFO] [stdout] test sync::diff::tests::test_untracked_subfolder ... ok
[INFO] [stdout] test sync::diff::tests::test_binary_diff_delta_size_untracked ... ok
[INFO] [stdout] test sync::cred::tests::test_dont_need_username_password_if_ssh ... ok
[INFO] [stdout] test sync::diff::tests::test_hunks ... ok
[INFO] [stdout] test sync::hooks::tests::test_hooks_commit_msg_reject_in_subfolder ... ok
[INFO] [stdout] test sync::hooks::tests::test_hooks_commit_msg_ok ... ok
[INFO] [stdout] test sync::cred::tests::test_extract_username_from_repo ... ok
[INFO] [stdout] test sync::branch::test_remote_branches::test_remote_branches ... ok
[INFO] [stdout] test sync::diff::tests::test_diff_newfile_in_sub_dir_current_dir ... ok
[INFO] [stdout] test sync::hunks::tests::reset_untracked_file_which_will_not_find_hunk ... ok
[INFO] [stdout] test sync::ignore::tests::test_append_no_newline_at_end ... ok
[INFO] [stdout] test sync::ignore::tests::test_append ... ok
[INFO] [stdout] test sync::hooks::tests::test_post_commit_hook_reject_in_subfolder ... ok
[INFO] [stdout] test sync::hooks::tests::test_smoke ... ok
[INFO] [stdout] test sync::cred::tests::test_need_username_password_if_https ... ok
[INFO] [stdout] test sync::hooks::tests::test_pre_commit_fail_sh ... ok
[INFO] [stdout] test sync::hooks::tests::test_hooks_commit_msg_reject ... ok
[INFO] [stdout] test sync::logwalker::tests::test_limit ... ok
[INFO] [stdout] test sync::hooks::tests::test_commit_msg_no_block_but_alter ... ok
[INFO] [stdout] test sync::hooks::tests::test_pre_commit_sh ... ok
[INFO] [stdout] test sync::logwalker::tests::test_logwalker ... ok
[INFO] [stdout] test sync::merge::tests::test_smoke ... ok
[INFO] [stdout] test sync::ignore::tests::test_empty ... ok
[INFO] [stdout] test sync::logwalker::tests::test_logwalker_with_filter ... ok
[INFO] [stdout] test sync::branch::tests_branches::test_remotes_of_branches ... ok
[INFO] [stdout] test sync::cred::tests::test_error_if_no_remote_when_trying_to_retrieve_if_need_username_password - should panic ... ok
[INFO] [stdout] test sync::hooks::tests::test_pre_commit_py ... ok
[INFO] [stdout] test sync::hooks::tests::test_pre_commit_fail_py ... ok
[INFO] [stdout] test sync::remotes::tests::test_default_remote ... ok
[INFO] [stdout] test sync::remotes::tests::test_default_remote_inconclusive ... ok
[INFO] [stdout] test sync::remotes::tests::test_default_remote_out_of_order ... ok
[INFO] [stdout] test sync::remotes::tags::tests::test_tags_missing_remote ... ok
[INFO] [stdout] test sync::cred::tests::test_error_if_no_remote_when_trying_to_extract_username_password - should panic ... ok
[INFO] [stdout] test sync::cred::tests::test_extract_username_password_from_repo ... ok
[INFO] [stdout] test sync::staging::discard_tracked::test::test_discard3 ... ok
[INFO] [stdout] test sync::staging::discard_tracked::test::test_discard2 ... ok
[INFO] [stdout] test sync::remotes::push::tests::test_force_push ... ok
[INFO] [stdout] test sync::reset::tests::test_reset_folder ... ok
[INFO] [stdout] test sync::reset::tests::test_reset_untracked_in_subdir ... ok
[INFO] [stdout] test sync::reset::tests::test_reset_untracked_in_subdir_with_cwd_in_subdir ... ok
[INFO] [stdout] test sync::reset::tests::unstage_in_empty_repo ... ok
[INFO] [stdout] test sync::reset::tests::test_reset_untracked_subdir ... ok
[INFO] [stdout] test sync::remotes::tags::tests::test_get_remote_tags ... ok
[INFO] [stdout] test sync::staging::discard_tracked::test::test_discard_deletions_filestart_breaking_with_zero_context ... ok
[INFO] [stdout] test sync::staging::discard_tracked::test::test_discard5 ... ok
[INFO] [stdout] test sync::remotes::tests::test_smoke ... ok
[INFO] [stdout] test sync::stash::tests::test_stash_apply_conflict ... ok
[INFO] [stdout] test sync::remotes::push::tests::test_force_push_rewrites_history ... ok
[INFO] [stdout] test sync::staging::discard_tracked::test::test_discard ... ok
[INFO] [stdout] test sync::stash::tests::test_smoke ... ok
[INFO] [stdout] test sync::staging::discard_tracked::test::test_discard4 ... ok
[INFO] [stdout] test sync::staging::discard_tracked::test::test_discard_if_first_selected_line_is_not_in_any_hunk ... ok
[INFO] [stdout] test sync::staging::stage_tracked::test::test_unstage ... ok
[INFO] [stdout] test sync::stash::tests::test_stash_apply_conflict2 ... ok
[INFO] [stdout] test sync::staging::stage_tracked::test::test_panic_stage_no_newline ... ok
[INFO] [stdout] test sync::stash::tests::test_stash_nothing_untracked ... ok
[INFO] [stdout] test sync::tree::tests::test_path_file_cmp ... ok
[INFO] [stdout] test sync::stash::tests::test_stash_pop_conflict ... ok
[INFO] [stdout] test sync::tags::tests::test_smoke ... ok
[INFO] [stdout] test sync::staging::stage_tracked::test::test_stage ... ok
[INFO] [stdout] test sync::reset::tests::test_reset_untracked_in_subdir_and_index ... ok
[INFO] [stdout] test sync::stash::tests::test_stash_apply_creating_conflict ... ok
[INFO] [stdout] test sync::tags::tests::test_multitags ... ok
[INFO] [stdout] test sync::stash::tests::test_stashing ... ok
[INFO] [stdout] test sync::tree::tests::test_sorting_folders ... ok
[INFO] [stdout] test sync::utils::tests::test_head_empty ... ok
[INFO] [stdout] test sync::tree::tests::test_sorting ... ok
[INFO] [stdout] test sync::tree::tests::test_path_cmp ... ok
[INFO] [stdout] test sync::remotes::tags::tests::test_push_pull_tags ... ok
[INFO] [stdout] test sync::tree::tests::test_sorting_folders2 ... ok
[INFO] [stdout] test sync::stash::tests::test_stash_pop_conflict_after_commit ... ok
[INFO] [stdout] test sync::utils::tests::test_stage_add_smoke ... ok
[INFO] [stdout] test sync::tree::tests::test_smoke ... ok
[INFO] [stdout] test sync::utils::tests::test_not_staging_untracked_folder ... ok
[INFO] [stdout] test sync::utils::tests::test_head ... ok
[INFO] [stdout] test sync::utils::tests::test_staging_deleted_file ... ok
[INFO] [stdout] test sync::stash::tests::test_stashes ... ok
[INFO] [stdout] test sync::stash::tests::test_stash_pop_no_conflict ... ok
[INFO] [stdout] test sync::utils::tests::test_staging_folder ... ok
[INFO] [stdout] test sync::utils::tests::test_undo_commit_empty_repo ... ok
[INFO] [stdout] test sync::stash::tests::test_stash_without_2nd_parent ... ok
[INFO] [stdout] test sync::utils::tests::test_staging_one_file ... ok
[INFO] [stdout] test sync::utils::tests::test_staging_sub_git_folder ... ok
[INFO] [stdout] test sync::utils::tests::test_undo_commit ... ok
[INFO] [stdout] test sync::reset::tests::test_reset_only_unstaged ... ok
[INFO] [stdout] 
[INFO] [stdout] failures:
[INFO] [stdout] 
[INFO] [stdout] ---- asyncjob::test::test_cancel stdout ----
[INFO] [stdout] thread 'asyncjob::test::test_cancel' panicked at 'assertion failed: !job.spawn(task.clone())', src/asyncjob/mod.rs:198:13
[INFO] [stdout] stack backtrace:
[INFO] [stdout]    0:     0x5617e879b2d0 - std::backtrace_rs::backtrace::libunwind::trace::hff4d1766e93f64f1
[INFO] [stdout]                                at /rustc/53fd98ca776cb875bc9e5514f56b52eb74f9e7a9/library/std/src/../../backtrace/src/backtrace/libunwind.rs:90:5
[INFO] [stdout]    1:     0x5617e879b2d0 - std::backtrace_rs::backtrace::trace_unsynchronized::h56bbc8eb78770bcb
[INFO] [stdout]                                at /rustc/53fd98ca776cb875bc9e5514f56b52eb74f9e7a9/library/std/src/../../backtrace/src/backtrace/mod.rs:66:5
[INFO] [stdout]    2:     0x5617e879b2d0 - std::sys_common::backtrace::_print_fmt::h5c8e75464faca780
[INFO] [stdout]                                at /rustc/53fd98ca776cb875bc9e5514f56b52eb74f9e7a9/library/std/src/sys_common/backtrace.rs:67:5
[INFO] [stdout]    3:     0x5617e879b2d0 - <std::sys_common::backtrace::_print::DisplayBacktrace as core::fmt::Display>::fmt::h48b88277def8b362
[INFO] [stdout]                                at /rustc/53fd98ca776cb875bc9e5514f56b52eb74f9e7a9/library/std/src/sys_common/backtrace.rs:46:22
[INFO] [stdout]    4:     0x5617e87bf79c - core::fmt::write::h3381b3176fe2b3d3
[INFO] [stdout]                                at /rustc/53fd98ca776cb875bc9e5514f56b52eb74f9e7a9/library/core/src/fmt/mod.rs:1115:17
[INFO] [stdout]    5:     0x5617e8797825 - std::io::Write::write_fmt::h5f34a676f60246b5
[INFO] [stdout]                                at /rustc/53fd98ca776cb875bc9e5514f56b52eb74f9e7a9/library/std/src/io/mod.rs:1665:15
[INFO] [stdout]    6:     0x5617e879d9ab - std::sys_common::backtrace::_print::ha537687d6c17dd0d
[INFO] [stdout]                                at /rustc/53fd98ca776cb875bc9e5514f56b52eb74f9e7a9/library/std/src/sys_common/backtrace.rs:49:5
[INFO] [stdout]    7:     0x5617e879d9ab - std::sys_common::backtrace::print::h61376ae57d131d72
[INFO] [stdout]                                at /rustc/53fd98ca776cb875bc9e5514f56b52eb74f9e7a9/library/std/src/sys_common/backtrace.rs:36:9
[INFO] [stdout]    8:     0x5617e879d9ab - std::panicking::default_hook::{{closure}}::h0f7208c0b9644a54
[INFO] [stdout]                                at /rustc/53fd98ca776cb875bc9e5514f56b52eb74f9e7a9/library/std/src/panicking.rs:208:50
[INFO] [stdout]    9:     0x5617e879d4bc - std::panicking::default_hook::hdac7fc06578c14ce
[INFO] [stdout]                                at /rustc/53fd98ca776cb875bc9e5514f56b52eb74f9e7a9/library/std/src/panicking.rs:222:9
[INFO] [stdout]   10:     0x5617e879e074 - std::panicking::rust_panic_with_hook::h72b21c283da3d1ef
[INFO] [stdout]                                at /rustc/53fd98ca776cb875bc9e5514f56b52eb74f9e7a9/library/std/src/panicking.rs:622:17
[INFO] [stdout]   11:     0x5617e879db27 - std::panicking::begin_panic_handler::{{closure}}::he5778f1729cff84a
[INFO] [stdout]                                at /rustc/53fd98ca776cb875bc9e5514f56b52eb74f9e7a9/library/std/src/panicking.rs:517:13
[INFO] [stdout]   12:     0x5617e879b7ac - std::sys_common::backtrace::__rust_end_short_backtrace::h2d11ca8b453b4b1d
[INFO] [stdout]                                at /rustc/53fd98ca776cb875bc9e5514f56b52eb74f9e7a9/library/std/src/sys_common/backtrace.rs:141:18
[INFO] [stdout]   13:     0x5617e879dab9 - rust_begin_unwind
[INFO] [stdout]                                at /rustc/53fd98ca776cb875bc9e5514f56b52eb74f9e7a9/library/std/src/panicking.rs:515:5
[INFO] [stdout]   14:     0x5617e81c4851 - core::panicking::panic_fmt::hf9de31d4acbce4db
[INFO] [stdout]                                at /rustc/53fd98ca776cb875bc9e5514f56b52eb74f9e7a9/library/core/src/panicking.rs:92:14
[INFO] [stdout]   15:     0x5617e81c479d - core::panicking::panic::h8a6bc58a21c6c095
[INFO] [stdout]                                at /rustc/53fd98ca776cb875bc9e5514f56b52eb74f9e7a9/library/core/src/panicking.rs:50:5
[INFO] [stdout]   16:     0x5617e8226d8b - asyncgit::asyncjob::test::test_cancel::h0b40eeefcc0b0048
[INFO] [stdout]                                at /opt/rustwide/workdir/src/asyncjob/mod.rs:198:13
[INFO] [stdout]   17:     0x5617e8226a4a - asyncgit::asyncjob::test::test_cancel::{{closure}}::h1df780b11b72b035
[INFO] [stdout]                                at /opt/rustwide/workdir/src/asyncjob/mod.rs:183:5
[INFO] [stdout]   18:     0x5617e82ee90e - core::ops::function::FnOnce::call_once::h85d44f939ffeb8df
[INFO] [stdout]                                at /rustc/53fd98ca776cb875bc9e5514f56b52eb74f9e7a9/library/core/src/ops/function.rs:227:5
[INFO] [stdout]   19:     0x5617e83a4583 - core::ops::function::FnOnce::call_once::hbb52c4519d3137b0
[INFO] [stdout]                                at /rustc/53fd98ca776cb875bc9e5514f56b52eb74f9e7a9/library/core/src/ops/function.rs:227:5
[INFO] [stdout]   20:     0x5617e83a4583 - test::__rust_begin_short_backtrace::h86fe3a2a5a5121af
[INFO] [stdout]                                at /rustc/53fd98ca776cb875bc9e5514f56b52eb74f9e7a9/library/test/src/lib.rs:578:5
[INFO] [stdout]   21:     0x5617e83a3038 - <alloc::boxed::Box<F,A> as core::ops::function::FnOnce<Args>>::call_once::hfd956bc3d57399be
[INFO] [stdout]                                at /rustc/53fd98ca776cb875bc9e5514f56b52eb74f9e7a9/library/alloc/src/boxed.rs:1572:9
[INFO] [stdout]   22:     0x5617e83a3038 - <std::panic::AssertUnwindSafe<F> as core::ops::function::FnOnce<()>>::call_once::h40dc93e0ddb5938a
[INFO] [stdout]                                at /rustc/53fd98ca776cb875bc9e5514f56b52eb74f9e7a9/library/std/src/panic.rs:347:9
[INFO] [stdout]   23:     0x5617e83a3038 - std::panicking::try::do_call::h90d07750cb47c562
[INFO] [stdout]                                at /rustc/53fd98ca776cb875bc9e5514f56b52eb74f9e7a9/library/std/src/panicking.rs:401:40
[INFO] [stdout]   24:     0x5617e83a3038 - std::panicking::try::h063c84733ad2a629
[INFO] [stdout]                                at /rustc/53fd98ca776cb875bc9e5514f56b52eb74f9e7a9/library/std/src/panicking.rs:365:19
[INFO] [stdout]   25:     0x5617e83a3038 - std::panic::catch_unwind::h0c464836a84e7c08
[INFO] [stdout]                                at /rustc/53fd98ca776cb875bc9e5514f56b52eb74f9e7a9/library/std/src/panic.rs:434:14
[INFO] [stdout]   26:     0x5617e83a3038 - test::run_test_in_process::h5cb06ef620b157fc
[INFO] [stdout]                                at /rustc/53fd98ca776cb875bc9e5514f56b52eb74f9e7a9/library/test/src/lib.rs:601:18
[INFO] [stdout]   27:     0x5617e83a3038 - test::run_test::run_test_inner::{{closure}}::h76f677f4b93f9828
[INFO] [stdout]                                at /rustc/53fd98ca776cb875bc9e5514f56b52eb74f9e7a9/library/test/src/lib.rs:493:39
[INFO] [stdout]   28:     0x5617e83717cd - test::run_test::run_test_inner::{{closure}}::h366d01fe04f4d67a
[INFO] [stdout]                                at /rustc/53fd98ca776cb875bc9e5514f56b52eb74f9e7a9/library/test/src/lib.rs:520:37
[INFO] [stdout]   29:     0x5617e83717cd - std::sys_common::backtrace::__rust_begin_short_backtrace::h7dfa0de4eb395af2
[INFO] [stdout]                                at /rustc/53fd98ca776cb875bc9e5514f56b52eb74f9e7a9/library/std/src/sys_common/backtrace.rs:125:18
[INFO] [stdout]   30:     0x5617e8375f98 - std::thread::Builder::spawn_unchecked::{{closure}}::{{closure}}::hf0a74bb58798037f
[INFO] [stdout]                                at /rustc/53fd98ca776cb875bc9e5514f56b52eb74f9e7a9/library/std/src/thread/mod.rs:476:17
[INFO] [stdout]   31:     0x5617e8375f98 - <std::panic::AssertUnwindSafe<F> as core::ops::function::FnOnce<()>>::call_once::hb024e854818586ac
[INFO] [stdout]                                at /rustc/53fd98ca776cb875bc9e5514f56b52eb74f9e7a9/library/std/src/panic.rs:347:9
[INFO] [stdout]   32:     0x5617e8375f98 - std::panicking::try::do_call::hb2dd9f1d0d48e41d
[INFO] [stdout]                                at /rustc/53fd98ca776cb875bc9e5514f56b52eb74f9e7a9/library/std/src/panicking.rs:401:40
[INFO] [stdout]   33:     0x5617e8375f98 - std::panicking::try::h4717ae7bac8b2bf3
[INFO] [stdout]                                at /rustc/53fd98ca776cb875bc9e5514f56b52eb74f9e7a9/library/std/src/panicking.rs:365:19
[INFO] [stdout]   34:     0x5617e8375f98 - std::panic::catch_unwind::h0dc8a061326ce8d8
[INFO] [stdout]                                at /rustc/53fd98ca776cb875bc9e5514f56b52eb74f9e7a9/library/std/src/panic.rs:434:14
[INFO] [stdout]   35:     0x5617e8375f98 - std::thread::Builder::spawn_unchecked::{{closure}}::haa369e2d6fd00aa1
[INFO] [stdout]                                at /rustc/53fd98ca776cb875bc9e5514f56b52eb74f9e7a9/library/std/src/thread/mod.rs:475:30
[INFO] [stdout]   36:     0x5617e8375f98 - core::ops::function::FnOnce::call_once{{vtable.shim}}::h36dcf3de8b056f17
[INFO] [stdout]                                at /rustc/53fd98ca776cb875bc9e5514f56b52eb74f9e7a9/library/core/src/ops/function.rs:227:5
[INFO] [stdout]   37:     0x5617e87a3df7 - <alloc::boxed::Box<F,A> as core::ops::function::FnOnce<Args>>::call_once::h65c29e4642be2358
[INFO] [stdout]                                at /rustc/53fd98ca776cb875bc9e5514f56b52eb74f9e7a9/library/alloc/src/boxed.rs:1572:9
[INFO] [stdout]   38:     0x5617e87a3df7 - <alloc::boxed::Box<F,A> as core::ops::function::FnOnce<Args>>::call_once::hd0f8f7fbbd9fffbf
[INFO] [stdout]                                at /rustc/53fd98ca776cb875bc9e5514f56b52eb74f9e7a9/library/alloc/src/boxed.rs:1572:9
[INFO] [stdout]   39:     0x5617e87a3df7 - std::sys::unix::thread::Thread::new::thread_start::h2fd22fee3ca77b65
[INFO] [stdout]                                at /rustc/53fd98ca776cb875bc9e5514f56b52eb74f9e7a9/library/std/src/sys/unix/thread.rs:74:17
[INFO] [stdout]   40:     0x7f682e460609 - start_thread
[INFO] [stdout]   41:     0x7f682e230293 - clone
[INFO] [stdout]   42:                0x0 - <unknown>
[INFO] [stdout] 
[INFO] [stdout] 
[INFO] [stdout] failures:
[INFO] [stdout]     asyncjob::test::test_cancel
[INFO] [stdout] 
[INFO] [stdout] test result: FAILED. 132 passed; 1 failed; 0 ignored; 0 measured; 0 filtered out; finished in 1.47s
[INFO] [stdout] 
[INFO] [stderr] error: test failed, to rerun pass '--lib'
[INFO] running `Command { std: "docker" "inspect" "454b2b7fc0d79dc10ae6473f71d4950691463749e4f5a5442946abded50678a3", kill_on_drop: false }`
[INFO] running `Command { std: "docker" "rm" "-f" "454b2b7fc0d79dc10ae6473f71d4950691463749e4f5a5442946abded50678a3", kill_on_drop: false }`
[INFO] [stdout] 454b2b7fc0d79dc10ae6473f71d4950691463749e4f5a5442946abded50678a3
