[INFO] fetching crate aristeia 0.2.3...
[INFO] testing aristeia-0.2.3 against beta-2021-08-01 for beta-1.55-1
[INFO] extracting crate aristeia 0.2.3 into /workspace/builds/worker-25/source
[INFO] validating manifest of crates.io crate aristeia 0.2.3 on toolchain beta-2021-08-01
[INFO] running `Command { std: "/workspace/cargo-home/bin/cargo" "+beta-2021-08-01" "metadata" "--manifest-path" "Cargo.toml" "--no-deps", kill_on_drop: false }`
[INFO] started tweaking crates.io crate aristeia 0.2.3
[INFO] finished tweaking crates.io crate aristeia 0.2.3
[INFO] tweaked toml for crates.io crate aristeia 0.2.3 written to /workspace/builds/worker-25/source/Cargo.toml
[INFO] running `Command { std: "/workspace/cargo-home/bin/cargo" "+beta-2021-08-01" "generate-lockfile" "--manifest-path" "Cargo.toml" "-Zno-index-update", kill_on_drop: false }`
[INFO] running `Command { std: "/workspace/cargo-home/bin/cargo" "+beta-2021-08-01" "fetch" "--manifest-path" "Cargo.toml", kill_on_drop: false }`
[INFO] running `Command { std: "docker" "create" "-v" "/var/lib/crater-agent-workspace/builds/worker-25/target:/opt/rustwide/target:rw,Z" "-v" "/var/lib/crater-agent-workspace/builds/worker-25/source:/opt/rustwide/workdir:ro,Z" "-v" "/var/lib/crater-agent-workspace/cargo-home:/opt/rustwide/cargo-home:ro,Z" "-v" "/var/lib/crater-agent-workspace/rustup-home:/opt/rustwide/rustup-home:ro,Z" "-e" "SOURCE_DIR=/opt/rustwide/workdir" "-e" "CARGO_TARGET_DIR=/opt/rustwide/target" "-e" "CARGO_HOME=/opt/rustwide/cargo-home" "-e" "RUSTUP_HOME=/opt/rustwide/rustup-home" "-w" "/opt/rustwide/workdir" "-m" "1610612736" "--user" "0:0" "--network" "none" "ghcr.io/rust-lang/crates-build-env/linux@sha256:34b6a614d2c27851fe6cbf88fbd1137609cefab8b10d0615aaeb6fd47975d74e" "/opt/rustwide/cargo-home/bin/cargo" "+beta-2021-08-01" "metadata" "--no-deps" "--format-version=1", kill_on_drop: false }`
[INFO] [stdout] b8a8abd8a2013440b6a5ce1657dec2c9c582eabe95a5450a8cf73706452996db
[INFO] running `Command { std: "docker" "start" "-a" "b8a8abd8a2013440b6a5ce1657dec2c9c582eabe95a5450a8cf73706452996db", kill_on_drop: false }`
[INFO] running `Command { std: "docker" "inspect" "b8a8abd8a2013440b6a5ce1657dec2c9c582eabe95a5450a8cf73706452996db", kill_on_drop: false }`
[INFO] running `Command { std: "docker" "rm" "-f" "b8a8abd8a2013440b6a5ce1657dec2c9c582eabe95a5450a8cf73706452996db", kill_on_drop: false }`
[INFO] [stdout] b8a8abd8a2013440b6a5ce1657dec2c9c582eabe95a5450a8cf73706452996db
[INFO] running `Command { std: "docker" "create" "-v" "/var/lib/crater-agent-workspace/builds/worker-25/target:/opt/rustwide/target:rw,Z" "-v" "/var/lib/crater-agent-workspace/builds/worker-25/source:/opt/rustwide/workdir:ro,Z" "-v" "/var/lib/crater-agent-workspace/cargo-home:/opt/rustwide/cargo-home:ro,Z" "-v" "/var/lib/crater-agent-workspace/rustup-home:/opt/rustwide/rustup-home:ro,Z" "-e" "SOURCE_DIR=/opt/rustwide/workdir" "-e" "CARGO_TARGET_DIR=/opt/rustwide/target" "-e" "CARGO_INCREMENTAL=0" "-e" "RUST_BACKTRACE=full" "-e" "RUSTFLAGS=--cap-lints=warn" "-e" "CARGO_HOME=/opt/rustwide/cargo-home" "-e" "RUSTUP_HOME=/opt/rustwide/rustup-home" "-w" "/opt/rustwide/workdir" "-m" "1610612736" "--user" "0:0" "--network" "none" "ghcr.io/rust-lang/crates-build-env/linux@sha256:34b6a614d2c27851fe6cbf88fbd1137609cefab8b10d0615aaeb6fd47975d74e" "/opt/rustwide/cargo-home/bin/cargo" "+beta-2021-08-01" "build" "--frozen" "--message-format=json", kill_on_drop: false }`
[INFO] [stdout] ceb1d2ad9dc50c06eed0203b80f5976eed1848410cce147b85fe735f003c8375
[INFO] running `Command { std: "docker" "start" "-a" "ceb1d2ad9dc50c06eed0203b80f5976eed1848410cce147b85fe735f003c8375", kill_on_drop: false }`
[INFO] [stderr]     Blocking waiting for file lock on package cache
[INFO] [stderr]    Compiling rand_core v0.4.2
[INFO] [stderr]    Compiling rand_pcg v0.1.2
[INFO] [stderr]    Compiling rand_chacha v0.1.1
[INFO] [stderr]    Compiling rand v0.6.5
[INFO] [stderr]    Compiling rand_core v0.3.1
[INFO] [stderr]    Compiling rand_jitter v0.1.4
[INFO] [stderr]    Compiling rand_os v0.1.3
[INFO] [stderr]    Compiling rand_xorshift v0.1.1
[INFO] [stderr]    Compiling rand_isaac v0.1.1
[INFO] [stderr]    Compiling rand_hc v0.1.0
[INFO] [stderr]    Compiling aristeia v0.2.3 (/opt/rustwide/workdir)
[INFO] [stdout] warning: trait objects without an explicit `dyn` are deprecated
[INFO] [stdout]    --> src/operations.rs:138:88
[INFO] [stdout]     |
[INFO] [stdout] 138 |     pub fn run (&self, population: Population<Gene>, data: &Data, score_provider: &mut ScoreProvider<Gene, Data>) -> Population<Gene>
[INFO] [stdout]     |                                                                                        ^^^^^^^^^^^^^^^^^^^^^^^^^ help: use `dyn`: `dyn ScoreProvider<Gene, Data>`
[INFO] [stdout]     |
[INFO] [stdout]     = note: `#[warn(bare_trait_objects)]` on by default
[INFO] [stdout]     = warning: this is accepted in the current edition (Rust 2015) but is a hard error in Rust 2021!
[INFO] [stdout]     = note: for more information, see issue #80165 <https://github.com/rust-lang/rust/issues/80165>
[INFO] [stdout] 
[INFO] [stdout] 
[INFO] [stdout] warning: trait objects without an explicit `dyn` are deprecated
[INFO] [stdout]    --> src/operations.rs:152:26
[INFO] [stdout]     |
[INFO] [stdout] 152 |     score_provider: &mut ScoreProvider<Gene, Data>
[INFO] [stdout]     |                          ^^^^^^^^^^^^^^^^^^^^^^^^^ help: use `dyn`: `dyn ScoreProvider<Gene, Data>`
[INFO] [stdout]     |
[INFO] [stdout]     = warning: this is accepted in the current edition (Rust 2015) but is a hard error in Rust 2021!
[INFO] [stdout]     = note: for more information, see issue #80165 <https://github.com/rust-lang/rust/issues/80165>
[INFO] [stdout] 
[INFO] [stdout] 
[INFO] [stdout] warning: trait objects without an explicit `dyn` are deprecated
[INFO] [stdout]    --> src/operations.rs:174:26
[INFO] [stdout]     |
[INFO] [stdout] 174 |     score_provider: &mut ScoreProvider<Gene, Data>
[INFO] [stdout]     |                          ^^^^^^^^^^^^^^^^^^^^^^^^^ help: use `dyn`: `dyn ScoreProvider<Gene, Data>`
[INFO] [stdout]     |
[INFO] [stdout]     = warning: this is accepted in the current edition (Rust 2015) but is a hard error in Rust 2021!
[INFO] [stdout]     = note: for more information, see issue #80165 <https://github.com/rust-lang/rust/issues/80165>
[INFO] [stdout] 
[INFO] [stdout] 
[INFO] [stdout] warning: trait objects without an explicit `dyn` are deprecated
[INFO] [stdout]    --> src/operations.rs:230:26
[INFO] [stdout]     |
[INFO] [stdout] 230 |     score_provider: &mut ScoreProvider<Gene, Data>,
[INFO] [stdout]     |                          ^^^^^^^^^^^^^^^^^^^^^^^^^ help: use `dyn`: `dyn ScoreProvider<Gene, Data>`
[INFO] [stdout]     |
[INFO] [stdout]     = warning: this is accepted in the current edition (Rust 2015) but is a hard error in Rust 2021!
[INFO] [stdout]     = note: for more information, see issue #80165 <https://github.com/rust-lang/rust/issues/80165>
[INFO] [stdout] 
[INFO] [stdout] 
[INFO] [stdout] warning: variable does not need to be mutable
[INFO] [stdout]    --> src/operations.rs:219:13
[INFO] [stdout]     |
[INFO] [stdout] 219 |     for (_, mut agent) in agents {
[INFO] [stdout]     |             ----^^^^^
[INFO] [stdout]     |             |
[INFO] [stdout]     |             help: remove this `mut`
[INFO] [stdout]     |
[INFO] [stdout]     = note: `#[warn(unused_mut)]` on by default
[INFO] [stdout] 
[INFO] [stdout] 
[INFO] [stderr]     Finished dev [unoptimized + debuginfo] target(s) in 9.29s
[INFO] [stdout] warning: 5 warnings emitted
[INFO] [stdout] 
[INFO] [stdout] 
[INFO] running `Command { std: "docker" "inspect" "ceb1d2ad9dc50c06eed0203b80f5976eed1848410cce147b85fe735f003c8375", kill_on_drop: false }`
[INFO] running `Command { std: "docker" "rm" "-f" "ceb1d2ad9dc50c06eed0203b80f5976eed1848410cce147b85fe735f003c8375", kill_on_drop: false }`
[INFO] [stdout] ceb1d2ad9dc50c06eed0203b80f5976eed1848410cce147b85fe735f003c8375
[INFO] running `Command { std: "docker" "create" "-v" "/var/lib/crater-agent-workspace/builds/worker-25/target:/opt/rustwide/target:rw,Z" "-v" "/var/lib/crater-agent-workspace/builds/worker-25/source:/opt/rustwide/workdir:ro,Z" "-v" "/var/lib/crater-agent-workspace/cargo-home:/opt/rustwide/cargo-home:ro,Z" "-v" "/var/lib/crater-agent-workspace/rustup-home:/opt/rustwide/rustup-home:ro,Z" "-e" "SOURCE_DIR=/opt/rustwide/workdir" "-e" "CARGO_TARGET_DIR=/opt/rustwide/target" "-e" "CARGO_INCREMENTAL=0" "-e" "RUST_BACKTRACE=full" "-e" "RUSTFLAGS=--cap-lints=warn" "-e" "CARGO_HOME=/opt/rustwide/cargo-home" "-e" "RUSTUP_HOME=/opt/rustwide/rustup-home" "-w" "/opt/rustwide/workdir" "-m" "1610612736" "--user" "0:0" "--network" "none" "ghcr.io/rust-lang/crates-build-env/linux@sha256:34b6a614d2c27851fe6cbf88fbd1137609cefab8b10d0615aaeb6fd47975d74e" "/opt/rustwide/cargo-home/bin/cargo" "+beta-2021-08-01" "test" "--frozen" "--no-run" "--message-format=json", kill_on_drop: false }`
[INFO] [stdout] 6e842a16410ca8e98c055aa806e23c20af0cc483b85aee6a39e661779f11b19e
[INFO] running `Command { std: "docker" "start" "-a" "6e842a16410ca8e98c055aa806e23c20af0cc483b85aee6a39e661779f11b19e", kill_on_drop: false }`
[INFO] [stderr]    Compiling aristeia v0.2.3 (/opt/rustwide/workdir)
[INFO] [stdout] warning: trait objects without an explicit `dyn` are deprecated
[INFO] [stdout]    --> src/operations.rs:138:88
[INFO] [stdout]     |
[INFO] [stdout] 138 |     pub fn run (&self, population: Population<Gene>, data: &Data, score_provider: &mut ScoreProvider<Gene, Data>) -> Population<Gene>
[INFO] [stdout]     |                                                                                        ^^^^^^^^^^^^^^^^^^^^^^^^^ help: use `dyn`: `dyn ScoreProvider<Gene, Data>`
[INFO] [stdout]     |
[INFO] [stdout]     = note: `#[warn(bare_trait_objects)]` on by default
[INFO] [stdout]     = warning: this is accepted in the current edition (Rust 2015) but is a hard error in Rust 2021!
[INFO] [stdout]     = note: for more information, see issue #80165 <https://github.com/rust-lang/rust/issues/80165>
[INFO] [stdout] 
[INFO] [stdout] 
[INFO] [stdout] warning: trait objects without an explicit `dyn` are deprecated
[INFO] [stdout]    --> src/operations.rs:152:26
[INFO] [stdout]     |
[INFO] [stdout] 152 |     score_provider: &mut ScoreProvider<Gene, Data>
[INFO] [stdout]     |                          ^^^^^^^^^^^^^^^^^^^^^^^^^ help: use `dyn`: `dyn ScoreProvider<Gene, Data>`
[INFO] [stdout]     |
[INFO] [stdout]     = warning: this is accepted in the current edition (Rust 2015) but is a hard error in Rust 2021!
[INFO] [stdout]     = note: for more information, see issue #80165 <https://github.com/rust-lang/rust/issues/80165>
[INFO] [stdout] 
[INFO] [stdout] 
[INFO] [stdout] warning: trait objects without an explicit `dyn` are deprecated
[INFO] [stdout]    --> src/operations.rs:174:26
[INFO] [stdout]     |
[INFO] [stdout] 174 |     score_provider: &mut ScoreProvider<Gene, Data>
[INFO] [stdout]     |                          ^^^^^^^^^^^^^^^^^^^^^^^^^ help: use `dyn`: `dyn ScoreProvider<Gene, Data>`
[INFO] [stdout]     |
[INFO] [stdout]     = warning: this is accepted in the current edition (Rust 2015) but is a hard error in Rust 2021!
[INFO] [stdout]     = note: for more information, see issue #80165 <https://github.com/rust-lang/rust/issues/80165>
[INFO] [stdout] 
[INFO] [stdout] 
[INFO] [stdout] warning: trait objects without an explicit `dyn` are deprecated
[INFO] [stdout]    --> src/operations.rs:230:26
[INFO] [stdout]     |
[INFO] [stdout] 230 |     score_provider: &mut ScoreProvider<Gene, Data>,
[INFO] [stdout]     |                          ^^^^^^^^^^^^^^^^^^^^^^^^^ help: use `dyn`: `dyn ScoreProvider<Gene, Data>`
[INFO] [stdout]     |
[INFO] [stdout]     = warning: this is accepted in the current edition (Rust 2015) but is a hard error in Rust 2021!
[INFO] [stdout]     = note: for more information, see issue #80165 <https://github.com/rust-lang/rust/issues/80165>
[INFO] [stdout] 
[INFO] [stdout] 
[INFO] [stdout] warning: variable does not need to be mutable
[INFO] [stdout]    --> src/operations.rs:219:13
[INFO] [stdout]     |
[INFO] [stdout] 219 |     for (_, mut agent) in agents {
[INFO] [stdout]     |             ----^^^^^
[INFO] [stdout]     |             |
[INFO] [stdout]     |             help: remove this `mut`
[INFO] [stdout]     |
[INFO] [stdout]     = note: `#[warn(unused_mut)]` on by default
[INFO] [stdout] 
[INFO] [stdout] 
[INFO] [stdout] warning: 5 warnings emitted
[INFO] [stdout] 
[INFO] [stdout] 
[INFO] [stdout] warning: trait objects without an explicit `dyn` are deprecated
[INFO] [stdout]    --> src/operations.rs:138:88
[INFO] [stdout]     |
[INFO] [stdout] 138 |     pub fn run (&self, population: Population<Gene>, data: &Data, score_provider: &mut ScoreProvider<Gene, Data>) -> Population<Gene>
[INFO] [stdout]     |                                                                                        ^^^^^^^^^^^^^^^^^^^^^^^^^ help: use `dyn`: `dyn ScoreProvider<Gene, Data>`
[INFO] [stdout]     |
[INFO] [stdout]     = note: `#[warn(bare_trait_objects)]` on by default
[INFO] [stdout]     = warning: this is accepted in the current edition (Rust 2015) but is a hard error in Rust 2021!
[INFO] [stdout]     = note: for more information, see issue #80165 <https://github.com/rust-lang/rust/issues/80165>
[INFO] [stdout] 
[INFO] [stdout] 
[INFO] [stdout] warning: trait objects without an explicit `dyn` are deprecated
[INFO] [stdout]    --> src/operations.rs:152:26
[INFO] [stdout]     |
[INFO] [stdout] 152 |     score_provider: &mut ScoreProvider<Gene, Data>
[INFO] [stdout]     |                          ^^^^^^^^^^^^^^^^^^^^^^^^^ help: use `dyn`: `dyn ScoreProvider<Gene, Data>`
[INFO] [stdout]     |
[INFO] [stdout]     = warning: this is accepted in the current edition (Rust 2015) but is a hard error in Rust 2021!
[INFO] [stdout]     = note: for more information, see issue #80165 <https://github.com/rust-lang/rust/issues/80165>
[INFO] [stdout] 
[INFO] [stdout] 
[INFO] [stdout] warning: trait objects without an explicit `dyn` are deprecated
[INFO] [stdout]    --> src/operations.rs:174:26
[INFO] [stdout]     |
[INFO] [stdout] 174 |     score_provider: &mut ScoreProvider<Gene, Data>
[INFO] [stdout]     |                          ^^^^^^^^^^^^^^^^^^^^^^^^^ help: use `dyn`: `dyn ScoreProvider<Gene, Data>`
[INFO] [stdout]     |
[INFO] [stdout]     = warning: this is accepted in the current edition (Rust 2015) but is a hard error in Rust 2021!
[INFO] [stdout]     = note: for more information, see issue #80165 <https://github.com/rust-lang/rust/issues/80165>
[INFO] [stdout] 
[INFO] [stdout] 
[INFO] [stdout] warning: trait objects without an explicit `dyn` are deprecated
[INFO] [stdout]    --> src/operations.rs:230:26
[INFO] [stdout]     |
[INFO] [stdout] 230 |     score_provider: &mut ScoreProvider<Gene, Data>,
[INFO] [stdout]     |                          ^^^^^^^^^^^^^^^^^^^^^^^^^ help: use `dyn`: `dyn ScoreProvider<Gene, Data>`
[INFO] [stdout]     |
[INFO] [stdout]     = warning: this is accepted in the current edition (Rust 2015) but is a hard error in Rust 2021!
[INFO] [stdout]     = note: for more information, see issue #80165 <https://github.com/rust-lang/rust/issues/80165>
[INFO] [stdout] 
[INFO] [stdout] 
[INFO] [stdout] warning: variable does not need to be mutable
[INFO] [stdout]    --> src/operations.rs:219:13
[INFO] [stdout]     |
[INFO] [stdout] 219 |     for (_, mut agent) in agents {
[INFO] [stdout]     |             ----^^^^^
[INFO] [stdout]     |             |
[INFO] [stdout]     |             help: remove this `mut`
[INFO] [stdout]     |
[INFO] [stdout]     = note: `#[warn(unused_mut)]` on by default
[INFO] [stdout] 
[INFO] [stdout] 
[INFO] [stdout] warning: 5 warnings emitted
[INFO] [stdout] 
[INFO] [stdout] 
[INFO] [stderr]     Finished test [unoptimized + debuginfo] target(s) in 5.41s
[INFO] running `Command { std: "docker" "inspect" "6e842a16410ca8e98c055aa806e23c20af0cc483b85aee6a39e661779f11b19e", kill_on_drop: false }`
[INFO] running `Command { std: "docker" "rm" "-f" "6e842a16410ca8e98c055aa806e23c20af0cc483b85aee6a39e661779f11b19e", kill_on_drop: false }`
[INFO] [stdout] 6e842a16410ca8e98c055aa806e23c20af0cc483b85aee6a39e661779f11b19e
[INFO] running `Command { std: "docker" "create" "-v" "/var/lib/crater-agent-workspace/builds/worker-25/target:/opt/rustwide/target:rw,Z" "-v" "/var/lib/crater-agent-workspace/builds/worker-25/source:/opt/rustwide/workdir:ro,Z" "-v" "/var/lib/crater-agent-workspace/cargo-home:/opt/rustwide/cargo-home:ro,Z" "-v" "/var/lib/crater-agent-workspace/rustup-home:/opt/rustwide/rustup-home:ro,Z" "-e" "SOURCE_DIR=/opt/rustwide/workdir" "-e" "CARGO_TARGET_DIR=/opt/rustwide/target" "-e" "CARGO_INCREMENTAL=0" "-e" "RUST_BACKTRACE=full" "-e" "RUSTFLAGS=--cap-lints=warn" "-e" "CARGO_HOME=/opt/rustwide/cargo-home" "-e" "RUSTUP_HOME=/opt/rustwide/rustup-home" "-w" "/opt/rustwide/workdir" "-m" "1610612736" "--user" "0:0" "--network" "none" "ghcr.io/rust-lang/crates-build-env/linux@sha256:34b6a614d2c27851fe6cbf88fbd1137609cefab8b10d0615aaeb6fd47975d74e" "/opt/rustwide/cargo-home/bin/cargo" "+beta-2021-08-01" "test" "--frozen", kill_on_drop: false }`
[INFO] [stdout] 031fec837d83c05af255473f697a8bc2c13ea9bf2ba77c2ddce0cd96f798e048
[INFO] running `Command { std: "docker" "start" "-a" "031fec837d83c05af255473f697a8bc2c13ea9bf2ba77c2ddce0cd96f798e048", kill_on_drop: false }`
[INFO] [stderr] warning: trait objects without an explicit `dyn` are deprecated
[INFO] [stderr]    --> src/operations.rs:138:88
[INFO] [stderr]     |
[INFO] [stderr] 138 |     pub fn run (&self, population: Population<Gene>, data: &Data, score_provider: &mut ScoreProvider<Gene, Data>) -> Population<Gene>
[INFO] [stderr]     |                                                                                        ^^^^^^^^^^^^^^^^^^^^^^^^^ help: use `dyn`: `dyn ScoreProvider<Gene, Data>`
[INFO] [stderr]     |
[INFO] [stderr]     = note: `#[warn(bare_trait_objects)]` on by default
[INFO] [stderr]     = warning: this is accepted in the current edition (Rust 2015) but is a hard error in Rust 2021!
[INFO] [stderr]     = note: for more information, see issue #80165 <https://github.com/rust-lang/rust/issues/80165>
[INFO] [stderr] 
[INFO] [stderr] warning: trait objects without an explicit `dyn` are deprecated
[INFO] [stderr]    --> src/operations.rs:152:26
[INFO] [stderr]     |
[INFO] [stderr] 152 |     score_provider: &mut ScoreProvider<Gene, Data>
[INFO] [stderr]     |                          ^^^^^^^^^^^^^^^^^^^^^^^^^ help: use `dyn`: `dyn ScoreProvider<Gene, Data>`
[INFO] [stderr]     |
[INFO] [stderr]     = warning: this is accepted in the current edition (Rust 2015) but is a hard error in Rust 2021!
[INFO] [stderr]     = note: for more information, see issue #80165 <https://github.com/rust-lang/rust/issues/80165>
[INFO] [stderr] 
[INFO] [stderr] warning: trait objects without an explicit `dyn` are deprecated
[INFO] [stderr]    --> src/operations.rs:174:26
[INFO] [stderr]     |
[INFO] [stderr] 174 |     score_provider: &mut ScoreProvider<Gene, Data>
[INFO] [stderr]     |                          ^^^^^^^^^^^^^^^^^^^^^^^^^ help: use `dyn`: `dyn ScoreProvider<Gene, Data>`
[INFO] [stderr]     |
[INFO] [stderr]     = warning: this is accepted in the current edition (Rust 2015) but is a hard error in Rust 2021!
[INFO] [stderr]     = note: for more information, see issue #80165 <https://github.com/rust-lang/rust/issues/80165>
[INFO] [stderr] 
[INFO] [stderr] warning: trait objects without an explicit `dyn` are deprecated
[INFO] [stderr]    --> src/operations.rs:230:26
[INFO] [stderr]     |
[INFO] [stderr] 230 |     score_provider: &mut ScoreProvider<Gene, Data>,
[INFO] [stderr]     |                          ^^^^^^^^^^^^^^^^^^^^^^^^^ help: use `dyn`: `dyn ScoreProvider<Gene, Data>`
[INFO] [stderr]     |
[INFO] [stderr]     = warning: this is accepted in the current edition (Rust 2015) but is a hard error in Rust 2021!
[INFO] [stderr]     = note: for more information, see issue #80165 <https://github.com/rust-lang/rust/issues/80165>
[INFO] [stderr] 
[INFO] [stderr] warning: variable does not need to be mutable
[INFO] [stderr]    --> src/operations.rs:219:13
[INFO] [stderr]     |
[INFO] [stderr] 219 |     for (_, mut agent) in agents {
[INFO] [stderr]     |             ----^^^^^
[INFO] [stderr]     |             |
[INFO] [stderr]     |             help: remove this `mut`
[INFO] [stderr]     |
[INFO] [stderr]     = note: `#[warn(unused_mut)]` on by default
[INFO] [stderr] 
[INFO] [stderr] warning: `aristeia` (lib) generated 5 warnings
[INFO] [stderr] warning: `aristeia` (lib test) generated 5 warnings (5 duplicates)
[INFO] [stderr]     Finished test [unoptimized + debuginfo] target(s) in 0.04s
[INFO] [stderr]      Running unittests (/opt/rustwide/target/debug/deps/aristeia-9260989a71018372)
[INFO] [stdout] 
[INFO] [stdout] running 22 tests
[INFO] [stdout] test agent::tests::crossover_some_genes_longer_other ... ok
[INFO] [stdout] test operations::tests::rate_to_number_minimum_preference_less_than_proportion ... ok
[INFO] [stdout] test evolution::tests::run_iterations_nothing_to_do ... ok
[INFO] [stdout] test operations::tests::rate_to_number_full_proportion ... ok
[INFO] [stdout] test operations::tests::selection_lowest_score_returns_lowest ... ok
[INFO] [stdout] test operations::tests::rate_to_number_minimum_preference_greater_than_population ... ok
[INFO] [stdout] test operations::tests::rate_to_number_population_is_zero ... ok
[INFO] [stdout] test operations::tests::selection_highest_score_returns_highest ... ok
[INFO] [stdout] test operations::tests::rate_to_number_standard_proportion ... ok
[INFO] [stdout] test operations::tests::rate_to_number_rounds_down ... ok
[INFO] [stdout] test operations::tests::rate_to_number_minimum_preference_greater_than_proportion ... ok
[INFO] [stdout] test agent::tests::crossover_some_genes_same_length_other ... ok
[INFO] [stdout] test population::tests::new_with_false_unique ... ok
[INFO] [stdout] test agent::tests::new_no_genes ... ok
[INFO] [stdout] test agent::tests::crossover_parents ... ok
[INFO] [stdout] test population::tests::new_with_true_unique ... ok
[INFO] [stdout] test agent::tests::mutate ... ok
[INFO] [stdout] test population::tests::new_empty ... ok
[INFO] [stdout] test population::tests::cull_all_below ... ok
[INFO] [stdout] test agent::tests::new_with_genes ... ok
[INFO] [stdout] test agent::tests::crossover_some_genes_shorter_other ... ok
[INFO] [stdout] test operations::tests::selection_random_any_returns_correct_proportion ... FAILED
[INFO] [stdout] 
[INFO] [stdout] failures:
[INFO] [stdout] 
[INFO] [stdout] ---- operations::tests::selection_random_any_returns_correct_proportion stdout ----
[INFO] [stdout] thread 'operations::tests::selection_random_any_returns_correct_proportion' panicked at 'assertion failed: `(left == right)`
[INFO] [stdout]   left: `2`,
[INFO] [stdout]  right: `1`', src/operations.rs:391:9
[INFO] [stdout] stack backtrace:
[INFO] [stdout]    0:     0x558ae9fbbec0 - std::backtrace_rs::backtrace::libunwind::trace::hff4d1766e93f64f1
[INFO] [stdout]                                at /rustc/53fd98ca776cb875bc9e5514f56b52eb74f9e7a9/library/std/src/../../backtrace/src/backtrace/libunwind.rs:90:5
[INFO] [stdout]    1:     0x558ae9fbbec0 - std::backtrace_rs::backtrace::trace_unsynchronized::h56bbc8eb78770bcb
[INFO] [stdout]                                at /rustc/53fd98ca776cb875bc9e5514f56b52eb74f9e7a9/library/std/src/../../backtrace/src/backtrace/mod.rs:66:5
[INFO] [stdout]    2:     0x558ae9fbbec0 - std::sys_common::backtrace::_print_fmt::h5c8e75464faca780
[INFO] [stdout]                                at /rustc/53fd98ca776cb875bc9e5514f56b52eb74f9e7a9/library/std/src/sys_common/backtrace.rs:67:5
[INFO] [stdout]    3:     0x558ae9fbbec0 - <std::sys_common::backtrace::_print::DisplayBacktrace as core::fmt::Display>::fmt::h48b88277def8b362
[INFO] [stdout]                                at /rustc/53fd98ca776cb875bc9e5514f56b52eb74f9e7a9/library/std/src/sys_common/backtrace.rs:46:22
[INFO] [stdout]    4:     0x558ae9fde6ec - core::fmt::write::h3381b3176fe2b3d3
[INFO] [stdout]                                at /rustc/53fd98ca776cb875bc9e5514f56b52eb74f9e7a9/library/core/src/fmt/mod.rs:1115:17
[INFO] [stdout]    5:     0x558ae9fb8d45 - std::io::Write::write_fmt::h5f34a676f60246b5
[INFO] [stdout]                                at /rustc/53fd98ca776cb875bc9e5514f56b52eb74f9e7a9/library/std/src/io/mod.rs:1665:15
[INFO] [stdout]    6:     0x558ae9fbe03b - std::sys_common::backtrace::_print::ha537687d6c17dd0d
[INFO] [stdout]                                at /rustc/53fd98ca776cb875bc9e5514f56b52eb74f9e7a9/library/std/src/sys_common/backtrace.rs:49:5
[INFO] [stdout]    7:     0x558ae9fbe03b - std::sys_common::backtrace::print::h61376ae57d131d72
[INFO] [stdout]                                at /rustc/53fd98ca776cb875bc9e5514f56b52eb74f9e7a9/library/std/src/sys_common/backtrace.rs:36:9
[INFO] [stdout]    8:     0x558ae9fbe03b - std::panicking::default_hook::{{closure}}::h0f7208c0b9644a54
[INFO] [stdout]                                at /rustc/53fd98ca776cb875bc9e5514f56b52eb74f9e7a9/library/std/src/panicking.rs:208:50
[INFO] [stdout]    9:     0x558ae9fbdb4c - std::panicking::default_hook::hdac7fc06578c14ce
[INFO] [stdout]                                at /rustc/53fd98ca776cb875bc9e5514f56b52eb74f9e7a9/library/std/src/panicking.rs:222:9
[INFO] [stdout]   10:     0x558ae9fbe704 - std::panicking::rust_panic_with_hook::h72b21c283da3d1ef
[INFO] [stdout]                                at /rustc/53fd98ca776cb875bc9e5514f56b52eb74f9e7a9/library/std/src/panicking.rs:622:17
[INFO] [stdout]   11:     0x558ae9fbe1e7 - std::panicking::begin_panic_handler::{{closure}}::he5778f1729cff84a
[INFO] [stdout]                                at /rustc/53fd98ca776cb875bc9e5514f56b52eb74f9e7a9/library/std/src/panicking.rs:519:13
[INFO] [stdout]   12:     0x558ae9fbc39c - std::sys_common::backtrace::__rust_end_short_backtrace::h2d11ca8b453b4b1d
[INFO] [stderr] error: test failed, to rerun pass '--lib'
[INFO] [stdout]                                at /rustc/53fd98ca776cb875bc9e5514f56b52eb74f9e7a9/library/std/src/sys_common/backtrace.rs:141:18
[INFO] [stdout]   13:     0x558ae9fbe149 - rust_begin_unwind
[INFO] [stdout]                                at /rustc/53fd98ca776cb875bc9e5514f56b52eb74f9e7a9/library/std/src/panicking.rs:515:5
[INFO] [stdout]   14:     0x558ae9ef74c1 - core::panicking::panic_fmt::hf9de31d4acbce4db
[INFO] [stdout]                                at /rustc/53fd98ca776cb875bc9e5514f56b52eb74f9e7a9/library/core/src/panicking.rs:92:14
[INFO] [stdout]   15:     0x558ae9fdd008 - core::panicking::assert_failed_inner::h62e8cb2847a6e7ec
[INFO] [stdout]   16:     0x558ae9f9a3ba - core::panicking::assert_failed::h1a9cafef54c4c905
[INFO] [stdout]                                at /rustc/53fd98ca776cb875bc9e5514f56b52eb74f9e7a9/library/core/src/panicking.rs:117:5
[INFO] [stdout]   17:     0x558ae9f17903 - aristeia::operations::tests::selection_random_any_returns_correct_proportion::hf81976b1963786fd
[INFO] [stdout]                                at /opt/rustwide/workdir/src/operations.rs:391:9
[INFO] [stdout]   18:     0x558ae9f1771a - aristeia::operations::tests::selection_random_any_returns_correct_proportion::{{closure}}::hb53b0be860c43afa
[INFO] [stdout]                                at /opt/rustwide/workdir/src/operations.rs:385:5
[INFO] [stdout]   19:     0x558ae9f1f12e - core::ops::function::FnOnce::call_once::h98aed6f3ad414d56
[INFO] [stdout]                                at /rustc/53fd98ca776cb875bc9e5514f56b52eb74f9e7a9/library/core/src/ops/function.rs:227:5
[INFO] [stdout]   20:     0x558ae9f75ff3 - core::ops::function::FnOnce::call_once::hbb52c4519d3137b0
[INFO] [stdout]                                at /rustc/53fd98ca776cb875bc9e5514f56b52eb74f9e7a9/library/core/src/ops/function.rs:227:5
[INFO] [stdout]   21:     0x558ae9f75ff3 - test::__rust_begin_short_backtrace::h86fe3a2a5a5121af
[INFO] [stdout]                                at /rustc/53fd98ca776cb875bc9e5514f56b52eb74f9e7a9/library/test/src/lib.rs:578:5
[INFO] [stdout]   22:     0x558ae9f74aa8 - <alloc::boxed::Box<F,A> as core::ops::function::FnOnce<Args>>::call_once::hfd956bc3d57399be
[INFO] [stdout]                                at /rustc/53fd98ca776cb875bc9e5514f56b52eb74f9e7a9/library/alloc/src/boxed.rs:1572:9
[INFO] [stdout]   23:     0x558ae9f74aa8 - <std::panic::AssertUnwindSafe<F> as core::ops::function::FnOnce<()>>::call_once::h40dc93e0ddb5938a
[INFO] [stdout]                                at /rustc/53fd98ca776cb875bc9e5514f56b52eb74f9e7a9/library/std/src/panic.rs:347:9
[INFO] [stdout]   24:     0x558ae9f74aa8 - std::panicking::try::do_call::h90d07750cb47c562
[INFO] [stdout]                                at /rustc/53fd98ca776cb875bc9e5514f56b52eb74f9e7a9/library/std/src/panicking.rs:401:40
[INFO] [stdout]   25:     0x558ae9f74aa8 - std::panicking::try::h063c84733ad2a629
[INFO] [stdout]                                at /rustc/53fd98ca776cb875bc9e5514f56b52eb74f9e7a9/library/std/src/panicking.rs:365:19
[INFO] [stdout]   26:     0x558ae9f74aa8 - std::panic::catch_unwind::h0c464836a84e7c08
[INFO] [stdout]                                at /rustc/53fd98ca776cb875bc9e5514f56b52eb74f9e7a9/library/std/src/panic.rs:434:14
[INFO] [stdout]   27:     0x558ae9f74aa8 - test::run_test_in_process::h5cb06ef620b157fc
[INFO] [stdout]                                at /rustc/53fd98ca776cb875bc9e5514f56b52eb74f9e7a9/library/test/src/lib.rs:601:18
[INFO] [stdout]   28:     0x558ae9f74aa8 - test::run_test::run_test_inner::{{closure}}::h76f677f4b93f9828
[INFO] [stdout]                                at /rustc/53fd98ca776cb875bc9e5514f56b52eb74f9e7a9/library/test/src/lib.rs:493:39
[INFO] [stdout]   29:     0x558ae9f4323d - test::run_test::run_test_inner::{{closure}}::h366d01fe04f4d67a
[INFO] [stdout]                                at /rustc/53fd98ca776cb875bc9e5514f56b52eb74f9e7a9/library/test/src/lib.rs:520:37
[INFO] [stdout]   30:     0x558ae9f4323d - std::sys_common::backtrace::__rust_begin_short_backtrace::h7dfa0de4eb395af2
[INFO] [stdout]                                at /rustc/53fd98ca776cb875bc9e5514f56b52eb74f9e7a9/library/std/src/sys_common/backtrace.rs:125:18
[INFO] [stdout]   31:     0x558ae9f47a08 - std::thread::Builder::spawn_unchecked::{{closure}}::{{closure}}::hf0a74bb58798037f
[INFO] [stdout]                                at /rustc/53fd98ca776cb875bc9e5514f56b52eb74f9e7a9/library/std/src/thread/mod.rs:476:17
[INFO] [stdout]   32:     0x558ae9f47a08 - <std::panic::AssertUnwindSafe<F> as core::ops::function::FnOnce<()>>::call_once::hb024e854818586ac
[INFO] [stdout]                                at /rustc/53fd98ca776cb875bc9e5514f56b52eb74f9e7a9/library/std/src/panic.rs:347:9
[INFO] [stdout]   33:     0x558ae9f47a08 - std::panicking::try::do_call::hb2dd9f1d0d48e41d
[INFO] [stdout]                                at /rustc/53fd98ca776cb875bc9e5514f56b52eb74f9e7a9/library/std/src/panicking.rs:401:40
[INFO] [stdout]   34:     0x558ae9f47a08 - std::panicking::try::h4717ae7bac8b2bf3
[INFO] [stdout]                                at /rustc/53fd98ca776cb875bc9e5514f56b52eb74f9e7a9/library/std/src/panicking.rs:365:19
[INFO] [stdout]   35:     0x558ae9f47a08 - std::panic::catch_unwind::h0dc8a061326ce8d8
[INFO] [stdout]                                at /rustc/53fd98ca776cb875bc9e5514f56b52eb74f9e7a9/library/std/src/panic.rs:434:14
[INFO] [stdout]   36:     0x558ae9f47a08 - std::thread::Builder::spawn_unchecked::{{closure}}::haa369e2d6fd00aa1
[INFO] [stdout]                                at /rustc/53fd98ca776cb875bc9e5514f56b52eb74f9e7a9/library/std/src/thread/mod.rs:475:30
[INFO] [stdout]   37:     0x558ae9f47a08 - core::ops::function::FnOnce::call_once{{vtable.shim}}::h36dcf3de8b056f17
[INFO] [stdout]                                at /rustc/53fd98ca776cb875bc9e5514f56b52eb74f9e7a9/library/core/src/ops/function.rs:227:5
[INFO] [stdout]   38:     0x558ae9fc32d7 - <alloc::boxed::Box<F,A> as core::ops::function::FnOnce<Args>>::call_once::h65c29e4642be2358
[INFO] [stdout]                                at /rustc/53fd98ca776cb875bc9e5514f56b52eb74f9e7a9/library/alloc/src/boxed.rs:1572:9
[INFO] [stdout]   39:     0x558ae9fc32d7 - <alloc::boxed::Box<F,A> as core::ops::function::FnOnce<Args>>::call_once::hd0f8f7fbbd9fffbf
[INFO] [stdout]                                at /rustc/53fd98ca776cb875bc9e5514f56b52eb74f9e7a9/library/alloc/src/boxed.rs:1572:9
[INFO] [stdout]   40:     0x558ae9fc32d7 - std::sys::unix::thread::Thread::new::thread_start::h2fd22fee3ca77b65
[INFO] [stdout]                                at /rustc/53fd98ca776cb875bc9e5514f56b52eb74f9e7a9/library/std/src/sys/unix/thread.rs:74:17
[INFO] [stdout]   41:     0x7ff2be075609 - start_thread
[INFO] [stdout]   42:     0x7ff2bde47293 - clone
[INFO] [stdout]   43:                0x0 - <unknown>
[INFO] [stdout] 
[INFO] [stdout] 
[INFO] [stdout] failures:
[INFO] [stdout]     operations::tests::selection_random_any_returns_correct_proportion
[INFO] [stdout] 
[INFO] [stdout] test result: FAILED. 21 passed; 1 failed; 0 ignored; 0 measured; 0 filtered out; finished in 0.08s
[INFO] [stdout] 
[INFO] running `Command { std: "docker" "inspect" "031fec837d83c05af255473f697a8bc2c13ea9bf2ba77c2ddce0cd96f798e048", kill_on_drop: false }`
[INFO] running `Command { std: "docker" "rm" "-f" "031fec837d83c05af255473f697a8bc2c13ea9bf2ba77c2ddce0cd96f798e048", kill_on_drop: false }`
[INFO] [stdout] 031fec837d83c05af255473f697a8bc2c13ea9bf2ba77c2ddce0cd96f798e048
