[INFO] cloning repository https://github.com/fakecoinbase/ZcashFoundationslashzebra
[INFO] running `Command { std: "git" "-c" "credential.helper=" "-c" "credential.helper=/workspace/cargo-home/bin/git-credential-null" "clone" "--bare" "https://github.com/fakecoinbase/ZcashFoundationslashzebra" "/workspace/cache/git-repos/https%3A%2F%2Fgithub.com%2Ffakecoinbase%2FZcashFoundationslashzebra", kill_on_drop: false }`
[INFO] [stderr] Cloning into bare repository '/workspace/cache/git-repos/https%3A%2F%2Fgithub.com%2Ffakecoinbase%2FZcashFoundationslashzebra'...
[INFO] running `Command { std: "git" "rev-parse" "HEAD", kill_on_drop: false }`
[INFO] [stdout] 5b3c6e4c6cc9fc125f53a3f798833a66648fefc9
[INFO] testing fakecoinbase/ZcashFoundationslashzebra against beta-2021-08-01 for beta-1.55-1
[INFO] running `Command { std: "git" "clone" "/workspace/cache/git-repos/https%3A%2F%2Fgithub.com%2Ffakecoinbase%2FZcashFoundationslashzebra" "/workspace/builds/worker-15/source", kill_on_drop: false }`
[INFO] [stderr] Cloning into '/workspace/builds/worker-15/source'...
[INFO] [stderr] done.
[INFO] validating manifest of git repo https://github.com/fakecoinbase/ZcashFoundationslashzebra on toolchain beta-2021-08-01
[INFO] running `Command { std: "/workspace/cargo-home/bin/cargo" "+beta-2021-08-01" "metadata" "--manifest-path" "Cargo.toml" "--no-deps", kill_on_drop: false }`
[INFO] started tweaking git repo https://github.com/fakecoinbase/ZcashFoundationslashzebra
[INFO] finished tweaking git repo https://github.com/fakecoinbase/ZcashFoundationslashzebra
[INFO] tweaked toml for git repo https://github.com/fakecoinbase/ZcashFoundationslashzebra written to /workspace/builds/worker-15/source/Cargo.toml
[INFO] crate git repo https://github.com/fakecoinbase/ZcashFoundationslashzebra already has a lockfile, it will not be regenerated
[INFO] running `Command { std: "/workspace/cargo-home/bin/cargo" "+beta-2021-08-01" "fetch" "--manifest-path" "Cargo.toml", kill_on_drop: false }`
[INFO] [stderr]     Updating git repository `https://github.com/yaahc/abscissa.git`
[INFO] [stderr]     Updating crates.io index
[INFO] [stderr]  Downloading crates ...
[INFO] [stderr]   Downloaded metrics-exporter-log v0.4.0
[INFO] [stderr]   Downloaded serde-big-array v0.3.0
[INFO] [stderr]   Downloaded metrics-observer-yaml v0.1.1
[INFO] [stderr]   Downloaded spandoc-attribute v0.1.0
[INFO] [stderr]   Downloaded metrics-exporter-http v0.3.0
[INFO] [stderr]   Downloaded metrics v0.12.1
[INFO] [stderr]   Downloaded spandoc v0.2.0
[INFO] [stderr]   Downloaded redjubjub v0.2.2
[INFO] [stderr]   Downloaded quanta v0.3.2
[INFO] [stderr]   Downloaded im v15.0.0
[INFO] [stderr]   Downloaded metrics-observer-json v0.1.1
[INFO] [stderr]   Downloaded metrics-observer-prometheus v0.1.4
[INFO] [stderr]   Downloaded metrics-util v0.3.1
[INFO] [stderr]   Downloaded atomic-shim v0.1.0
[INFO] [stderr]   Downloaded jubjub v0.3.0
[INFO] [stderr]   Downloaded gumdrop_derive v0.7.0
[INFO] [stderr]   Downloaded ed25519-zebra v1.0.0
[INFO] [stderr]   Downloaded hdrhistogram v6.3.4
[INFO] [stderr]   Downloaded metrics-runtime v0.13.1
[INFO] [stderr]   Downloaded equihash v0.1.0
[INFO] [stderr]   Downloaded sled v0.34.0
[INFO] [stderr]   Downloaded gumdrop v0.7.0
[INFO] [stderr]   Downloaded metrics-core v0.5.2
[INFO] running `Command { std: "docker" "create" "-v" "/var/lib/crater-agent-workspace/builds/worker-15/target:/opt/rustwide/target:rw,Z" "-v" "/var/lib/crater-agent-workspace/builds/worker-15/source:/opt/rustwide/workdir:ro,Z" "-v" "/var/lib/crater-agent-workspace/cargo-home:/opt/rustwide/cargo-home:ro,Z" "-v" "/var/lib/crater-agent-workspace/rustup-home:/opt/rustwide/rustup-home:ro,Z" "-e" "SOURCE_DIR=/opt/rustwide/workdir" "-e" "CARGO_TARGET_DIR=/opt/rustwide/target" "-e" "CARGO_HOME=/opt/rustwide/cargo-home" "-e" "RUSTUP_HOME=/opt/rustwide/rustup-home" "-w" "/opt/rustwide/workdir" "-m" "1610612736" "--user" "0:0" "--network" "none" "ghcr.io/rust-lang/crates-build-env/linux@sha256:34b6a614d2c27851fe6cbf88fbd1137609cefab8b10d0615aaeb6fd47975d74e" "/opt/rustwide/cargo-home/bin/cargo" "+beta-2021-08-01" "metadata" "--no-deps" "--format-version=1", kill_on_drop: false }`
[INFO] [stdout] 712b0df5398b88c6d807935a1e647888550fec495aae0279f541ab015645501e
[INFO] running `Command { std: "docker" "start" "-a" "712b0df5398b88c6d807935a1e647888550fec495aae0279f541ab015645501e", kill_on_drop: false }`
[INFO] running `Command { std: "docker" "inspect" "712b0df5398b88c6d807935a1e647888550fec495aae0279f541ab015645501e", kill_on_drop: false }`
[INFO] running `Command { std: "docker" "rm" "-f" "712b0df5398b88c6d807935a1e647888550fec495aae0279f541ab015645501e", kill_on_drop: false }`
[INFO] [stdout] 712b0df5398b88c6d807935a1e647888550fec495aae0279f541ab015645501e
[INFO] running `Command { std: "docker" "create" "-v" "/var/lib/crater-agent-workspace/builds/worker-15/target:/opt/rustwide/target:rw,Z" "-v" "/var/lib/crater-agent-workspace/builds/worker-15/source:/opt/rustwide/workdir:ro,Z" "-v" "/var/lib/crater-agent-workspace/cargo-home:/opt/rustwide/cargo-home:ro,Z" "-v" "/var/lib/crater-agent-workspace/rustup-home:/opt/rustwide/rustup-home:ro,Z" "-e" "SOURCE_DIR=/opt/rustwide/workdir" "-e" "CARGO_TARGET_DIR=/opt/rustwide/target" "-e" "CARGO_INCREMENTAL=0" "-e" "RUST_BACKTRACE=full" "-e" "RUSTFLAGS=--cap-lints=warn" "-e" "CARGO_HOME=/opt/rustwide/cargo-home" "-e" "RUSTUP_HOME=/opt/rustwide/rustup-home" "-w" "/opt/rustwide/workdir" "-m" "1610612736" "--user" "0:0" "--network" "none" "ghcr.io/rust-lang/crates-build-env/linux@sha256:34b6a614d2c27851fe6cbf88fbd1137609cefab8b10d0615aaeb6fd47975d74e" "/opt/rustwide/cargo-home/bin/cargo" "+beta-2021-08-01" "build" "--frozen" "--message-format=json", kill_on_drop: false }`
[INFO] [stdout] 9e5bfb4f83c6030efe286b09023a6fed96117e331e8b1630c07ce22dd54eeca8
[INFO] running `Command { std: "docker" "start" "-a" "9e5bfb4f83c6030efe286b09023a6fed96117e331e8b1630c07ce22dd54eeca8", kill_on_drop: false }`
[INFO] [stderr]    Compiling proc-macro2 v1.0.19
[INFO] [stderr]    Compiling syn v1.0.35
[INFO] [stderr]    Compiling libc v0.2.73
[INFO] [stderr]    Compiling cfg-if v0.1.10
[INFO] [stderr]    Compiling lazy_static v1.4.0
[INFO] [stderr]    Compiling serde_derive v1.0.114
[INFO] [stderr]    Compiling byteorder v1.3.4
[INFO] [stderr]    Compiling serde v1.0.114
[INFO] [stderr]    Compiling futures-core v0.3.5
[INFO] [stderr]    Compiling slab v0.4.2
[INFO] [stderr]    Compiling pin-project-internal v0.4.22
[INFO] [stderr]    Compiling arc-swap v0.4.7
[INFO] [stderr]    Compiling fnv v1.0.7
[INFO] [stderr]    Compiling bytes v0.5.6
[INFO] [stderr]    Compiling once_cell v1.4.0
[INFO] [stderr]    Compiling pin-project-lite v0.1.7
[INFO] [stderr]    Compiling futures-sink v0.3.5
[INFO] [stderr]    Compiling tower-service v0.3.0
[INFO] [stderr]    Compiling itoa v0.4.6
[INFO] [stderr]    Compiling proc-macro-hack v0.5.16
[INFO] [stderr]    Compiling futures-io v0.3.5
[INFO] [stderr]    Compiling getrandom v0.1.14
[INFO] [stderr]    Compiling pin-utils v0.1.0
[INFO] [stderr]    Compiling smallvec v1.4.1
[INFO] [stderr]    Compiling scopeguard v1.1.0
[INFO] [stderr]    Compiling serde_json v1.0.56
[INFO] [stderr]    Compiling regex-syntax v0.6.18
[INFO] [stderr]    Compiling tower-layer v0.3.0
[INFO] [stderr]    Compiling subtle v2.2.3
[INFO] [stderr]    Compiling byte-tools v0.3.1
[INFO] [stderr]    Compiling ansi_term v0.12.1
[INFO] [stderr]    Compiling gimli v0.22.0
[INFO] [stderr]    Compiling adler v0.2.3
[INFO] [stderr]    Compiling metrics-core v0.5.2
[INFO] [stderr]    Compiling opaque-debug v0.2.3
[INFO] [stderr]    Compiling rustc-demangle v0.1.16
[INFO] [stderr]    Compiling ansi_term v0.11.0
[INFO] [stderr]    Compiling arrayref v0.3.6
[INFO] [stderr]    Compiling object v0.20.0
[INFO] [stderr]    Compiling constant_time_eq v0.1.5
[INFO] [stderr]    Compiling arrayvec v0.5.1
[INFO] [stderr]    Compiling eyre v0.6.0
[INFO] [stderr]    Compiling fake-simd v0.1.2
[INFO] [stderr]    Compiling instant v0.1.6
[INFO] [stderr]    Compiling indenter v0.3.0
[INFO] [stderr]    Compiling hex v0.4.2
[INFO] [stderr]    Compiling metrics v0.12.1
[INFO] [stderr]    Compiling ppv-lite86 v0.2.8
[INFO] [stderr]    Compiling bech32 v0.7.2
[INFO] [stderr]    Compiling linked-hash-map v0.5.3
[INFO] [stderr]    Compiling semver-parser v0.7.0
[INFO] [stderr]    Compiling termcolor v1.1.0
[INFO] [stderr]    Compiling try-lock v0.2.3
[INFO] [stderr]    Compiling canonical-path v2.0.2
[INFO] [stderr]    Compiling dtoa v0.4.6
[INFO] [stderr]    Compiling unicode-width v0.1.8
[INFO] [stderr]    Compiling atomic-shim v0.1.0
[INFO] [stderr]    Compiling vec_map v0.8.2
[INFO] [stderr]    Compiling strsim v0.8.0
[INFO] [stderr]    Compiling zebra-rpc v3.0.0-alpha.0 (/opt/rustwide/workdir/zebra-rpc)
[INFO] [stderr]    Compiling zebra-client v3.0.0-alpha.0 (/opt/rustwide/workdir/zebra-client)
[INFO] [stderr]    Compiling zebra-script v3.0.0-alpha.0 (/opt/rustwide/workdir/zebra-script)
[INFO] [stderr]    Compiling num-traits v0.2.12
[INFO] [stderr]    Compiling num-integer v0.1.43
[INFO] [stderr]    Compiling generic-array v0.14.3
[INFO] [stderr]    Compiling hashbrown v0.8.1
[INFO] [stderr]    Compiling indexmap v1.5.0
[INFO] [stderr]    Compiling proc-macro-error-attr v1.0.3
[INFO] [stderr]    Compiling proc-macro-error v1.0.3
[INFO] [stderr]    Compiling im v15.0.0
[INFO] [stderr]    Compiling block-padding v0.1.5
[INFO] [stderr]    Compiling generational-arena v0.2.8
[INFO] [stderr]    Compiling bls12_381 v0.1.1
[INFO] [stderr]    Compiling futures-channel v0.3.5
[INFO] [stderr]    Compiling tracing-core v0.1.11
[INFO] [stderr]    Compiling thread_local v1.0.1
[INFO] [stderr]    Compiling sharded-slab v0.0.9
[INFO] [stderr]    Compiling lock_api v0.4.1
[INFO] [stderr]    Compiling lock_api v0.3.4
[INFO] [stderr]    Compiling miniz_oxide v0.4.0
[INFO] [stderr]    Compiling futures-task v0.3.5
[INFO] [stderr]    Compiling memchr v2.3.3
[INFO] [stderr]    Compiling log v0.4.11
[INFO] [stderr]    Compiling typenum v1.12.0
[INFO] [stderr]    Compiling proc-macro-nested v0.1.6
[INFO] [stderr]    Compiling ryu v1.0.5
[INFO] [stderr]    Compiling blake2b_simd v0.5.10
[INFO] [stderr]    Compiling blake2s_simd v0.5.10
[INFO] [stderr]    Compiling http v0.2.1
[INFO] [stderr]    Compiling yaml-rust v0.4.4
[INFO] [stderr]    Compiling textwrap v0.11.0
[INFO] [stderr]    Compiling maybe-uninit v2.0.0
[INFO] [stderr]    Compiling crc32fast v1.2.0
[INFO] [stderr]    Compiling bitflags v1.2.1
[INFO] [stderr]    Compiling httparse v1.3.4
[INFO] [stderr]    Compiling memoffset v0.5.5
[INFO] [stderr]    Compiling crossbeam-utils v0.7.2
[INFO] [stderr]    Compiling secp256k1-sys v0.1.2
[INFO] [stderr]    Compiling jubjub v0.3.0
[INFO] [stderr]    Compiling aho-corasick v0.7.13
[INFO] [stderr]    Compiling want v0.3.0
[INFO] [stderr]    Compiling tracing-log v0.1.1
[INFO] [stderr]    Compiling fxhash v0.2.1
[INFO] [stderr]    Compiling crossbeam-epoch v0.8.2
[INFO] [stderr]    Compiling equihash v0.1.0
[INFO] [stderr]    Compiling quote v1.0.7
[INFO] [stderr]    Compiling iovec v0.1.4
[INFO] [stderr]    Compiling signal-hook-registry v1.2.0
[INFO] [stderr]    Compiling net2 v0.2.34
[INFO] [stderr]    Compiling num_cpus v1.13.0
[INFO] [stderr]    Compiling time v0.1.43
[INFO] [stderr]    Compiling parking_lot_core v0.8.0
[INFO] [stderr]    Compiling dirs-sys v0.3.5
[INFO] [stderr]    Compiling atty v0.2.14
[INFO] [stderr]    Compiling fs2 v0.4.3
[INFO] [stderr]    Compiling wait-timeout v0.2.0
[INFO] [stderr]    Compiling socket2 v0.3.12
[INFO] [stderr]    Compiling parking_lot_core v0.7.2
[INFO] [stderr]    Compiling quanta v0.3.2
[INFO] [stderr]    Compiling addr2line v0.13.0
[INFO] [stderr]    Compiling signal-hook v0.1.16
[INFO] [stderr]    Compiling generic-array v0.12.3
[INFO] [stderr]    Compiling bitmaps v2.1.0
[INFO] [stderr]    Compiling mio v0.6.22
[INFO] [stderr]    Compiling dirs v3.0.1
[INFO] [stderr]    Compiling parking_lot v0.11.0
[INFO] [stderr]    Compiling http-body v0.3.1
[INFO] [stderr]    Compiling rand_core v0.5.1
[INFO] [stderr]    Compiling clap v2.33.1
[INFO] [stderr]    Compiling parking_lot v0.10.2
[INFO] [stderr]    Compiling digest v0.8.1
[INFO] [stderr]    Compiling block-buffer v0.7.3
[INFO] [stderr]    Compiling hdrhistogram v6.3.4
[INFO] [stderr]    Compiling sha2 v0.8.2
[INFO] [stderr]    Compiling ripemd160 v0.8.0
[INFO] [stderr]    Compiling rand_chacha v0.2.2
[INFO] [stderr]    Compiling rand_xoshiro v0.4.0
[INFO] [stderr]    Compiling digest v0.9.0
[INFO] [stderr]    Compiling sled v0.34.0
[INFO] [stderr]    Compiling mio-uds v0.6.8
[INFO] [stderr]    Compiling rand v0.7.3
[INFO] [stderr]    Compiling bs58 v0.3.1
[INFO] [stderr]    Compiling backtrace v0.3.50
[INFO] [stderr]    Compiling regex-automata v0.1.9
[INFO] [stderr]    Compiling regex v1.3.9
[INFO] [stderr]    Compiling color-backtrace v0.4.2
[INFO] [stderr]    Compiling matchers v0.0.1
[INFO] [stderr]    Compiling sized-chunks v0.6.2
[INFO] [stderr]    Compiling synstructure v0.12.4
[INFO] [stderr]    Compiling darling_core v0.10.2
[INFO] [stderr]    Compiling syn-mid v0.5.0
[INFO] [stderr]    Compiling tracing-attributes v0.1.9
[INFO] [stderr]    Compiling tokio-macros v0.2.5
[INFO] [stderr]    Compiling futures-macro v0.3.5
[INFO] [stderr]    Compiling zeroize_derive v1.0.0
[INFO] [stderr]    Compiling thiserror-impl v1.0.20
[INFO] [stderr]    Compiling displaydoc v0.1.7
[INFO] [stderr]    Compiling gumdrop_derive v0.7.0
[INFO] [stderr]    Compiling darling_macro v0.10.2
[INFO] [stderr]    Compiling structopt-derive v0.4.8
[INFO] [stderr]    Compiling zeroize v1.1.0
[INFO] [stderr]    Compiling thiserror v1.0.20
[INFO] [stderr]    Compiling tracing v0.1.17
[INFO] [stderr]    Compiling darling v0.10.2
[INFO] [stderr]    Compiling abscissa_derive v0.5.0 (https://github.com/yaahc/abscissa.git?rev=41d342a9344e38442b2211b07f28a89505892a21#41d342a9)
[INFO] [stderr]    Compiling tokio v0.2.22
[INFO] [stderr]    Compiling gumdrop v0.7.0
[INFO] [stderr]    Compiling pin-project v0.4.22
[INFO] [stderr]    Compiling futures-util v0.3.5
[INFO] [stderr]    Compiling tower-discover v0.3.0
[INFO] [stderr]    Compiling tower-load-shed v0.3.0
[INFO] [stderr]    Compiling tracing-futures v0.2.4
[INFO] [stderr]    Compiling structopt v0.3.15
[INFO] [stderr]    Compiling tower-load v0.3.0
[INFO] [stderr]    Compiling tower-retry v0.3.0
[INFO] [stderr]    Compiling tower-buffer v0.3.0
[INFO] [stderr]    Compiling tower-timeout v0.3.0
[INFO] [stderr]    Compiling tokio-util v0.3.1
[INFO] [stderr]    Compiling tokio-util v0.2.0
[INFO] [stderr]    Compiling metrics-exporter-log v0.4.0
[INFO] [stderr]    Compiling futures-executor v0.3.5
[INFO] [stderr]    Compiling tower-util v0.3.1
[INFO] [stderr]    Compiling h2 v0.2.6
[INFO] [stderr]    Compiling tower-limit v0.3.1
[INFO] [stderr]    Compiling futures v0.3.5
[INFO] [stderr]    Compiling tower v0.3.1
[INFO] [stderr]    Compiling tower-batch v0.1.0 (/opt/rustwide/workdir/tower-batch)
[INFO] [stderr]    Compiling tower-fallback v0.1.0 (/opt/rustwide/workdir/tower-fallback)
[INFO] [stdout] warning: unused borrow that must be used
[INFO] [stdout]   --> tower-fallback/src/future.rs:18:1
[INFO] [stdout]    |
[INFO] [stdout] 18 | #[pin_project]
[INFO] [stdout]    | ^^^^^^^^^^^^^^
[INFO] [stdout]    |
[INFO] [stdout]    = note: `#[warn(unused_must_use)]` on by default
[INFO] [stdout]    = note: this warning originates in the derive macro `::pin_project::__private::__PinProjectInternalDerive` (in Nightly builds, run with -Z macro-backtrace for more info)
[INFO] [stdout] 
[INFO] [stdout] 
[INFO] [stdout] warning: 1 warning emitted
[INFO] [stdout] 
[INFO] [stdout] 
[INFO] [stdout] warning: unused borrow that must be used
[INFO] [stdout]   --> tower-batch/src/future.rs:13:1
[INFO] [stdout]    |
[INFO] [stdout] 13 | #[pin_project]
[INFO] [stdout]    | ^^^^^^^^^^^^^^
[INFO] [stdout]    |
[INFO] [stdout]    = note: `#[warn(unused_must_use)]` on by default
[INFO] [stdout]    = note: this warning originates in the derive macro `::pin_project::__private::__PinProjectInternalDerive` (in Nightly builds, run with -Z macro-backtrace for more info)
[INFO] [stdout] 
[INFO] [stdout] 
[INFO] [stdout] warning: unused borrow that must be used
[INFO] [stdout]   --> tower-batch/src/worker.rs:24:1
[INFO] [stdout]    |
[INFO] [stdout] 24 | #[pin_project]
[INFO] [stdout]    | ^^^^^^^^^^^^^^
[INFO] [stdout]    |
[INFO] [stdout]    = note: this warning originates in the derive macro `::pin_project::__private::__PinProjectInternalDerive` (in Nightly builds, run with -Z macro-backtrace for more info)
[INFO] [stdout] 
[INFO] [stdout] 
[INFO] [stdout] warning: 2 warnings emitted
[INFO] [stdout] 
[INFO] [stdout] 
[INFO] [stderr]    Compiling chrono v0.4.13
[INFO] [stderr]    Compiling tracing-serde v0.1.1
[INFO] [stderr]    Compiling curve25519-dalek v2.1.0
[INFO] [stderr]    Compiling secp256k1 v0.17.2
[INFO] [stderr]    Compiling serde-big-array v0.3.0
[INFO] [stderr]    Compiling redjubjub v0.2.2
[INFO] [stderr]    Compiling metrics-util v0.3.1
[INFO] [stderr]    Compiling secrecy v0.6.0
[INFO] [stderr]    Compiling toml v0.5.6
[INFO] [stderr]    Compiling semver v0.10.0
[INFO] [stderr]    Compiling serde_yaml v0.8.13
[INFO] [stderr]    Compiling metrics-observer-prometheus v0.1.4
[INFO] [stderr]    Compiling metrics-observer-yaml v0.1.1
[INFO] [stderr]    Compiling ed25519-zebra v1.0.0
[INFO] [stderr]    Compiling x25519-dalek v0.6.0
[INFO] [stderr]    Compiling metrics-observer-json v0.1.1
[INFO] [stderr]    Compiling tracing-subscriber v0.2.9
[INFO] [stderr]    Compiling zebra-chain v3.0.0-alpha.0 (/opt/rustwide/workdir/zebra-chain)
[INFO] [stderr]    Compiling hyper v0.13.7
[INFO] [stderr]    Compiling tracing-error v0.1.2
[INFO] [stderr]    Compiling abscissa_core v0.5.2 (https://github.com/yaahc/abscissa.git?rev=41d342a9344e38442b2211b07f28a89505892a21#41d342a9)
[INFO] [stdout] warning: panic message is not a string literal
[INFO] [stdout]   --> zebra-chain/src/addresses/sprout.rs:76:25
[INFO] [stdout]    |
[INFO] [stdout] 76 |               _ => panic!(SerializationError::Parse(
[INFO] [stdout]    |  _________________________^
[INFO] [stdout] 77 | |                 "bad sprout shielded addr version/type",
[INFO] [stdout] 78 | |             )),
[INFO] [stdout]    | |_____________^
[INFO] [stdout]    |
[INFO] [stdout]    = note: `#[warn(non_fmt_panics)]` on by default
[INFO] [stdout]    = note: this usage of panic!() is deprecated; it will be a hard error in Rust 2021
[INFO] [stdout]    = note: for more information, see <https://doc.rust-lang.org/nightly/edition-guide/rust-2021/panic-macro-consistency.html>
[INFO] [stdout] help: add a "{}" format string to Display the message
[INFO] [stdout]    |
[INFO] [stdout] 76 |             _ => panic!("{}", SerializationError::Parse(
[INFO] [stdout]    |                         ^^^^^
[INFO] [stdout] help: or use std::panic::panic_any instead
[INFO] [stdout]    |
[INFO] [stdout] 76 |             _ => std::panic::panic_any(SerializationError::Parse(
[INFO] [stdout]    |                  ^^^^^^^^^^^^^^^^^^^^^
[INFO] [stdout] 
[INFO] [stdout] 
[INFO] [stdout] warning: panic message is not a string literal
[INFO] [stdout]   --> zebra-chain/src/keys/sprout.rs:88:25
[INFO] [stdout]    |
[INFO] [stdout] 88 |               _ => panic!(SerializationError::Parse(
[INFO] [stdout]    |  _________________________^
[INFO] [stdout] 89 | |                 "bad sprout spending key version/type",
[INFO] [stdout] 90 | |             )),
[INFO] [stdout]    | |_____________^
[INFO] [stdout]    |
[INFO] [stdout]    = note: this usage of panic!() is deprecated; it will be a hard error in Rust 2021
[INFO] [stdout]    = note: for more information, see <https://doc.rust-lang.org/nightly/edition-guide/rust-2021/panic-macro-consistency.html>
[INFO] [stdout] help: add a "{}" format string to Display the message
[INFO] [stdout]    |
[INFO] [stdout] 88 |             _ => panic!("{}", SerializationError::Parse(
[INFO] [stdout]    |                         ^^^^^
[INFO] [stdout] help: or use std::panic::panic_any instead
[INFO] [stdout]    |
[INFO] [stdout] 88 |             _ => std::panic::panic_any(SerializationError::Parse(
[INFO] [stdout]    |                  ^^^^^^^^^^^^^^^^^^^^^
[INFO] [stdout] 
[INFO] [stdout] 
[INFO] [stdout] warning: panic message is not a string literal
[INFO] [stdout]    --> zebra-chain/src/keys/sprout.rs:254:25
[INFO] [stdout]     |
[INFO] [stdout] 254 |               _ => panic!(SerializationError::Parse(
[INFO] [stdout]     |  _________________________^
[INFO] [stdout] 255 | |                 "bad sprout incoming viewing key network",
[INFO] [stdout] 256 | |             )),
[INFO] [stdout]     | |_____________^
[INFO] [stdout]     |
[INFO] [stdout]     = note: this usage of panic!() is deprecated; it will be a hard error in Rust 2021
[INFO] [stdout]     = note: for more information, see <https://doc.rust-lang.org/nightly/edition-guide/rust-2021/panic-macro-consistency.html>
[INFO] [stdout] help: add a "{}" format string to Display the message
[INFO] [stdout]     |
[INFO] [stdout] 254 |             _ => panic!("{}", SerializationError::Parse(
[INFO] [stdout]     |                         ^^^^^
[INFO] [stdout] help: or use std::panic::panic_any instead
[INFO] [stdout]     |
[INFO] [stdout] 254 |             _ => std::panic::panic_any(SerializationError::Parse(
[INFO] [stdout]     |                  ^^^^^^^^^^^^^^^^^^^^^
[INFO] [stdout] 
[INFO] [stdout] 
[INFO] [stderr]    Compiling color-spantrace v0.1.4
[INFO] [stderr]    Compiling color-eyre v0.5.0
[INFO] [stdout] warning: 3 warnings emitted
[INFO] [stdout] 
[INFO] [stdout] 
[INFO] [stderr]    Compiling zebra-state v3.0.0-alpha.0 (/opt/rustwide/workdir/zebra-state)
[INFO] [stderr]    Compiling zebra-test v3.0.0-alpha.0 (/opt/rustwide/workdir/zebra-test)
[INFO] [stderr]    Compiling zebra-consensus v3.0.0-alpha.0 (/opt/rustwide/workdir/zebra-consensus)
[INFO] [stderr]    Compiling zebra-network v3.0.0-alpha.0 (/opt/rustwide/workdir/zebra-network)
[INFO] [stderr]    Compiling zebra-utils v3.0.0-alpha.0 (/opt/rustwide/workdir/zebra-utils)
[INFO] [stdout] error: internal compiler error: unexpected concrete region in borrowck: ReStatic
[INFO] [stdout]    --> zebra-state/src/in_memory.rs:115:1
[INFO] [stdout]     |
[INFO] [stdout] 115 | / pub fn init() -> impl Service<
[INFO] [stdout] 116 | |     Request,
[INFO] [stdout] 117 | |     Response = Response,
[INFO] [stdout] 118 | |     Error = Error,
[INFO] [stdout] ...   |
[INFO] [stdout] 123 | |     Buffer::new(InMemoryState::default(), 1)
[INFO] [stdout] 124 | | }
[INFO] [stdout]     | |_^
[INFO] [stdout]     |
[INFO] [stdout]     = note: delayed at compiler/rustc_mir/src/borrow_check/region_infer/opaque_types.rs:87:44
[INFO] [stdout] 
[INFO] [stdout] 
[INFO] [stderr] thread 'rustc' panicked at 'no errors encountered even though `delay_span_bug` issued', compiler/rustc_errors/src/lib.rs:1050:13
[INFO] [stdout] error: internal compiler error: unexpected concrete region in borrowck: ReStatic
[INFO] [stdout]    --> zebra-state/src/on_disk.rs:236:1
[INFO] [stdout]     |
[INFO] [stdout] 236 | / pub fn init(
[INFO] [stdout] 237 | |     config: Config,
[INFO] [stdout] 238 | | ) -> impl Service<
[INFO] [stdout] 239 | |     Request,
[INFO] [stdout] ...   |
[INFO] [stdout] 246 | |     Buffer::new(SledState::new(&config), 1)
[INFO] [stdout] 247 | | }
[INFO] [stdout]     | |_^
[INFO] [stdout]     |
[INFO] [stdout]     = note: delayed at compiler/rustc_mir/src/borrow_check/region_infer/opaque_types.rs:87:44
[INFO] [stdout] 
[INFO] [stdout] 
[INFO] [stderr] stack backtrace:
[INFO] [stderr]    0:     0x7fc583bdab00 - std::backtrace_rs::backtrace::libunwind::trace::hff4d1766e93f64f1
[INFO] [stderr]                                at /rustc/53fd98ca776cb875bc9e5514f56b52eb74f9e7a9/library/std/src/../../backtrace/src/backtrace/libunwind.rs:90:5
[INFO] [stderr]    1:     0x7fc583bdab00 - std::backtrace_rs::backtrace::trace_unsynchronized::h56bbc8eb78770bcb
[INFO] [stderr]                                at /rustc/53fd98ca776cb875bc9e5514f56b52eb74f9e7a9/library/std/src/../../backtrace/src/backtrace/mod.rs:66:5
[INFO] [stderr]    2:     0x7fc583bdab00 - std::sys_common::backtrace::_print_fmt::h5c8e75464faca780
[INFO] [stderr]                                at /rustc/53fd98ca776cb875bc9e5514f56b52eb74f9e7a9/library/std/src/sys_common/backtrace.rs:67:5
[INFO] [stderr]    3:     0x7fc583bdab00 - <std::sys_common::backtrace::_print::DisplayBacktrace as core::fmt::Display>::fmt::h48b88277def8b362
[INFO] [stderr]                                at /rustc/53fd98ca776cb875bc9e5514f56b52eb74f9e7a9/library/std/src/sys_common/backtrace.rs:46:22
[INFO] [stderr]    4:     0x7fc583c4863c - core::fmt::write::h3381b3176fe2b3d3
[INFO] [stderr]                                at /rustc/53fd98ca776cb875bc9e5514f56b52eb74f9e7a9/library/core/src/fmt/mod.rs:1115:17
[INFO] [stderr]    5:     0x7fc583bcc3e5 - std::io::Write::write_fmt::hd42607e5d8e44db0
[INFO] [stderr]                                at /rustc/53fd98ca776cb875bc9e5514f56b52eb74f9e7a9/library/std/src/io/mod.rs:1665:15
[INFO] [stderr]    6:     0x7fc583bde81b - std::sys_common::backtrace::_print::ha537687d6c17dd0d
[INFO] [stderr]                                at /rustc/53fd98ca776cb875bc9e5514f56b52eb74f9e7a9/library/std/src/sys_common/backtrace.rs:49:5
[INFO] [stderr]    7:     0x7fc583bde81b - std::sys_common::backtrace::print::h61376ae57d131d72
[INFO] [stderr]                                at /rustc/53fd98ca776cb875bc9e5514f56b52eb74f9e7a9/library/std/src/sys_common/backtrace.rs:36:9
[INFO] [stderr]    8:     0x7fc583bde81b - std::panicking::default_hook::{{closure}}::h0f7208c0b9644a54
[INFO] [stderr]                                at /rustc/53fd98ca776cb875bc9e5514f56b52eb74f9e7a9/library/std/src/panicking.rs:208:50
[INFO] [stderr]    9:     0x7fc583bde2f1 - std::panicking::default_hook::hdac7fc06578c14ce
[INFO] [stderr]                                at /rustc/53fd98ca776cb875bc9e5514f56b52eb74f9e7a9/library/std/src/panicking.rs:225:9
[INFO] [stderr]   10:     0x7fc5843b8531 - rustc_driver::DEFAULT_HOOK::{{closure}}::{{closure}}::he0fb23ee363efe57
[INFO] [stderr]   11:     0x7fc57514bb63 - <alloc::boxed::Box<F,A> as core::ops::function::Fn<Args>>::call::hc238a3e55b9cfb23
[INFO] [stderr]                                at /rustc/53fd98ca776cb875bc9e5514f56b52eb74f9e7a9/library/alloc/src/boxed.rs:1586:9
[INFO] [stderr]   12:     0x7fc57512104a - proc_macro::bridge::client::<impl proc_macro::bridge::Bridge>::enter::{{closure}}::{{closure}}::he521b3f89391c889
[INFO] [stderr]                                at /rustc/53fd98ca776cb875bc9e5514f56b52eb74f9e7a9/library/proc_macro/src/bridge/client.rs:320:21
[INFO] [stderr]   13:     0x7fc583bdf049 - std::panicking::rust_panic_with_hook::h72b21c283da3d1ef
[INFO] [stderr]                                at /rustc/53fd98ca776cb875bc9e5514f56b52eb74f9e7a9/library/std/src/panicking.rs:626:17
[INFO] [stderr]   14:     0x7fc583bdeb07 - std::panicking::begin_panic_handler::{{closure}}::he5778f1729cff84a
[INFO] [stderr]                                at /rustc/53fd98ca776cb875bc9e5514f56b52eb74f9e7a9/library/std/src/panicking.rs:519:13
[INFO] [stderr]   15:     0x7fc583bdafdc - std::sys_common::backtrace::__rust_end_short_backtrace::h2d11ca8b453b4b1d
[INFO] [stderr]                                at /rustc/53fd98ca776cb875bc9e5514f56b52eb74f9e7a9/library/std/src/sys_common/backtrace.rs:141:18
[INFO] [stderr]   16:     0x7fc583bdea69 - rust_begin_unwind
[INFO] [stderr]                                at /rustc/53fd98ca776cb875bc9e5514f56b52eb74f9e7a9/library/std/src/panicking.rs:515:5
[INFO] [stderr]   17:     0x7fc583ba7a6b - std::panicking::begin_panic_fmt::h746518bde832d259
[INFO] [stderr]                                at /rustc/53fd98ca776cb875bc9e5514f56b52eb74f9e7a9/library/std/src/panicking.rs:457:5
[INFO] [stderr]   18:     0x7fc58681c1a9 - rustc_errors::HandlerInner::flush_delayed::h68abfe220c70dca1
[INFO] [stderr]   19:     0x7fc58681ac0d - <rustc_errors::HandlerInner as core::ops::drop::Drop>::drop::hd769a4292ac9bfa2
[INFO] [stderr]   20:     0x7fc585ecf8d6 - core::ptr::drop_in_place<rustc_session::parse::ParseSess>::h3c16055fae7b64de
[INFO] [stderr]   21:     0x7fc585ed1a1e - <alloc::rc::Rc<T> as core::ops::drop::Drop>::drop::ha02c0db4efb40d0e
[INFO] [stderr]   22:     0x7fc585ea6cfd - core::ptr::drop_in_place<rustc_interface::interface::Compiler>::h4b986457436dbab5
[INFO] [stderr]   23:     0x7fc585ea62e3 - rustc_span::with_source_map::h46995da78fbfb2ca
[INFO] [stderr]   24:     0x7fc585eb7bca - rustc_interface::interface::create_compiler_and_run::hdd0d8e5ea2028f60
[INFO] [stderr]   25:     0x7fc585eaac49 - scoped_tls::ScopedKey<T>::set::h4889fb0c1fafdd05
[INFO] [stderr]   26:     0x7fc585ea766a - std::sys_common::backtrace::__rust_begin_short_backtrace::h78e9a1a2353d1913
[INFO] [stderr]   27:     0x7fc585ea6ab5 - core::ops::function::FnOnce::call_once{{vtable.shim}}::hb838edfbc6ca2ea1
[INFO] [stderr]   28:     0x7fc583beb5d7 - <alloc::boxed::Box<F,A> as core::ops::function::FnOnce<Args>>::call_once::h65c29e4642be2358
[INFO] [stderr]                                at /rustc/53fd98ca776cb875bc9e5514f56b52eb74f9e7a9/library/alloc/src/boxed.rs:1572:9
[INFO] [stderr]   29:     0x7fc583beb5d7 - <alloc::boxed::Box<F,A> as core::ops::function::FnOnce<Args>>::call_once::hd0f8f7fbbd9fffbf
[INFO] [stderr]                                at /rustc/53fd98ca776cb875bc9e5514f56b52eb74f9e7a9/library/alloc/src/boxed.rs:1572:9
[INFO] [stderr]   30:     0x7fc583beb5d7 - std::sys::unix::thread::Thread::new::thread_start::h2fd22fee3ca77b65
[INFO] [stderr]                                at /rustc/53fd98ca776cb875bc9e5514f56b52eb74f9e7a9/library/std/src/sys/unix/thread.rs:74:17
[INFO] [stderr]   31:     0x7fc583b07609 - start_thread
[INFO] [stderr]   32:     0x7fc583a1b293 - clone
[INFO] [stderr]   33:                0x0 - <unknown>
[INFO] [stderr] 
[INFO] [stderr] error: internal compiler error: unexpected panic
[INFO] [stderr] 
[INFO] [stderr] note: the compiler unexpectedly panicked. this is a bug.
[INFO] [stderr] 
[INFO] [stderr] note: we would appreciate a bug report: https://github.com/rust-lang/rust/issues/new?labels=C-bug%2C+I-ICE%2C+T-compiler&template=ice.md
[INFO] [stderr] 
[INFO] [stderr] note: rustc 1.55.0-beta.3 (53fd98ca7 2021-07-31) running on x86_64-unknown-linux-gnu
[INFO] [stderr] 
[INFO] [stderr] note: compiler flags: -C panic=abort -C embed-bitcode=no -C debuginfo=2 --crate-type lib
[INFO] [stderr] 
[INFO] [stderr] note: some of the compiler flags provided by cargo are hidden
[INFO] [stderr] 
[INFO] [stderr] query stack during panic:
[INFO] [stderr] end of query stack
[INFO] [stderr] error: could not compile `zebra-state`
[INFO] [stderr] warning: build failed, waiting for other jobs to finish...
[INFO] [stderr] thread 'rustc' panicked at 'no errors encountered even though `delay_span_bug` issued', compiler/rustc_errors/src/lib.rs:1050:13
[INFO] [stdout] error: internal compiler error: unexpected concrete region in borrowck: ReStatic
[INFO] [stdout]    --> zebra-consensus/src/block.rs:104:1
[INFO] [stdout]     |
[INFO] [stdout] 104 | / pub fn init<S>(
[INFO] [stdout] 105 | |     state_service: S,
[INFO] [stdout] 106 | | ) -> impl Service<
[INFO] [stdout] 107 | |     Arc<Block>,
[INFO] [stdout] ...   |
[INFO] [stdout] 121 | |     Buffer::new(BlockVerifier { state_service }, 1)
[INFO] [stdout] 122 | | }
[INFO] [stdout]     | |_^
[INFO] [stdout]     |
[INFO] [stdout]     = note: delayed at compiler/rustc_mir/src/borrow_check/region_infer/opaque_types.rs:87:44
[INFO] [stdout] 
[INFO] [stdout] 
[INFO] [stderr] stack backtrace:
[INFO] [stdout] error: internal compiler error: unexpected concrete region in borrowck: ReStatic
[INFO] [stdout]    --> zebra-consensus/src/chain.rs:226:1
[INFO] [stdout]     |
[INFO] [stdout] 226 | / pub fn init_from_verifiers<BV, S>(
[INFO] [stdout] 227 | |     block_verifier: BV,
[INFO] [stdout] 228 | |     checkpoint_verifier: CheckpointVerifier,
[INFO] [stdout] 229 | |     state_service: S,
[INFO] [stdout] ...   |
[INFO] [stdout] 268 | |     )
[INFO] [stdout] 269 | | }
[INFO] [stdout]     | |_^
[INFO] [stdout]     |
[INFO] [stdout]     = note: delayed at compiler/rustc_mir/src/borrow_check/region_infer/opaque_types.rs:87:44
[INFO] [stdout] 
[INFO] [stdout] 
[INFO] [stderr]    0:     0x7ff27d8c0b00 - std::backtrace_rs::backtrace::libunwind::trace::hff4d1766e93f64f1
[INFO] [stderr]                                at /rustc/53fd98ca776cb875bc9e5514f56b52eb74f9e7a9/library/std/src/../../backtrace/src/backtrace/libunwind.rs:90:5
[INFO] [stderr]    1:     0x7ff27d8c0b00 - std::backtrace_rs::backtrace::trace_unsynchronized::h56bbc8eb78770bcb
[INFO] [stderr]                                at /rustc/53fd98ca776cb875bc9e5514f56b52eb74f9e7a9/library/std/src/../../backtrace/src/backtrace/mod.rs:66:5
[INFO] [stderr]    2:     0x7ff27d8c0b00 - std::sys_common::backtrace::_print_fmt::h5c8e75464faca780
[INFO] [stderr]                                at /rustc/53fd98ca776cb875bc9e5514f56b52eb74f9e7a9/library/std/src/sys_common/backtrace.rs:67:5
[INFO] [stderr]    3:     0x7ff27d8c0b00 - <std::sys_common::backtrace::_print::DisplayBacktrace as core::fmt::Display>::fmt::h48b88277def8b362
[INFO] [stderr]                                at /rustc/53fd98ca776cb875bc9e5514f56b52eb74f9e7a9/library/std/src/sys_common/backtrace.rs:46:22
[INFO] [stderr]    4:     0x7ff27d92e63c - core::fmt::write::h3381b3176fe2b3d3
[INFO] [stderr]                                at /rustc/53fd98ca776cb875bc9e5514f56b52eb74f9e7a9/library/core/src/fmt/mod.rs:1115:17
[INFO] [stderr]    5:     0x7ff27d8b23e5 - std::io::Write::write_fmt::hd42607e5d8e44db0
[INFO] [stderr]                                at /rustc/53fd98ca776cb875bc9e5514f56b52eb74f9e7a9/library/std/src/io/mod.rs:1665:15
[INFO] [stderr]    6:     0x7ff27d8c481b - std::sys_common::backtrace::_print::ha537687d6c17dd0d
[INFO] [stderr]                                at /rustc/53fd98ca776cb875bc9e5514f56b52eb74f9e7a9/library/std/src/sys_common/backtrace.rs:49:5
[INFO] [stderr]    7:     0x7ff27d8c481b - std::sys_common::backtrace::print::h61376ae57d131d72
[INFO] [stderr]                                at /rustc/53fd98ca776cb875bc9e5514f56b52eb74f9e7a9/library/std/src/sys_common/backtrace.rs:36:9
[INFO] [stderr]    8:     0x7ff27d8c481b - std::panicking::default_hook::{{closure}}::h0f7208c0b9644a54
[INFO] [stderr]                                at /rustc/53fd98ca776cb875bc9e5514f56b52eb74f9e7a9/library/std/src/panicking.rs:208:50
[INFO] [stderr]    9:     0x7ff27d8c42f1 - std::panicking::default_hook::hdac7fc06578c14ce
[INFO] [stderr]                                at /rustc/53fd98ca776cb875bc9e5514f56b52eb74f9e7a9/library/std/src/panicking.rs:225:9
[INFO] [stderr]   10:     0x7ff27e09e531 - rustc_driver::DEFAULT_HOOK::{{closure}}::{{closure}}::he0fb23ee363efe57
[INFO] [stderr]   11:     0x7ff27d8c5049 - std::panicking::rust_panic_with_hook::h72b21c283da3d1ef
[INFO] [stderr]                                at /rustc/53fd98ca776cb875bc9e5514f56b52eb74f9e7a9/library/std/src/panicking.rs:626:17
[INFO] [stderr]   12:     0x7ff27d8c4b07 - std::panicking::begin_panic_handler::{{closure}}::he5778f1729cff84a
[INFO] [stderr]                                at /rustc/53fd98ca776cb875bc9e5514f56b52eb74f9e7a9/library/std/src/panicking.rs:519:13
[INFO] [stderr]   13:     0x7ff27d8c0fdc - std::sys_common::backtrace::__rust_end_short_backtrace::h2d11ca8b453b4b1d
[INFO] [stderr]                                at /rustc/53fd98ca776cb875bc9e5514f56b52eb74f9e7a9/library/std/src/sys_common/backtrace.rs:141:18
[INFO] [stderr]   14:     0x7ff27d8c4a69 - rust_begin_unwind
[INFO] [stderr]                                at /rustc/53fd98ca776cb875bc9e5514f56b52eb74f9e7a9/library/std/src/panicking.rs:515:5
[INFO] [stderr]   15:     0x7ff27d88da6b - std::panicking::begin_panic_fmt::h746518bde832d259
[INFO] [stderr]                                at /rustc/53fd98ca776cb875bc9e5514f56b52eb74f9e7a9/library/std/src/panicking.rs:457:5
[INFO] [stderr]   16:     0x7ff2805021a9 - rustc_errors::HandlerInner::flush_delayed::h68abfe220c70dca1
[INFO] [stderr]   17:     0x7ff280500c0d - <rustc_errors::HandlerInner as core::ops::drop::Drop>::drop::hd769a4292ac9bfa2
[INFO] [stderr]   18:     0x7ff27fbb58d6 - core::ptr::drop_in_place<rustc_session::parse::ParseSess>::h3c16055fae7b64de
[INFO] [stderr]   19:     0x7ff27fbb7a1e - <alloc::rc::Rc<T> as core::ops::drop::Drop>::drop::ha02c0db4efb40d0e
[INFO] [stderr]   20:     0x7ff27fb8ccfd - core::ptr::drop_in_place<rustc_interface::interface::Compiler>::h4b986457436dbab5
[INFO] [stderr]   21:     0x7ff27fb8c2e3 - rustc_span::with_source_map::h46995da78fbfb2ca
[INFO] [stderr]   22:     0x7ff27fb9dbca - rustc_interface::interface::create_compiler_and_run::hdd0d8e5ea2028f60
[INFO] [stderr]   23:     0x7ff27fb90c49 - scoped_tls::ScopedKey<T>::set::h4889fb0c1fafdd05
[INFO] [stderr]   24:     0x7ff27fb8d66a - std::sys_common::backtrace::__rust_begin_short_backtrace::h78e9a1a2353d1913
[INFO] [stderr]   25:     0x7ff27fb8cab5 - core::ops::function::FnOnce::call_once{{vtable.shim}}::hb838edfbc6ca2ea1
[INFO] [stderr]   26:     0x7ff27d8d15d7 - <alloc::boxed::Box<F,A> as core::ops::function::FnOnce<Args>>::call_once::h65c29e4642be2358
[INFO] [stderr]                                at /rustc/53fd98ca776cb875bc9e5514f56b52eb74f9e7a9/library/alloc/src/boxed.rs:1572:9
[INFO] [stderr]   27:     0x7ff27d8d15d7 - <alloc::boxed::Box<F,A> as core::ops::function::FnOnce<Args>>::call_once::hd0f8f7fbbd9fffbf
[INFO] [stderr]                                at /rustc/53fd98ca776cb875bc9e5514f56b52eb74f9e7a9/library/alloc/src/boxed.rs:1572:9
[INFO] [stderr]   28:     0x7ff27d8d15d7 - std::sys::unix::thread::Thread::new::thread_start::h2fd22fee3ca77b65
[INFO] [stderr]                                at /rustc/53fd98ca776cb875bc9e5514f56b52eb74f9e7a9/library/std/src/sys/unix/thread.rs:74:17
[INFO] [stderr]   29:     0x7ff27d7ed609 - start_thread
[INFO] [stderr]   30:     0x7ff27d701293 - clone
[INFO] [stderr]   31:                0x0 - <unknown>
[INFO] [stderr] 
[INFO] [stderr] error: internal compiler error: unexpected panic
[INFO] [stderr] 
[INFO] [stderr] note: the compiler unexpectedly panicked. this is a bug.
[INFO] [stderr] 
[INFO] [stderr] note: we would appreciate a bug report: https://github.com/rust-lang/rust/issues/new?labels=C-bug%2C+I-ICE%2C+T-compiler&template=ice.md
[INFO] [stderr] 
[INFO] [stderr] note: rustc 1.55.0-beta.3 (53fd98ca7 2021-07-31) running on x86_64-unknown-linux-gnu
[INFO] [stderr] 
[INFO] [stderr] note: compiler flags: -C panic=abort -C embed-bitcode=no -C debuginfo=2 --crate-type lib
[INFO] [stderr] 
[INFO] [stderr] note: some of the compiler flags provided by cargo are hidden
[INFO] [stderr] 
[INFO] [stderr] query stack during panic:
[INFO] [stderr] end of query stack
[INFO] [stdout] warning: unused borrow that must be used
[INFO] [stdout]   --> zebra-network/src/peer_set/unready_service.rs:16:1
[INFO] [stdout]    |
[INFO] [stdout] 16 | #[pin_project]
[INFO] [stdout]    | ^^^^^^^^^^^^^^
[INFO] [stdout]    |
[INFO] [stdout]    = note: `#[warn(unused_must_use)]` on by default
[INFO] [stdout]    = note: this warning originates in the derive macro `::pin_project::__private::__PinProjectInternalDerive` (in Nightly builds, run with -Z macro-backtrace for more info)
[INFO] [stdout] 
[INFO] [stdout] 
[INFO] [stdout] warning: unused borrow that must be used
[INFO] [stdout]   --> zebra-network/src/peer_set/unready_service.rs:16:1
[INFO] [stdout]    |
[INFO] [stdout] 16 | #[pin_project]
[INFO] [stdout]    | ^^^^^^^^^^^^^^
[INFO] [stdout]    |
[INFO] [stdout]    = note: this warning originates in the derive macro `::pin_project::__private::__PinProjectInternalDerive` (in Nightly builds, run with -Z macro-backtrace for more info)
[INFO] [stdout] 
[INFO] [stdout] 
[INFO] [stdout] warning: 2 warnings emitted
[INFO] [stdout] 
[INFO] [stdout] 
[INFO] [stdout] error: internal compiler error: unexpected concrete region in borrowck: ReStatic
[INFO] [stdout]    --> zebra-network/src/peer_set/initialize.rs:37:1
[INFO] [stdout]     |
[INFO] [stdout] 37  | / pub async fn init<S>(
[INFO] [stdout] 38  | |     config: Config,
[INFO] [stdout] 39  | |     inbound_service: S,
[INFO] [stdout] 40  | | ) -> (
[INFO] [stdout] ...   |
[INFO] [stdout] 134 | |     (peer_set, address_book)
[INFO] [stdout] 135 | | }
[INFO] [stdout]     | |_^
[INFO] [stdout]     |
[INFO] [stdout]     = note: delayed at compiler/rustc_mir/src/borrow_check/region_infer/opaque_types.rs:87:44
[INFO] [stdout] 
[INFO] [stdout] 
[INFO] [stderr] thread 'rustc' panicked at 'no errors encountered even though `delay_span_bug` issued', compiler/rustc_errors/src/lib.rs:1050:13
[INFO] [stderr] stack backtrace:
[INFO] [stderr]    0:     0x7fd7a50d8b00 - std::backtrace_rs::backtrace::libunwind::trace::hff4d1766e93f64f1
[INFO] [stderr]                                at /rustc/53fd98ca776cb875bc9e5514f56b52eb74f9e7a9/library/std/src/../../backtrace/src/backtrace/libunwind.rs:90:5
[INFO] [stderr]    1:     0x7fd7a50d8b00 - std::backtrace_rs::backtrace::trace_unsynchronized::h56bbc8eb78770bcb
[INFO] [stderr]                                at /rustc/53fd98ca776cb875bc9e5514f56b52eb74f9e7a9/library/std/src/../../backtrace/src/backtrace/mod.rs:66:5
[INFO] [stderr]    2:     0x7fd7a50d8b00 - std::sys_common::backtrace::_print_fmt::h5c8e75464faca780
[INFO] [stderr]                                at /rustc/53fd98ca776cb875bc9e5514f56b52eb74f9e7a9/library/std/src/sys_common/backtrace.rs:67:5
[INFO] [stderr]    3:     0x7fd7a50d8b00 - <std::sys_common::backtrace::_print::DisplayBacktrace as core::fmt::Display>::fmt::h48b88277def8b362
[INFO] [stderr]                                at /rustc/53fd98ca776cb875bc9e5514f56b52eb74f9e7a9/library/std/src/sys_common/backtrace.rs:46:22
[INFO] [stderr]    4:     0x7fd7a514663c - core::fmt::write::h3381b3176fe2b3d3
[INFO] [stderr]                                at /rustc/53fd98ca776cb875bc9e5514f56b52eb74f9e7a9/library/core/src/fmt/mod.rs:1115:17
[INFO] [stderr]    5:     0x7fd7a50ca3e5 - std::io::Write::write_fmt::hd42607e5d8e44db0
[INFO] [stderr]                                at /rustc/53fd98ca776cb875bc9e5514f56b52eb74f9e7a9/library/std/src/io/mod.rs:1665:15
[INFO] [stderr]    6:     0x7fd7a50dc81b - std::sys_common::backtrace::_print::ha537687d6c17dd0d
[INFO] [stderr]                                at /rustc/53fd98ca776cb875bc9e5514f56b52eb74f9e7a9/library/std/src/sys_common/backtrace.rs:49:5
[INFO] [stderr]    7:     0x7fd7a50dc81b - std::sys_common::backtrace::print::h61376ae57d131d72
[INFO] [stderr]                                at /rustc/53fd98ca776cb875bc9e5514f56b52eb74f9e7a9/library/std/src/sys_common/backtrace.rs:36:9
[INFO] [stderr]    8:     0x7fd7a50dc81b - std::panicking::default_hook::{{closure}}::h0f7208c0b9644a54
[INFO] [stderr]                                at /rustc/53fd98ca776cb875bc9e5514f56b52eb74f9e7a9/library/std/src/panicking.rs:208:50
[INFO] [stderr]    9:     0x7fd7a50dc2f1 - std::panicking::default_hook::hdac7fc06578c14ce
[INFO] [stderr]                                at /rustc/53fd98ca776cb875bc9e5514f56b52eb74f9e7a9/library/std/src/panicking.rs:225:9
[INFO] [stderr]   10:     0x7fd7a58b6531 - rustc_driver::DEFAULT_HOOK::{{closure}}::{{closure}}::he0fb23ee363efe57
[INFO] [stderr]   11:     0x7fd797ae4b63 - <alloc::boxed::Box<F,A> as core::ops::function::Fn<Args>>::call::hc238a3e55b9cfb23
[INFO] [stderr]                                at /rustc/53fd98ca776cb875bc9e5514f56b52eb74f9e7a9/library/alloc/src/boxed.rs:1586:9
[INFO] [stderr]   12:     0x7fd797aba04a - proc_macro::bridge::client::<impl proc_macro::bridge::Bridge>::enter::{{closure}}::{{closure}}::he521b3f89391c889
[INFO] [stderr]                                at /rustc/53fd98ca776cb875bc9e5514f56b52eb74f9e7a9/library/proc_macro/src/bridge/client.rs:320:21
[INFO] [stderr]   13:     0x7fd7a50dd049 - std::panicking::rust_panic_with_hook::h72b21c283da3d1ef
[INFO] [stderr]                                at /rustc/53fd98ca776cb875bc9e5514f56b52eb74f9e7a9/library/std/src/panicking.rs:626:17
[INFO] [stderr]   14:     0x7fd7a50dcb07 - std::panicking::begin_panic_handler::{{closure}}::he5778f1729cff84a
[INFO] [stderr]                                at /rustc/53fd98ca776cb875bc9e5514f56b52eb74f9e7a9/library/std/src/panicking.rs:519:13
[INFO] [stderr]   15:     0x7fd7a50d8fdc - std::sys_common::backtrace::__rust_end_short_backtrace::h2d11ca8b453b4b1d
[INFO] [stderr]                                at /rustc/53fd98ca776cb875bc9e5514f56b52eb74f9e7a9/library/std/src/sys_common/backtrace.rs:141:18
[INFO] [stderr]   16:     0x7fd7a50dca69 - rust_begin_unwind
[INFO] [stderr]                                at /rustc/53fd98ca776cb875bc9e5514f56b52eb74f9e7a9/library/std/src/panicking.rs:515:5
[INFO] [stderr]   17:     0x7fd7a50a5a6b - std::panicking::begin_panic_fmt::h746518bde832d259
[INFO] [stderr]                                at /rustc/53fd98ca776cb875bc9e5514f56b52eb74f9e7a9/library/std/src/panicking.rs:457:5
[INFO] [stderr]   18:     0x7fd7a7d1a1a9 - rustc_errors::HandlerInner::flush_delayed::h68abfe220c70dca1
[INFO] [stderr]   19:     0x7fd7a7d18c0d - <rustc_errors::HandlerInner as core::ops::drop::Drop>::drop::hd769a4292ac9bfa2
[INFO] [stderr]   20:     0x7fd7a73cd8d6 - core::ptr::drop_in_place<rustc_session::parse::ParseSess>::h3c16055fae7b64de
[INFO] [stderr]   21:     0x7fd7a73cfa1e - <alloc::rc::Rc<T> as core::ops::drop::Drop>::drop::ha02c0db4efb40d0e
[INFO] [stderr]   22:     0x7fd7a73a4cfd - core::ptr::drop_in_place<rustc_interface::interface::Compiler>::h4b986457436dbab5
[INFO] [stderr]   23:     0x7fd7a73a42e3 - rustc_span::with_source_map::h46995da78fbfb2ca
[INFO] [stderr]   24:     0x7fd7a73b5bca - rustc_interface::interface::create_compiler_and_run::hdd0d8e5ea2028f60
[INFO] [stderr]   25:     0x7fd7a73a8c49 - scoped_tls::ScopedKey<T>::set::h4889fb0c1fafdd05
[INFO] [stderr]   26:     0x7fd7a73a566a - std::sys_common::backtrace::__rust_begin_short_backtrace::h78e9a1a2353d1913
[INFO] [stderr]   27:     0x7fd7a73a4ab5 - core::ops::function::FnOnce::call_once{{vtable.shim}}::hb838edfbc6ca2ea1
[INFO] [stderr]   28:     0x7fd7a50e95d7 - <alloc::boxed::Box<F,A> as core::ops::function::FnOnce<Args>>::call_once::h65c29e4642be2358
[INFO] [stderr]                                at /rustc/53fd98ca776cb875bc9e5514f56b52eb74f9e7a9/library/alloc/src/boxed.rs:1572:9
[INFO] [stderr]   29:     0x7fd7a50e95d7 - <alloc::boxed::Box<F,A> as core::ops::function::FnOnce<Args>>::call_once::hd0f8f7fbbd9fffbf
[INFO] [stderr]                                at /rustc/53fd98ca776cb875bc9e5514f56b52eb74f9e7a9/library/alloc/src/boxed.rs:1572:9
[INFO] [stderr]   30:     0x7fd7a50e95d7 - std::sys::unix::thread::Thread::new::thread_start::h2fd22fee3ca77b65
[INFO] [stderr]                                at /rustc/53fd98ca776cb875bc9e5514f56b52eb74f9e7a9/library/std/src/sys/unix/thread.rs:74:17
[INFO] [stderr]   31:     0x7fd7a5005609 - start_thread
[INFO] [stderr]   32:     0x7fd7a4f19293 - clone
[INFO] [stderr]   33:                0x0 - <unknown>
[INFO] [stderr] 
[INFO] [stderr] error: internal compiler error: unexpected panic
[INFO] [stderr] 
[INFO] [stderr] note: the compiler unexpectedly panicked. this is a bug.
[INFO] [stderr] 
[INFO] [stderr] note: we would appreciate a bug report: https://github.com/rust-lang/rust/issues/new?labels=C-bug%2C+I-ICE%2C+T-compiler&template=ice.md
[INFO] [stderr] 
[INFO] [stderr] note: rustc 1.55.0-beta.3 (53fd98ca7 2021-07-31) running on x86_64-unknown-linux-gnu
[INFO] [stderr] 
[INFO] [stderr] note: compiler flags: -C panic=abort -C embed-bitcode=no -C debuginfo=2 --crate-type lib
[INFO] [stderr] 
[INFO] [stderr] note: some of the compiler flags provided by cargo are hidden
[INFO] [stderr] 
[INFO] [stderr] query stack during panic:
[INFO] [stderr] end of query stack
[INFO] [stderr] error: build failed
[INFO] running `Command { std: "docker" "inspect" "9e5bfb4f83c6030efe286b09023a6fed96117e331e8b1630c07ce22dd54eeca8", kill_on_drop: false }`
[INFO] running `Command { std: "docker" "rm" "-f" "9e5bfb4f83c6030efe286b09023a6fed96117e331e8b1630c07ce22dd54eeca8", kill_on_drop: false }`
[INFO] [stdout] 9e5bfb4f83c6030efe286b09023a6fed96117e331e8b1630c07ce22dd54eeca8
