[INFO] cloning repository https://github.com/duqiuzhi/yys
[INFO] running `Command { std: "git" "-c" "credential.helper=" "-c" "credential.helper=/workspace/cargo-home/bin/git-credential-null" "clone" "--bare" "https://github.com/duqiuzhi/yys" "/workspace/cache/git-repos/https%3A%2F%2Fgithub.com%2Fduqiuzhi%2Fyys", kill_on_drop: false }`
[INFO] [stderr] Cloning into bare repository '/workspace/cache/git-repos/https%3A%2F%2Fgithub.com%2Fduqiuzhi%2Fyys'...
[INFO] running `Command { std: "git" "rev-parse" "HEAD", kill_on_drop: false }`
[INFO] [stdout] 1b84ac15f51ce579112a32707683a260d345bb3f
[INFO] testing duqiuzhi/yys against 1.54.0 for beta-1.55-1
[INFO] running `Command { std: "git" "clone" "/workspace/cache/git-repos/https%3A%2F%2Fgithub.com%2Fduqiuzhi%2Fyys" "/workspace/builds/worker-83/source", kill_on_drop: false }`
[INFO] [stderr] Cloning into '/workspace/builds/worker-83/source'...
[INFO] [stderr] done.
[INFO] validating manifest of git repo https://github.com/duqiuzhi/yys on toolchain 1.54.0
[INFO] running `Command { std: "/workspace/cargo-home/bin/cargo" "+1.54.0" "metadata" "--manifest-path" "Cargo.toml" "--no-deps", kill_on_drop: false }`
[INFO] removed /workspace/builds/worker-83/source/.cargo/config
[INFO] started tweaking git repo https://github.com/duqiuzhi/yys
[INFO] finished tweaking git repo https://github.com/duqiuzhi/yys
[INFO] tweaked toml for git repo https://github.com/duqiuzhi/yys written to /workspace/builds/worker-83/source/Cargo.toml
[INFO] crate git repo https://github.com/duqiuzhi/yys already has a lockfile, it will not be regenerated
[INFO] running `Command { std: "/workspace/cargo-home/bin/cargo" "+1.54.0" "fetch" "--manifest-path" "Cargo.toml", kill_on_drop: false }`
[INFO] [stderr]     Blocking waiting for file lock on package cache
[INFO] [stderr]     Blocking waiting for file lock on package cache
[INFO] [stderr]  Downloading crates ...
[INFO] [stderr]   Downloaded futures-fs v0.0.5
[INFO] [stderr]   Downloaded tungstenite v0.9.1
[INFO] [stderr]   Downloaded fern v0.5.8
[INFO] [stderr]   Downloaded rust-embed-impl v4.5.0
[INFO] [stderr]   Downloaded rust-embed v4.5.0
[INFO] running `Command { std: "docker" "create" "-v" "/var/lib/crater-agent-workspace/builds/worker-83/target:/opt/rustwide/target:rw,Z" "-v" "/var/lib/crater-agent-workspace/builds/worker-83/source:/opt/rustwide/workdir:ro,Z" "-v" "/var/lib/crater-agent-workspace/cargo-home:/opt/rustwide/cargo-home:ro,Z" "-v" "/var/lib/crater-agent-workspace/rustup-home:/opt/rustwide/rustup-home:ro,Z" "-e" "SOURCE_DIR=/opt/rustwide/workdir" "-e" "CARGO_TARGET_DIR=/opt/rustwide/target" "-e" "CARGO_HOME=/opt/rustwide/cargo-home" "-e" "RUSTUP_HOME=/opt/rustwide/rustup-home" "-w" "/opt/rustwide/workdir" "-m" "1610612736" "--user" "0:0" "--network" "none" "ghcr.io/rust-lang/crates-build-env/linux@sha256:34b6a614d2c27851fe6cbf88fbd1137609cefab8b10d0615aaeb6fd47975d74e" "/opt/rustwide/cargo-home/bin/cargo" "+1.54.0" "metadata" "--no-deps" "--format-version=1", kill_on_drop: false }`
[INFO] [stdout] 55f97d808c4b8eec484fdf2cc0dee69e183aa535c99f58541104bc28785ea077
[INFO] running `Command { std: "docker" "start" "-a" "55f97d808c4b8eec484fdf2cc0dee69e183aa535c99f58541104bc28785ea077", kill_on_drop: false }`
[INFO] running `Command { std: "docker" "inspect" "55f97d808c4b8eec484fdf2cc0dee69e183aa535c99f58541104bc28785ea077", kill_on_drop: false }`
[INFO] running `Command { std: "docker" "rm" "-f" "55f97d808c4b8eec484fdf2cc0dee69e183aa535c99f58541104bc28785ea077", kill_on_drop: false }`
[INFO] [stdout] 55f97d808c4b8eec484fdf2cc0dee69e183aa535c99f58541104bc28785ea077
[INFO] running `Command { std: "docker" "create" "-v" "/var/lib/crater-agent-workspace/builds/worker-83/target:/opt/rustwide/target:rw,Z" "-v" "/var/lib/crater-agent-workspace/builds/worker-83/source:/opt/rustwide/workdir:ro,Z" "-v" "/var/lib/crater-agent-workspace/cargo-home:/opt/rustwide/cargo-home:ro,Z" "-v" "/var/lib/crater-agent-workspace/rustup-home:/opt/rustwide/rustup-home:ro,Z" "-e" "SOURCE_DIR=/opt/rustwide/workdir" "-e" "CARGO_TARGET_DIR=/opt/rustwide/target" "-e" "CARGO_INCREMENTAL=0" "-e" "RUST_BACKTRACE=full" "-e" "RUSTFLAGS=--cap-lints=warn" "-e" "CARGO_HOME=/opt/rustwide/cargo-home" "-e" "RUSTUP_HOME=/opt/rustwide/rustup-home" "-w" "/opt/rustwide/workdir" "-m" "1610612736" "--user" "0:0" "--network" "none" "ghcr.io/rust-lang/crates-build-env/linux@sha256:34b6a614d2c27851fe6cbf88fbd1137609cefab8b10d0615aaeb6fd47975d74e" "/opt/rustwide/cargo-home/bin/cargo" "+1.54.0" "build" "--frozen" "--message-format=json", kill_on_drop: false }`
[INFO] [stdout] d0acda529d274ade45ab0f7cf265e2e555a04b3b2c4e03ff28908ada7e9990a3
[INFO] running `Command { std: "docker" "start" "-a" "d0acda529d274ade45ab0f7cf265e2e555a04b3b2c4e03ff28908ada7e9990a3", kill_on_drop: false }`
[INFO] [stderr]     Blocking waiting for file lock on package cache
[INFO] [stderr]    Compiling libc v0.2.62
[INFO] [stderr]    Compiling autocfg v0.1.6
[INFO] [stderr]    Compiling log v0.4.8
[INFO] [stderr]    Compiling cc v1.0.45
[INFO] [stderr]    Compiling proc-macro2 v1.0.4
[INFO] [stderr]    Compiling version_check v0.1.5
[INFO] [stderr]    Compiling either v1.5.3
[INFO] [stderr]    Compiling futures v0.1.29
[INFO] [stderr]    Compiling syn v1.0.5
[INFO] [stderr]    Compiling smallvec v0.6.10
[INFO] [stderr]    Compiling serde v1.0.101
[INFO] [stderr]    Compiling pkg-config v0.3.16
[INFO] [stderr]    Compiling syn v0.15.44
[INFO] [stderr]    Compiling arrayvec v0.4.11
[INFO] [stderr]    Compiling ryu v1.0.0
[INFO] [stderr]    Compiling nodrop v0.1.13
[INFO] [stderr]    Compiling failure_derive v0.1.5
[INFO] [stderr]    Compiling getrandom v0.1.12
[INFO] [stderr]    Compiling httparse v1.3.4
[INFO] [stderr]    Compiling typenum v1.11.2
[INFO] [stderr]    Compiling bitflags v1.2.0
[INFO] [stderr]    Compiling ppv-lite86 v0.2.5
[INFO] [stderr]    Compiling indexmap v1.2.0
[INFO] [stderr]    Compiling openssl v0.10.25
[INFO] [stderr]    Compiling try-lock v0.2.2
[INFO] [stderr]    Compiling native-tls v0.2.3
[INFO] [stderr]    Compiling mime v0.3.14
[INFO] [stderr]    Compiling yyx-utils v0.1.0 (/opt/rustwide/workdir/yyx-utils)
[INFO] [stderr]    Compiling quick-error v1.2.2
[INFO] [stderr]    Compiling same-file v1.0.5
[INFO] [stderr]    Compiling encoding_rs v0.8.20
[INFO] [stderr]    Compiling adler32 v1.0.4
[INFO] [stderr]    Compiling fake-simd v0.1.2
[INFO] [stderr]    Compiling safemem v0.3.2
[INFO] [stderr]    Compiling remove_dir_all v0.5.2
[INFO] [stderr]    Compiling termcolor v1.0.5
[INFO] [stderr]    Compiling yyx-platform v0.1.0 (/opt/rustwide/workdir/yyx-platform)
[INFO] [stderr]    Compiling yyx v0.99.2 (/opt/rustwide/workdir/bin/yyx)
[INFO] [stderr]    Compiling urlencoding v1.0.0
[INFO] [stderr]    Compiling block-padding v0.1.4
[INFO] [stderr]    Compiling try_from v0.3.2
[INFO] [stderr]    Compiling crossbeam-queue v0.1.2
[INFO] [stderr]    Compiling syn v0.11.11
[INFO] [stderr]    Compiling quote v0.6.13
[INFO] [stderr]    Compiling memoffset v0.5.1
[INFO] [stderr]    Compiling hyper v0.12.35
[INFO] [stderr]    Compiling base64 v0.10.1
[INFO] [stderr]    Compiling twoway v0.1.8
[INFO] [stderr]    Compiling miniz_oxide v0.3.2
[INFO] [stderr]    Compiling humantime v1.3.0
[INFO] [stderr]    Compiling buf_redux v0.8.4
[INFO] [stderr]    Compiling unicode-normalization v0.1.8
[INFO] [stderr]    Compiling walkdir v2.2.9
[INFO] [stderr]    Compiling num-traits v0.2.8
[INFO] [stderr]    Compiling rand_chacha v0.1.1
[INFO] [stderr]    Compiling rand_pcg v0.1.2
[INFO] [stderr]    Compiling rand v0.6.5
[INFO] [stderr]    Compiling num-integer v0.1.41
[INFO] [stderr]    Compiling unicase v1.4.2
[INFO] [stderr]    Compiling unicase v2.5.1
[INFO] [stderr]    Compiling error-chain v0.12.1
[INFO] [stderr]    Compiling c2-chacha v0.2.2
[INFO] [stderr]    Compiling log v0.3.9
[INFO] [stderr]    Compiling fern v0.5.8
[INFO] [stderr]    Compiling backtrace-sys v0.1.31
[INFO] [stderr]    Compiling openssl-sys v0.9.50
[INFO] [stderr]    Compiling libsqlite3-sys v0.12.0
[INFO] [stderr]    Compiling iovec v0.1.2
[INFO] [stderr]    Compiling time v0.1.42
[INFO] [stderr]    Compiling num_cpus v1.10.1
[INFO] [stderr]    Compiling net2 v0.2.33
[INFO] [stderr]    Compiling rand_os v0.1.3
[INFO] [stderr]    Compiling parking_lot_core v0.6.2
[INFO] [stderr]    Compiling atty v0.2.13
[INFO] [stderr]    Compiling flate2 v1.0.12
[INFO] [stderr]    Compiling quote v1.0.2
[INFO] [stderr]    Compiling mime v0.2.6
[INFO] [stderr]    Compiling phf_shared v0.7.24
[INFO] [stderr]    Compiling tokio-executor v0.1.8
[INFO] [stderr]    Compiling tokio-sync v0.1.6
[INFO] [stderr]    Compiling want v0.2.0
[INFO] [stderr]    Compiling generic-array v0.12.3
[INFO] [stderr]    Compiling futures-cpupool v0.1.8
[INFO] [stderr]    Compiling crossbeam-epoch v0.7.2
[INFO] [stderr]    Compiling parking_lot v0.9.0
[INFO] [stderr]    Compiling env_logger v0.6.2
[INFO] [stderr]    Compiling bytes v0.4.12
[INFO] [stderr]    Compiling mio v0.6.19
[INFO] [stderr]    Compiling rand_core v0.5.1
[INFO] [stderr]    Compiling phf v0.7.24
[INFO] [stderr]    Compiling idna v0.2.0
[INFO] [stderr]    Compiling idna v0.1.5
[INFO] [stderr]    Compiling tokio-timer v0.2.11
[INFO] [stderr]    Compiling tokio-current-thread v0.1.6
[INFO] [stderr]    Compiling rust-embed-impl v4.5.0
[INFO] [stderr]    Compiling rand_chacha v0.2.1
[INFO] [stderr]    Compiling ordered-float v1.0.2
[INFO] [stderr]    Compiling digest v0.8.1
[INFO] [stderr]    Compiling block-buffer v0.7.3
[INFO] [stderr]    Compiling crossbeam-deque v0.7.1
[INFO] [stderr]    Compiling mime_guess v2.0.1
[INFO] [stderr]    Compiling tokio-io v0.1.12
[INFO] [stderr]    Compiling http v0.1.18
[INFO] [stderr]    Compiling tokio-buf v0.1.1
[INFO] [stderr]    Compiling string v0.2.1
[INFO] [stderr]    Compiling input_buffer v0.2.0
[INFO] [stderr]    Compiling futures-fs v0.0.5
[INFO] [stderr]    Compiling rand v0.7.2
[INFO] [stderr]    Compiling sha-1 v0.8.1
[INFO] [stderr]    Compiling tokio-threadpool v0.1.16
[INFO] [stderr]    Compiling mio-uds v0.6.7
[INFO] [stderr]    Compiling phf_generator v0.7.24
[INFO] [stderr]    Compiling uuid v0.7.4
[INFO] [stderr]    Compiling url v1.7.2
[INFO] [stderr]    Compiling phf_codegen v0.7.24
[INFO] [stderr]    Compiling url v2.1.0
[INFO] [stderr]    Compiling backtrace v0.3.38
[INFO] [stderr]    Compiling rust-embed v4.5.0
[INFO] [stderr]    Compiling tokio-reactor v0.1.10
[INFO] [stderr]    Compiling tokio-codec v0.1.1
[INFO] [stderr]    Compiling tokio-fs v0.1.6
[INFO] [stderr]    Compiling mime_guess v1.8.7
[INFO] [stderr]    Compiling yyx-resources v0.1.0 (/opt/rustwide/workdir/yyx-resources)
[INFO] [stderr]    Compiling tempfile v3.1.0
[INFO] [stderr]    Compiling tokio-uds v0.2.5
[INFO] [stderr]    Compiling tokio-udp v0.1.5
[INFO] [stderr]    Compiling tokio-tcp v0.1.3
[INFO] [stderr]    Compiling publicsuffix v1.5.3
[INFO] [stderr]    Compiling cookie v0.12.0
[INFO] [stderr]    Compiling tokio v0.1.22
[INFO] [stderr]    Compiling http-body v0.1.0
[INFO] [stderr]    Compiling h2 v0.1.26
[INFO] [stderr]    Compiling headers-core v0.1.1
[INFO] [stderr]    Compiling tungstenite v0.9.1
[INFO] [stderr]    Compiling multipart v0.16.1
[INFO] [stderr]    Compiling headers v0.2.3
[INFO] [stderr]    Compiling serde_derive v1.0.101
[INFO] [stderr]    Compiling synstructure v0.10.2
[INFO] [stderr]    Compiling diesel_derives v1.4.0
[INFO] [stderr]    Compiling failure v0.1.5
[INFO] [stderr]    Compiling hyper-tls v0.3.2
[INFO] [stderr]    Compiling chrono v0.4.9
[INFO] [stderr]    Compiling serde_json v1.0.41
[INFO] [stderr]    Compiling serde_urlencoded v0.5.5
[INFO] [stderr]    Compiling toml v0.5.3
[INFO] [stderr]    Compiling serde_urlencoded v0.6.1
[INFO] [stderr]    Compiling pretty_env_logger v0.3.1
[INFO] [stderr]    Compiling yyx-config v0.1.0 (/opt/rustwide/workdir/yyx-config)
[INFO] [stderr]    Compiling yyx-types v0.1.1 (/opt/rustwide/workdir/yyx-types)
[INFO] [stderr]    Compiling cookie_store v0.7.0
[INFO] [stderr]    Compiling warp v0.1.20
[INFO] [stderr]    Compiling reqwest v0.9.21
[INFO] [stderr]    Compiling yyx-equip v0.1.0 (/opt/rustwide/workdir/yyx-equip)
[INFO] [stdout] warning: associated function is never used: `with_capacity`
[INFO] [stdout]   --> yyx-equip/src/result_collect/container.rs:13:10
[INFO] [stdout]    |
[INFO] [stdout] 13 |   pub fn with_capacity(capacity: usize) -> Self {
[INFO] [stdout]    |          ^^^^^^^^^^^^^
[INFO] [stdout]    |
[INFO] [stdout]    = note: `#[warn(dead_code)]` on by default
[INFO] [stdout] 
[INFO] [stdout] 
[INFO] [stdout] warning: associated function is never used: `push`
[INFO] [stdout]   --> yyx-equip/src/result_collect/container.rs:19:10
[INFO] [stdout]    |
[INFO] [stdout] 19 |   pub fn push(&mut self, item: T) {
[INFO] [stdout]    |          ^^^^
[INFO] [stdout] 
[INFO] [stdout] 
[INFO] [stdout] warning: associated function is never used: `get_top`
[INFO] [stdout]   --> yyx-equip/src/result_collect/container.rs:31:10
[INFO] [stdout]    |
[INFO] [stdout] 31 |   pub fn get_top(&self, n: usize) -> Vec<T>
[INFO] [stdout]    |          ^^^^^^^
[INFO] [stdout] 
[INFO] [stdout] 
[INFO] [stdout] warning: associated function is never used: `into_sorted_vec`
[INFO] [stdout]   --> yyx-equip/src/result_collect/container.rs:45:10
[INFO] [stdout]    |
[INFO] [stdout] 45 |   pub fn into_sorted_vec(self) -> Vec<T> {
[INFO] [stdout]    |          ^^^^^^^^^^^^^^^
[INFO] [stdout] 
[INFO] [stdout] 
[INFO] [stdout] warning: constant is never used: `CHANNEL_CAP`
[INFO] [stdout]  --> yyx-equip/src/result_collect/mod.rs:8:1
[INFO] [stdout]   |
[INFO] [stdout] 8 | const CHANNEL_CAP: usize = 100;
[INFO] [stdout]   | ^^^^^^^^^^^^^^^^^^^^^^^^^^^^^^^
[INFO] [stdout] 
[INFO] [stdout] 
[INFO] [stdout] warning: associated function is never used: `new`
[INFO] [stdout]   --> yyx-equip/src/result_collect/mod.rs:21:10
[INFO] [stdout]    |
[INFO] [stdout] 21 |   pub fn new(capacity: usize) -> ResultCollect<T> {
[INFO] [stdout]    |          ^^^
[INFO] [stdout] 
[INFO] [stdout] 
[INFO] [stdout] warning: associated function is never used: `fetch_top`
[INFO] [stdout]   --> yyx-equip/src/result_collect/mod.rs:49:10
[INFO] [stdout]    |
[INFO] [stdout] 49 |   pub fn fetch_top(&self, n: usize) -> Vec<T> {
[INFO] [stdout]    |          ^^^^^^^^^
[INFO] [stdout] 
[INFO] [stdout] 
[INFO] [stdout] warning: associated function is never used: `handle`
[INFO] [stdout]   --> yyx-equip/src/result_collect/mod.rs:59:10
[INFO] [stdout]    |
[INFO] [stdout] 59 |   pub fn handle(&self) -> Handle<T> {
[INFO] [stdout]    |          ^^^^^^
[INFO] [stdout] 
[INFO] [stdout] 
[INFO] [stdout] warning: associated function is never used: `collect`
[INFO] [stdout]   --> yyx-equip/src/result_collect/mod.rs:65:10
[INFO] [stdout]    |
[INFO] [stdout] 65 |   pub fn collect(mut self) -> Vec<T> {
[INFO] [stdout]    |          ^^^^^^^
[INFO] [stdout] 
[INFO] [stdout] 
[INFO] [stdout] warning: associated function is never used: `send`
[INFO] [stdout]   --> yyx-equip/src/result_collect/mod.rs:93:10
[INFO] [stdout]    |
[INFO] [stdout] 93 |   pub fn send(&self, item: T) -> Result<(), T> {
[INFO] [stdout]    |          ^^^^
[INFO] [stdout] 
[INFO] [stdout] 
[INFO] [stdout] warning: variant is never constructed: `Item`
[INFO] [stdout]    --> yyx-equip/src/result_collect/mod.rs:106:3
[INFO] [stdout]     |
[INFO] [stdout] 106 |   Item(T),
[INFO] [stdout]     |   ^^^^^^^
[INFO] [stdout] 
[INFO] [stdout] 
[INFO] [stdout] warning: variant is never constructed: `Top`
[INFO] [stdout]    --> yyx-equip/src/result_collect/mod.rs:107:3
[INFO] [stdout]     |
[INFO] [stdout] 107 |   Top(usize),
[INFO] [stdout]     |   ^^^^^^^^^^
[INFO] [stdout] 
[INFO] [stdout] 
[INFO] [stdout] warning: variant is never constructed: `Term`
[INFO] [stdout]    --> yyx-equip/src/result_collect/mod.rs:108:3
[INFO] [stdout]     |
[INFO] [stdout] 108 |   Term,
[INFO] [stdout]     |   ^^^^
[INFO] [stdout] 
[INFO] [stdout] 
[INFO] [stdout] warning: variant is never constructed: `Top`
[INFO] [stdout]    --> yyx-equip/src/result_collect/mod.rs:113:3
[INFO] [stdout]     |
[INFO] [stdout] 113 |   Top(Vec<T>),
[INFO] [stdout]     |   ^^^^^^^^^^^
[INFO] [stdout] 
[INFO] [stdout] 
[INFO] [stdout] warning: variant is never constructed: `Term`
[INFO] [stdout]    --> yyx-equip/src/result_collect/mod.rs:114:3
[INFO] [stdout]     |
[INFO] [stdout] 114 |   Term(Container<T>),
[INFO] [stdout]     |   ^^^^^^^^^^^^^^^^^^
[INFO] [stdout] 
[INFO] [stdout] 
[INFO] [stdout] warning: struct is never constructed: `Search`
[INFO] [stdout]  --> yyx-equip/src/types.rs:3:12
[INFO] [stdout]   |
[INFO] [stdout] 3 | pub struct Search {
[INFO] [stdout]   |            ^^^^^^
[INFO] [stdout] 
[INFO] [stdout] 
[INFO] [stdout] warning: struct is never constructed: `Range`
[INFO] [stdout]   --> yyx-equip/src/types.rs:14:12
[INFO] [stdout]    |
[INFO] [stdout] 14 | pub struct Range(f32, f32);
[INFO] [stdout]    |            ^^^^^
[INFO] [stdout] 
[INFO] [stdout] 
[INFO] [stdout] warning: enum is never used: `Target`
[INFO] [stdout]   --> yyx-equip/src/types.rs:16:10
[INFO] [stdout]    |
[INFO] [stdout] 16 | pub enum Target {
[INFO] [stdout]    |          ^^^^^^
[INFO] [stdout] 
[INFO] [stdout] 
[INFO] [stdout] warning: struct is never constructed: `Combo`
[INFO] [stdout]   --> yyx-equip/src/types.rs:26:12
[INFO] [stdout]    |
[INFO] [stdout] 26 | pub struct Combo {
[INFO] [stdout]    |            ^^^^^
[INFO] [stdout] 
[INFO] [stdout] 
[INFO] [stdout] warning: associated function is never used: `get_target_value`
[INFO] [stdout]   --> yyx-equip/src/types.rs:56:10
[INFO] [stdout]    |
[INFO] [stdout] 56 |   pub fn get_target_value(&self, base: &Attrs, target: Target) -> f32 {
[INFO] [stdout]    |          ^^^^^^^^^^^^^^^^
[INFO] [stdout] 
[INFO] [stdout] 
[INFO] [stdout] warning: 20 warnings emitted
[INFO] [stdout] 
[INFO] [stdout] 
[INFO] [stderr]    Compiling yyx-cbg v0.1.0 (/opt/rustwide/workdir/yyx-cbg)
[INFO] [stdout] warning: unnecessary braces around block return value
[INFO] [stdout]   --> yyx-cbg/src/pull.rs:16:36
[INFO] [stdout]    |
[INFO] [stdout] 16 |   static ref HTTP_CLIENT: Client = { Client::new() };
[INFO] [stdout]    |                                    ^^^^^^^^^^^^^^^^^ help: remove these braces
[INFO] [stdout]    |
[INFO] [stdout]    = note: `#[warn(unused_braces)]` on by default
[INFO] [stdout] 
[INFO] [stdout] 
[INFO] [stdout] warning: unnecessary braces around block return value
[INFO] [stdout]    --> yyx-cbg/src/pull.rs:107:27
[INFO] [stdout]     |
[INFO] [stdout] 107 |     static ref URL: Url = { Url::parse(URL_PREFIX).unwrap() };
[INFO] [stdout]     |                           ^^^^^^^^^^^^^^^^^^^^^^^^^^^^^^^^^^^ help: remove these braces
[INFO] [stdout] 
[INFO] [stdout] 
[INFO] [stderr]    Compiling diesel v1.4.2
[INFO] [stdout] warning: 2 warnings emitted
[INFO] [stdout] 
[INFO] [stdout] 
[INFO] [stderr]    Compiling migrations_internals v1.4.0
[INFO] [stderr]    Compiling migrations_macros v1.4.0
[INFO] [stderr]    Compiling diesel_migrations v1.4.0
[INFO] [stderr]    Compiling yyx-data v0.1.0 (/opt/rustwide/workdir/yyx-data)
[INFO] [stdout] warning: unnecessary braces around block return value
[INFO] [stdout]  --> bin/yyx/src/helpers/block.rs:6:30
[INFO] [stdout]   |
[INFO] [stdout] 6 |   static ref POOL: CpuPool = { CpuPool::new_num_cpus() };
[INFO] [stdout]   |                              ^^^^^^^^^^^^^^^^^^^^^^^^^^^ help: remove these braces
[INFO] [stdout]   |
[INFO] [stdout]   = note: `#[warn(unused_braces)]` on by default
[INFO] [stdout] 
[INFO] [stdout] 
[INFO] [stdout] warning: 1 warning emitted
[INFO] [stdout] 
[INFO] [stdout] 
[INFO] [stderr]     Finished dev [unoptimized + debuginfo] target(s) in 2m 06s
[INFO] running `Command { std: "docker" "inspect" "d0acda529d274ade45ab0f7cf265e2e555a04b3b2c4e03ff28908ada7e9990a3", kill_on_drop: false }`
[INFO] running `Command { std: "docker" "rm" "-f" "d0acda529d274ade45ab0f7cf265e2e555a04b3b2c4e03ff28908ada7e9990a3", kill_on_drop: false }`
[INFO] [stdout] d0acda529d274ade45ab0f7cf265e2e555a04b3b2c4e03ff28908ada7e9990a3
[INFO] running `Command { std: "docker" "create" "-v" "/var/lib/crater-agent-workspace/builds/worker-83/target:/opt/rustwide/target:rw,Z" "-v" "/var/lib/crater-agent-workspace/builds/worker-83/source:/opt/rustwide/workdir:ro,Z" "-v" "/var/lib/crater-agent-workspace/cargo-home:/opt/rustwide/cargo-home:ro,Z" "-v" "/var/lib/crater-agent-workspace/rustup-home:/opt/rustwide/rustup-home:ro,Z" "-e" "SOURCE_DIR=/opt/rustwide/workdir" "-e" "CARGO_TARGET_DIR=/opt/rustwide/target" "-e" "CARGO_INCREMENTAL=0" "-e" "RUST_BACKTRACE=full" "-e" "RUSTFLAGS=--cap-lints=warn" "-e" "CARGO_HOME=/opt/rustwide/cargo-home" "-e" "RUSTUP_HOME=/opt/rustwide/rustup-home" "-w" "/opt/rustwide/workdir" "-m" "1610612736" "--user" "0:0" "--network" "none" "ghcr.io/rust-lang/crates-build-env/linux@sha256:34b6a614d2c27851fe6cbf88fbd1137609cefab8b10d0615aaeb6fd47975d74e" "/opt/rustwide/cargo-home/bin/cargo" "+1.54.0" "test" "--frozen" "--no-run" "--message-format=json", kill_on_drop: false }`
[INFO] [stdout] ee1828bdebf7695071919a091b995f3bdac724cbc95aef128ad6c7e48893fb42
[INFO] running `Command { std: "docker" "start" "-a" "ee1828bdebf7695071919a091b995f3bdac724cbc95aef128ad6c7e48893fb42", kill_on_drop: false }`
[INFO] [stderr]     Blocking waiting for file lock on package cache
[INFO] [stderr]     Blocking waiting for file lock on package cache
[INFO] [stderr]     Blocking waiting for file lock on package cache
[INFO] [stderr]    Compiling yyx-utils v0.1.0 (/opt/rustwide/workdir/yyx-utils)
[INFO] [stderr]    Compiling yyx-platform v0.1.0 (/opt/rustwide/workdir/yyx-platform)
[INFO] [stderr]    Compiling yyx-resources v0.1.0 (/opt/rustwide/workdir/yyx-resources)
[INFO] [stderr]    Compiling yyx-types v0.1.1 (/opt/rustwide/workdir/yyx-types)
[INFO] [stderr]    Compiling yyx-config v0.1.0 (/opt/rustwide/workdir/yyx-config)
[INFO] [stderr]    Compiling yyx-equip v0.1.0 (/opt/rustwide/workdir/yyx-equip)
[INFO] [stdout] warning: associated function is never used: `with_capacity`
[INFO] [stdout]   --> yyx-equip/src/result_collect/container.rs:13:10
[INFO] [stdout]    |
[INFO] [stdout] 13 |   pub fn with_capacity(capacity: usize) -> Self {
[INFO] [stdout]    |          ^^^^^^^^^^^^^
[INFO] [stdout]    |
[INFO] [stdout]    = note: `#[warn(dead_code)]` on by default
[INFO] [stdout] 
[INFO] [stdout] 
[INFO] [stdout] warning: associated function is never used: `push`
[INFO] [stdout]   --> yyx-equip/src/result_collect/container.rs:19:10
[INFO] [stdout]    |
[INFO] [stdout] 19 |   pub fn push(&mut self, item: T) {
[INFO] [stdout]    |          ^^^^
[INFO] [stdout] 
[INFO] [stdout] 
[INFO] [stdout] warning: associated function is never used: `get_top`
[INFO] [stdout]   --> yyx-equip/src/result_collect/container.rs:31:10
[INFO] [stdout]    |
[INFO] [stdout] 31 |   pub fn get_top(&self, n: usize) -> Vec<T>
[INFO] [stdout]    |          ^^^^^^^
[INFO] [stdout] 
[INFO] [stdout] 
[INFO] [stdout] warning: associated function is never used: `into_sorted_vec`
[INFO] [stdout]   --> yyx-equip/src/result_collect/container.rs:45:10
[INFO] [stdout]    |
[INFO] [stdout] 45 |   pub fn into_sorted_vec(self) -> Vec<T> {
[INFO] [stdout]    |          ^^^^^^^^^^^^^^^
[INFO] [stdout] 
[INFO] [stdout] 
[INFO] [stdout] warning: constant is never used: `CHANNEL_CAP`
[INFO] [stdout]  --> yyx-equip/src/result_collect/mod.rs:8:1
[INFO] [stdout]   |
[INFO] [stdout] 8 | const CHANNEL_CAP: usize = 100;
[INFO] [stdout]   | ^^^^^^^^^^^^^^^^^^^^^^^^^^^^^^^
[INFO] [stdout] 
[INFO] [stdout] 
[INFO] [stdout] warning: associated function is never used: `new`
[INFO] [stdout]   --> yyx-equip/src/result_collect/mod.rs:21:10
[INFO] [stdout]    |
[INFO] [stdout] 21 |   pub fn new(capacity: usize) -> ResultCollect<T> {
[INFO] [stdout]    |          ^^^
[INFO] [stdout] 
[INFO] [stdout] 
[INFO] [stdout] warning: associated function is never used: `fetch_top`
[INFO] [stdout]   --> yyx-equip/src/result_collect/mod.rs:49:10
[INFO] [stdout]    |
[INFO] [stdout] 49 |   pub fn fetch_top(&self, n: usize) -> Vec<T> {
[INFO] [stdout]    |          ^^^^^^^^^
[INFO] [stdout] 
[INFO] [stdout] 
[INFO] [stdout] warning: associated function is never used: `handle`
[INFO] [stdout]   --> yyx-equip/src/result_collect/mod.rs:59:10
[INFO] [stdout]    |
[INFO] [stdout] 59 |   pub fn handle(&self) -> Handle<T> {
[INFO] [stdout]    |          ^^^^^^
[INFO] [stdout] 
[INFO] [stdout] 
[INFO] [stdout] warning: associated function is never used: `collect`
[INFO] [stdout]   --> yyx-equip/src/result_collect/mod.rs:65:10
[INFO] [stdout]    |
[INFO] [stdout] 65 |   pub fn collect(mut self) -> Vec<T> {
[INFO] [stdout]    |          ^^^^^^^
[INFO] [stdout] 
[INFO] [stdout] 
[INFO] [stdout] warning: associated function is never used: `send`
[INFO] [stdout]   --> yyx-equip/src/result_collect/mod.rs:93:10
[INFO] [stdout]    |
[INFO] [stdout] 93 |   pub fn send(&self, item: T) -> Result<(), T> {
[INFO] [stdout]    |          ^^^^
[INFO] [stdout] 
[INFO] [stdout] 
[INFO] [stdout] warning: variant is never constructed: `Item`
[INFO] [stdout]    --> yyx-equip/src/result_collect/mod.rs:106:3
[INFO] [stdout]     |
[INFO] [stdout] 106 |   Item(T),
[INFO] [stdout]     |   ^^^^^^^
[INFO] [stdout] 
[INFO] [stdout] 
[INFO] [stdout] warning: variant is never constructed: `Top`
[INFO] [stdout]    --> yyx-equip/src/result_collect/mod.rs:107:3
[INFO] [stdout]     |
[INFO] [stdout] 107 |   Top(usize),
[INFO] [stdout]     |   ^^^^^^^^^^
[INFO] [stdout] 
[INFO] [stdout] 
[INFO] [stdout] warning: variant is never constructed: `Term`
[INFO] [stdout]    --> yyx-equip/src/result_collect/mod.rs:108:3
[INFO] [stdout]     |
[INFO] [stdout] 108 |   Term,
[INFO] [stdout]     |   ^^^^
[INFO] [stdout] 
[INFO] [stdout] 
[INFO] [stdout] warning: variant is never constructed: `Top`
[INFO] [stdout]    --> yyx-equip/src/result_collect/mod.rs:113:3
[INFO] [stdout]     |
[INFO] [stdout] 113 |   Top(Vec<T>),
[INFO] [stdout]     |   ^^^^^^^^^^^
[INFO] [stdout] 
[INFO] [stdout] 
[INFO] [stdout] warning: variant is never constructed: `Term`
[INFO] [stdout]    --> yyx-equip/src/result_collect/mod.rs:114:3
[INFO] [stdout]     |
[INFO] [stdout] 114 |   Term(Container<T>),
[INFO] [stdout]     |   ^^^^^^^^^^^^^^^^^^
[INFO] [stdout] 
[INFO] [stdout] 
[INFO] [stdout] warning: struct is never constructed: `Search`
[INFO] [stdout]  --> yyx-equip/src/types.rs:3:12
[INFO] [stdout]   |
[INFO] [stdout] 3 | pub struct Search {
[INFO] [stdout]   |            ^^^^^^
[INFO] [stdout] 
[INFO] [stdout] 
[INFO] [stdout] warning: struct is never constructed: `Range`
[INFO] [stdout]   --> yyx-equip/src/types.rs:14:12
[INFO] [stdout]    |
[INFO] [stdout] 14 | pub struct Range(f32, f32);
[INFO] [stdout]    |            ^^^^^
[INFO] [stdout] 
[INFO] [stdout] 
[INFO] [stdout] warning: enum is never used: `Target`
[INFO] [stdout]   --> yyx-equip/src/types.rs:16:10
[INFO] [stdout]    |
[INFO] [stdout] 16 | pub enum Target {
[INFO] [stdout]    |          ^^^^^^
[INFO] [stdout] 
[INFO] [stdout] 
[INFO] [stdout] warning: struct is never constructed: `Combo`
[INFO] [stdout]   --> yyx-equip/src/types.rs:26:12
[INFO] [stdout]    |
[INFO] [stdout] 26 | pub struct Combo {
[INFO] [stdout]    |            ^^^^^
[INFO] [stdout] 
[INFO] [stdout] 
[INFO] [stdout] warning: associated function is never used: `get_target_value`
[INFO] [stdout]   --> yyx-equip/src/types.rs:56:10
[INFO] [stdout]    |
[INFO] [stdout] 56 |   pub fn get_target_value(&self, base: &Attrs, target: Target) -> f32 {
[INFO] [stdout]    |          ^^^^^^^^^^^^^^^^
[INFO] [stdout] 
[INFO] [stdout] 
[INFO] [stdout] warning: 20 warnings emitted
[INFO] [stdout] 
[INFO] [stdout] 
[INFO] [stderr]    Compiling yyx-data v0.1.0 (/opt/rustwide/workdir/yyx-data)
[INFO] [stdout] warning: unnecessary braces around block return value
[INFO] [stdout]   --> yyx-cbg/src/pull.rs:16:36
[INFO] [stdout]    |
[INFO] [stdout] 16 |   static ref HTTP_CLIENT: Client = { Client::new() };
[INFO] [stdout]    |                                    ^^^^^^^^^^^^^^^^^ help: remove these braces
[INFO] [stdout]    |
[INFO] [stdout]    = note: `#[warn(unused_braces)]` on by default
[INFO] [stdout] 
[INFO] [stdout] 
[INFO] [stdout] warning: unnecessary braces around block return value
[INFO] [stdout]    --> yyx-cbg/src/pull.rs:107:27
[INFO] [stdout]     |
[INFO] [stdout] 107 |     static ref URL: Url = { Url::parse(URL_PREFIX).unwrap() };
[INFO] [stdout]     |                           ^^^^^^^^^^^^^^^^^^^^^^^^^^^^^^^^^^^ help: remove these braces
[INFO] [stdout] 
[INFO] [stdout] 
[INFO] [stdout] warning: 2 warnings emitted
[INFO] [stdout] 
[INFO] [stdout] 
[INFO] [stderr]    Compiling yyx-cbg v0.1.0 (/opt/rustwide/workdir/yyx-cbg)
[INFO] [stderr]    Compiling yyx v0.99.2 (/opt/rustwide/workdir/bin/yyx)
[INFO] [stdout] warning: unnecessary braces around block return value
[INFO] [stdout]  --> bin/yyx/src/helpers/block.rs:6:30
[INFO] [stdout]   |
[INFO] [stdout] 6 |   static ref POOL: CpuPool = { CpuPool::new_num_cpus() };
[INFO] [stdout]   |                              ^^^^^^^^^^^^^^^^^^^^^^^^^^^ help: remove these braces
[INFO] [stdout]   |
[INFO] [stdout]   = note: `#[warn(unused_braces)]` on by default
[INFO] [stdout] 
[INFO] [stdout] 
[INFO] [stdout] warning: struct is never constructed: `Search`
[INFO] [stdout]  --> yyx-equip/src/types.rs:3:12
[INFO] [stdout]   |
[INFO] [stdout] 3 | pub struct Search {
[INFO] [stdout]   |            ^^^^^^
[INFO] [stdout]   |
[INFO] [stdout]   = note: `#[warn(dead_code)]` on by default
[INFO] [stdout] 
[INFO] [stdout] 
[INFO] [stdout] warning: struct is never constructed: `Range`
[INFO] [stdout]   --> yyx-equip/src/types.rs:14:12
[INFO] [stdout]    |
[INFO] [stdout] 14 | pub struct Range(f32, f32);
[INFO] [stdout]    |            ^^^^^
[INFO] [stdout] 
[INFO] [stdout] 
[INFO] [stdout] warning: enum is never used: `Target`
[INFO] [stdout]   --> yyx-equip/src/types.rs:16:10
[INFO] [stdout]    |
[INFO] [stdout] 16 | pub enum Target {
[INFO] [stdout]    |          ^^^^^^
[INFO] [stdout] 
[INFO] [stdout] 
[INFO] [stdout] warning: struct is never constructed: `Combo`
[INFO] [stdout]   --> yyx-equip/src/types.rs:26:12
[INFO] [stdout]    |
[INFO] [stdout] 26 | pub struct Combo {
[INFO] [stdout]    |            ^^^^^
[INFO] [stdout] 
[INFO] [stdout] 
[INFO] [stdout] warning: associated function is never used: `get_target_value`
[INFO] [stdout]   --> yyx-equip/src/types.rs:56:10
[INFO] [stdout]    |
[INFO] [stdout] 56 |   pub fn get_target_value(&self, base: &Attrs, target: Target) -> f32 {
[INFO] [stdout]    |          ^^^^^^^^^^^^^^^^
[INFO] [stdout] 
[INFO] [stdout] 
[INFO] [stdout] warning: unnecessary braces around block return value
[INFO] [stdout]   --> yyx-cbg/src/pull.rs:16:36
[INFO] [stdout]    |
[INFO] [stdout] 16 |   static ref HTTP_CLIENT: Client = { Client::new() };
[INFO] [stdout]    |                                    ^^^^^^^^^^^^^^^^^ help: remove these braces
[INFO] [stdout]    |
[INFO] [stdout]    = note: `#[warn(unused_braces)]` on by default
[INFO] [stdout] 
[INFO] [stdout] 
[INFO] [stdout] warning: unnecessary braces around block return value
[INFO] [stdout]    --> yyx-cbg/src/pull.rs:107:27
[INFO] [stdout]     |
[INFO] [stdout] 107 |     static ref URL: Url = { Url::parse(URL_PREFIX).unwrap() };
[INFO] [stdout]     |                           ^^^^^^^^^^^^^^^^^^^^^^^^^^^^^^^^^^^ help: remove these braces
[INFO] [stdout] 
[INFO] [stdout] 
[INFO] [stdout] warning: 1 warning emitted
[INFO] [stdout] 
[INFO] [stdout] 
[INFO] [stdout] warning: 5 warnings emitted
[INFO] [stdout] 
[INFO] [stdout] 
[INFO] [stdout] warning: 2 warnings emitted
[INFO] [stdout] 
[INFO] [stdout] 
[INFO] [stderr]     Finished test [unoptimized + debuginfo] target(s) in 9.81s
[INFO] running `Command { std: "docker" "inspect" "ee1828bdebf7695071919a091b995f3bdac724cbc95aef128ad6c7e48893fb42", kill_on_drop: false }`
[INFO] running `Command { std: "docker" "rm" "-f" "ee1828bdebf7695071919a091b995f3bdac724cbc95aef128ad6c7e48893fb42", kill_on_drop: false }`
[INFO] [stdout] ee1828bdebf7695071919a091b995f3bdac724cbc95aef128ad6c7e48893fb42
[INFO] running `Command { std: "docker" "create" "-v" "/var/lib/crater-agent-workspace/builds/worker-83/target:/opt/rustwide/target:rw,Z" "-v" "/var/lib/crater-agent-workspace/builds/worker-83/source:/opt/rustwide/workdir:ro,Z" "-v" "/var/lib/crater-agent-workspace/cargo-home:/opt/rustwide/cargo-home:ro,Z" "-v" "/var/lib/crater-agent-workspace/rustup-home:/opt/rustwide/rustup-home:ro,Z" "-e" "SOURCE_DIR=/opt/rustwide/workdir" "-e" "CARGO_TARGET_DIR=/opt/rustwide/target" "-e" "CARGO_INCREMENTAL=0" "-e" "RUST_BACKTRACE=full" "-e" "RUSTFLAGS=--cap-lints=warn" "-e" "CARGO_HOME=/opt/rustwide/cargo-home" "-e" "RUSTUP_HOME=/opt/rustwide/rustup-home" "-w" "/opt/rustwide/workdir" "-m" "1610612736" "--user" "0:0" "--network" "none" "ghcr.io/rust-lang/crates-build-env/linux@sha256:34b6a614d2c27851fe6cbf88fbd1137609cefab8b10d0615aaeb6fd47975d74e" "/opt/rustwide/cargo-home/bin/cargo" "+1.54.0" "test" "--frozen", kill_on_drop: false }`
[INFO] [stdout] b1da2a3069b980147a5b98cfc830631a4f3188d1368e70f0c2570a74fcb1294e
[INFO] running `Command { std: "docker" "start" "-a" "b1da2a3069b980147a5b98cfc830631a4f3188d1368e70f0c2570a74fcb1294e", kill_on_drop: false }`
[INFO] [stderr] warning: associated function is never used: `with_capacity`
[INFO] [stderr]   --> yyx-equip/src/result_collect/container.rs:13:10
[INFO] [stderr]    |
[INFO] [stderr] 13 |   pub fn with_capacity(capacity: usize) -> Self {
[INFO] [stderr]    |          ^^^^^^^^^^^^^
[INFO] [stderr]    |
[INFO] [stderr]    = note: `#[warn(dead_code)]` on by default
[INFO] [stderr] 
[INFO] [stderr] warning: associated function is never used: `push`
[INFO] [stderr]   --> yyx-equip/src/result_collect/container.rs:19:10
[INFO] [stderr]    |
[INFO] [stderr] 19 |   pub fn push(&mut self, item: T) {
[INFO] [stderr]    |          ^^^^
[INFO] [stderr] 
[INFO] [stderr] warning: associated function is never used: `get_top`
[INFO] [stderr]   --> yyx-equip/src/result_collect/container.rs:31:10
[INFO] [stderr]    |
[INFO] [stderr] 31 |   pub fn get_top(&self, n: usize) -> Vec<T>
[INFO] [stderr]    |          ^^^^^^^
[INFO] [stderr] 
[INFO] [stderr] warning: associated function is never used: `into_sorted_vec`
[INFO] [stderr]   --> yyx-equip/src/result_collect/container.rs:45:10
[INFO] [stderr]    |
[INFO] [stderr] 45 |   pub fn into_sorted_vec(self) -> Vec<T> {
[INFO] [stderr]    |          ^^^^^^^^^^^^^^^
[INFO] [stderr] 
[INFO] [stderr] warning: constant is never used: `CHANNEL_CAP`
[INFO] [stderr]  --> yyx-equip/src/result_collect/mod.rs:8:1
[INFO] [stderr]   |
[INFO] [stderr] 8 | const CHANNEL_CAP: usize = 100;
[INFO] [stderr]   | ^^^^^^^^^^^^^^^^^^^^^^^^^^^^^^^
[INFO] [stderr] 
[INFO] [stderr] warning: associated function is never used: `new`
[INFO] [stderr]   --> yyx-equip/src/result_collect/mod.rs:21:10
[INFO] [stderr]    |
[INFO] [stderr] 21 |   pub fn new(capacity: usize) -> ResultCollect<T> {
[INFO] [stderr]    |          ^^^
[INFO] [stderr] 
[INFO] [stderr] warning: associated function is never used: `fetch_top`
[INFO] [stderr]   --> yyx-equip/src/result_collect/mod.rs:49:10
[INFO] [stderr]    |
[INFO] [stderr] 49 |   pub fn fetch_top(&self, n: usize) -> Vec<T> {
[INFO] [stderr]    |          ^^^^^^^^^
[INFO] [stderr] 
[INFO] [stderr] warning: associated function is never used: `handle`
[INFO] [stderr]   --> yyx-equip/src/result_collect/mod.rs:59:10
[INFO] [stderr]    |
[INFO] [stderr] 59 |   pub fn handle(&self) -> Handle<T> {
[INFO] [stderr]    |          ^^^^^^
[INFO] [stderr] 
[INFO] [stderr] warning: associated function is never used: `collect`
[INFO] [stderr]   --> yyx-equip/src/result_collect/mod.rs:65:10
[INFO] [stderr]    |
[INFO] [stderr] 65 |   pub fn collect(mut self) -> Vec<T> {
[INFO] [stderr]    |          ^^^^^^^
[INFO] [stderr] 
[INFO] [stderr] warning: associated function is never used: `send`
[INFO] [stderr]   --> yyx-equip/src/result_collect/mod.rs:93:10
[INFO] [stderr]    |
[INFO] [stderr] 93 |   pub fn send(&self, item: T) -> Result<(), T> {
[INFO] [stderr]    |          ^^^^
[INFO] [stderr] 
[INFO] [stderr] warning: variant is never constructed: `Item`
[INFO] [stderr]    --> yyx-equip/src/result_collect/mod.rs:106:3
[INFO] [stderr]     |
[INFO] [stderr] 106 |   Item(T),
[INFO] [stderr]     |   ^^^^^^^
[INFO] [stderr] 
[INFO] [stderr] warning: variant is never constructed: `Top`
[INFO] [stderr]    --> yyx-equip/src/result_collect/mod.rs:107:3
[INFO] [stderr]     |
[INFO] [stderr] 107 |   Top(usize),
[INFO] [stderr]     |   ^^^^^^^^^^
[INFO] [stderr] 
[INFO] [stderr] warning: variant is never constructed: `Term`
[INFO] [stderr]    --> yyx-equip/src/result_collect/mod.rs:108:3
[INFO] [stderr]     |
[INFO] [stderr] 108 |   Term,
[INFO] [stderr]     |   ^^^^
[INFO] [stderr] 
[INFO] [stderr] warning: variant is never constructed: `Top`
[INFO] [stderr]    --> yyx-equip/src/result_collect/mod.rs:113:3
[INFO] [stderr]     |
[INFO] [stderr] 113 |   Top(Vec<T>),
[INFO] [stderr]     |   ^^^^^^^^^^^
[INFO] [stderr] 
[INFO] [stderr] warning: variant is never constructed: `Term`
[INFO] [stderr]    --> yyx-equip/src/result_collect/mod.rs:114:3
[INFO] [stderr]     |
[INFO] [stderr] 114 |   Term(Container<T>),
[INFO] [stderr]     |   ^^^^^^^^^^^^^^^^^^
[INFO] [stderr] 
[INFO] [stderr] warning: struct is never constructed: `Search`
[INFO] [stderr]  --> yyx-equip/src/types.rs:3:12
[INFO] [stderr]   |
[INFO] [stderr] 3 | pub struct Search {
[INFO] [stderr]   |            ^^^^^^
[INFO] [stderr] 
[INFO] [stderr] warning: struct is never constructed: `Range`
[INFO] [stderr]   --> yyx-equip/src/types.rs:14:12
[INFO] [stderr]    |
[INFO] [stderr] 14 | pub struct Range(f32, f32);
[INFO] [stderr]    |            ^^^^^
[INFO] [stderr] 
[INFO] [stderr] warning: enum is never used: `Target`
[INFO] [stderr]   --> yyx-equip/src/types.rs:16:10
[INFO] [stderr]    |
[INFO] [stderr] 16 | pub enum Target {
[INFO] [stderr]    |          ^^^^^^
[INFO] [stderr] 
[INFO] [stderr] warning: struct is never constructed: `Combo`
[INFO] [stderr]   --> yyx-equip/src/types.rs:26:12
[INFO] [stderr]    |
[INFO] [stderr] 26 | pub struct Combo {
[INFO] [stderr]    |            ^^^^^
[INFO] [stderr] 
[INFO] [stderr] warning: associated function is never used: `get_target_value`
[INFO] [stderr]   --> yyx-equip/src/types.rs:56:10
[INFO] [stderr]    |
[INFO] [stderr] 56 |   pub fn get_target_value(&self, base: &Attrs, target: Target) -> f32 {
[INFO] [stderr]    |          ^^^^^^^^^^^^^^^^
[INFO] [stderr] 
[INFO] [stderr] warning: 20 warnings emitted
[INFO] [stderr] 
[INFO] [stderr] warning: struct is never constructed: `Search`
[INFO] [stderr]  --> yyx-equip/src/types.rs:3:12
[INFO] [stderr]   |
[INFO] [stderr] 3 | pub struct Search {
[INFO] [stderr]   |            ^^^^^^
[INFO] [stderr]   |
[INFO] [stderr]   = note: `#[warn(dead_code)]` on by default
[INFO] [stderr] 
[INFO] [stderr] warning: struct is never constructed: `Range`
[INFO] [stderr]   --> yyx-equip/src/types.rs:14:12
[INFO] [stderr]    |
[INFO] [stderr] 14 | pub struct Range(f32, f32);
[INFO] [stderr]    |            ^^^^^
[INFO] [stderr] 
[INFO] [stderr] warning: enum is never used: `Target`
[INFO] [stderr]   --> yyx-equip/src/types.rs:16:10
[INFO] [stderr]    |
[INFO] [stderr] 16 | pub enum Target {
[INFO] [stderr]    |          ^^^^^^
[INFO] [stderr] 
[INFO] [stderr] warning: struct is never constructed: `Combo`
[INFO] [stderr]   --> yyx-equip/src/types.rs:26:12
[INFO] [stderr]    |
[INFO] [stderr] 26 | pub struct Combo {
[INFO] [stderr]    |            ^^^^^
[INFO] [stderr] 
[INFO] [stderr] warning: associated function is never used: `get_target_value`
[INFO] [stderr]   --> yyx-equip/src/types.rs:56:10
[INFO] [stderr]    |
[INFO] [stderr] 56 |   pub fn get_target_value(&self, base: &Attrs, target: Target) -> f32 {
[INFO] [stderr]    |          ^^^^^^^^^^^^^^^^
[INFO] [stderr] 
[INFO] [stderr] warning: 5 warnings emitted
[INFO] [stderr] 
[INFO] [stderr] warning: unnecessary braces around block return value
[INFO] [stderr]   --> yyx-cbg/src/pull.rs:16:36
[INFO] [stderr]    |
[INFO] [stderr] 16 |   static ref HTTP_CLIENT: Client = { Client::new() };
[INFO] [stderr]    |                                    ^^^^^^^^^^^^^^^^^ help: remove these braces
[INFO] [stderr]    |
[INFO] [stderr]    = note: `#[warn(unused_braces)]` on by default
[INFO] [stderr] 
[INFO] [stderr] warning: unnecessary braces around block return value
[INFO] [stderr]    --> yyx-cbg/src/pull.rs:107:27
[INFO] [stderr]     |
[INFO] [stderr] 107 |     static ref URL: Url = { Url::parse(URL_PREFIX).unwrap() };
[INFO] [stderr]     |                           ^^^^^^^^^^^^^^^^^^^^^^^^^^^^^^^^^^^ help: remove these braces
[INFO] [stderr] 
[INFO] [stderr] warning: 2 warnings emitted
[INFO] [stderr] 
[INFO] [stderr] warning: unnecessary braces around block return value
[INFO] [stderr]   --> yyx-cbg/src/pull.rs:16:36
[INFO] [stderr]    |
[INFO] [stderr] 16 |   static ref HTTP_CLIENT: Client = { Client::new() };
[INFO] [stderr]    |                                    ^^^^^^^^^^^^^^^^^ help: remove these braces
[INFO] [stderr]    |
[INFO] [stderr]    = note: `#[warn(unused_braces)]` on by default
[INFO] [stderr] 
[INFO] [stderr] warning: unnecessary braces around block return value
[INFO] [stderr]    --> yyx-cbg/src/pull.rs:107:27
[INFO] [stderr]     |
[INFO] [stderr] 107 |     static ref URL: Url = { Url::parse(URL_PREFIX).unwrap() };
[INFO] [stderr]     |                           ^^^^^^^^^^^^^^^^^^^^^^^^^^^^^^^^^^^ help: remove these braces
[INFO] [stderr] 
[INFO] [stderr] warning: 2 warnings emitted
[INFO] [stderr] 
[INFO] [stderr] warning: unnecessary braces around block return value
[INFO] [stderr]  --> bin/yyx/src/helpers/block.rs:6:30
[INFO] [stderr]   |
[INFO] [stderr] 6 |   static ref POOL: CpuPool = { CpuPool::new_num_cpus() };
[INFO] [stderr]   |                              ^^^^^^^^^^^^^^^^^^^^^^^^^^^ help: remove these braces
[INFO] [stderr]   |
[INFO] [stderr]   = note: `#[warn(unused_braces)]` on by default
[INFO] [stderr] 
[INFO] [stderr] warning: 1 warning emitted
[INFO] [stderr] 
[INFO] [stderr]     Finished test [unoptimized + debuginfo] target(s) in 0.57s
[INFO] [stderr]      Running unittests (/opt/rustwide/target/debug/deps/yyx-2b5224d401aabae1)
[INFO] [stdout] 
[INFO] [stderr]      Running unittests (/opt/rustwide/target/debug/deps/yyx_cbg-06d74b6702bf9c39)
[INFO] [stdout] running 0 tests
[INFO] [stdout] 
[INFO] [stdout] test result: ok. 0 passed; 0 failed; 0 ignored; 0 measured; 0 filtered out; finished in 0.00s
[INFO] [stdout] 
[INFO] [stdout] 
[INFO] [stdout] running 1 test
[INFO] [stdout] test pull::test_deserialize_desc ... FAILED
[INFO] [stdout] 
[INFO] [stdout] failures:
[INFO] [stdout] 
[INFO] [stdout] ---- pull::test_deserialize_desc stdout ----
[INFO] [stdout] thread 'pull::test_deserialize_desc' panicked at 'called `Result::unwrap()` on an `Err` value: Os { code: 30, kind: Other, message: "Read-only file system" }', yyx-cbg/src/pull.rs:151:6
[INFO] [stdout] stack backtrace:
[INFO] [stdout]    0:     0x556f97f81450 - std::backtrace_rs::backtrace::libunwind::trace::h34055254b57d8e79
[INFO] [stdout]                                at /rustc/a178d0322ce20e33eac124758e837cbd80a6f633/library/std/src/../../backtrace/src/backtrace/libunwind.rs:90:5
[INFO] [stdout]    1:     0x556f97f81450 - std::backtrace_rs::backtrace::trace_unsynchronized::h8f1e3fbd9afff6ec
[INFO] [stdout]                                at /rustc/a178d0322ce20e33eac124758e837cbd80a6f633/library/std/src/../../backtrace/src/backtrace/mod.rs:66:5
[INFO] [stdout]    2:     0x556f97f81450 - std::sys_common::backtrace::_print_fmt::h3a99a796b770c360
[INFO] [stdout]                                at /rustc/a178d0322ce20e33eac124758e837cbd80a6f633/library/std/src/sys_common/backtrace.rs:67:5
[INFO] [stdout]    3:     0x556f97f81450 - <std::sys_common::backtrace::_print::DisplayBacktrace as core::fmt::Display>::fmt::h32d1f94a80615d18
[INFO] [stdout]                                at /rustc/a178d0322ce20e33eac124758e837cbd80a6f633/library/std/src/sys_common/backtrace.rs:46:22
[INFO] [stdout]    4:     0x556f97fa3c9c - core::fmt::write::h306731c068f7162c
[INFO] [stdout]                                at /rustc/a178d0322ce20e33eac124758e837cbd80a6f633/library/core/src/fmt/mod.rs:1110:17
[INFO] [stdout]    5:     0x556f97f7e375 - std::io::Write::write_fmt::h87f19b0a2cd190bc
[INFO] [stdout]                                at /rustc/a178d0322ce20e33eac124758e837cbd80a6f633/library/std/src/io/mod.rs:1588:15
[INFO] [stdout]    6:     0x556f97f835bb - std::sys_common::backtrace::_print::h5abaa2601a852287
[INFO] [stdout]                                at /rustc/a178d0322ce20e33eac124758e837cbd80a6f633/library/std/src/sys_common/backtrace.rs:49:5
[INFO] [stdout]    7:     0x556f97f835bb - std::sys_common::backtrace::print::h8d81445442bb638f
[INFO] [stdout]                                at /rustc/a178d0322ce20e33eac124758e837cbd80a6f633/library/std/src/sys_common/backtrace.rs:36:9
[INFO] [stdout]    8:     0x556f97f835bb - std::panicking::default_hook::{{closure}}::hcfe804496a9fa747
[INFO] [stdout]                                at /rustc/a178d0322ce20e33eac124758e837cbd80a6f633/library/std/src/panicking.rs:208:50
[INFO] [stdout]    9:     0x556f97f830cc - std::panicking::default_hook::hbea8e3ccf2ba8901
[INFO] [stdout]                                at /rustc/a178d0322ce20e33eac124758e837cbd80a6f633/library/std/src/panicking.rs:222:9
[INFO] [stdout]   10:     0x556f97f83c84 - std::panicking::rust_panic_with_hook::h7ee9e1a2d0f8975a
[INFO] [stdout]                                at /rustc/a178d0322ce20e33eac124758e837cbd80a6f633/library/std/src/panicking.rs:622:17
[INFO] [stdout]   11:     0x556f97f83767 - std::panicking::begin_panic_handler::{{closure}}::h8ab3b4491718b2c7
[INFO] [stdout]                                at /rustc/a178d0322ce20e33eac124758e837cbd80a6f633/library/std/src/panicking.rs:519:13
[INFO] [stdout]   12:     0x556f97f8194c - std::sys_common::backtrace::__rust_end_short_backtrace::hd489062ffa586a9f
[INFO] [stdout]                                at /rustc/a178d0322ce20e33eac124758e837cbd80a6f633/library/std/src/sys_common/backtrace.rs:141:18
[INFO] [stdout]   13:     0x556f97f836c9 - rust_begin_unwind
[INFO] [stdout]                                at /rustc/a178d0322ce20e33eac124758e837cbd80a6f633/library/std/src/panicking.rs:515:5
[INFO] [stdout]   14:     0x556f97e9b651 - core::panicking::panic_fmt::hca6330e3e14086b4
[INFO] [stdout]                                at /rustc/a178d0322ce20e33eac124758e837cbd80a6f633/library/core/src/panicking.rs:92:14
[INFO] [stdout]   15:     0x556f97e9b743 - core::result::unwrap_failed::h6160d2b4bfbb0e87
[INFO] [stdout]                                at /rustc/a178d0322ce20e33eac124758e837cbd80a6f633/library/core/src/result.rs:1355:5
[INFO] [stdout]   16:     0x556f97f28e17 - core::result::Result<T,E>::unwrap::h85554dd3bb2fb8e0
[INFO] [stdout]                                at /rustc/a178d0322ce20e33eac124758e837cbd80a6f633/library/core/src/result.rs:1037:23
[INFO] [stdout]   17:     0x556f97ec69ab - yyx_cbg::pull::test_deserialize_desc::h19f24461d8ebcf45
[INFO] [stdout]                                at /opt/rustwide/workdir/yyx-cbg/src/pull.rs:147:5
[INFO] [stdout]   18:     0x556f97ec67fa - yyx_cbg::pull::test_deserialize_desc::{{closure}}::heaee9f5197fad74c
[INFO] [stdout]                                at /opt/rustwide/workdir/yyx-cbg/src/pull.rs:137:1
[INFO] [stdout]   19:     0x556f97eca85e - core::ops::function::FnOnce::call_once::h5d1c1ce11846ff68
[INFO] [stdout]                                at /rustc/a178d0322ce20e33eac124758e837cbd80a6f633/library/core/src/ops/function.rs:227:5
[INFO] [stdout]   20:     0x556f97f12e13 - core::ops::function::FnOnce::call_once::h152e7e439ff59e19
[INFO] [stdout]                                at /rustc/a178d0322ce20e33eac124758e837cbd80a6f633/library/core/src/ops/function.rs:227:5
[INFO] [stdout]   21:     0x556f97f12e13 - test::__rust_begin_short_backtrace::h0908f3b1fdbb72ab
[INFO] [stdout]                                at /rustc/a178d0322ce20e33eac124758e837cbd80a6f633/library/test/src/lib.rs:577:5
[INFO] [stdout]   22:     0x556f97f118d0 - <alloc::boxed::Box<F,A> as core::ops::function::FnOnce<Args>>::call_once::hf6d2a51e5587546c
[INFO] [stdout]                                at /rustc/a178d0322ce20e33eac124758e837cbd80a6f633/library/alloc/src/boxed.rs:1575:9
[INFO] [stdout]   23:     0x556f97f118d0 - <std::panic::AssertUnwindSafe<F> as core::ops::function::FnOnce<()>>::call_once::h8af660f3a89ef593
[INFO] [stdout]                                at /rustc/a178d0322ce20e33eac124758e837cbd80a6f633/library/std/src/panic.rs:347:9
[INFO] [stdout]   24:     0x556f97f118d0 - std::panicking::try::do_call::hd36aef60f84b6d36
[INFO] [stdout]                                at /rustc/a178d0322ce20e33eac124758e837cbd80a6f633/library/std/src/panicking.rs:401:40
[INFO] [stdout]   25:     0x556f97f118d0 - std::panicking::try::h9932b4480e69817c
[INFO] [stdout]                                at /rustc/a178d0322ce20e33eac124758e837cbd80a6f633/library/std/src/panicking.rs:365:19
[INFO] [stdout]   26:     0x556f97f118d0 - std::panic::catch_unwind::h6aa177099cfff5f8
[INFO] [stdout]                                at /rustc/a178d0322ce20e33eac124758e837cbd80a6f633/library/std/src/panic.rs:434:14
[INFO] [stdout]   27:     0x556f97f118d0 - test::run_test_in_process::h5884d6f2d99e20c3
[INFO] [stdout]                                at /rustc/a178d0322ce20e33eac124758e837cbd80a6f633/library/test/src/lib.rs:600:18
[INFO] [stdout]   28:     0x556f97f118d0 - test::run_test::run_test_inner::{{closure}}::h6fdc58c6d5f5b6e3
[INFO] [stdout]                                at /rustc/a178d0322ce20e33eac124758e837cbd80a6f633/library/test/src/lib.rs:492:39
[INFO] [stdout]   29:     0x556f97eeaf82 - test::run_test::run_test_inner::{{closure}}::h408365d67a78ade8
[INFO] [stdout]                                at /rustc/a178d0322ce20e33eac124758e837cbd80a6f633/library/test/src/lib.rs:519:37
[INFO] [stdout]   30:     0x556f97eeaf82 - std::sys_common::backtrace::__rust_begin_short_backtrace::hb560b77c4f701523
[INFO] [stdout]                                at /rustc/a178d0322ce20e33eac124758e837cbd80a6f633/library/std/src/sys_common/backtrace.rs:125:18
[INFO] [stdout]   31:     0x556f97eeeb38 - std::thread::Builder::spawn_unchecked::{{closure}}::{{closure}}::hf2e7831dad93c597
[INFO] [stdout]                                at /rustc/a178d0322ce20e33eac124758e837cbd80a6f633/library/std/src/thread/mod.rs:481:17
[INFO] [stdout]   32:     0x556f97eeeb38 - <std::panic::AssertUnwindSafe<F> as core::ops::function::FnOnce<()>>::call_once::hd2e08783d8be4d02
[INFO] [stdout]                                at /rustc/a178d0322ce20e33eac124758e837cbd80a6f633/library/std/src/panic.rs:347:9
[INFO] [stdout]   33:     0x556f97eeeb38 - std::panicking::try::do_call::h062597b7acfd6b82
[INFO] [stdout]                                at /rustc/a178d0322ce20e33eac124758e837cbd80a6f633/library/std/src/panicking.rs:401:40
[INFO] [stdout]   34:     0x556f97eeeb38 - std::panicking::try::h0d7b79db04c14552
[INFO] [stdout]                                at /rustc/a178d0322ce20e33eac124758e837cbd80a6f633/library/std/src/panicking.rs:365:19
[INFO] [stdout]   35:     0x556f97eeeb38 - std::panic::catch_unwind::hb01a0b5e7c8cd43b
[INFO] [stdout]                                at /rustc/a178d0322ce20e33eac124758e837cbd80a6f633/library/std/src/panic.rs:434:14
[INFO] [stdout]   36:     0x556f97eeeb38 - std::thread::Builder::spawn_unchecked::{{closure}}::h5bde48cc887e0d1e
[INFO] [stdout]                                at /rustc/a178d0322ce20e33eac124758e837cbd80a6f633/library/std/src/thread/mod.rs:480:30
[INFO] [stdout]   37:     0x556f97eeeb38 - core::ops::function::FnOnce::call_once{{vtable.shim}}::h745ea30807a29e55
[INFO] [stdout]                                at /rustc/a178d0322ce20e33eac124758e837cbd80a6f633/library/core/src/ops/function.rs:227:5
[INFO] [stdout]   38:     0x556f97f88747 - <alloc::boxed::Box<F,A> as core::ops::function::FnOnce<Args>>::call_once::h7ece6cfefaff1005
[INFO] [stdout]                                at /rustc/a178d0322ce20e33eac124758e837cbd80a6f633/library/alloc/src/boxed.rs:1575:9
[INFO] [stdout]   39:     0x556f97f88747 - <alloc::boxed::Box<F,A> as core::ops::function::FnOnce<Args>>::call_once::hb8b48e55c21f193e
[INFO] [stdout]                                at /rustc/a178d0322ce20e33eac124758e837cbd80a6f633/library/alloc/src/boxed.rs:1575:9
[INFO] [stdout]   40:     0x556f97f88747 - std::sys::unix::thread::Thread::new::thread_start::h8c7c4450dba62914
[INFO] [stdout]                                at /rustc/a178d0322ce20e33eac124758e837cbd80a6f633/library/std/src/sys/unix/thread.rs:71:17
[INFO] [stdout]   41:     0x7f3bb0b9b609 - start_thread
[INFO] [stdout]   42:     0x7f3bb096b293 - clone
[INFO] [stdout]   43:                0x0 - <unknown>
[INFO] [stdout] 
[INFO] [stdout] 
[INFO] [stdout] failures:
[INFO] [stdout]     pull::test_deserialize_desc
[INFO] [stdout] 
[INFO] [stdout] test result: FAILED. 0 passed; 1 failed; 0 ignored; 0 measured; 0 filtered out; finished in 0.07s
[INFO] [stdout] 
[INFO] [stderr] error: test failed, to rerun pass '-p yyx-cbg --lib'
[INFO] running `Command { std: "docker" "inspect" "b1da2a3069b980147a5b98cfc830631a4f3188d1368e70f0c2570a74fcb1294e", kill_on_drop: false }`
[INFO] running `Command { std: "docker" "rm" "-f" "b1da2a3069b980147a5b98cfc830631a4f3188d1368e70f0c2570a74fcb1294e", kill_on_drop: false }`
[INFO] [stdout] b1da2a3069b980147a5b98cfc830631a4f3188d1368e70f0c2570a74fcb1294e
