[INFO] cloning repository https://github.com/carols10cents/cargo-open
[INFO] running `Command { std: "git" "-c" "credential.helper=" "-c" "credential.helper=/workspace/cargo-home/bin/git-credential-null" "clone" "--bare" "https://github.com/carols10cents/cargo-open" "/workspace/cache/git-repos/https%3A%2F%2Fgithub.com%2Fcarols10cents%2Fcargo-open", kill_on_drop: false }`
[INFO] [stderr] Cloning into bare repository '/workspace/cache/git-repos/https%3A%2F%2Fgithub.com%2Fcarols10cents%2Fcargo-open'...
[INFO] running `Command { std: "git" "rev-parse" "HEAD", kill_on_drop: false }`
[INFO] [stdout] f50766a022c9ccf117d39f9cee8d37e8a5198ca0
[INFO] testing carols10cents/cargo-open against beta-2021-08-01 for beta-1.55-1
[INFO] running `Command { std: "git" "clone" "/workspace/cache/git-repos/https%3A%2F%2Fgithub.com%2Fcarols10cents%2Fcargo-open" "/workspace/builds/worker-8/source", kill_on_drop: false }`
[INFO] [stderr] Cloning into '/workspace/builds/worker-8/source'...
[INFO] [stderr] done.
[INFO] validating manifest of git repo https://github.com/carols10cents/cargo-open on toolchain beta-2021-08-01
[INFO] running `Command { std: "/workspace/cargo-home/bin/cargo" "+beta-2021-08-01" "metadata" "--manifest-path" "Cargo.toml" "--no-deps", kill_on_drop: false }`
[INFO] started tweaking git repo https://github.com/carols10cents/cargo-open
[INFO] finished tweaking git repo https://github.com/carols10cents/cargo-open
[INFO] tweaked toml for git repo https://github.com/carols10cents/cargo-open written to /workspace/builds/worker-8/source/Cargo.toml
[INFO] crate git repo https://github.com/carols10cents/cargo-open already has a lockfile, it will not be regenerated
[INFO] running `Command { std: "/workspace/cargo-home/bin/cargo" "+beta-2021-08-01" "fetch" "--manifest-path" "Cargo.toml", kill_on_drop: false }`
[INFO] [stderr]  Downloading crates ...
[INFO] [stderr]   Downloaded serde_ignored v0.0.4
[INFO] [stderr]   Downloaded http v0.1.18
[INFO] [stderr]   Downloaded commoncrypto v0.2.0
[INFO] [stderr]   Downloaded parking_lot v0.6.4
[INFO] [stderr]   Downloaded termcolor v1.0.5
[INFO] [stderr]   Downloaded openssl-sys v0.9.48
[INFO] [stderr]   Downloaded rustc-workspace-hack v1.0.0
[INFO] [stderr]   Downloaded parking_lot_core v0.3.1
[INFO] [stderr]   Downloaded vcpkg v0.2.7
[INFO] [stderr]   Downloaded home v0.3.4
[INFO] [stderr]   Downloaded openssl v0.10.24
[INFO] [stderr]   Downloaded sized-chunks v0.1.3
[INFO] [stderr]   Downloaded commoncrypto-sys v0.2.0
[INFO] [stderr]   Downloaded fwdansi v1.0.1
[INFO] [stderr]   Downloaded toml v0.5.3
[INFO] [stderr]   Downloaded crypto-hash v0.3.3
[INFO] [stderr]   Downloaded rust-argon2 v0.5.0
[INFO] [stderr]   Downloaded crossbeam v0.5.0
[INFO] [stderr]   Downloaded miniz_oxide v0.3.2
[INFO] [stderr]   Downloaded schannel v0.1.15
[INFO] [stderr]   Downloaded shell-escape v0.1.4
[INFO] [stderr]   Downloaded opener v0.4.0
[INFO] [stderr]   Downloaded serde_derive v1.0.98
[INFO] [stderr]   Downloaded getrandom v0.1.9
[INFO] [stderr]   Downloaded fs2 v0.4.3
[INFO] [stderr]   Downloaded filetime v0.2.7
[INFO] [stderr]   Downloaded cc v1.0.40
[INFO] [stderr]   Downloaded redox_users v0.3.1
[INFO] [stderr]   Downloaded git2-curl v0.9.0
[INFO] [stderr]   Downloaded pkg-config v0.3.15
[INFO] [stderr]   Downloaded curl v0.4.22
[INFO] [stderr]   Downloaded crates-io v0.25.0
[INFO] [stderr]   Downloaded backtrace-sys v0.1.31
[INFO] [stderr]   Downloaded serde v1.0.98
[INFO] [stderr]   Downloaded jobserver v0.1.16
[INFO] [stderr]   Downloaded bytesize v1.0.0
[INFO] [stderr]   Downloaded crossbeam-epoch v0.6.1
[INFO] [stderr]   Downloaded backtrace v0.3.34
[INFO] [stderr]   Downloaded cargo v0.37.0
[INFO] [stderr]   Downloaded flate2 v1.0.10
[INFO] [stderr]   Downloaded blake2b_simd v0.5.6
[INFO] [stderr]   Downloaded synstructure v0.10.2
[INFO] [stderr]   Downloaded libnghttp2-sys v0.1.2
[INFO] [stderr]   Downloaded im-rc v12.3.4
[INFO] [stderr]   Downloaded rustfix v0.4.6
[INFO] [stderr]   Downloaded curl-sys v0.4.20
[INFO] [stderr]   Downloaded libc v0.2.61
[INFO] running `Command { std: "docker" "create" "-v" "/var/lib/crater-agent-workspace/builds/worker-8/target:/opt/rustwide/target:rw,Z" "-v" "/var/lib/crater-agent-workspace/builds/worker-8/source:/opt/rustwide/workdir:ro,Z" "-v" "/var/lib/crater-agent-workspace/cargo-home:/opt/rustwide/cargo-home:ro,Z" "-v" "/var/lib/crater-agent-workspace/rustup-home:/opt/rustwide/rustup-home:ro,Z" "-e" "SOURCE_DIR=/opt/rustwide/workdir" "-e" "CARGO_TARGET_DIR=/opt/rustwide/target" "-e" "CARGO_HOME=/opt/rustwide/cargo-home" "-e" "RUSTUP_HOME=/opt/rustwide/rustup-home" "-w" "/opt/rustwide/workdir" "-m" "1610612736" "--user" "0:0" "--network" "none" "ghcr.io/rust-lang/crates-build-env/linux@sha256:34b6a614d2c27851fe6cbf88fbd1137609cefab8b10d0615aaeb6fd47975d74e" "/opt/rustwide/cargo-home/bin/cargo" "+beta-2021-08-01" "metadata" "--no-deps" "--format-version=1", kill_on_drop: false }`
[INFO] [stdout] 937b129247f2bdbe3c11edf60cc34e4a2c13a59df5dcec8bc9a78fb36a81d612
[INFO] running `Command { std: "docker" "start" "-a" "937b129247f2bdbe3c11edf60cc34e4a2c13a59df5dcec8bc9a78fb36a81d612", kill_on_drop: false }`
[INFO] running `Command { std: "docker" "inspect" "937b129247f2bdbe3c11edf60cc34e4a2c13a59df5dcec8bc9a78fb36a81d612", kill_on_drop: false }`
[INFO] running `Command { std: "docker" "rm" "-f" "937b129247f2bdbe3c11edf60cc34e4a2c13a59df5dcec8bc9a78fb36a81d612", kill_on_drop: false }`
[INFO] [stdout] 937b129247f2bdbe3c11edf60cc34e4a2c13a59df5dcec8bc9a78fb36a81d612
[INFO] running `Command { std: "docker" "create" "-v" "/var/lib/crater-agent-workspace/builds/worker-8/target:/opt/rustwide/target:rw,Z" "-v" "/var/lib/crater-agent-workspace/builds/worker-8/source:/opt/rustwide/workdir:ro,Z" "-v" "/var/lib/crater-agent-workspace/cargo-home:/opt/rustwide/cargo-home:ro,Z" "-v" "/var/lib/crater-agent-workspace/rustup-home:/opt/rustwide/rustup-home:ro,Z" "-e" "SOURCE_DIR=/opt/rustwide/workdir" "-e" "CARGO_TARGET_DIR=/opt/rustwide/target" "-e" "CARGO_INCREMENTAL=0" "-e" "RUST_BACKTRACE=full" "-e" "RUSTFLAGS=--cap-lints=warn" "-e" "CARGO_HOME=/opt/rustwide/cargo-home" "-e" "RUSTUP_HOME=/opt/rustwide/rustup-home" "-w" "/opt/rustwide/workdir" "-m" "1610612736" "--user" "0:0" "--network" "none" "ghcr.io/rust-lang/crates-build-env/linux@sha256:34b6a614d2c27851fe6cbf88fbd1137609cefab8b10d0615aaeb6fd47975d74e" "/opt/rustwide/cargo-home/bin/cargo" "+beta-2021-08-01" "build" "--frozen" "--message-format=json", kill_on_drop: false }`
[INFO] [stdout] 6202c0cf68d77df2afebba4ce32bccaa8b093c700c155e1f510c90f789538aa9
[INFO] running `Command { std: "docker" "start" "-a" "6202c0cf68d77df2afebba4ce32bccaa8b093c700c155e1f510c90f789538aa9", kill_on_drop: false }`
[INFO] [stderr]    Compiling libc v0.2.61
[INFO] [stderr]    Compiling cc v1.0.40
[INFO] [stderr]    Compiling pkg-config v0.3.15
[INFO] [stderr]    Compiling syn v0.15.44
[INFO] [stderr]    Compiling autocfg v0.1.5
[INFO] [stderr]    Compiling serde v1.0.98
[INFO] [stderr]    Compiling bitflags v1.1.0
[INFO] [stderr]    Compiling smallvec v0.6.10
[INFO] [stderr]    Compiling getrandom v0.1.9
[INFO] [stderr]    Compiling ryu v1.0.0
[INFO] [stderr]    Compiling regex-syntax v0.6.11
[INFO] [stderr]    Compiling curl v0.4.22
[INFO] [stderr]    Compiling ppv-lite86 v0.2.5
[INFO] [stderr]    Compiling itoa v0.4.4
[INFO] [stderr]    Compiling openssl v0.10.24
[INFO] [stderr]    Compiling same-file v1.0.5
[INFO] [stderr]    Compiling rustc-workspace-hack v1.0.0
[INFO] [stderr]    Compiling home v0.3.4
[INFO] [stderr]    Compiling opener v0.4.0
[INFO] [stderr]    Compiling shell-escape v0.1.4
[INFO] [stderr]    Compiling bytesize v1.0.0
[INFO] [stderr]    Compiling crossbeam-utils v0.6.6
[INFO] [stderr]    Compiling textwrap v0.11.0
[INFO] [stderr]    Compiling log v0.4.8
[INFO] [stderr]    Compiling bstr v0.2.7
[INFO] [stderr]    Compiling sized-chunks v0.1.3
[INFO] [stderr]    Compiling walkdir v2.2.9
[INFO] [stderr]    Compiling unicode-normalization v0.1.8
[INFO] [stderr]    Compiling crossbeam-channel v0.3.9
[INFO] [stderr]    Compiling c2-chacha v0.2.2
[INFO] [stderr]    Compiling openssl-sys v0.9.48
[INFO] [stderr]    Compiling libz-sys v1.0.25
[INFO] [stderr]    Compiling libnghttp2-sys v0.1.2
[INFO] [stderr]    Compiling curl-sys v0.4.20
[INFO] [stderr]    Compiling libssh2-sys v0.2.11
[INFO] [stderr]    Compiling backtrace-sys v0.1.31
[INFO] [stderr]    Compiling libgit2-sys v0.7.11
[INFO] [stderr]    Compiling miniz-sys v0.1.12
[INFO] [stderr]    Compiling iovec v0.1.2
[INFO] [stderr]    Compiling socket2 v0.3.11
[INFO] [stderr]    Compiling atty v0.2.13
[INFO] [stderr]    Compiling filetime v0.2.7
[INFO] [stderr]    Compiling num_cpus v1.10.1
[INFO] [stderr]    Compiling jobserver v0.1.16
[INFO] [stderr]    Compiling fs2 v0.4.3
[INFO] [stderr]    Compiling dirs-sys v0.3.4
[INFO] [stderr]    Compiling clap v2.33.0
[INFO] [stderr]    Compiling tar v0.4.26
[INFO] [stderr]    Compiling bytes v0.4.12
[INFO] [stderr]    Compiling rand_core v0.5.0
[INFO] [stderr]    Compiling dirs v2.0.2
[INFO] [stderr]    Compiling idna v0.1.5
[INFO] [stderr]    Compiling rand_chacha v0.2.1
[INFO] [stderr]    Compiling flate2 v1.0.10
[INFO] [stderr]    Compiling rand v0.7.0
[INFO] [stderr]    Compiling http v0.1.18
[INFO] [stderr]    Compiling backtrace v0.3.34
[INFO] [stderr]    Compiling url v1.7.2
[INFO] [stderr]    Compiling regex v1.2.1
[INFO] [stderr]    Compiling tempfile v3.1.0
[INFO] [stderr]    Compiling synstructure v0.10.2
[INFO] [stderr]    Compiling globset v0.4.4
[INFO] [stderr]    Compiling env_logger v0.6.2
[INFO] [stderr]    Compiling ignore v0.4.10
[INFO] [stderr]    Compiling serde_derive v1.0.98
[INFO] [stderr]    Compiling failure_derive v0.1.5
[INFO] [stderr]    Compiling crypto-hash v0.3.3
[INFO] [stderr]    Compiling failure v0.1.5
[INFO] [stderr]    Compiling semver v0.9.0
[INFO] [stderr]    Compiling serde_json v1.0.40
[INFO] [stderr]    Compiling url_serde v0.2.0
[INFO] [stderr]    Compiling toml v0.5.3
[INFO] [stderr]    Compiling serde_ignored v0.0.4
[INFO] [stderr]    Compiling rustc_version v0.2.3
[INFO] [stderr]    Compiling im-rc v12.3.4
[INFO] [stderr]    Compiling crates-io v0.25.0
[INFO] [stderr]    Compiling rustfix v0.4.6
[INFO] [stderr]    Compiling git2 v0.8.0
[INFO] [stderr]    Compiling git2-curl v0.9.0
[INFO] [stderr]    Compiling cargo v0.37.0
[INFO] [stderr]    Compiling cargo-open v0.4.0 (/opt/rustwide/workdir)
[INFO] [stderr]     Finished dev [unoptimized + debuginfo] target(s) in 1m 13s
[INFO] running `Command { std: "docker" "inspect" "6202c0cf68d77df2afebba4ce32bccaa8b093c700c155e1f510c90f789538aa9", kill_on_drop: false }`
[INFO] running `Command { std: "docker" "rm" "-f" "6202c0cf68d77df2afebba4ce32bccaa8b093c700c155e1f510c90f789538aa9", kill_on_drop: false }`
[INFO] [stdout] 6202c0cf68d77df2afebba4ce32bccaa8b093c700c155e1f510c90f789538aa9
[INFO] running `Command { std: "docker" "create" "-v" "/var/lib/crater-agent-workspace/builds/worker-8/target:/opt/rustwide/target:rw,Z" "-v" "/var/lib/crater-agent-workspace/builds/worker-8/source:/opt/rustwide/workdir:ro,Z" "-v" "/var/lib/crater-agent-workspace/cargo-home:/opt/rustwide/cargo-home:ro,Z" "-v" "/var/lib/crater-agent-workspace/rustup-home:/opt/rustwide/rustup-home:ro,Z" "-e" "SOURCE_DIR=/opt/rustwide/workdir" "-e" "CARGO_TARGET_DIR=/opt/rustwide/target" "-e" "CARGO_INCREMENTAL=0" "-e" "RUST_BACKTRACE=full" "-e" "RUSTFLAGS=--cap-lints=warn" "-e" "CARGO_HOME=/opt/rustwide/cargo-home" "-e" "RUSTUP_HOME=/opt/rustwide/rustup-home" "-w" "/opt/rustwide/workdir" "-m" "1610612736" "--user" "0:0" "--network" "none" "ghcr.io/rust-lang/crates-build-env/linux@sha256:34b6a614d2c27851fe6cbf88fbd1137609cefab8b10d0615aaeb6fd47975d74e" "/opt/rustwide/cargo-home/bin/cargo" "+beta-2021-08-01" "test" "--frozen" "--no-run" "--message-format=json", kill_on_drop: false }`
[INFO] [stdout] 560daeefff8b36039a7e2e5d5af40929c39024e44ddb576b3fb6a4bd52571ad9
[INFO] running `Command { std: "docker" "start" "-a" "560daeefff8b36039a7e2e5d5af40929c39024e44ddb576b3fb6a4bd52571ad9", kill_on_drop: false }`
[INFO] [stderr]     Blocking waiting for file lock on package cache
[INFO] [stderr]    Compiling cargo-open v0.4.0 (/opt/rustwide/workdir)
[INFO] [stderr]     Finished test [unoptimized + debuginfo] target(s) in 20.42s
[INFO] running `Command { std: "docker" "inspect" "560daeefff8b36039a7e2e5d5af40929c39024e44ddb576b3fb6a4bd52571ad9", kill_on_drop: false }`
[INFO] running `Command { std: "docker" "rm" "-f" "560daeefff8b36039a7e2e5d5af40929c39024e44ddb576b3fb6a4bd52571ad9", kill_on_drop: false }`
[INFO] [stdout] 560daeefff8b36039a7e2e5d5af40929c39024e44ddb576b3fb6a4bd52571ad9
[INFO] running `Command { std: "docker" "create" "-v" "/var/lib/crater-agent-workspace/builds/worker-8/target:/opt/rustwide/target:rw,Z" "-v" "/var/lib/crater-agent-workspace/builds/worker-8/source:/opt/rustwide/workdir:ro,Z" "-v" "/var/lib/crater-agent-workspace/cargo-home:/opt/rustwide/cargo-home:ro,Z" "-v" "/var/lib/crater-agent-workspace/rustup-home:/opt/rustwide/rustup-home:ro,Z" "-e" "SOURCE_DIR=/opt/rustwide/workdir" "-e" "CARGO_TARGET_DIR=/opt/rustwide/target" "-e" "CARGO_INCREMENTAL=0" "-e" "RUST_BACKTRACE=full" "-e" "RUSTFLAGS=--cap-lints=warn" "-e" "CARGO_HOME=/opt/rustwide/cargo-home" "-e" "RUSTUP_HOME=/opt/rustwide/rustup-home" "-w" "/opt/rustwide/workdir" "-m" "1610612736" "--user" "0:0" "--network" "none" "ghcr.io/rust-lang/crates-build-env/linux@sha256:34b6a614d2c27851fe6cbf88fbd1137609cefab8b10d0615aaeb6fd47975d74e" "/opt/rustwide/cargo-home/bin/cargo" "+beta-2021-08-01" "test" "--frozen", kill_on_drop: false }`
[INFO] [stdout] 5379eccb1d9125ffafa6567777cf905b615d787b4b58ead93fd041a67cd7dd49
[INFO] running `Command { std: "docker" "start" "-a" "5379eccb1d9125ffafa6567777cf905b615d787b4b58ead93fd041a67cd7dd49", kill_on_drop: false }`
[INFO] [stderr]     Blocking waiting for file lock on package cache
[INFO] [stderr]     Finished test [unoptimized + debuginfo] target(s) in 0.21s
[INFO] [stderr]      Running unittests (/opt/rustwide/target/debug/deps/cargo_open-7f032ca8d754c248)
[INFO] [stdout] 
[INFO] [stdout] running 8 tests
[INFO] [stdout] test tests::check_env_cargo_editor ... ok
[INFO] [stdout] test tests::check_env_editor ... ok
[INFO] [stdout] test tests::prefer_cargo_editor_over_visual ... ok
[INFO] [stdout] test tests::prefer_cargo_editor_over_visual_and_editor ... ok
[INFO] [stdout] test tests::prefer_visual_over_editor ... ok
[INFO] [stdout] test tests::prefer_cargo_editor_over_editor ... ok
[INFO] [stdout] test tests::check_env_visual ... FAILED
[INFO] [stdout] test tests::error_on_no_env_editor - should panic ... ok
[INFO] [stdout] 
[INFO] [stdout] failures:
[INFO] [stdout] 
[INFO] [stdout] ---- tests::check_env_visual stdout ----
[INFO] [stdout] thread 'tests::check_env_visual' panicked at 'Cannot find an editor. Please specify one of $CARGO_EDITOR, $VISUAL, or $EDITOR and try again.', src/main.rs:65:35
[INFO] [stdout] stack backtrace:
[INFO] [stdout]    0:     0x55c7f42734e0 - std::backtrace_rs::backtrace::libunwind::trace::hff4d1766e93f64f1
[INFO] [stdout]                                at /rustc/53fd98ca776cb875bc9e5514f56b52eb74f9e7a9/library/std/src/../../backtrace/src/backtrace/libunwind.rs:90:5
[INFO] [stdout]    1:     0x55c7f42734e0 - std::backtrace_rs::backtrace::trace_unsynchronized::h56bbc8eb78770bcb
[INFO] [stdout]                                at /rustc/53fd98ca776cb875bc9e5514f56b52eb74f9e7a9/library/std/src/../../backtrace/src/backtrace/mod.rs:66:5
[INFO] [stdout]    2:     0x55c7f42734e0 - std::sys_common::backtrace::_print_fmt::h5c8e75464faca780
[INFO] [stdout]                                at /rustc/53fd98ca776cb875bc9e5514f56b52eb74f9e7a9/library/std/src/sys_common/backtrace.rs:67:5
[INFO] [stdout]    3:     0x55c7f42734e0 - <std::sys_common::backtrace::_print::DisplayBacktrace as core::fmt::Display>::fmt::h48b88277def8b362
[INFO] [stdout]                                at /rustc/53fd98ca776cb875bc9e5514f56b52eb74f9e7a9/library/std/src/sys_common/backtrace.rs:46:22
[INFO] [stdout]    4:     0x55c7f4295cac - core::fmt::write::h3381b3176fe2b3d3
[INFO] [stdout]                                at /rustc/53fd98ca776cb875bc9e5514f56b52eb74f9e7a9/library/core/src/fmt/mod.rs:1115:17
[INFO] [stdout]    5:     0x55c7f4270445 - std::io::Write::write_fmt::h5f34a676f60246b5
[INFO] [stdout]                                at /rustc/53fd98ca776cb875bc9e5514f56b52eb74f9e7a9/library/std/src/io/mod.rs:1665:15
[INFO] [stdout]    6:     0x55c7f427565b - std::sys_common::backtrace::_print::ha537687d6c17dd0d
[INFO] [stdout]                                at /rustc/53fd98ca776cb875bc9e5514f56b52eb74f9e7a9/library/std/src/sys_common/backtrace.rs:49:5
[INFO] [stdout]    7:     0x55c7f427565b - std::sys_common::backtrace::print::h61376ae57d131d72
[INFO] [stdout]                                at /rustc/53fd98ca776cb875bc9e5514f56b52eb74f9e7a9/library/std/src/sys_common/backtrace.rs:36:9
[INFO] [stdout]    8:     0x55c7f427565b - std::panicking::default_hook::{{closure}}::h0f7208c0b9644a54
[INFO] [stdout]                                at /rustc/53fd98ca776cb875bc9e5514f56b52eb74f9e7a9/library/std/src/panicking.rs:208:50
[INFO] [stdout]    9:     0x55c7f427516c - std::panicking::default_hook::hdac7fc06578c14ce
[INFO] [stdout]                                at /rustc/53fd98ca776cb875bc9e5514f56b52eb74f9e7a9/library/std/src/panicking.rs:222:9
[INFO] [stdout]   10:     0x55c7f4275d24 - std::panicking::rust_panic_with_hook::h72b21c283da3d1ef
[INFO] [stdout]                                at /rustc/53fd98ca776cb875bc9e5514f56b52eb74f9e7a9/library/std/src/panicking.rs:622:17
[INFO] [stdout]   11:     0x55c7f4275807 - std::panicking::begin_panic_handler::{{closure}}::he5778f1729cff84a
[INFO] [stdout]                                at /rustc/53fd98ca776cb875bc9e5514f56b52eb74f9e7a9/library/std/src/panicking.rs:519:13
[INFO] [stdout]   12:     0x55c7f42739bc - std::sys_common::backtrace::__rust_end_short_backtrace::h2d11ca8b453b4b1d
[INFO] [stdout]                                at /rustc/53fd98ca776cb875bc9e5514f56b52eb74f9e7a9/library/std/src/sys_common/backtrace.rs:141:18
[INFO] [stdout]   13:     0x55c7f4275769 - rust_begin_unwind
[INFO] [stdout]                                at /rustc/53fd98ca776cb875bc9e5514f56b52eb74f9e7a9/library/std/src/panicking.rs:515:5
[INFO] [stdout]   14:     0x55c7f42213a1 - core::panicking::panic_fmt::hf9de31d4acbce4db
[INFO] [stdout]                                at /rustc/53fd98ca776cb875bc9e5514f56b52eb74f9e7a9/library/core/src/panicking.rs:92:14
[INFO] [stdout]   15:     0x55c7f4221293 - core::option::expect_failed::h954fc73c60f6b468
[INFO] [stdout]                                at /rustc/53fd98ca776cb875bc9e5514f56b52eb74f9e7a9/library/core/src/option.rs:1578:5
[INFO] [stdout]   16:     0x55c7f42231d8 - core::option::Option<T>::expect::h660954fb9b0624df
[INFO] [stdout]                                at /rustc/53fd98ca776cb875bc9e5514f56b52eb74f9e7a9/library/core/src/option.rs:685:21
[INFO] [stdout]   17:     0x55c7f4223297 - cargo_open::cargo_editor::{{closure}}::{{closure}}::hbf673ca9976daf5a
[INFO] [stdout]                                at /opt/rustwide/workdir/src/main.rs:65:13
[INFO] [stdout]   18:     0x55c7f4223120 - core::option::Option<T>::unwrap_or_else::ha5a10c01fee1a08b
[INFO] [stdout]                                at /rustc/53fd98ca776cb875bc9e5514f56b52eb74f9e7a9/library/core/src/option.rs:763:21
[INFO] [stdout]   19:     0x55c7f42232e4 - cargo_open::cargo_editor::{{closure}}::he4d985273d937564
[INFO] [stdout]                                at /opt/rustwide/workdir/src/main.rs:64:9
[INFO] [stdout]   20:     0x55c7f4223080 - core::option::Option<T>::unwrap_or_else::h951f35dff442f205
[INFO] [stdout]                                at /rustc/53fd98ca776cb875bc9e5514f56b52eb74f9e7a9/library/core/src/option.rs:763:21
[INFO] [stdout]   21:     0x55c7f4223242 - cargo_open::cargo_editor::h0d0908eac47aa443
[INFO] [stdout]                                at /opt/rustwide/workdir/src/main.rs:63:5
[INFO] [stdout]   22:     0x55c7f42224e6 - cargo_open::tests::check_env_visual::hd079d2e45a101f7e
[INFO] [stdout]                                at /opt/rustwide/workdir/src/main.rs:152:28
[INFO] [stdout]   23:     0x55c7f422248a - cargo_open::tests::check_env_visual::{{closure}}::he83e74ebb97c88c9
[INFO] [stdout]                                at /opt/rustwide/workdir/src/main.rs:148:5
[INFO] [stdout]   24:     0x55c7f4221e7e - core::ops::function::FnOnce::call_once::he316d4186b5e675b
[INFO] [stdout]                                at /rustc/53fd98ca776cb875bc9e5514f56b52eb74f9e7a9/library/core/src/ops/function.rs:227:5
[INFO] [stdout]   25:     0x55c7f4256653 - core::ops::function::FnOnce::call_once::hbb52c4519d3137b0
[INFO] [stdout]                                at /rustc/53fd98ca776cb875bc9e5514f56b52eb74f9e7a9/library/core/src/ops/function.rs:227:5
[INFO] [stdout]   26:     0x55c7f4256653 - test::__rust_begin_short_backtrace::h86fe3a2a5a5121af
[INFO] [stdout]                                at /rustc/53fd98ca776cb875bc9e5514f56b52eb74f9e7a9/library/test/src/lib.rs:578:5
[INFO] [stdout]   27:     0x55c7f4255108 - <alloc::boxed::Box<F,A> as core::ops::function::FnOnce<Args>>::call_once::hfd956bc3d57399be
[INFO] [stdout]                                at /rustc/53fd98ca776cb875bc9e5514f56b52eb74f9e7a9/library/alloc/src/boxed.rs:1572:9
[INFO] [stdout]   28:     0x55c7f4255108 - <std::panic::AssertUnwindSafe<F> as core::ops::function::FnOnce<()>>::call_once::h40dc93e0ddb5938a
[INFO] [stdout]                                at /rustc/53fd98ca776cb875bc9e5514f56b52eb74f9e7a9/library/std/src/panic.rs:347:9
[INFO] [stdout]   29:     0x55c7f4255108 - std::panicking::try::do_call::h90d07750cb47c562
[INFO] [stdout]                                at /rustc/53fd98ca776cb875bc9e5514f56b52eb74f9e7a9/library/std/src/panicking.rs:401:40
[INFO] [stdout]   30:     0x55c7f4255108 - std::panicking::try::h063c84733ad2a629
[INFO] [stdout]                                at /rustc/53fd98ca776cb875bc9e5514f56b52eb74f9e7a9/library/std/src/panicking.rs:365:19
[INFO] [stdout]   31:     0x55c7f4255108 - std::panic::catch_unwind::h0c464836a84e7c08
[INFO] [stdout]                                at /rustc/53fd98ca776cb875bc9e5514f56b52eb74f9e7a9/library/std/src/panic.rs:434:14
[INFO] [stdout]   32:     0x55c7f4255108 - test::run_test_in_process::h5cb06ef620b157fc
[INFO] [stdout]                                at /rustc/53fd98ca776cb875bc9e5514f56b52eb74f9e7a9/library/test/src/lib.rs:601:18
[INFO] [stdout]   33:     0x55c7f4255108 - test::run_test::run_test_inner::{{closure}}::h76f677f4b93f9828
[INFO] [stdout]                                at /rustc/53fd98ca776cb875bc9e5514f56b52eb74f9e7a9/library/test/src/lib.rs:493:39
[INFO] [stdout]   34:     0x55c7f422389d - test::run_test::run_test_inner::{{closure}}::h366d01fe04f4d67a
[INFO] [stdout]                                at /rustc/53fd98ca776cb875bc9e5514f56b52eb74f9e7a9/library/test/src/lib.rs:520:37
[INFO] [stdout]   35:     0x55c7f422389d - std::sys_common::backtrace::__rust_begin_short_backtrace::h7dfa0de4eb395af2
[INFO] [stdout]                                at /rustc/53fd98ca776cb875bc9e5514f56b52eb74f9e7a9/library/std/src/sys_common/backtrace.rs:125:18
[INFO] [stdout]   36:     0x55c7f4228068 - std::thread::Builder::spawn_unchecked::{{closure}}::{{closure}}::hf0a74bb58798037f
[INFO] [stdout]                                at /rustc/53fd98ca776cb875bc9e5514f56b52eb74f9e7a9/library/std/src/thread/mod.rs:476:17
[INFO] [stdout]   37:     0x55c7f4228068 - <std::panic::AssertUnwindSafe<F> as core::ops::function::FnOnce<()>>::call_once::hb024e854818586ac
[INFO] [stdout]                                at /rustc/53fd98ca776cb875bc9e5514f56b52eb74f9e7a9/library/std/src/panic.rs:347:9
[INFO] [stdout]   38:     0x55c7f4228068 - std::panicking::try::do_call::hb2dd9f1d0d48e41d
[INFO] [stdout]                                at /rustc/53fd98ca776cb875bc9e5514f56b52eb74f9e7a9/library/std/src/panicking.rs:401:40
[INFO] [stdout]   39:     0x55c7f4228068 - std::panicking::try::h4717ae7bac8b2bf3
[INFO] [stdout]                                at /rustc/53fd98ca776cb875bc9e5514f56b52eb74f9e7a9/library/std/src/panicking.rs:365:19
[INFO] [stdout]   40:     0x55c7f4228068 - std::panic::catch_unwind::h0dc8a061326ce8d8
[INFO] [stdout]                                at /rustc/53fd98ca776cb875bc9e5514f56b52eb74f9e7a9/library/std/src/panic.rs:434:14
[INFO] [stdout]   41:     0x55c7f4228068 - std::thread::Builder::spawn_unchecked::{{closure}}::haa369e2d6fd00aa1
[INFO] [stdout]                                at /rustc/53fd98ca776cb875bc9e5514f56b52eb74f9e7a9/library/std/src/thread/mod.rs:475:30
[INFO] [stdout]   42:     0x55c7f4228068 - core::ops::function::FnOnce::call_once{{vtable.shim}}::h36dcf3de8b056f17
[INFO] [stdout]                                at /rustc/53fd98ca776cb875bc9e5514f56b52eb74f9e7a9/library/core/src/ops/function.rs:227:5
[INFO] [stdout]   43:     0x55c7f427a897 - <alloc::boxed::Box<F,A> as core::ops::function::FnOnce<Args>>::call_once::h65c29e4642be2358
[INFO] [stdout]                                at /rustc/53fd98ca776cb875bc9e5514f56b52eb74f9e7a9/library/alloc/src/boxed.rs:1572:9
[INFO] [stdout]   44:     0x55c7f427a897 - <alloc::boxed::Box<F,A> as core::ops::function::FnOnce<Args>>::call_once::hd0f8f7fbbd9fffbf
[INFO] [stdout]                                at /rustc/53fd98ca776cb875bc9e5514f56b52eb74f9e7a9/library/alloc/src/boxed.rs:1572:9
[INFO] [stdout]   45:     0x55c7f427a897 - std::sys::unix::thread::Thread::new::thread_start::h2fd22fee3ca77b65
[INFO] [stdout]                                at /rustc/53fd98ca776cb875bc9e5514f56b52eb74f9e7a9/library/std/src/sys/unix/thread.rs:74:17
[INFO] [stdout]   46:     0x7f58f5a26609 - start_thread
[INFO] [stdout]   47:     0x7f58f57f6293 - clone
[INFO] [stdout]   48:                0x0 - <unknown>
[INFO] [stdout] 
[INFO] [stdout] 
[INFO] [stdout] failures:
[INFO] [stdout]     tests::check_env_visual
[INFO] [stdout] 
[INFO] [stdout] test result: FAILED. 7 passed; 1 failed; 0 ignored; 0 measured; 0 filtered out; finished in 0.02s
[INFO] [stdout] 
[INFO] [stderr] error: test failed, to rerun pass '--bin cargo-open'
[INFO] running `Command { std: "docker" "inspect" "5379eccb1d9125ffafa6567777cf905b615d787b4b58ead93fd041a67cd7dd49", kill_on_drop: false }`
[INFO] running `Command { std: "docker" "rm" "-f" "5379eccb1d9125ffafa6567777cf905b615d787b4b58ead93fd041a67cd7dd49", kill_on_drop: false }`
[INFO] [stdout] 5379eccb1d9125ffafa6567777cf905b615d787b4b58ead93fd041a67cd7dd49
