[INFO] cloning repository https://github.com/ZuoFuhong/talent-plan-kvs
[INFO] running `Command { std: "git" "-c" "credential.helper=" "-c" "credential.helper=/workspace/cargo-home/bin/git-credential-null" "clone" "--bare" "https://github.com/ZuoFuhong/talent-plan-kvs" "/workspace/cache/git-repos/https%3A%2F%2Fgithub.com%2FZuoFuhong%2Ftalent-plan-kvs", kill_on_drop: false }`
[INFO] [stderr] Cloning into bare repository '/workspace/cache/git-repos/https%3A%2F%2Fgithub.com%2FZuoFuhong%2Ftalent-plan-kvs'...
[INFO] running `Command { std: "git" "rev-parse" "HEAD", kill_on_drop: false }`
[INFO] [stdout] cf7abd6bf07d5f5981a8a9dde6e06afe78292522
[INFO] testing ZuoFuhong/talent-plan-kvs against beta-2021-08-01 for beta-1.55-1
[INFO] running `Command { std: "git" "clone" "/workspace/cache/git-repos/https%3A%2F%2Fgithub.com%2FZuoFuhong%2Ftalent-plan-kvs" "/workspace/builds/worker-64/source", kill_on_drop: false }`
[INFO] [stderr] Cloning into '/workspace/builds/worker-64/source'...
[INFO] [stderr] done.
[INFO] validating manifest of git repo https://github.com/ZuoFuhong/talent-plan-kvs on toolchain beta-2021-08-01
[INFO] running `Command { std: "/workspace/cargo-home/bin/cargo" "+beta-2021-08-01" "metadata" "--manifest-path" "Cargo.toml" "--no-deps", kill_on_drop: false }`
[INFO] started tweaking git repo https://github.com/ZuoFuhong/talent-plan-kvs
[INFO] finished tweaking git repo https://github.com/ZuoFuhong/talent-plan-kvs
[INFO] tweaked toml for git repo https://github.com/ZuoFuhong/talent-plan-kvs written to /workspace/builds/worker-64/source/Cargo.toml
[INFO] crate git repo https://github.com/ZuoFuhong/talent-plan-kvs already has a lockfile, it will not be regenerated
[INFO] running `Command { std: "/workspace/cargo-home/bin/cargo" "+beta-2021-08-01" "fetch" "--manifest-path" "Cargo.toml", kill_on_drop: false }`
[INFO] [stderr]     Updating git repository `https://github.com/crossbeam-rs/crossbeam.git`
[INFO] [stderr]  Downloading crates ...
[INFO] [stderr]   Downloaded pagecache v0.15.0
[INFO] [stderr]   Downloaded hashbrown v0.2.2
[INFO] [stderr]   Downloaded panic-control v0.1.4
[INFO] [stderr]   Downloaded sled v0.22.1
[INFO] [stderr]   Downloaded historian v4.0.3
[INFO] running `Command { std: "docker" "create" "-v" "/var/lib/crater-agent-workspace/builds/worker-64/target:/opt/rustwide/target:rw,Z" "-v" "/var/lib/crater-agent-workspace/builds/worker-64/source:/opt/rustwide/workdir:ro,Z" "-v" "/var/lib/crater-agent-workspace/cargo-home:/opt/rustwide/cargo-home:ro,Z" "-v" "/var/lib/crater-agent-workspace/rustup-home:/opt/rustwide/rustup-home:ro,Z" "-e" "SOURCE_DIR=/opt/rustwide/workdir" "-e" "CARGO_TARGET_DIR=/opt/rustwide/target" "-e" "CARGO_HOME=/opt/rustwide/cargo-home" "-e" "RUSTUP_HOME=/opt/rustwide/rustup-home" "-w" "/opt/rustwide/workdir" "-m" "1610612736" "--user" "0:0" "--network" "none" "ghcr.io/rust-lang/crates-build-env/linux@sha256:34b6a614d2c27851fe6cbf88fbd1137609cefab8b10d0615aaeb6fd47975d74e" "/opt/rustwide/cargo-home/bin/cargo" "+beta-2021-08-01" "metadata" "--no-deps" "--format-version=1", kill_on_drop: false }`
[INFO] [stdout] e4f946d0117a2b82dbb950f17fe8fa466c5b758ac13fd377c888e6124f784e67
[INFO] running `Command { std: "docker" "start" "-a" "e4f946d0117a2b82dbb950f17fe8fa466c5b758ac13fd377c888e6124f784e67", kill_on_drop: false }`
[INFO] running `Command { std: "docker" "inspect" "e4f946d0117a2b82dbb950f17fe8fa466c5b758ac13fd377c888e6124f784e67", kill_on_drop: false }`
[INFO] running `Command { std: "docker" "rm" "-f" "e4f946d0117a2b82dbb950f17fe8fa466c5b758ac13fd377c888e6124f784e67", kill_on_drop: false }`
[INFO] [stdout] e4f946d0117a2b82dbb950f17fe8fa466c5b758ac13fd377c888e6124f784e67
[INFO] running `Command { std: "docker" "create" "-v" "/var/lib/crater-agent-workspace/builds/worker-64/target:/opt/rustwide/target:rw,Z" "-v" "/var/lib/crater-agent-workspace/builds/worker-64/source:/opt/rustwide/workdir:ro,Z" "-v" "/var/lib/crater-agent-workspace/cargo-home:/opt/rustwide/cargo-home:ro,Z" "-v" "/var/lib/crater-agent-workspace/rustup-home:/opt/rustwide/rustup-home:ro,Z" "-e" "SOURCE_DIR=/opt/rustwide/workdir" "-e" "CARGO_TARGET_DIR=/opt/rustwide/target" "-e" "CARGO_INCREMENTAL=0" "-e" "RUST_BACKTRACE=full" "-e" "RUSTFLAGS=--cap-lints=warn" "-e" "CARGO_HOME=/opt/rustwide/cargo-home" "-e" "RUSTUP_HOME=/opt/rustwide/rustup-home" "-w" "/opt/rustwide/workdir" "-m" "1610612736" "--user" "0:0" "--network" "none" "ghcr.io/rust-lang/crates-build-env/linux@sha256:34b6a614d2c27851fe6cbf88fbd1137609cefab8b10d0615aaeb6fd47975d74e" "/opt/rustwide/cargo-home/bin/cargo" "+beta-2021-08-01" "build" "--frozen" "--message-format=json", kill_on_drop: false }`
[INFO] [stdout] e42881f82361bbd266018f6c6accc27e2a3b1a715aa4c3e7bccae426fb1050b9
[INFO] running `Command { std: "docker" "start" "-a" "e42881f82361bbd266018f6c6accc27e2a3b1a715aa4c3e7bccae426fb1050b9", kill_on_drop: false }`
[INFO] [stderr]     Blocking waiting for file lock on package cache
[INFO] [stderr]    Compiling libc v0.2.81
[INFO] [stderr]    Compiling syn v1.0.54
[INFO] [stderr]    Compiling serde_derive v1.0.118
[INFO] [stderr]    Compiling const_fn v0.4.4
[INFO] [stderr]    Compiling serde v1.0.118
[INFO] [stderr]    Compiling proc-macro2 v0.4.30
[INFO] [stderr]    Compiling byteorder v1.3.4
[INFO] [stderr]    Compiling rayon-core v1.9.0
[INFO] [stderr]    Compiling cfg-if v0.1.10
[INFO] [stderr]    Compiling memchr v2.3.4
[INFO] [stderr]    Compiling log v0.4.11
[INFO] [stderr]    Compiling arrayvec v0.4.12
[INFO] [stderr]    Compiling nodrop v0.1.14
[INFO] [stderr]    Compiling crc32fast v1.2.1
[INFO] [stderr]    Compiling syn v0.15.44
[INFO] [stderr]    Compiling failure_derive v0.1.8
[INFO] [stderr]    Compiling either v1.6.1
[INFO] [stderr]    Compiling gimli v0.23.0
[INFO] [stderr]    Compiling adler v0.2.3
[INFO] [stderr]    Compiling ryu v1.0.5
[INFO] [stderr]    Compiling regex-syntax v0.6.21
[INFO] [stderr]    Compiling object v0.22.0
[INFO] [stderr]    Compiling futures v0.1.30
[INFO] [stderr]    Compiling serde_json v1.0.60
[INFO] [stderr]    Compiling quick-error v1.2.3
[INFO] [stderr]    Compiling historian v4.0.3
[INFO] [stderr]    Compiling strsim v0.8.0
[INFO] [stderr]    Compiling rustc-demangle v0.1.18
[INFO] [stderr]    Compiling itoa v0.4.6
[INFO] [stderr]    Compiling memoffset v0.6.1
[INFO] [stderr]    Compiling crossbeam-utils v0.8.1
[INFO] [stderr]    Compiling memoffset v0.5.6
[INFO] [stderr]    Compiling crossbeam-utils v0.8.3 (https://github.com/crossbeam-rs/crossbeam.git?branch=master#bb643823)
[INFO] [stderr]    Compiling miniz_oxide v0.4.3
[INFO] [stderr]    Compiling rayon v1.5.0
[INFO] [stderr]    Compiling thread_local v1.0.1
[INFO] [stderr]    Compiling textwrap v0.11.0
[INFO] [stderr]    Compiling quote v1.0.7
[INFO] [stderr]    Compiling crossbeam-utils v0.6.6
[INFO] [stderr]    Compiling humantime v1.3.0
[INFO] [stderr]    Compiling fxhash v0.2.1
[INFO] [stderr]    Compiling aho-corasick v0.7.15
[INFO] [stderr]    Compiling num_cpus v1.13.0
[INFO] [stderr]    Compiling atty v0.2.14
[INFO] [stderr]    Compiling fs2 v0.4.3
[INFO] [stderr]    Compiling clap v2.33.3
[INFO] [stderr]    Compiling crossbeam-epoch v0.7.2
[INFO] [stderr]    Compiling addr2line v0.14.0
[INFO] [stderr]    Compiling quote v0.6.13
[INFO] [stderr]    Compiling crossbeam-epoch v0.9.1
[INFO] [stderr]    Compiling crossbeam-channel v0.5.0
[INFO] [stderr]    Compiling crossbeam-epoch v0.9.3 (https://github.com/crossbeam-rs/crossbeam.git?branch=master#bb643823)
[INFO] [stderr]    Compiling crossbeam-skiplist v0.0.0 (https://github.com/crossbeam-rs/crossbeam.git?branch=master#bb643823)
[INFO] [stderr]    Compiling crossbeam-deque v0.8.0
[INFO] [stderr]    Compiling backtrace v0.3.55
[INFO] [stderr]    Compiling regex v1.4.2
[INFO] [stderr]    Compiling synstructure v0.12.4
[INFO] [stderr]    Compiling env_logger v0.6.2
[INFO] [stderr]    Compiling structopt-derive v0.2.18
[INFO] [stderr]    Compiling failure v0.1.8
[INFO] [stderr]    Compiling structopt v0.2.18
[INFO] [stderr]    Compiling hashbrown v0.2.2
[INFO] [stderr]    Compiling bincode v1.3.1
[INFO] [stderr]    Compiling serde_bytes v0.10.5
[INFO] [stderr]    Compiling pagecache v0.15.0
[INFO] [stderr]    Compiling sled v0.22.1
[INFO] [stderr]    Compiling kvs v0.1.0 (/opt/rustwide/workdir)
[INFO] [stderr]     Finished dev [unoptimized + debuginfo] target(s) in 2m 09s
[INFO] running `Command { std: "docker" "inspect" "e42881f82361bbd266018f6c6accc27e2a3b1a715aa4c3e7bccae426fb1050b9", kill_on_drop: false }`
[INFO] running `Command { std: "docker" "rm" "-f" "e42881f82361bbd266018f6c6accc27e2a3b1a715aa4c3e7bccae426fb1050b9", kill_on_drop: false }`
[INFO] [stdout] e42881f82361bbd266018f6c6accc27e2a3b1a715aa4c3e7bccae426fb1050b9
[INFO] running `Command { std: "docker" "create" "-v" "/var/lib/crater-agent-workspace/builds/worker-64/target:/opt/rustwide/target:rw,Z" "-v" "/var/lib/crater-agent-workspace/builds/worker-64/source:/opt/rustwide/workdir:ro,Z" "-v" "/var/lib/crater-agent-workspace/cargo-home:/opt/rustwide/cargo-home:ro,Z" "-v" "/var/lib/crater-agent-workspace/rustup-home:/opt/rustwide/rustup-home:ro,Z" "-e" "SOURCE_DIR=/opt/rustwide/workdir" "-e" "CARGO_TARGET_DIR=/opt/rustwide/target" "-e" "CARGO_INCREMENTAL=0" "-e" "RUST_BACKTRACE=full" "-e" "RUSTFLAGS=--cap-lints=warn" "-e" "CARGO_HOME=/opt/rustwide/cargo-home" "-e" "RUSTUP_HOME=/opt/rustwide/rustup-home" "-w" "/opt/rustwide/workdir" "-m" "1610612736" "--user" "0:0" "--network" "none" "ghcr.io/rust-lang/crates-build-env/linux@sha256:34b6a614d2c27851fe6cbf88fbd1137609cefab8b10d0615aaeb6fd47975d74e" "/opt/rustwide/cargo-home/bin/cargo" "+beta-2021-08-01" "test" "--frozen" "--no-run" "--message-format=json", kill_on_drop: false }`
[INFO] [stdout] bfb3cdd6be446b071058025d84c7a6468b8c25c5a2fd98e5785f549a9baa7e54
[INFO] running `Command { std: "docker" "start" "-a" "bfb3cdd6be446b071058025d84c7a6468b8c25c5a2fd98e5785f549a9baa7e54", kill_on_drop: false }`
[INFO] [stderr]    Compiling rand_core v0.4.2
[INFO] [stderr]    Compiling autocfg v0.1.7
[INFO] [stderr]    Compiling getrandom v0.1.15
[INFO] [stderr]    Compiling predicates-core v1.0.0
[INFO] [stderr]    Compiling escargot v0.4.0
[INFO] [stderr]    Compiling same-file v1.0.6
[INFO] [stderr]    Compiling treeline v0.1.0
[INFO] [stderr]    Compiling difference v2.0.0
[INFO] [stderr]    Compiling normalize-line-endings v0.3.0
[INFO] [stderr]    Compiling panic-control v0.1.4
[INFO] [stderr]    Compiling num-traits v0.2.14
[INFO] [stderr]    Compiling itertools v0.8.2
[INFO] [stderr]    Compiling cast v0.2.3
[INFO] [stderr]    Compiling regex-automata v0.1.9
[INFO] [stderr]    Compiling csv-core v0.1.10
[INFO] [stderr]    Compiling tinytemplate v1.1.0
[INFO] [stderr]    Compiling walkdir v2.3.1
[INFO] [stderr]    Compiling predicates-tree v1.0.0
[INFO] [stderr]    Compiling rand_core v0.3.1
[INFO] [stderr]    Compiling rand_os v0.1.3
[INFO] [stderr]    Compiling rand_jitter v0.1.4
[INFO] [stderr]    Compiling rand_isaac v0.1.1
[INFO] [stderr]    Compiling rand_hc v0.1.0
[INFO] [stderr]    Compiling rand_xorshift v0.1.1
[INFO] [stderr]    Compiling rand_xoshiro v0.1.0
[INFO] [stderr]    Compiling bstr v0.2.14
[INFO] [stderr]    Compiling rand_chacha v0.1.1
[INFO] [stderr]    Compiling rand_pcg v0.1.2
[INFO] [stderr]    Compiling rand v0.6.5
[INFO] [stderr]    Compiling rand_core v0.5.1
[INFO] [stderr]    Compiling rand_chacha v0.2.2
[INFO] [stderr]    Compiling criterion-plot v0.3.1
[INFO] [stderr]    Compiling csv v1.1.5
[INFO] [stderr]    Compiling rand v0.7.3
[INFO] [stderr]    Compiling float-cmp v0.8.0
[INFO] [stderr]    Compiling criterion v0.2.11
[INFO] [stderr]    Compiling predicates v1.0.5
[INFO] [stderr]    Compiling tempfile v3.1.0
[INFO] [stderr]    Compiling assert_cmd v0.11.1
[INFO] [stderr]    Compiling kvs v0.1.0 (/opt/rustwide/workdir)
[INFO] [stderr]     Finished test [unoptimized + debuginfo] target(s) in 12.68s
[INFO] running `Command { std: "docker" "inspect" "bfb3cdd6be446b071058025d84c7a6468b8c25c5a2fd98e5785f549a9baa7e54", kill_on_drop: false }`
[INFO] running `Command { std: "docker" "rm" "-f" "bfb3cdd6be446b071058025d84c7a6468b8c25c5a2fd98e5785f549a9baa7e54", kill_on_drop: false }`
[INFO] [stdout] bfb3cdd6be446b071058025d84c7a6468b8c25c5a2fd98e5785f549a9baa7e54
[INFO] running `Command { std: "docker" "create" "-v" "/var/lib/crater-agent-workspace/builds/worker-64/target:/opt/rustwide/target:rw,Z" "-v" "/var/lib/crater-agent-workspace/builds/worker-64/source:/opt/rustwide/workdir:ro,Z" "-v" "/var/lib/crater-agent-workspace/cargo-home:/opt/rustwide/cargo-home:ro,Z" "-v" "/var/lib/crater-agent-workspace/rustup-home:/opt/rustwide/rustup-home:ro,Z" "-e" "SOURCE_DIR=/opt/rustwide/workdir" "-e" "CARGO_TARGET_DIR=/opt/rustwide/target" "-e" "CARGO_INCREMENTAL=0" "-e" "RUST_BACKTRACE=full" "-e" "RUSTFLAGS=--cap-lints=warn" "-e" "CARGO_HOME=/opt/rustwide/cargo-home" "-e" "RUSTUP_HOME=/opt/rustwide/rustup-home" "-w" "/opt/rustwide/workdir" "-m" "1610612736" "--user" "0:0" "--network" "none" "ghcr.io/rust-lang/crates-build-env/linux@sha256:34b6a614d2c27851fe6cbf88fbd1137609cefab8b10d0615aaeb6fd47975d74e" "/opt/rustwide/cargo-home/bin/cargo" "+beta-2021-08-01" "test" "--frozen", kill_on_drop: false }`
[INFO] [stdout] 21717a3fbb3ac672989e898062f6ddf590d4260f082b1f7465c881b7dce3671e
[INFO] running `Command { std: "docker" "start" "-a" "21717a3fbb3ac672989e898062f6ddf590d4260f082b1f7465c881b7dce3671e", kill_on_drop: false }`
[INFO] [stderr]     Finished test [unoptimized + debuginfo] target(s) in 0.22s
[INFO] [stdout] 
[INFO] [stderr]      Running unittests (/opt/rustwide/target/debug/deps/kvs-4ee5cf98d89653f5)
[INFO] [stdout] running 0 tests
[INFO] [stderr]      Running unittests (/opt/rustwide/target/debug/deps/kvs_client-82dc674794a2af40)
[INFO] [stdout] 
[INFO] [stdout] test result: ok. 0 passed; 0 failed; 0 ignored; 0 measured; 0 filtered out; finished in 0.00s
[INFO] [stdout] 
[INFO] [stderr]      Running unittests (/opt/rustwide/target/debug/deps/kvs_server-f4595d7fa96f3487)
[INFO] [stdout] 
[INFO] [stdout] running 0 tests
[INFO] [stdout] 
[INFO] [stdout] test result: ok. 0 passed; 0 failed; 0 ignored; 0 measured; 0 filtered out; finished in 0.00s
[INFO] [stdout] 
[INFO] [stderr]      Running tests/cli.rs (/opt/rustwide/target/debug/deps/cli-0bf535b62da5f8bb)
[INFO] [stdout] 
[INFO] [stdout] running 0 tests
[INFO] [stdout] 
[INFO] [stdout] test result: ok. 0 passed; 0 failed; 0 ignored; 0 measured; 0 filtered out; finished in 0.00s
[INFO] [stdout] 
[INFO] [stdout] 
[INFO] [stdout] running 11 tests
[INFO] [stderr] [2021-08-07T23:14:29Z INFO  kvs_server] kvs-server 0.1.0
[INFO] [stderr] [2021-08-07T23:14:29Z INFO  kvs_server] Storage engine: sled
[INFO] [stderr] [2021-08-07T23:14:29Z INFO  kvs_server] Listening on 127.0.0.1:4005
[INFO] [stderr] [2021-08-07T23:14:29Z INFO  kvs_server] kvs-server 0.1.0
[INFO] [stderr] [2021-08-07T23:14:29Z INFO  kvs_server] Storage engine: sled
[INFO] [stderr] [2021-08-07T23:14:29Z INFO  kvs_server] Listening on 127.0.0.1:4002
[INFO] [stderr] [2021-08-07T23:14:29Z INFO  kvs_server] kvs-server 0.1.0
[INFO] [stderr] [2021-08-07T23:14:29Z INFO  kvs_server] Storage engine: kvs
[INFO] [stderr] [2021-08-07T23:14:29Z INFO  kvs_server] Listening on 127.0.0.1:4004
[INFO] [stdout] test client_cli_invalid_subcommand ... ok
[INFO] [stdout] test client_cli_no_args ... ok
[INFO] [stdout] test client_cli_version ... ok
[INFO] [stdout] test server_cli_version ... ok
[INFO] [stdout] test client_cli_invalid_get ... ok
[INFO] [stdout] test client_cli_invalid_set ... ok
[INFO] [stdout] test client_cli_invalid_rm ... ok
[INFO] [stdout] test cli_log_configuration ... ok
[INFO] [stdout] test cli_access_server_sled_engine ... FAILED
[INFO] [stderr] [2021-08-07T23:14:30Z INFO  kvs_server] kvs-server 0.1.0
[INFO] [stderr] [2021-08-07T23:14:30Z INFO  kvs_server] Storage engine: kvs
[INFO] [stderr] [2021-08-07T23:14:30Z INFO  kvs_server] Listening on 127.0.0.1:4002
[INFO] [stderr] [2021-08-07T23:14:30Z INFO  kvs_server] kvs-server 0.1.0
[INFO] [stderr] [2021-08-07T23:14:30Z INFO  kvs_server] Storage engine: kvs
[INFO] [stderr] [2021-08-07T23:14:30Z INFO  kvs_server] Listening on 127.0.0.1:4004
[INFO] [stdout] test cli_wrong_engine ... ok
[INFO] [stdout] test cli_access_server_kvs_engine ... ok
[INFO] [stdout] 
[INFO] [stdout] failures:
[INFO] [stdout] 
[INFO] [stdout] ---- cli_access_server_sled_engine stdout ----
[INFO] [stdout] thread 'cli_access_server_sled_engine' panicked at 'Unexpected failure.
[INFO] [stdout] code-1
[INFO] [stdout] stderr=```IO error: Connection refused (os error 111)
[INFO] [stdout] ```
[INFO] [stdout] command=`"/opt/rustwide/target/debug/kvs-client" "set" "key1" "value1" "--addr" "127.0.0.1:4005"`
[INFO] [stdout] code=1
[INFO] [stdout] stdout=``````
[INFO] [stdout] stderr=```IO error: Connection refused (os error 111)
[INFO] [stdout] ```
[INFO] [stdout] ', /opt/rustwide/cargo-home/registry/src/github.com-1ecc6299db9ec823/assert_cmd-0.11.1/src/assert.rs:154:13
[INFO] [stdout] stack backtrace:
[INFO] [stdout]    0:     0x55d73f27b7a0 - std::backtrace_rs::backtrace::libunwind::trace::hff4d1766e93f64f1
[INFO] [stdout]                                at /rustc/53fd98ca776cb875bc9e5514f56b52eb74f9e7a9/library/std/src/../../backtrace/src/backtrace/libunwind.rs:90:5
[INFO] [stdout]    1:     0x55d73f27b7a0 - std::backtrace_rs::backtrace::trace_unsynchronized::h56bbc8eb78770bcb
[INFO] [stdout]                                at /rustc/53fd98ca776cb875bc9e5514f56b52eb74f9e7a9/library/std/src/../../backtrace/src/backtrace/mod.rs:66:5
[INFO] [stdout]    2:     0x55d73f27b7a0 - std::sys_common::backtrace::_print_fmt::h5c8e75464faca780
[INFO] [stdout]                                at /rustc/53fd98ca776cb875bc9e5514f56b52eb74f9e7a9/library/std/src/sys_common/backtrace.rs:67:5
[INFO] [stdout]    3:     0x55d73f27b7a0 - <std::sys_common::backtrace::_print::DisplayBacktrace as core::fmt::Display>::fmt::h48b88277def8b362
[INFO] [stdout]                                at /rustc/53fd98ca776cb875bc9e5514f56b52eb74f9e7a9/library/std/src/sys_common/backtrace.rs:46:22
[INFO] [stdout]    4:     0x55d73f29f47c - core::fmt::write::h3381b3176fe2b3d3
[INFO] [stdout]                                at /rustc/53fd98ca776cb875bc9e5514f56b52eb74f9e7a9/library/core/src/fmt/mod.rs:1115:17
[INFO] [stdout]    5:     0x55d73f278085 - std::io::Write::write_fmt::h5f34a676f60246b5
[INFO] [stdout]                                at /rustc/53fd98ca776cb875bc9e5514f56b52eb74f9e7a9/library/std/src/io/mod.rs:1665:15
[INFO] [stdout]    6:     0x55d73f27ddab - std::sys_common::backtrace::_print::ha537687d6c17dd0d
[INFO] [stdout]                                at /rustc/53fd98ca776cb875bc9e5514f56b52eb74f9e7a9/library/std/src/sys_common/backtrace.rs:49:5
[INFO] [stdout]    7:     0x55d73f27ddab - std::sys_common::backtrace::print::h61376ae57d131d72
[INFO] [stdout]                                at /rustc/53fd98ca776cb875bc9e5514f56b52eb74f9e7a9/library/std/src/sys_common/backtrace.rs:36:9
[INFO] [stdout]    8:     0x55d73f27ddab - std::panicking::default_hook::{{closure}}::h0f7208c0b9644a54
[INFO] [stdout]                                at /rustc/53fd98ca776cb875bc9e5514f56b52eb74f9e7a9/library/std/src/panicking.rs:208:50
[INFO] [stdout]    9:     0x55d73f27d8bc - std::panicking::default_hook::hdac7fc06578c14ce
[INFO] [stdout]                                at /rustc/53fd98ca776cb875bc9e5514f56b52eb74f9e7a9/library/std/src/panicking.rs:222:9
[INFO] [stdout]   10:     0x55d73f27e474 - std::panicking::rust_panic_with_hook::h72b21c283da3d1ef
[INFO] [stdout]                                at /rustc/53fd98ca776cb875bc9e5514f56b52eb74f9e7a9/library/std/src/panicking.rs:622:17
[INFO] [stdout]   11:     0x55d73f27df57 - std::panicking::begin_panic_handler::{{closure}}::he5778f1729cff84a
[INFO] [stdout]                                at /rustc/53fd98ca776cb875bc9e5514f56b52eb74f9e7a9/library/std/src/panicking.rs:519:13
[INFO] [stdout]   12:     0x55d73f27bc7c - std::sys_common::backtrace::__rust_end_short_backtrace::h2d11ca8b453b4b1d
[INFO] [stdout]                                at /rustc/53fd98ca776cb875bc9e5514f56b52eb74f9e7a9/library/std/src/sys_common/backtrace.rs:141:18
[INFO] [stdout]   13:     0x55d73f27deb9 - rust_begin_unwind
[INFO] [stdout]                                at /rustc/53fd98ca776cb875bc9e5514f56b52eb74f9e7a9/library/std/src/panicking.rs:515:5
[INFO] [stdout]   14:     0x55d73f196cab - std::panicking::begin_panic_fmt::h746518bde832d259
[INFO] [stdout]                                at /rustc/53fd98ca776cb875bc9e5514f56b52eb74f9e7a9/library/std/src/panicking.rs:457:5
[INFO] [stdout]   15:     0x55d73f22e80b - assert_cmd::assert::Assert::success::h0a331529ccb51319
[INFO] [stdout]                                at /opt/rustwide/cargo-home/registry/src/github.com-1ecc6299db9ec823/assert_cmd-0.11.1/src/assert.rs:154:13
[INFO] [stdout]   16:     0x55d73f1addcb - cli::cli_access_server::h2ebc9adfba10625f
[INFO] [stdout]                                at /opt/rustwide/workdir/tests/cli.rs:230:5
[INFO] [stdout]   17:     0x55d73f1b15ee - cli::cli_access_server_sled_engine::h71f58769a5db3618
[INFO] [stdout]                                at /opt/rustwide/workdir/tests/cli.rs:336:5
[INFO] [stdout]   18:     0x55d73f1b15ba - cli::cli_access_server_sled_engine::{{closure}}::h75e0d51d91d391be
[INFO] [stdout]                                at /opt/rustwide/workdir/tests/cli.rs:335:1
[INFO] [stdout]   19:     0x55d73f1a410e - core::ops::function::FnOnce::call_once::ha3a8f0f0cabf8d39
[INFO] [stdout]                                at /rustc/53fd98ca776cb875bc9e5514f56b52eb74f9e7a9/library/core/src/ops/function.rs:227:5
[INFO] [stdout]   20:     0x55d73f1e58c3 - core::ops::function::FnOnce::call_once::hbb52c4519d3137b0
[INFO] [stdout]                                at /rustc/53fd98ca776cb875bc9e5514f56b52eb74f9e7a9/library/core/src/ops/function.rs:227:5
[INFO] [stdout]   21:     0x55d73f1e58c3 - test::__rust_begin_short_backtrace::h86fe3a2a5a5121af
[INFO] [stdout]                                at /rustc/53fd98ca776cb875bc9e5514f56b52eb74f9e7a9/library/test/src/lib.rs:578:5
[INFO] [stdout]   22:     0x55d73f1e4378 - <alloc::boxed::Box<F,A> as core::ops::function::FnOnce<Args>>::call_once::hfd956bc3d57399be
[INFO] [stdout]                                at /rustc/53fd98ca776cb875bc9e5514f56b52eb74f9e7a9/library/alloc/src/boxed.rs:1572:9
[INFO] [stdout]   23:     0x55d73f1e4378 - <std::panic::AssertUnwindSafe<F> as core::ops::function::FnOnce<()>>::call_once::h40dc93e0ddb5938a
[INFO] [stdout]                                at /rustc/53fd98ca776cb875bc9e5514f56b52eb74f9e7a9/library/std/src/panic.rs:347:9
[INFO] [stdout]   24:     0x55d73f1e4378 - std::panicking::try::do_call::h90d07750cb47c562
[INFO] [stdout]                                at /rustc/53fd98ca776cb875bc9e5514f56b52eb74f9e7a9/library/std/src/panicking.rs:401:40
[INFO] [stdout]   25:     0x55d73f1e4378 - std::panicking::try::h063c84733ad2a629
[INFO] [stdout]                                at /rustc/53fd98ca776cb875bc9e5514f56b52eb74f9e7a9/library/std/src/panicking.rs:365:19
[INFO] [stdout]   26:     0x55d73f1e4378 - std::panic::catch_unwind::h0c464836a84e7c08
[INFO] [stdout]                                at /rustc/53fd98ca776cb875bc9e5514f56b52eb74f9e7a9/library/std/src/panic.rs:434:14
[INFO] [stdout]   27:     0x55d73f1e4378 - test::run_test_in_process::h5cb06ef620b157fc
[INFO] [stdout]                                at /rustc/53fd98ca776cb875bc9e5514f56b52eb74f9e7a9/library/test/src/lib.rs:601:18
[INFO] [stdout]   28:     0x55d73f1e4378 - test::run_test::run_test_inner::{{closure}}::h76f677f4b93f9828
[INFO] [stdout]                                at /rustc/53fd98ca776cb875bc9e5514f56b52eb74f9e7a9/library/test/src/lib.rs:493:39
[INFO] [stdout]   29:     0x55d73f1b2b0d - test::run_test::run_test_inner::{{closure}}::h366d01fe04f4d67a
[INFO] [stdout]                                at /rustc/53fd98ca776cb875bc9e5514f56b52eb74f9e7a9/library/test/src/lib.rs:520:37
[INFO] [stdout]   30:     0x55d73f1b2b0d - std::sys_common::backtrace::__rust_begin_short_backtrace::h7dfa0de4eb395af2
[INFO] [stdout]                                at /rustc/53fd98ca776cb875bc9e5514f56b52eb74f9e7a9/library/std/src/sys_common/backtrace.rs:125:18
[INFO] [stdout]   31:     0x55d73f1b72d8 - std::thread::Builder::spawn_unchecked::{{closure}}::{{closure}}::hf0a74bb58798037f
[INFO] [stdout]                                at /rustc/53fd98ca776cb875bc9e5514f56b52eb74f9e7a9/library/std/src/thread/mod.rs:476:17
[INFO] [stdout]   32:     0x55d73f1b72d8 - <std::panic::AssertUnwindSafe<F> as core::ops::function::FnOnce<()>>::call_once::hb024e854818586ac
[INFO] [stdout]                                at /rustc/53fd98ca776cb875bc9e5514f56b52eb74f9e7a9/library/std/src/panic.rs:347:9
[INFO] [stdout]   33:     0x55d73f1b72d8 - std::panicking::try::do_call::hb2dd9f1d0d48e41d
[INFO] [stdout]                                at /rustc/53fd98ca776cb875bc9e5514f56b52eb74f9e7a9/library/std/src/panicking.rs:401:40
[INFO] [stdout]   34:     0x55d73f1b72d8 - std::panicking::try::h4717ae7bac8b2bf3
[INFO] [stdout]                                at /rustc/53fd98ca776cb875bc9e5514f56b52eb74f9e7a9/library/std/src/panicking.rs:365:19
[INFO] [stdout]   35:     0x55d73f1b72d8 - std::panic::catch_unwind::h0dc8a061326ce8d8
[INFO] [stdout]                                at /rustc/53fd98ca776cb875bc9e5514f56b52eb74f9e7a9/library/std/src/panic.rs:434:14
[INFO] [stdout]   36:     0x55d73f1b72d8 - std::thread::Builder::spawn_unchecked::{{closure}}::haa369e2d6fd00aa1
[INFO] [stdout]                                at /rustc/53fd98ca776cb875bc9e5514f56b52eb74f9e7a9/library/std/src/thread/mod.rs:475:30
[INFO] [stdout]   37:     0x55d73f1b72d8 - core::ops::function::FnOnce::call_once{{vtable.shim}}::h36dcf3de8b056f17
[INFO] [stdout]                                at /rustc/53fd98ca776cb875bc9e5514f56b52eb74f9e7a9/library/core/src/ops/function.rs:227:5
[INFO] [stdout]   38:     0x55d73f283eb7 - <alloc::boxed::Box<F,A> as core::ops::function::FnOnce<Args>>::call_once::h65c29e4642be2358
[INFO] [stdout]                                at /rustc/53fd98ca776cb875bc9e5514f56b52eb74f9e7a9/library/alloc/src/boxed.rs:1572:9
[INFO] [stdout]   39:     0x55d73f283eb7 - <alloc::boxed::Box<F,A> as core::ops::function::FnOnce<Args>>::call_once::hd0f8f7fbbd9fffbf
[INFO] [stdout]                                at /rustc/53fd98ca776cb875bc9e5514f56b52eb74f9e7a9/library/alloc/src/boxed.rs:1572:9
[INFO] [stdout]   40:     0x55d73f283eb7 - std::sys::unix::thread::Thread::new::thread_start::h2fd22fee3ca77b65
[INFO] [stdout]                                at /rustc/53fd98ca776cb875bc9e5514f56b52eb74f9e7a9/library/std/src/sys/unix/thread.rs:74:17
[INFO] [stdout]   41:     0x7f30f1bbd609 - start_thread
[INFO] [stdout]   42:     0x7f30f198f293 - clone
[INFO] [stdout]   43:                0x0 - <unknown>
[INFO] [stdout] 
[INFO] [stdout] 
[INFO] [stdout] failures:
[INFO] [stdout]     cli_access_server_sled_engine
[INFO] [stdout] 
[INFO] [stdout] test result: FAILED. 10 passed; 1 failed; 0 ignored; 0 measured; 0 filtered out; finished in 2.34s
[INFO] [stdout] 
[INFO] [stderr] error: test failed, to rerun pass '--test cli'
[INFO] running `Command { std: "docker" "inspect" "21717a3fbb3ac672989e898062f6ddf590d4260f082b1f7465c881b7dce3671e", kill_on_drop: false }`
[INFO] running `Command { std: "docker" "rm" "-f" "21717a3fbb3ac672989e898062f6ddf590d4260f082b1f7465c881b7dce3671e", kill_on_drop: false }`
[INFO] [stdout] 21717a3fbb3ac672989e898062f6ddf590d4260f082b1f7465c881b7dce3671e
