[INFO] cloning repository https://github.com/Sword-Smith/twenty-first
[INFO] running `Command { std: "git" "-c" "credential.helper=" "-c" "credential.helper=/workspace/cargo-home/bin/git-credential-null" "clone" "--bare" "https://github.com/Sword-Smith/twenty-first" "/workspace/cache/git-repos/https%3A%2F%2Fgithub.com%2FSword-Smith%2Ftwenty-first", kill_on_drop: false }`
[INFO] [stderr] Cloning into bare repository '/workspace/cache/git-repos/https%3A%2F%2Fgithub.com%2FSword-Smith%2Ftwenty-first'...
[INFO] running `Command { std: "git" "rev-parse" "HEAD", kill_on_drop: false }`
[INFO] [stdout] 8d435d3f70398d25a706b30b1c8857973d4c213e
[INFO] testing Sword-Smith/twenty-first against beta-2021-08-01 for beta-1.55-1
[INFO] running `Command { std: "git" "clone" "/workspace/cache/git-repos/https%3A%2F%2Fgithub.com%2FSword-Smith%2Ftwenty-first" "/workspace/builds/worker-9/source", kill_on_drop: false }`
[INFO] [stderr] Cloning into '/workspace/builds/worker-9/source'...
[INFO] [stderr] done.
[INFO] validating manifest of git repo https://github.com/Sword-Smith/twenty-first on toolchain beta-2021-08-01
[INFO] running `Command { std: "/workspace/cargo-home/bin/cargo" "+beta-2021-08-01" "metadata" "--manifest-path" "Cargo.toml" "--no-deps", kill_on_drop: false }`
[INFO] started tweaking git repo https://github.com/Sword-Smith/twenty-first
[INFO] finished tweaking git repo https://github.com/Sword-Smith/twenty-first
[INFO] tweaked toml for git repo https://github.com/Sword-Smith/twenty-first written to /workspace/builds/worker-9/source/Cargo.toml
[INFO] crate git repo https://github.com/Sword-Smith/twenty-first already has a lockfile, it will not be regenerated
[INFO] running `Command { std: "/workspace/cargo-home/bin/cargo" "+beta-2021-08-01" "fetch" "--manifest-path" "Cargo.toml", kill_on_drop: false }`
[INFO] [stderr]     Blocking waiting for file lock on package cache
[INFO] [stderr]     Blocking waiting for file lock on package cache
[INFO] running `Command { std: "docker" "create" "-v" "/var/lib/crater-agent-workspace/builds/worker-9/target:/opt/rustwide/target:rw,Z" "-v" "/var/lib/crater-agent-workspace/builds/worker-9/source:/opt/rustwide/workdir:ro,Z" "-v" "/var/lib/crater-agent-workspace/cargo-home:/opt/rustwide/cargo-home:ro,Z" "-v" "/var/lib/crater-agent-workspace/rustup-home:/opt/rustwide/rustup-home:ro,Z" "-e" "SOURCE_DIR=/opt/rustwide/workdir" "-e" "CARGO_TARGET_DIR=/opt/rustwide/target" "-e" "CARGO_HOME=/opt/rustwide/cargo-home" "-e" "RUSTUP_HOME=/opt/rustwide/rustup-home" "-w" "/opt/rustwide/workdir" "-m" "1610612736" "--user" "0:0" "--network" "none" "ghcr.io/rust-lang/crates-build-env/linux@sha256:34b6a614d2c27851fe6cbf88fbd1137609cefab8b10d0615aaeb6fd47975d74e" "/opt/rustwide/cargo-home/bin/cargo" "+beta-2021-08-01" "metadata" "--no-deps" "--format-version=1", kill_on_drop: false }`
[INFO] [stdout] 6c293e41c186fa905305129b394c8750612d54d357adf251c0fc8f21724110c8
[INFO] running `Command { std: "docker" "start" "-a" "6c293e41c186fa905305129b394c8750612d54d357adf251c0fc8f21724110c8", kill_on_drop: false }`
[INFO] running `Command { std: "docker" "inspect" "6c293e41c186fa905305129b394c8750612d54d357adf251c0fc8f21724110c8", kill_on_drop: false }`
[INFO] running `Command { std: "docker" "rm" "-f" "6c293e41c186fa905305129b394c8750612d54d357adf251c0fc8f21724110c8", kill_on_drop: false }`
[INFO] [stdout] 6c293e41c186fa905305129b394c8750612d54d357adf251c0fc8f21724110c8
[INFO] running `Command { std: "docker" "create" "-v" "/var/lib/crater-agent-workspace/builds/worker-9/target:/opt/rustwide/target:rw,Z" "-v" "/var/lib/crater-agent-workspace/builds/worker-9/source:/opt/rustwide/workdir:ro,Z" "-v" "/var/lib/crater-agent-workspace/cargo-home:/opt/rustwide/cargo-home:ro,Z" "-v" "/var/lib/crater-agent-workspace/rustup-home:/opt/rustwide/rustup-home:ro,Z" "-e" "SOURCE_DIR=/opt/rustwide/workdir" "-e" "CARGO_TARGET_DIR=/opt/rustwide/target" "-e" "CARGO_INCREMENTAL=0" "-e" "RUST_BACKTRACE=full" "-e" "RUSTFLAGS=--cap-lints=warn" "-e" "CARGO_HOME=/opt/rustwide/cargo-home" "-e" "RUSTUP_HOME=/opt/rustwide/rustup-home" "-w" "/opt/rustwide/workdir" "-m" "1610612736" "--user" "0:0" "--network" "none" "ghcr.io/rust-lang/crates-build-env/linux@sha256:34b6a614d2c27851fe6cbf88fbd1137609cefab8b10d0615aaeb6fd47975d74e" "/opt/rustwide/cargo-home/bin/cargo" "+beta-2021-08-01" "build" "--frozen" "--message-format=json", kill_on_drop: false }`
[INFO] [stdout] 1ec64ca1bdf2d05db82861fa2c15b147af22470990657805e69ff497eca71cf3
[INFO] running `Command { std: "docker" "start" "-a" "1ec64ca1bdf2d05db82861fa2c15b147af22470990657805e69ff497eca71cf3", kill_on_drop: false }`
[INFO] [stderr]    Compiling proc-macro2 v1.0.27
[INFO] [stderr]    Compiling version_check v0.9.3
[INFO] [stderr]    Compiling unicode-xid v0.2.2
[INFO] [stderr]    Compiling syn v1.0.73
[INFO] [stderr]    Compiling libc v0.2.97
[INFO] [stderr]    Compiling autocfg v1.0.1
[INFO] [stderr]    Compiling libm v0.2.1
[INFO] [stderr]    Compiling cc v1.0.68
[INFO] [stderr]    Compiling typenum v1.13.0
[INFO] [stderr]    Compiling serde_derive v1.0.126
[INFO] [stderr]    Compiling cfg-if v1.0.0
[INFO] [stderr]    Compiling serde v1.0.126
[INFO] [stderr]    Compiling bitflags v1.2.1
[INFO] [stderr]    Compiling ppv-lite86 v0.2.10
[INFO] [stderr]    Compiling unicode-segmentation v1.7.1
[INFO] [stderr]    Compiling unicode-width v0.1.8
[INFO] [stderr]    Compiling anyhow v1.0.41
[INFO] [stderr]    Compiling subtle v2.4.0
[INFO] [stderr]    Compiling vec_map v0.8.2
[INFO] [stderr]    Compiling ansi_term v0.11.0
[INFO] [stderr]    Compiling strsim v0.8.0
[INFO] [stderr]    Compiling paw-raw v1.0.0
[INFO] [stderr]    Compiling lazy_static v1.4.0
[INFO] [stderr]    Compiling spin v0.5.2
[INFO] [stderr]    Compiling untrusted v0.7.1
[INFO] [stderr]    Compiling either v1.6.1
[INFO] [stderr]    Compiling arrayvec v0.5.2
[INFO] [stderr]    Compiling cfg-if v0.1.10
[INFO] [stderr]    Compiling arrayref v0.3.6
[INFO] [stderr]    Compiling once_cell v1.8.0
[INFO] [stderr]    Compiling constant_time_eq v0.1.5
[INFO] [stderr]    Compiling byteorder v1.4.3
[INFO] [stderr]    Compiling textwrap v0.11.0
[INFO] [stderr]    Compiling itertools v0.10.1
[INFO] [stderr]    Compiling generic-array v0.14.4
[INFO] [stderr]    Compiling proc-macro-error-attr v1.0.4
[INFO] [stderr]    Compiling proc-macro-error v1.0.4
[INFO] [stderr]    Compiling num-traits v0.2.14
[INFO] [stderr]    Compiling num-integer v0.1.44
[INFO] [stderr]    Compiling num-bigint v0.4.0
[INFO] [stderr]    Compiling heck v0.3.3
[INFO] [stderr]    Compiling quote v1.0.9
[INFO] [stderr]    Compiling ring v0.16.20
[INFO] [stderr]    Compiling blake3 v0.3.8
[INFO] [stderr]    Compiling getrandom v0.2.3
[INFO] [stderr]    Compiling atty v0.2.14
[INFO] [stderr]    Compiling clap v2.33.3
[INFO] [stderr]    Compiling rand_core v0.6.2
[INFO] [stderr]    Compiling rand_chacha v0.3.1
[INFO] [stderr]    Compiling crypto-mac v0.8.0
[INFO] [stderr]    Compiling digest v0.9.0
[INFO] [stderr]    Compiling rand v0.8.3
[INFO] [stderr]    Compiling rand_distr v0.4.0
[INFO] [stderr]    Compiling paw-attributes v1.0.2
[INFO] [stderr]    Compiling structopt-derive v0.4.14
[INFO] [stderr]    Compiling paw v1.0.0
[INFO] [stderr]    Compiling structopt v0.3.21
[INFO] [stderr]    Compiling bincode v1.3.3
[INFO] [stderr]    Compiling twenty-first v0.1.0 (/opt/rustwide/workdir)
[INFO] [stderr]     Finished dev [unoptimized + debuginfo] target(s) in 56.67s
[INFO] running `Command { std: "docker" "inspect" "1ec64ca1bdf2d05db82861fa2c15b147af22470990657805e69ff497eca71cf3", kill_on_drop: false }`
[INFO] running `Command { std: "docker" "rm" "-f" "1ec64ca1bdf2d05db82861fa2c15b147af22470990657805e69ff497eca71cf3", kill_on_drop: false }`
[INFO] [stdout] 1ec64ca1bdf2d05db82861fa2c15b147af22470990657805e69ff497eca71cf3
[INFO] running `Command { std: "docker" "create" "-v" "/var/lib/crater-agent-workspace/builds/worker-9/target:/opt/rustwide/target:rw,Z" "-v" "/var/lib/crater-agent-workspace/builds/worker-9/source:/opt/rustwide/workdir:ro,Z" "-v" "/var/lib/crater-agent-workspace/cargo-home:/opt/rustwide/cargo-home:ro,Z" "-v" "/var/lib/crater-agent-workspace/rustup-home:/opt/rustwide/rustup-home:ro,Z" "-e" "SOURCE_DIR=/opt/rustwide/workdir" "-e" "CARGO_TARGET_DIR=/opt/rustwide/target" "-e" "CARGO_INCREMENTAL=0" "-e" "RUST_BACKTRACE=full" "-e" "RUSTFLAGS=--cap-lints=warn" "-e" "CARGO_HOME=/opt/rustwide/cargo-home" "-e" "RUSTUP_HOME=/opt/rustwide/rustup-home" "-w" "/opt/rustwide/workdir" "-m" "1610612736" "--user" "0:0" "--network" "none" "ghcr.io/rust-lang/crates-build-env/linux@sha256:34b6a614d2c27851fe6cbf88fbd1137609cefab8b10d0615aaeb6fd47975d74e" "/opt/rustwide/cargo-home/bin/cargo" "+beta-2021-08-01" "test" "--frozen" "--no-run" "--message-format=json", kill_on_drop: false }`
[INFO] [stdout] 87ca4640a9bb594a5fee0f17198b529be5b10f7a197c56dc43d791a553958ca2
[INFO] running `Command { std: "docker" "start" "-a" "87ca4640a9bb594a5fee0f17198b529be5b10f7a197c56dc43d791a553958ca2", kill_on_drop: false }`
[INFO] [stderr]     Blocking waiting for file lock on package cache
[INFO] [stderr]    Compiling ucd-trie v0.1.3
[INFO] [stderr]    Compiling crossbeam-utils v0.8.5
[INFO] [stderr]    Compiling ryu v1.0.5
[INFO] [stderr]    Compiling crossbeam-epoch v0.9.5
[INFO] [stderr]    Compiling memchr v2.4.0
[INFO] [stderr]    Compiling rayon-core v1.9.1
[INFO] [stderr]    Compiling scopeguard v1.1.0
[INFO] [stderr]    Compiling serde_json v1.0.64
[INFO] [stderr]    Compiling itoa v0.4.7
[INFO] [stderr]    Compiling regex-automata v0.1.10
[INFO] [stderr]    Compiling plotters-backend v0.3.0
[INFO] [stderr]    Compiling same-file v1.0.6
[INFO] [stderr]    Compiling half v1.7.1
[INFO] [stderr]    Compiling regex-syntax v0.6.25
[INFO] [stderr]    Compiling cargo-husky v1.5.0
[INFO] [stderr]    Compiling oorandom v11.1.3
[INFO] [stderr]    Compiling memoffset v0.6.4
[INFO] [stderr]    Compiling rayon v1.5.1
[INFO] [stderr]    Compiling itertools v0.9.0
[INFO] [stderr]    Compiling num_cpus v1.13.0
[INFO] [stderr]    Compiling walkdir v2.3.2
[INFO] [stderr]    Compiling pest v2.1.3
[INFO] [stderr]    Compiling plotters-svg v0.3.0
[INFO] [stderr]    Compiling serde_cbor v0.11.1
[INFO] [stderr]    Compiling crossbeam-channel v0.5.1
[INFO] [stderr]    Compiling plotters v0.3.1
[INFO] [stderr]    Compiling bstr v0.2.16
[INFO] [stderr]    Compiling csv-core v0.1.10
[INFO] [stderr]    Compiling regex v1.5.4
[INFO] [stderr]    Compiling semver-parser v0.10.2
[INFO] [stderr]    Compiling semver v0.11.0
[INFO] [stderr]    Compiling csv v1.1.6
[INFO] [stderr]    Compiling crossbeam-deque v0.8.0
[INFO] [stderr]    Compiling rustc_version v0.3.3
[INFO] [stderr]    Compiling tinytemplate v1.2.1
[INFO] [stderr]    Compiling cast v0.2.6
[INFO] [stderr]    Compiling criterion-plot v0.4.3
[INFO] [stderr]    Compiling criterion v0.3.4
[INFO] [stderr]    Compiling twenty-first v0.1.0 (/opt/rustwide/workdir)
[INFO] [stderr]     Finished test [unoptimized + debuginfo] target(s) in 40.99s
[INFO] running `Command { std: "docker" "inspect" "87ca4640a9bb594a5fee0f17198b529be5b10f7a197c56dc43d791a553958ca2", kill_on_drop: false }`
[INFO] running `Command { std: "docker" "rm" "-f" "87ca4640a9bb594a5fee0f17198b529be5b10f7a197c56dc43d791a553958ca2", kill_on_drop: false }`
[INFO] [stdout] 87ca4640a9bb594a5fee0f17198b529be5b10f7a197c56dc43d791a553958ca2
[INFO] running `Command { std: "docker" "create" "-v" "/var/lib/crater-agent-workspace/builds/worker-9/target:/opt/rustwide/target:rw,Z" "-v" "/var/lib/crater-agent-workspace/builds/worker-9/source:/opt/rustwide/workdir:ro,Z" "-v" "/var/lib/crater-agent-workspace/cargo-home:/opt/rustwide/cargo-home:ro,Z" "-v" "/var/lib/crater-agent-workspace/rustup-home:/opt/rustwide/rustup-home:ro,Z" "-e" "SOURCE_DIR=/opt/rustwide/workdir" "-e" "CARGO_TARGET_DIR=/opt/rustwide/target" "-e" "CARGO_INCREMENTAL=0" "-e" "RUST_BACKTRACE=full" "-e" "RUSTFLAGS=--cap-lints=warn" "-e" "CARGO_HOME=/opt/rustwide/cargo-home" "-e" "RUSTUP_HOME=/opt/rustwide/rustup-home" "-w" "/opt/rustwide/workdir" "-m" "1610612736" "--user" "0:0" "--network" "none" "ghcr.io/rust-lang/crates-build-env/linux@sha256:34b6a614d2c27851fe6cbf88fbd1137609cefab8b10d0615aaeb6fd47975d74e" "/opt/rustwide/cargo-home/bin/cargo" "+beta-2021-08-01" "test" "--frozen", kill_on_drop: false }`
[INFO] [stdout] f350dbf5a7b2f21cd9bcf42d8364547ceb06b22e5d9435ab95c03b042077bcbd
[INFO] running `Command { std: "docker" "start" "-a" "f350dbf5a7b2f21cd9bcf42d8364547ceb06b22e5d9435ab95c03b042077bcbd", kill_on_drop: false }`
[INFO] [stderr]     Finished test [unoptimized + debuginfo] target(s) in 0.08s
[INFO] [stderr]      Running unittests (/opt/rustwide/target/debug/deps/twenty_first-5a55b24c91de13c1)
[INFO] [stdout] 
[INFO] [stdout] running 85 tests
[INFO] [stdout] test fft::test_vectors::finite_field_fft_simple ... ok
[INFO] [stdout] test fft::test_vectors::finite_field_fft ... ok
[INFO] [stdout] test fft::test_vectors::finite_field_fft_four_elements ... ok
[INFO] [stdout] test shared_math::complex_number::test_complex_numbers::internal ... ok
[INFO] [stdout] test shared_math::fraction::test_fractions::internal ... ok
[INFO] [stdout] test fft::test_vectors::use_ntt_for_prime_field_polynomial_evaluated ... ok
[INFO] [stdout] test shared_math::integer_ring_polynomial::test_integer_ring_polynomials::integer_lagrange_interpolation ... ok
[INFO] [stdout] test fft::test_vectors::internal ... ok
[INFO] [stdout] test shared_math::integer_ring_polynomial::test_integer_ring_polynomials::property_based_test_integer_lagrange_interpolation ... ok
[INFO] [stdout] test shared_math::low_degree_test::test_low_degree_proof::generate_proof_16_alt_i128 ... ok
[INFO] [stdout] test shared_math::other::test_other::bigint_test ... ok
[INFO] [stdout] test shared_math::other::test_other::log_2_ceil_test ... ok
[INFO] [stdout] test shared_math::ntt::ntt_tests::test_ntt_simple_4 ... ok
[INFO] [stdout] test shared_math::polynomial::test_polynomials::lagrange_interpolation_2_test ... ok
[INFO] [stdout] test shared_math::ntt::ntt_tests::test_ntt_simple_2 ... ok
[INFO] [stdout] test shared_math::polynomial::test_polynomials::normalize_test ... ok
[INFO] [stdout] test shared_math::polynomial::test_polynomials::polynomial_are_colinear_test ... ok
[INFO] [stdout] test shared_math::polynomial::test_polynomials::polynomial_are_colinear_test_big ... ok
[INFO] [stdout] test shared_math::low_degree_test::test_low_degree_proof::generate_proof_small_i128 ... ok
[INFO] [stdout] test shared_math::polynomial::test_polynomials::polynomial_arithmetic_division_test ... ok
[INFO] [stdout] test shared_math::polynomial::test_polynomials::polynomial_arithmetic_test ... ok
[INFO] [stdout] test shared_math::polynomial::test_polynomials::polynomial_evaluate_test_big ... ok
[INFO] [stdout] test shared_math::polynomial::test_polynomials::slow_lagrange_interpolation_test ... ok
[INFO] [stdout] test shared_math::polynomial_quotient_ring::test_polynomial_quotient_ring::internal ... ok
[INFO] [stdout] test shared_math::prime_field_element::test_modular_arithmetic::batch_inversion_elements_test_small ... ok
[INFO] [stdout] test shared_math::prime_field_element::test_modular_arithmetic::batch_inversion_test_bigger ... ok
[INFO] [stdout] test shared_math::polynomial::test_polynomials::polynomial_evaluate_test ... ok
[INFO] [stdout] test shared_math::prime_field_element::test_modular_arithmetic::batch_inversion_test_small_no_zeros ... ok
[INFO] [stdout] test shared_math::polynomial::test_polynomials::slow_lagrange_interpolation_test_big ... ok
[INFO] [stdout] test shared_math::polynomial::test_polynomials::polynomial_arithmetic_test_linear_combination ... ok
[INFO] [stdout] test shared_math::prime_field_element::test_modular_arithmetic::batch_inversion_test_small_with_zeros ... ok
[INFO] [stdout] test shared_math::low_degree_test::test_low_degree_proof::generate_proof_parabola_i128 ... ok
[INFO] [stdout] test shared_math::prime_field_element::test_modular_arithmetic::find_40th_root_of_unity_mod_761 ... ok
[INFO] [stdout] test shared_math::prime_field_element::test_modular_arithmetic::find_16th_root_of_unity_mod_337 ... ok
[INFO] [stdout] test shared_math::prime_field_element::test_modular_arithmetic::get_power_series_test ... ok
[INFO] [stdout] test shared_math::prime_field_element::test_modular_arithmetic::get_generator_domain_test ... ok
[INFO] [stdout] test shared_math::prime_field_element::test_modular_arithmetic::internal ... ok
[INFO] [stdout] test shared_math::prime_field_element::test_modular_arithmetic::primitive_root_of_unity_mod_7 ... ok
[INFO] [stdout] test shared_math::polynomial::test_polynomials::property_based_slow_lagrange_interpolation_test ... ok
[INFO] [stdout] test shared_math::prime_field_element::test_modular_arithmetic::roots_of_unity ... ok
[INFO] [stdout] test shared_math::prime_field_element::test_modular_arithmetic::sieve_of_eratosthenes ... ok
[INFO] [stdout] test shared_math::prime_field_element_big::test_modular_arithmetic_big::arithmetic_pointer_equals ... ok
[INFO] [stdout] test shared_math::prime_field_element_big::test_modular_arithmetic_big::arithmetic_bigint ... ok
[INFO] [stdout] test shared_math::prime_field_element_big::test_modular_arithmetic_big::batch_inversion_test_small_no_zeros ... ok
[INFO] [stdout] test shared_math::prime_field_element_big::test_modular_arithmetic_big::batch_inversion_elements_test_small ... ok
[INFO] [stdout] test shared_math::prime_field_element_big::test_modular_arithmetic_big::batch_inversion_test_small_with_zeros ... ok
[INFO] [stdout] test shared_math::prime_field_element_big::test_modular_arithmetic_big::find_16th_root_of_unity_mod_337_bigint ... ok
[INFO] [stdout] test shared_math::prime_field_element_big::test_modular_arithmetic_big::find_40th_root_of_unity_mod_761 ... ok
[INFO] [stdout] test shared_math::prime_field_element_big::test_modular_arithmetic_big::batch_inversion_test_bigger ... ok
[INFO] [stdout] test shared_math::prime_field_element_big::test_modular_arithmetic_big::get_generator_domain_test ... ok
[INFO] [stdout] test shared_math::prime_field_element_big::test_modular_arithmetic_big::get_power_series_test ... ok
[INFO] [stdout] test shared_math::prime_field_element_big::test_modular_arithmetic_big::primitive_root_of_unity_mod_7_bigint ... ok
[INFO] [stdout] test shared_math::prime_field_element::test_modular_arithmetic::primitive_root_property_based_test ... ok
[INFO] [stdout] test shared_math::prime_field_polynomial::test_polynomials::are_colinear_raw_test ... ok
[INFO] [stdout] test shared_math::prime_field_polynomial::test_polynomials::degree ... ok
[INFO] [stdout] test shared_math::prime_field_polynomial::test_polynomials::modular_arithmetic_mul_and_div0 ... ok
[INFO] [stdout] test shared_math::prime_field_polynomial::test_polynomials::finite_field_lagrange_interpolation ... ok
[INFO] [stdout] test shared_math::prime_field_polynomial::test_polynomials::modular_arithmetic_mul_and_div1 ... ok
[INFO] [stdout] test shared_math::prime_field_element_big::test_modular_arithmetic_big::sieve_of_eratosthenes ... ok
[INFO] [stdout] test shared_math::prime_field_polynomial::test_polynomials::modular_arithmetic_mul_and_div2 ... ok
[INFO] [stdout] test shared_math::prime_field_element_big::test_modular_arithmetic_big::roots_of_unity_big ... ok
[INFO] [stdout] test shared_math::polynomial::test_polynomials::polynomial_arithmetic_property_based_test ... ok
[INFO] [stdout] test shared_math::vector::test_vectors::internal ... ok
[INFO] [stdout] test shared_math::prime_field_polynomial::test_polynomials::new_test ... ok
[INFO] [stdout] test shared_math::prime_field_element_big::test_modular_arithmetic_big::primitive_root_property_based_test ... ok
[INFO] [stdout] test shared_math::stark::test_modular_arithmetic::mimc_forward_small ... ok
[INFO] [stdout] test tests::internal ... ok
[INFO] [stdout] test shared_math::low_degree_test::test_low_degree_proof::generate_proof_16_alt_bigint ... ok
[INFO] [stdout] test utils::test_utils::get_index_from_bytes_test ... ok
[INFO] [stdout] test utils::test_utils::has_unique_elements_test ... ok
[INFO] [stdout] test util_types::merkle_tree::merkle_tree_test::merkle_tree_test_simple ... ok
[INFO] [stdout] test utils::test_utils::get_n_hash_rounds_test ... ok
[INFO] [stdout] test shared_math::low_degree_test::test_low_degree_proof::generate_proof_parabola_bigint ... ok
[INFO] [stdout] test shared_math::prime_field_polynomial::test_polynomials::modular_arithmetic_polynomial_property_based_test ... ok
[INFO] [stdout] test shared_math::low_degree_test::test_low_degree_proof::generate_proof_small_bigint ... ok
[INFO] [stdout] test shared_math::prime_field_polynomial::test_polynomials::property_based_test_finite_field_lagrange_interpolation ... ok
[INFO] [stdout] test fft::test_vectors::fast_polynomial_functions_property_based_test ... ok
[INFO] [stdout] test fft::test_vectors::finite_field_inversion_fft ... ok
[INFO] [stdout] test util_types::merkle_tree::merkle_tree_test::merkle_tree_test_32 ... ok
[INFO] [stdout] test shared_math::polynomial::test_polynomials::polynomial_arithmetic_property_based_test_big ... ok
[INFO] [stdout] test shared_math::polynomial::test_polynomials::property_based_slow_lagrange_interpolation_test_big ... ok
[INFO] [stdout] test shared_math::ntt::ntt_tests::fast_polynomial_functions_property_based_test ... ok
[INFO] [stdout] test shared_math::low_degree_test::test_low_degree_proof::generate_proof_1024_i128 ... ok
[INFO] [stdout] test shared_math::low_degree_test::test_low_degree_proof::generate_proof_1024_bigint ... FAILED
[INFO] [stdout] test shared_math::stark::test_modular_arithmetic::mimc_big_test ... ok
[INFO] [stdout] 
[INFO] [stdout] failures:
[INFO] [stdout] 
[INFO] [stdout] ---- shared_math::low_degree_test::test_low_degree_proof::generate_proof_1024_bigint stdout ----
[INFO] [stdout] length of coefficients = 1024
[INFO] [stdout] length of expanded coefficients = 16384
[INFO] [stdout] length of y_values_pfes = 16384
[INFO] [stdout] rounds in proof = 10
[INFO] [stdout] rounds in proof = 9
[INFO] [stdout] Last y values were not constant.
[INFO] [stdout] thread 'shared_math::low_degree_test::test_low_degree_proof::generate_proof_1024_bigint' panicked at 'assertion failed: `(left == right)`
[INFO] [stdout]   left: `Err(LastIterationNotConstant)`,
[INFO] [stdout]  right: `Ok(())`', src/shared_math/low_degree_test.rs:1257:9
[INFO] [stdout] stack backtrace:
[INFO] [stdout]    0:     0x56469eb5e4a0 - std::backtrace_rs::backtrace::libunwind::trace::hff4d1766e93f64f1
[INFO] [stdout]                                at /rustc/53fd98ca776cb875bc9e5514f56b52eb74f9e7a9/library/std/src/../../backtrace/src/backtrace/libunwind.rs:90:5
[INFO] [stdout]    1:     0x56469eb5e4a0 - std::backtrace_rs::backtrace::trace_unsynchronized::h56bbc8eb78770bcb
[INFO] [stdout]                                at /rustc/53fd98ca776cb875bc9e5514f56b52eb74f9e7a9/library/std/src/../../backtrace/src/backtrace/mod.rs:66:5
[INFO] [stdout]    2:     0x56469eb5e4a0 - std::sys_common::backtrace::_print_fmt::h5c8e75464faca780
[INFO] [stdout]                                at /rustc/53fd98ca776cb875bc9e5514f56b52eb74f9e7a9/library/std/src/sys_common/backtrace.rs:67:5
[INFO] [stdout]    3:     0x56469eb5e4a0 - <std::sys_common::backtrace::_print::DisplayBacktrace as core::fmt::Display>::fmt::h48b88277def8b362
[INFO] [stdout]                                at /rustc/53fd98ca776cb875bc9e5514f56b52eb74f9e7a9/library/std/src/sys_common/backtrace.rs:46:22
[INFO] [stdout]    4:     0x56469eb813ac - core::fmt::write::h3381b3176fe2b3d3
[INFO] [stdout]                                at /rustc/53fd98ca776cb875bc9e5514f56b52eb74f9e7a9/library/core/src/fmt/mod.rs:1115:17
[INFO] [stdout]    5:     0x56469eb5b405 - std::io::Write::write_fmt::h5f34a676f60246b5
[INFO] [stdout]                                at /rustc/53fd98ca776cb875bc9e5514f56b52eb74f9e7a9/library/std/src/io/mod.rs:1665:15
[INFO] [stdout]    6:     0x56469eb6061b - std::sys_common::backtrace::_print::ha537687d6c17dd0d
[INFO] [stdout]                                at /rustc/53fd98ca776cb875bc9e5514f56b52eb74f9e7a9/library/std/src/sys_common/backtrace.rs:49:5
[INFO] [stdout]    7:     0x56469eb6061b - std::sys_common::backtrace::print::h61376ae57d131d72
[INFO] [stdout]                                at /rustc/53fd98ca776cb875bc9e5514f56b52eb74f9e7a9/library/std/src/sys_common/backtrace.rs:36:9
[INFO] [stdout]    8:     0x56469eb6061b - std::panicking::default_hook::{{closure}}::h0f7208c0b9644a54
[INFO] [stdout]                                at /rustc/53fd98ca776cb875bc9e5514f56b52eb74f9e7a9/library/std/src/panicking.rs:208:50
[INFO] [stdout]    9:     0x56469eb6012c - std::panicking::default_hook::hdac7fc06578c14ce
[INFO] [stdout]                                at /rustc/53fd98ca776cb875bc9e5514f56b52eb74f9e7a9/library/std/src/panicking.rs:222:9
[INFO] [stdout]   10:     0x56469eb60ce4 - std::panicking::rust_panic_with_hook::h72b21c283da3d1ef
[INFO] [stdout]                                at /rustc/53fd98ca776cb875bc9e5514f56b52eb74f9e7a9/library/std/src/panicking.rs:622:17
[INFO] [stdout]   11:     0x56469eb607c7 - std::panicking::begin_panic_handler::{{closure}}::he5778f1729cff84a
[INFO] [stdout]                                at /rustc/53fd98ca776cb875bc9e5514f56b52eb74f9e7a9/library/std/src/panicking.rs:519:13
[INFO] [stdout]   12:     0x56469eb5e97c - std::sys_common::backtrace::__rust_end_short_backtrace::h2d11ca8b453b4b1d
[INFO] [stdout]                                at /rustc/53fd98ca776cb875bc9e5514f56b52eb74f9e7a9/library/std/src/sys_common/backtrace.rs:141:18
[INFO] [stdout]   13:     0x56469eb60729 - rust_begin_unwind
[INFO] [stdout]                                at /rustc/53fd98ca776cb875bc9e5514f56b52eb74f9e7a9/library/std/src/panicking.rs:515:5
[INFO] [stdout]   14:     0x56469e8758f1 - core::panicking::panic_fmt::hf9de31d4acbce4db
[INFO] [stdout]                                at /rustc/53fd98ca776cb875bc9e5514f56b52eb74f9e7a9/library/core/src/panicking.rs:92:14
[INFO] [stdout]   15:     0x56469eb7f718 - core::panicking::assert_failed_inner::h62e8cb2847a6e7ec
[INFO] [stdout]   16:     0x56469e94171a - core::panicking::assert_failed::h95c26e24604b9159
[INFO] [stdout]                                at /rustc/53fd98ca776cb875bc9e5514f56b52eb74f9e7a9/library/core/src/panicking.rs:117:5
[INFO] [stdout]   17:     0x56469e8b9aa7 - twenty_first::shared_math::low_degree_test::test_low_degree_proof::generate_proof_1024_bigint::h0ff016a94466229a
[INFO] [stdout]                                at /opt/rustwide/workdir/src/shared_math/low_degree_test.rs:1257:9
[INFO] [stdout]   18:     0x56469e8b7a2a - twenty_first::shared_math::low_degree_test::test_low_degree_proof::generate_proof_1024_bigint::{{closure}}::h90b72c61a5cb1987
[INFO] [stdout]                                at /opt/rustwide/workdir/src/shared_math/low_degree_test.rs:1149:5
[INFO] [stdout]   19:     0x56469e8771de - core::ops::function::FnOnce::call_once::h903914281345660c
[INFO] [stdout]                                at /rustc/53fd98ca776cb875bc9e5514f56b52eb74f9e7a9/library/core/src/ops/function.rs:227:5
[INFO] [stdout]   20:     0x56469ead61c3 - core::ops::function::FnOnce::call_once::hbb52c4519d3137b0
[INFO] [stdout]                                at /rustc/53fd98ca776cb875bc9e5514f56b52eb74f9e7a9/library/core/src/ops/function.rs:227:5
[INFO] [stdout]   21:     0x56469ead61c3 - test::__rust_begin_short_backtrace::h86fe3a2a5a5121af
[INFO] [stdout]                                at /rustc/53fd98ca776cb875bc9e5514f56b52eb74f9e7a9/library/test/src/lib.rs:578:5
[INFO] [stdout]   22:     0x56469ead4c78 - <alloc::boxed::Box<F,A> as core::ops::function::FnOnce<Args>>::call_once::hfd956bc3d57399be
[INFO] [stdout]                                at /rustc/53fd98ca776cb875bc9e5514f56b52eb74f9e7a9/library/alloc/src/boxed.rs:1572:9
[INFO] [stdout]   23:     0x56469ead4c78 - <std::panic::AssertUnwindSafe<F> as core::ops::function::FnOnce<()>>::call_once::h40dc93e0ddb5938a
[INFO] [stdout]                                at /rustc/53fd98ca776cb875bc9e5514f56b52eb74f9e7a9/library/std/src/panic.rs:347:9
[INFO] [stdout]   24:     0x56469ead4c78 - std::panicking::try::do_call::h90d07750cb47c562
[INFO] [stdout]                                at /rustc/53fd98ca776cb875bc9e5514f56b52eb74f9e7a9/library/std/src/panicking.rs:401:40
[INFO] [stdout]   25:     0x56469ead4c78 - std::panicking::try::h063c84733ad2a629
[INFO] [stdout]                                at /rustc/53fd98ca776cb875bc9e5514f56b52eb74f9e7a9/library/std/src/panicking.rs:365:19
[INFO] [stdout]   26:     0x56469ead4c78 - std::panic::catch_unwind::h0c464836a84e7c08
[INFO] [stdout]                                at /rustc/53fd98ca776cb875bc9e5514f56b52eb74f9e7a9/library/std/src/panic.rs:434:14
[INFO] [stdout]   27:     0x56469ead4c78 - test::run_test_in_process::h5cb06ef620b157fc
[INFO] [stdout]                                at /rustc/53fd98ca776cb875bc9e5514f56b52eb74f9e7a9/library/test/src/lib.rs:601:18
[INFO] [stdout]   28:     0x56469ead4c78 - test::run_test::run_test_inner::{{closure}}::h76f677f4b93f9828
[INFO] [stdout]                                at /rustc/53fd98ca776cb875bc9e5514f56b52eb74f9e7a9/library/test/src/lib.rs:493:39
[INFO] [stdout]   29:     0x56469eaa340d - test::run_test::run_test_inner::{{closure}}::h366d01fe04f4d67a
[INFO] [stdout]                                at /rustc/53fd98ca776cb875bc9e5514f56b52eb74f9e7a9/library/test/src/lib.rs:520:37
[INFO] [stdout]   30:     0x56469eaa340d - std::sys_common::backtrace::__rust_begin_short_backtrace::h7dfa0de4eb395af2
[INFO] [stdout]                                at /rustc/53fd98ca776cb875bc9e5514f56b52eb74f9e7a9/library/std/src/sys_common/backtrace.rs:125:18
[INFO] [stdout]   31:     0x56469eaa7bd8 - std::thread::Builder::spawn_unchecked::{{closure}}::{{closure}}::hf0a74bb58798037f
[INFO] [stdout]                                at /rustc/53fd98ca776cb875bc9e5514f56b52eb74f9e7a9/library/std/src/thread/mod.rs:476:17
[INFO] [stdout]   32:     0x56469eaa7bd8 - <std::panic::AssertUnwindSafe<F> as core::ops::function::FnOnce<()>>::call_once::hb024e854818586ac
[INFO] [stdout]                                at /rustc/53fd98ca776cb875bc9e5514f56b52eb74f9e7a9/library/std/src/panic.rs:347:9
[INFO] [stdout]   33:     0x56469eaa7bd8 - std::panicking::try::do_call::hb2dd9f1d0d48e41d
[INFO] [stdout]                                at /rustc/53fd98ca776cb875bc9e5514f56b52eb74f9e7a9/library/std/src/panicking.rs:401:40
[INFO] [stdout]   34:     0x56469eaa7bd8 - std::panicking::try::h4717ae7bac8b2bf3
[INFO] [stdout]                                at /rustc/53fd98ca776cb875bc9e5514f56b52eb74f9e7a9/library/std/src/panicking.rs:365:19
[INFO] [stdout]   35:     0x56469eaa7bd8 - std::panic::catch_unwind::h0dc8a061326ce8d8
[INFO] [stdout]                                at /rustc/53fd98ca776cb875bc9e5514f56b52eb74f9e7a9/library/std/src/panic.rs:434:14
[INFO] [stdout]   36:     0x56469eaa7bd8 - std::thread::Builder::spawn_unchecked::{{closure}}::haa369e2d6fd00aa1
[INFO] [stdout]                                at /rustc/53fd98ca776cb875bc9e5514f56b52eb74f9e7a9/library/std/src/thread/mod.rs:475:30
[INFO] [stdout]   37:     0x56469eaa7bd8 - core::ops::function::FnOnce::call_once{{vtable.shim}}::h36dcf3de8b056f17
[INFO] [stdout]                                at /rustc/53fd98ca776cb875bc9e5514f56b52eb74f9e7a9/library/core/src/ops/function.rs:227:5
[INFO] [stdout]   38:     0x56469eb65857 - <alloc::boxed::Box<F,A> as core::ops::function::FnOnce<Args>>::call_once::h65c29e4642be2358
[INFO] [stdout]                                at /rustc/53fd98ca776cb875bc9e5514f56b52eb74f9e7a9/library/alloc/src/boxed.rs:1572:9
[INFO] [stdout]   39:     0x56469eb65857 - <alloc::boxed::Box<F,A> as core::ops::function::FnOnce<Args>>::call_once::hd0f8f7fbbd9fffbf
[INFO] [stdout]                                at /rustc/53fd98ca776cb875bc9e5514f56b52eb74f9e7a9/library/alloc/src/boxed.rs:1572:9
[INFO] [stdout]   40:     0x56469eb65857 - std::sys::unix::thread::Thread::new::thread_start::h2fd22fee3ca77b65
[INFO] [stdout]                                at /rustc/53fd98ca776cb875bc9e5514f56b52eb74f9e7a9/library/std/src/sys/unix/thread.rs:74:17
[INFO] [stdout]   41:     0x7f2818b35609 - start_thread
[INFO] [stdout]   42:     0x7f2818907293 - clone
[INFO] [stdout]   43:                0x0 - <unknown>
[INFO] [stdout] 
[INFO] [stdout] 
[INFO] [stdout] failures:
[INFO] [stdout]     shared_math::low_degree_test::test_low_degree_proof::generate_proof_1024_bigint
[INFO] [stdout] 
[INFO] [stdout] test result: FAILED. 84 passed; 1 failed; 0 ignored; 0 measured; 0 filtered out; finished in 22.39s
[INFO] [stdout] 
[INFO] [stderr] error: test failed, to rerun pass '--lib'
[INFO] running `Command { std: "docker" "inspect" "f350dbf5a7b2f21cd9bcf42d8364547ceb06b22e5d9435ab95c03b042077bcbd", kill_on_drop: false }`
[INFO] running `Command { std: "docker" "rm" "-f" "f350dbf5a7b2f21cd9bcf42d8364547ceb06b22e5d9435ab95c03b042077bcbd", kill_on_drop: false }`
[INFO] [stdout] f350dbf5a7b2f21cd9bcf42d8364547ceb06b22e5d9435ab95c03b042077bcbd
