[INFO] fetching crate tp-runtime-interface 2.1.2...
[INFO] testing tp-runtime-interface-2.1.2 against 1.54.0 for beta-1.55-1
[INFO] extracting crate tp-runtime-interface 2.1.2 into /workspace/builds/worker-2/source
[INFO] validating manifest of crates.io crate tp-runtime-interface 2.1.2 on toolchain 1.54.0
[INFO] running `Command { std: "/workspace/cargo-home/bin/cargo" "+1.54.0" "metadata" "--manifest-path" "Cargo.toml" "--no-deps", kill_on_drop: false }`
[INFO] started tweaking crates.io crate tp-runtime-interface 2.1.2
[INFO] finished tweaking crates.io crate tp-runtime-interface 2.1.2
[INFO] tweaked toml for crates.io crate tp-runtime-interface 2.1.2 written to /workspace/builds/worker-2/source/Cargo.toml
[INFO] running `Command { std: "/workspace/cargo-home/bin/cargo" "+1.54.0" "generate-lockfile" "--manifest-path" "Cargo.toml" "-Zno-index-update", kill_on_drop: false }`
[INFO] running `Command { std: "/workspace/cargo-home/bin/cargo" "+1.54.0" "fetch" "--manifest-path" "Cargo.toml", kill_on_drop: false }`
[INFO] running `Command { std: "docker" "create" "-v" "/var/lib/crater-agent-workspace/builds/worker-2/target:/opt/rustwide/target:rw,Z" "-v" "/var/lib/crater-agent-workspace/builds/worker-2/source:/opt/rustwide/workdir:ro,Z" "-v" "/var/lib/crater-agent-workspace/cargo-home:/opt/rustwide/cargo-home:ro,Z" "-v" "/var/lib/crater-agent-workspace/rustup-home:/opt/rustwide/rustup-home:ro,Z" "-e" "SOURCE_DIR=/opt/rustwide/workdir" "-e" "CARGO_TARGET_DIR=/opt/rustwide/target" "-e" "CARGO_HOME=/opt/rustwide/cargo-home" "-e" "RUSTUP_HOME=/opt/rustwide/rustup-home" "-w" "/opt/rustwide/workdir" "-m" "1610612736" "--user" "0:0" "--network" "none" "ghcr.io/rust-lang/crates-build-env/linux@sha256:34b6a614d2c27851fe6cbf88fbd1137609cefab8b10d0615aaeb6fd47975d74e" "/opt/rustwide/cargo-home/bin/cargo" "+1.54.0" "metadata" "--no-deps" "--format-version=1", kill_on_drop: false }`
[INFO] [stdout] 145668a81c0f4c8b4181168a927a02aba047cc88c6c8b0eaf6b7475148192be5
[INFO] running `Command { std: "docker" "start" "-a" "145668a81c0f4c8b4181168a927a02aba047cc88c6c8b0eaf6b7475148192be5", kill_on_drop: false }`
[INFO] running `Command { std: "docker" "inspect" "145668a81c0f4c8b4181168a927a02aba047cc88c6c8b0eaf6b7475148192be5", kill_on_drop: false }`
[INFO] running `Command { std: "docker" "rm" "-f" "145668a81c0f4c8b4181168a927a02aba047cc88c6c8b0eaf6b7475148192be5", kill_on_drop: false }`
[INFO] [stdout] 145668a81c0f4c8b4181168a927a02aba047cc88c6c8b0eaf6b7475148192be5
[INFO] running `Command { std: "docker" "create" "-v" "/var/lib/crater-agent-workspace/builds/worker-2/target:/opt/rustwide/target:rw,Z" "-v" "/var/lib/crater-agent-workspace/builds/worker-2/source:/opt/rustwide/workdir:ro,Z" "-v" "/var/lib/crater-agent-workspace/cargo-home:/opt/rustwide/cargo-home:ro,Z" "-v" "/var/lib/crater-agent-workspace/rustup-home:/opt/rustwide/rustup-home:ro,Z" "-e" "SOURCE_DIR=/opt/rustwide/workdir" "-e" "CARGO_TARGET_DIR=/opt/rustwide/target" "-e" "CARGO_INCREMENTAL=0" "-e" "RUST_BACKTRACE=full" "-e" "RUSTFLAGS=--cap-lints=warn" "-e" "CARGO_HOME=/opt/rustwide/cargo-home" "-e" "RUSTUP_HOME=/opt/rustwide/rustup-home" "-w" "/opt/rustwide/workdir" "-m" "1610612736" "--user" "0:0" "--network" "none" "ghcr.io/rust-lang/crates-build-env/linux@sha256:34b6a614d2c27851fe6cbf88fbd1137609cefab8b10d0615aaeb6fd47975d74e" "/opt/rustwide/cargo-home/bin/cargo" "+1.54.0" "build" "--frozen" "--message-format=json", kill_on_drop: false }`
[INFO] [stdout] 68f6b37d653b672a60b85ea1bc6514ae1b2b2f9a86e245b06e4cff2b56bc1f35
[INFO] running `Command { std: "docker" "start" "-a" "68f6b37d653b672a60b85ea1bc6514ae1b2b2f9a86e245b06e4cff2b56bc1f35", kill_on_drop: false }`
[INFO] [stderr]    Compiling syn v1.0.74
[INFO] [stderr]    Compiling crunchy v0.2.2
[INFO] [stderr]    Compiling once_cell v1.8.0
[INFO] [stderr]    Compiling byteorder v1.4.3
[INFO] [stderr]    Compiling rand v0.8.4
[INFO] [stderr]    Compiling thread_local v1.1.3
[INFO] [stderr]    Compiling uint-crate v0.9.1
[INFO] [stderr]    Compiling tetsy-fixed-hash v0.7.1
[INFO] [stderr]    Compiling serde_derive v1.0.127
[INFO] [stderr]    Compiling ref-cast-impl v1.0.6
[INFO] [stderr]    Compiling debug-derive v2.1.2
[INFO] [stderr]    Compiling impl-trait-for-tuples v0.2.1
[INFO] [stderr]    Compiling ref-cast v1.0.6
[INFO] [stderr]    Compiling serde v1.0.127
[INFO] [stderr]    Compiling toml v0.5.8
[INFO] [stderr]    Compiling tracing-serde v0.1.2
[INFO] [stderr]    Compiling impl-serde v0.3.1
[INFO] [stderr]    Compiling serde_json v1.0.66
[INFO] [stderr]    Compiling proc-macro-crate v0.1.5
[INFO] [stderr]    Compiling tracing-subscriber v0.2.19
[INFO] [stderr]    Compiling tetsy-scale-codec-derive v2.0.1
[INFO] [stderr]    Compiling tp-runtime-interface-proc-macro v2.1.2
[INFO] [stderr]    Compiling tetsy-scale-codec v2.0.1
[INFO] [stderr]    Compiling tetcore-storage v2.1.2
[INFO] [stderr]    Compiling tetsy-impl-codec v0.5.1
[INFO] [stderr]    Compiling tetcore-wasm-interface v2.1.2
[INFO] [stderr]    Compiling tetcore-tracing v2.1.2
[INFO] [stderr]    Compiling tetsy-primitive-types v0.9.1
[INFO] [stderr]    Compiling externalities v2.1.2
[INFO] [stderr]    Compiling tp-runtime-interface v2.1.2 (/opt/rustwide/workdir)
[INFO] [stderr]     Finished dev [unoptimized + debuginfo] target(s) in 55.59s
[INFO] running `Command { std: "docker" "inspect" "68f6b37d653b672a60b85ea1bc6514ae1b2b2f9a86e245b06e4cff2b56bc1f35", kill_on_drop: false }`
[INFO] running `Command { std: "docker" "rm" "-f" "68f6b37d653b672a60b85ea1bc6514ae1b2b2f9a86e245b06e4cff2b56bc1f35", kill_on_drop: false }`
[INFO] [stdout] 68f6b37d653b672a60b85ea1bc6514ae1b2b2f9a86e245b06e4cff2b56bc1f35
[INFO] running `Command { std: "docker" "create" "-v" "/var/lib/crater-agent-workspace/builds/worker-2/target:/opt/rustwide/target:rw,Z" "-v" "/var/lib/crater-agent-workspace/builds/worker-2/source:/opt/rustwide/workdir:ro,Z" "-v" "/var/lib/crater-agent-workspace/cargo-home:/opt/rustwide/cargo-home:ro,Z" "-v" "/var/lib/crater-agent-workspace/rustup-home:/opt/rustwide/rustup-home:ro,Z" "-e" "SOURCE_DIR=/opt/rustwide/workdir" "-e" "CARGO_TARGET_DIR=/opt/rustwide/target" "-e" "CARGO_INCREMENTAL=0" "-e" "RUST_BACKTRACE=full" "-e" "RUSTFLAGS=--cap-lints=warn" "-e" "CARGO_HOME=/opt/rustwide/cargo-home" "-e" "RUSTUP_HOME=/opt/rustwide/rustup-home" "-w" "/opt/rustwide/workdir" "-m" "1610612736" "--user" "0:0" "--network" "none" "ghcr.io/rust-lang/crates-build-env/linux@sha256:34b6a614d2c27851fe6cbf88fbd1137609cefab8b10d0615aaeb6fd47975d74e" "/opt/rustwide/cargo-home/bin/cargo" "+1.54.0" "test" "--frozen" "--no-run" "--message-format=json", kill_on_drop: false }`
[INFO] [stdout] a66b5de0ea7f4ade74c65bcb65b3466b2e85c49922d4bf1cea8c21278e16cda7
[INFO] running `Command { std: "docker" "start" "-a" "a66b5de0ea7f4ade74c65bcb65b3466b2e85c49922d4bf1cea8c21278e16cda7", kill_on_drop: false }`
[INFO] [stderr]    Compiling rustversion v1.0.5
[INFO] [stderr]    Compiling trybuild v1.0.43
[INFO] [stderr]    Compiling glob v0.3.0
[INFO] [stderr]    Compiling termcolor v1.1.2
[INFO] [stderr]    Compiling tp-runtime-interface v2.1.2 (/opt/rustwide/workdir)
[INFO] [stderr]     Finished test [unoptimized + debuginfo] target(s) in 8.99s
[INFO] running `Command { std: "docker" "inspect" "a66b5de0ea7f4ade74c65bcb65b3466b2e85c49922d4bf1cea8c21278e16cda7", kill_on_drop: false }`
[INFO] running `Command { std: "docker" "rm" "-f" "a66b5de0ea7f4ade74c65bcb65b3466b2e85c49922d4bf1cea8c21278e16cda7", kill_on_drop: false }`
[INFO] [stdout] a66b5de0ea7f4ade74c65bcb65b3466b2e85c49922d4bf1cea8c21278e16cda7
[INFO] running `Command { std: "docker" "create" "-v" "/var/lib/crater-agent-workspace/builds/worker-2/target:/opt/rustwide/target:rw,Z" "-v" "/var/lib/crater-agent-workspace/builds/worker-2/source:/opt/rustwide/workdir:ro,Z" "-v" "/var/lib/crater-agent-workspace/cargo-home:/opt/rustwide/cargo-home:ro,Z" "-v" "/var/lib/crater-agent-workspace/rustup-home:/opt/rustwide/rustup-home:ro,Z" "-e" "SOURCE_DIR=/opt/rustwide/workdir" "-e" "CARGO_TARGET_DIR=/opt/rustwide/target" "-e" "CARGO_INCREMENTAL=0" "-e" "RUST_BACKTRACE=full" "-e" "RUSTFLAGS=--cap-lints=warn" "-e" "CARGO_HOME=/opt/rustwide/cargo-home" "-e" "RUSTUP_HOME=/opt/rustwide/rustup-home" "-w" "/opt/rustwide/workdir" "-m" "1610612736" "--user" "0:0" "--network" "none" "ghcr.io/rust-lang/crates-build-env/linux@sha256:34b6a614d2c27851fe6cbf88fbd1137609cefab8b10d0615aaeb6fd47975d74e" "/opt/rustwide/cargo-home/bin/cargo" "+1.54.0" "test" "--frozen", kill_on_drop: false }`
[INFO] [stdout] 166602a9913ab5471b80496fe5748168b9675323dee16a9251ae111d9b75a4aa
[INFO] running `Command { std: "docker" "start" "-a" "166602a9913ab5471b80496fe5748168b9675323dee16a9251ae111d9b75a4aa", kill_on_drop: false }`
[INFO] [stdout] 
[INFO] [stderr]     Finished test [unoptimized + debuginfo] target(s) in 0.09s
[INFO] [stdout] running 1 test
[INFO] [stderr]      Running unittests (/opt/rustwide/target/debug/deps/tp_runtime_interface-1f94ab656641421a)
[INFO] [stdout] test util::tests::ptr_len_packing_unpacking ... ok
[INFO] [stderr]      Running tests/ui.rs (/opt/rustwide/target/debug/deps/ui-cac9f42df461f694)
[INFO] [stdout] 
[INFO] [stdout] test result: ok. 1 passed; 0 failed; 0 ignored; 0 measured; 0 filtered out; finished in 0.01s
[INFO] [stdout] 
[INFO] [stdout] 
[INFO] [stdout] running 1 test
[INFO] [stderr]     Blocking waiting for file lock on package cache
[INFO] [stderr]    Compiling proc-macro2 v1.0.28
[INFO] [stderr]    Compiling unicode-xid v0.2.2
[INFO] [stderr]    Compiling syn v1.0.74
[INFO] [stderr]    Compiling serde v1.0.127
[INFO] [stderr]    Compiling serde_derive v1.0.127
[INFO] [stderr]    Compiling autocfg v1.0.1
[INFO] [stderr]    Compiling libc v0.2.98
[INFO] [stderr]    Compiling memchr v2.4.0
[INFO] [stderr]     Checking cfg-if v1.0.0
[INFO] [stderr]    Compiling radium v0.6.2
[INFO] [stderr]     Checking funty v1.1.0
[INFO] [stderr]     Checking tap v1.0.1
[INFO] [stderr]     Checking wyz v0.2.0
[INFO] [stderr]     Checking byte-slice-cast v1.0.0
[INFO] [stderr]     Checking lazy_static v1.4.0
[INFO] [stderr]     Checking arrayvec v0.5.2
[INFO] [stderr]     Checking regex-syntax v0.6.25
[INFO] [stderr]    Compiling log v0.4.14
[INFO] [stderr]    Compiling ryu v1.0.5
[INFO] [stderr]     Checking ppv-lite86 v0.2.10
[INFO] [stderr]    Compiling crunchy v0.2.2
[INFO] [stderr]    Compiling ref-cast v1.0.6
[INFO] [stderr]     Checking tetcore-std v2.1.2
[INFO] [stderr]    Compiling serde_json v1.0.66
[INFO] [stderr]     Checking static_assertions v1.1.0
[INFO] [stderr]     Checking itoa v0.4.7
[INFO] [stderr]     Checking once_cell v1.8.0
[INFO] [stderr]     Checking pin-project-lite v0.2.7
[INFO] [stderr]     Checking byteorder v1.4.3
[INFO] [stderr]     Checking tetsy-wasm v0.41.0
[INFO] [stderr]     Checking memory_units v0.3.0
[INFO] [stderr]     Checking ansi_term v0.12.1
[INFO] [stderr]     Checking smallvec v1.6.1
[INFO] [stderr]     Checking rustc-hex v2.1.0
[INFO] [stderr]     Checking hex v0.4.3
[INFO] [stderr]     Checking downcast-rs v1.2.0
[INFO] [stderr]    Compiling rustversion v1.0.5
[INFO] [stderr]     Checking environ v1.1.3
[INFO] [stderr]     Checking tracing-core v0.1.18
[INFO] [stderr]     Checking sharded-slab v0.1.3
[INFO] [stderr]     Checking thread_local v1.1.3
[INFO] [stderr]     Checking tracing v0.1.26
[INFO] [stderr]     Checking tracing-log v0.1.2
[INFO] [stderr]    Compiling num-traits v0.2.14
[INFO] [stderr]    Compiling num-integer v0.1.44
[INFO] [stderr]    Compiling num-bigint v0.2.6
[INFO] [stderr]    Compiling num-rational v0.2.4
[INFO] [stderr]     Checking uint-crate v0.9.1
[INFO] [stderr]     Checking bitvec v0.20.4
[INFO] [stderr]     Checking aho-corasick v0.7.18
[INFO] [stderr]     Checking getrandom v0.2.3
[INFO] [stderr]    Compiling quote v1.0.9
[INFO] [stderr]     Checking rand_core v0.6.3
[INFO] [stderr]     Checking twasmi-validation v0.3.0
[INFO] [stderr]     Checking rand_chacha v0.3.1
[INFO] [stderr]    Compiling regex v1.5.4
[INFO] [stderr]     Checking regex-automata v0.1.10
[INFO] [stderr]     Checking rand v0.8.4
[INFO] [stderr]     Checking chrono v0.4.19
[INFO] [stderr]     Checking tetsy-fixed-hash v0.7.1
[INFO] [stderr]     Checking matchers v0.0.1
[INFO] [stderr]    Compiling Inflector v0.11.4
[INFO] [stderr]     Checking twasmi v0.6.2
[INFO] [stderr]    Compiling ref-cast-impl v1.0.6
[INFO] [stderr]    Compiling debug-derive v2.1.2
[INFO] [stderr]    Compiling impl-trait-for-tuples v0.2.1
[INFO] [stderr]    Compiling toml v0.5.8
[INFO] [stderr]     Checking tracing-serde v0.1.2
[INFO] [stderr]     Checking impl-serde v0.3.1
[INFO] [stderr]     Checking tracing-subscriber v0.2.19
[INFO] [stderr]    Compiling proc-macro-crate v0.1.5
[INFO] [stdout] test ui has been running for over 60 seconds
[INFO] [stderr]    Compiling tetsy-scale-codec-derive v2.0.1
[INFO] [stderr]    Compiling tp-runtime-interface-proc-macro v2.1.2
[INFO] [stderr]     Checking tetsy-scale-codec v2.0.1
[INFO] [stderr]     Checking tetsy-impl-codec v0.5.1
[INFO] [stderr]     Checking tetcore-storage v2.1.2
[INFO] [stderr]     Checking tetcore-tracing v2.1.2
[INFO] [stderr]     Checking tetcore-wasm-interface v2.1.2
[INFO] [stderr]     Checking tetsy-primitive-types v0.9.1
[INFO] [stderr]     Checking externalities v2.1.2
[INFO] [stderr]     Checking tp-runtime-interface v2.1.2 (/opt/rustwide/workdir)
[INFO] [stderr]     Checking tp-runtime-interface-tests v0.0.0 (/opt/rustwide/target/tests/tp-runtime-interface)
[INFO] [stderr]     Finished dev [unoptimized + debuginfo] target(s) in 1m 15s
[INFO] [stderr] 
[INFO] [stderr] 
[INFO] [stderr] test tests/ui/no_duplicate_versions.rs ... ok
[INFO] [stderr] test tests/ui/no_gaps_in_versions.rs ... ok
[INFO] [stderr] test tests/ui/no_generic_parameters_method.rs ... ok
[INFO] [stderr] test tests/ui/no_generic_parameters_trait.rs ... ok
[INFO] [stderr] test tests/ui/no_method_implementation.rs ... ok
[INFO] [stderr] test tests/ui/pass_by_enum_with_struct.rs ... mismatch
[INFO] [stderr] 
[INFO] [stderr] EXPECTED:
[INFO] [stderr] ┈┈┈┈┈┈┈┈┈┈┈┈┈┈┈┈┈┈┈┈┈┈┈┈┈┈┈┈┈┈┈┈┈┈┈┈┈┈┈┈┈┈┈┈┈┈┈┈┈┈┈┈┈┈┈┈┈┈┈┈
[INFO] [stderr] error: `PassByEnum` only supports enums as input type.
[INFO] [stderr]  --> $DIR/pass_by_enum_with_struct.rs:3:10
[INFO] [stderr]   |
[INFO] [stderr] 3 | #[derive(PassByEnum)]
[INFO] [stderr]   |          ^^^^^^^^^^
[INFO] [stderr]   |
[INFO] [stderr]   = note: this error originates in a derive macro (in Nightly builds, run with -Z macro-backtrace for more info)
[INFO] [stderr] ┈┈┈┈┈┈┈┈┈┈┈┈┈┈┈┈┈┈┈┈┈┈┈┈┈┈┈┈┈┈┈┈┈┈┈┈┈┈┈┈┈┈┈┈┈┈┈┈┈┈┈┈┈┈┈┈┈┈┈┈
[INFO] [stderr] 
[INFO] [stderr] ACTUAL OUTPUT:
[INFO] [stderr] ┈┈┈┈┈┈┈┈┈┈┈┈┈┈┈┈┈┈┈┈┈┈┈┈┈┈┈┈┈┈┈┈┈┈┈┈┈┈┈┈┈┈┈┈┈┈┈┈┈┈┈┈┈┈┈┈┈┈┈┈
[INFO] [stderr] error: `PassByEnum` only supports enums as input type.
[INFO] [stderr]  --> $DIR/pass_by_enum_with_struct.rs:3:10
[INFO] [stderr]   |
[INFO] [stderr] 3 | #[derive(PassByEnum)]
[INFO] [stderr]   |          ^^^^^^^^^^
[INFO] [stderr]   |
[INFO] [stderr]   = note: this error originates in the derive macro `PassByEnum` (in Nightly builds, run with -Z macro-backtrace for more info)
[INFO] [stderr] ┈┈┈┈┈┈┈┈┈┈┈┈┈┈┈┈┈┈┈┈┈┈┈┈┈┈┈┈┈┈┈┈┈┈┈┈┈┈┈┈┈┈┈┈┈┈┈┈┈┈┈┈┈┈┈┈┈┈┈┈
[INFO] [stderr] note: If the actual output is the correct output you can bless it by rerunning
[INFO] [stderr]       your test with the environment variable TRYBUILD=overwrite
[INFO] [stderr] 
[INFO] [stderr] test tests/ui/pass_by_enum_with_value_variant.rs ... mismatch
[INFO] [stderr] 
[INFO] [stderr] EXPECTED:
[INFO] [stderr] ┈┈┈┈┈┈┈┈┈┈┈┈┈┈┈┈┈┈┈┈┈┈┈┈┈┈┈┈┈┈┈┈┈┈┈┈┈┈┈┈┈┈┈┈┈┈┈┈┈┈┈┈┈┈┈┈┈┈┈┈
[INFO] [stderr] error: `PassByEnum` only supports unit variants.
[INFO] [stderr]  --> $DIR/pass_by_enum_with_value_variant.rs:3:10
[INFO] [stderr]   |
[INFO] [stderr] 3 | #[derive(PassByEnum)]
[INFO] [stderr]   |          ^^^^^^^^^^
[INFO] [stderr]   |
[INFO] [stderr]   = note: this error originates in a derive macro (in Nightly builds, run with -Z macro-backtrace for more info)
[INFO] [stderr] ┈┈┈┈┈┈┈┈┈┈┈┈┈┈┈┈┈┈┈┈┈┈┈┈┈┈┈┈┈┈┈┈┈┈┈┈┈┈┈┈┈┈┈┈┈┈┈┈┈┈┈┈┈┈┈┈┈┈┈┈
[INFO] [stderr] 
[INFO] [stderr] ACTUAL OUTPUT:
[INFO] [stderr] ┈┈┈┈┈┈┈┈┈┈┈┈┈┈┈┈┈┈┈┈┈┈┈┈┈┈┈┈┈┈┈┈┈┈┈┈┈┈┈┈┈┈┈┈┈┈┈┈┈┈┈┈┈┈┈┈┈┈┈┈
[INFO] [stderr] error: `PassByEnum` only supports unit variants.
[INFO] [stderr]  --> $DIR/pass_by_enum_with_value_variant.rs:3:10
[INFO] [stderr]   |
[INFO] [stderr] 3 | #[derive(PassByEnum)]
[INFO] [stderr]   |          ^^^^^^^^^^
[INFO] [stderr]   |
[INFO] [stderr]   = note: this error originates in the derive macro `PassByEnum` (in Nightly builds, run with -Z macro-backtrace for more info)
[INFO] [stderr] ┈┈┈┈┈┈┈┈┈┈┈┈┈┈┈┈┈┈┈┈┈┈┈┈┈┈┈┈┈┈┈┈┈┈┈┈┈┈┈┈┈┈┈┈┈┈┈┈┈┈┈┈┈┈┈┈┈┈┈┈
[INFO] [stderr] note: If the actual output is the correct output you can bless it by rerunning
[INFO] [stderr]       your test with the environment variable TRYBUILD=overwrite
[INFO] [stderr] 
[INFO] [stderr] test tests/ui/pass_by_inner_with_two_fields.rs ... mismatch
[INFO] [stderr] 
[INFO] [stderr] EXPECTED:
[INFO] [stderr] ┈┈┈┈┈┈┈┈┈┈┈┈┈┈┈┈┈┈┈┈┈┈┈┈┈┈┈┈┈┈┈┈┈┈┈┈┈┈┈┈┈┈┈┈┈┈┈┈┈┈┈┈┈┈┈┈┈┈┈┈
[INFO] [stderr] error: Only newtype/one field structs are supported by `PassByInner`!
[INFO] [stderr]  --> $DIR/pass_by_inner_with_two_fields.rs:3:10
[INFO] [stderr]   |
[INFO] [stderr] 3 | #[derive(PassByInner)]
[INFO] [stderr]   |          ^^^^^^^^^^^
[INFO] [stderr]   |
[INFO] [stderr]   = note: this error originates in a derive macro (in Nightly builds, run with -Z macro-backtrace for more info)
[INFO] [stderr] ┈┈┈┈┈┈┈┈┈┈┈┈┈┈┈┈┈┈┈┈┈┈┈┈┈┈┈┈┈┈┈┈┈┈┈┈┈┈┈┈┈┈┈┈┈┈┈┈┈┈┈┈┈┈┈┈┈┈┈┈
[INFO] [stderr] 
[INFO] [stderr] ACTUAL OUTPUT:
[INFO] [stderr] ┈┈┈┈┈┈┈┈┈┈┈┈┈┈┈┈┈┈┈┈┈┈┈┈┈┈┈┈┈┈┈┈┈┈┈┈┈┈┈┈┈┈┈┈┈┈┈┈┈┈┈┈┈┈┈┈┈┈┈┈
[INFO] [stderr] error: Only newtype/one field structs are supported by `PassByInner`!
[INFO] [stderr]  --> $DIR/pass_by_inner_with_two_fields.rs:3:10
[INFO] [stderr]   |
[INFO] [stderr] 3 | #[derive(PassByInner)]
[INFO] [stderr]   |          ^^^^^^^^^^^
[INFO] [stderr]   |
[INFO] [stderr]   = note: this error originates in the derive macro `PassByInner` (in Nightly builds, run with -Z macro-backtrace for more info)
[INFO] [stderr] ┈┈┈┈┈┈┈┈┈┈┈┈┈┈┈┈┈┈┈┈┈┈┈┈┈┈┈┈┈┈┈┈┈┈┈┈┈┈┈┈┈┈┈┈┈┈┈┈┈┈┈┈┈┈┈┈┈┈┈┈
[INFO] [stderr] note: If the actual output is the correct output you can bless it by rerunning
[INFO] [stderr]       your test with the environment variable TRYBUILD=overwrite
[INFO] [stderr] 
[INFO] [stderr] test tests/ui/take_self_by_value.rs ... ok
[INFO] [stderr] 
[INFO] [stderr] 
[INFO] [stdout] test ui ... FAILED
[INFO] [stdout] 
[INFO] [stdout] failures:
[INFO] [stdout] 
[INFO] [stdout] ---- ui stdout ----
[INFO] [stdout] thread 'ui' panicked at '3 of 9 tests failed', /opt/rustwide/cargo-home/registry/src/github.com-1ecc6299db9ec823/trybuild-1.0.43/src/run.rs:73:13
[INFO] [stdout] stack backtrace:
[INFO] [stdout]    0:     0x5626ae9d4650 - std::backtrace_rs::backtrace::libunwind::trace::h34055254b57d8e79
[INFO] [stdout]                                at /rustc/a178d0322ce20e33eac124758e837cbd80a6f633/library/std/src/../../backtrace/src/backtrace/libunwind.rs:90:5
[INFO] [stdout]    1:     0x5626ae9d4650 - std::backtrace_rs::backtrace::trace_unsynchronized::h8f1e3fbd9afff6ec
[INFO] [stdout]                                at /rustc/a178d0322ce20e33eac124758e837cbd80a6f633/library/std/src/../../backtrace/src/backtrace/mod.rs:66:5
[INFO] [stdout]    2:     0x5626ae9d4650 - std::sys_common::backtrace::_print_fmt::h3a99a796b770c360
[INFO] [stdout]                                at /rustc/a178d0322ce20e33eac124758e837cbd80a6f633/library/std/src/sys_common/backtrace.rs:67:5
[INFO] [stdout]    3:     0x5626ae9d4650 - <std::sys_common::backtrace::_print::DisplayBacktrace as core::fmt::Display>::fmt::h32d1f94a80615d18
[INFO] [stdout]                                at /rustc/a178d0322ce20e33eac124758e837cbd80a6f633/library/std/src/sys_common/backtrace.rs:46:22
[INFO] [stdout]    4:     0x5626ae9f9b8c - core::fmt::write::h306731c068f7162c
[INFO] [stdout]                                at /rustc/a178d0322ce20e33eac124758e837cbd80a6f633/library/core/src/fmt/mod.rs:1110:17
[INFO] [stdout]    5:     0x5626ae9d0a75 - std::io::Write::write_fmt::h87f19b0a2cd190bc
[INFO] [stdout]                                at /rustc/a178d0322ce20e33eac124758e837cbd80a6f633/library/std/src/io/mod.rs:1588:15
[INFO] [stdout]    6:     0x5626ae9d696b - std::sys_common::backtrace::_print::h5abaa2601a852287
[INFO] [stdout]                                at /rustc/a178d0322ce20e33eac124758e837cbd80a6f633/library/std/src/sys_common/backtrace.rs:49:5
[INFO] [stdout]    7:     0x5626ae9d696b - std::sys_common::backtrace::print::h8d81445442bb638f
[INFO] [stdout]                                at /rustc/a178d0322ce20e33eac124758e837cbd80a6f633/library/std/src/sys_common/backtrace.rs:36:9
[INFO] [stdout]    8:     0x5626ae9d696b - std::panicking::default_hook::{{closure}}::hcfe804496a9fa747
[INFO] [stdout]                                at /rustc/a178d0322ce20e33eac124758e837cbd80a6f633/library/std/src/panicking.rs:208:50
[INFO] [stdout]    9:     0x5626ae9d647c - std::panicking::default_hook::hbea8e3ccf2ba8901
[INFO] [stdout]                                at /rustc/a178d0322ce20e33eac124758e837cbd80a6f633/library/std/src/panicking.rs:222:9
[INFO] [stdout]   10:     0x5626ae9d7034 - std::panicking::rust_panic_with_hook::h7ee9e1a2d0f8975a
[INFO] [stdout]                                at /rustc/a178d0322ce20e33eac124758e837cbd80a6f633/library/std/src/panicking.rs:622:17
[INFO] [stdout]   11:     0x5626ae9d6b17 - std::panicking::begin_panic_handler::{{closure}}::h8ab3b4491718b2c7
[INFO] [stdout]                                at /rustc/a178d0322ce20e33eac124758e837cbd80a6f633/library/std/src/panicking.rs:519:13
[INFO] [stdout]   12:     0x5626ae9d4b4c - std::sys_common::backtrace::__rust_end_short_backtrace::hd489062ffa586a9f
[INFO] [stdout]                                at /rustc/a178d0322ce20e33eac124758e837cbd80a6f633/library/std/src/sys_common/backtrace.rs:141:18
[INFO] [stdout]   13:     0x5626ae9d6a79 - rust_begin_unwind
[INFO] [stdout]                                at /rustc/a178d0322ce20e33eac124758e837cbd80a6f633/library/std/src/panicking.rs:515:5
[INFO] [stdout]   14:     0x5626ae771f9b - std::panicking::begin_panic_fmt::h5479575e112541f8
[INFO] [stdout]                                at /rustc/a178d0322ce20e33eac124758e837cbd80a6f633/library/std/src/panicking.rs:457:5
[INFO] [stdout]   15:     0x5626ae7a68a2 - trybuild::run::<impl trybuild::Runner>::run::h87a08e14074c63ec
[INFO] [stdout]                                at /opt/rustwide/cargo-home/registry/src/github.com-1ecc6299db9ec823/trybuild-1.0.43/src/run.rs:73:13
[INFO] [stdout]   16:     0x5626ae7ab512 - <trybuild::TestCases as core::ops::drop::Drop>::drop::h791b88d685ca3e4f
[INFO] [stdout]                                at /opt/rustwide/cargo-home/registry/src/github.com-1ecc6299db9ec823/trybuild-1.0.43/src/lib.rs:306:13
[INFO] [stdout]   17:     0x5626ae773ec7 - core::ptr::drop_in_place<trybuild::TestCases>::h3b742ee87c26e31b
[INFO] [stdout]                                at /rustc/a178d0322ce20e33eac124758e837cbd80a6f633/library/core/src/ptr/mod.rs:192:1
[INFO] [stdout]   18:     0x5626ae77412e - ui::ui::h66b34e0423a31f3b
[INFO] [stdout]                                at /opt/rustwide/workdir/tests/ui.rs:28:1
[INFO] [stdout]   19:     0x5626ae7740ca - ui::ui::{{closure}}::h06ca0474894fc213
[INFO] [stdout]                                at /opt/rustwide/workdir/tests/ui.rs:22:1
[INFO] [stdout]   20:     0x5626ae773e0e - core::ops::function::FnOnce::call_once::hd02eb0f7f6af58f9
[INFO] [stdout]                                at /rustc/a178d0322ce20e33eac124758e837cbd80a6f633/library/core/src/ops/function.rs:227:5
[INFO] [stdout]   21:     0x5626ae9a9783 - core::ops::function::FnOnce::call_once::h152e7e439ff59e19
[INFO] [stdout]                                at /rustc/a178d0322ce20e33eac124758e837cbd80a6f633/library/core/src/ops/function.rs:227:5
[INFO] [stdout]   22:     0x5626ae9a9783 - test::__rust_begin_short_backtrace::h0908f3b1fdbb72ab
[INFO] [stdout]                                at /rustc/a178d0322ce20e33eac124758e837cbd80a6f633/library/test/src/lib.rs:577:5
[INFO] [stdout]   23:     0x5626ae9a8240 - <alloc::boxed::Box<F,A> as core::ops::function::FnOnce<Args>>::call_once::hf6d2a51e5587546c
[INFO] [stdout]                                at /rustc/a178d0322ce20e33eac124758e837cbd80a6f633/library/alloc/src/boxed.rs:1575:9
[INFO] [stdout]   24:     0x5626ae9a8240 - <std::panic::AssertUnwindSafe<F> as core::ops::function::FnOnce<()>>::call_once::h8af660f3a89ef593
[INFO] [stdout]                                at /rustc/a178d0322ce20e33eac124758e837cbd80a6f633/library/std/src/panic.rs:347:9
[INFO] [stdout]   25:     0x5626ae9a8240 - std::panicking::try::do_call::hd36aef60f84b6d36
[INFO] [stdout]                                at /rustc/a178d0322ce20e33eac124758e837cbd80a6f633/library/std/src/panicking.rs:401:40
[INFO] [stdout]   26:     0x5626ae9a8240 - std::panicking::try::h9932b4480e69817c
[INFO] [stdout]                                at /rustc/a178d0322ce20e33eac124758e837cbd80a6f633/library/std/src/panicking.rs:365:19
[INFO] [stdout]   27:     0x5626ae9a8240 - std::panic::catch_unwind::h6aa177099cfff5f8
[INFO] [stdout]                                at /rustc/a178d0322ce20e33eac124758e837cbd80a6f633/library/std/src/panic.rs:434:14
[INFO] [stdout]   28:     0x5626ae9a8240 - test::run_test_in_process::h5884d6f2d99e20c3
[INFO] [stdout]                                at /rustc/a178d0322ce20e33eac124758e837cbd80a6f633/library/test/src/lib.rs:600:18
[INFO] [stdout]   29:     0x5626ae9a8240 - test::run_test::run_test_inner::{{closure}}::h6fdc58c6d5f5b6e3
[INFO] [stdout]                                at /rustc/a178d0322ce20e33eac124758e837cbd80a6f633/library/test/src/lib.rs:492:39
[INFO] [stdout]   30:     0x5626ae9818f2 - test::run_test::run_test_inner::{{closure}}::h408365d67a78ade8
[INFO] [stdout]                                at /rustc/a178d0322ce20e33eac124758e837cbd80a6f633/library/test/src/lib.rs:519:37
[INFO] [stdout]   31:     0x5626ae9818f2 - std::sys_common::backtrace::__rust_begin_short_backtrace::hb560b77c4f701523
[INFO] [stdout]                                at /rustc/a178d0322ce20e33eac124758e837cbd80a6f633/library/std/src/sys_common/backtrace.rs:125:18
[INFO] [stdout]   32:     0x5626ae9854a8 - std::thread::Builder::spawn_unchecked::{{closure}}::{{closure}}::hf2e7831dad93c597
[INFO] [stdout]                                at /rustc/a178d0322ce20e33eac124758e837cbd80a6f633/library/std/src/thread/mod.rs:481:17
[INFO] [stdout]   33:     0x5626ae9854a8 - <std::panic::AssertUnwindSafe<F> as core::ops::function::FnOnce<()>>::call_once::hd2e08783d8be4d02
[INFO] [stdout]                                at /rustc/a178d0322ce20e33eac124758e837cbd80a6f633/library/std/src/panic.rs:347:9
[INFO] [stdout]   34:     0x5626ae9854a8 - std::panicking::try::do_call::h062597b7acfd6b82
[INFO] [stdout]                                at /rustc/a178d0322ce20e33eac124758e837cbd80a6f633/library/std/src/panicking.rs:401:40
[INFO] [stdout]   35:     0x5626ae9854a8 - std::panicking::try::h0d7b79db04c14552
[INFO] [stdout]                                at /rustc/a178d0322ce20e33eac124758e837cbd80a6f633/library/std/src/panicking.rs:365:19
[INFO] [stdout]   36:     0x5626ae9854a8 - std::panic::catch_unwind::hb01a0b5e7c8cd43b
[INFO] [stdout]                                at /rustc/a178d0322ce20e33eac124758e837cbd80a6f633/library/std/src/panic.rs:434:14
[INFO] [stdout]   37:     0x5626ae9854a8 - std::thread::Builder::spawn_unchecked::{{closure}}::h5bde48cc887e0d1e
[INFO] [stdout]                                at /rustc/a178d0322ce20e33eac124758e837cbd80a6f633/library/std/src/thread/mod.rs:480:30
[INFO] [stdout]   38:     0x5626ae9854a8 - core::ops::function::FnOnce::call_once{{vtable.shim}}::h745ea30807a29e55
[INFO] [stdout]                                at /rustc/a178d0322ce20e33eac124758e837cbd80a6f633/library/core/src/ops/function.rs:227:5
[INFO] [stdout]   39:     0x5626ae9dcff7 - <alloc::boxed::Box<F,A> as core::ops::function::FnOnce<Args>>::call_once::h7ece6cfefaff1005
[INFO] [stdout]                                at /rustc/a178d0322ce20e33eac124758e837cbd80a6f633/library/alloc/src/boxed.rs:1575:9
[INFO] [stdout]   40:     0x5626ae9dcff7 - <alloc::boxed::Box<F,A> as core::ops::function::FnOnce<Args>>::call_once::hb8b48e55c21f193e
[INFO] [stdout]                                at /rustc/a178d0322ce20e33eac124758e837cbd80a6f633/library/alloc/src/boxed.rs:1575:9
[INFO] [stdout]   41:     0x5626ae9dcff7 - std::sys::unix::thread::Thread::new::thread_start::h8c7c4450dba62914
[INFO] [stdout]                                at /rustc/a178d0322ce20e33eac124758e837cbd80a6f633/library/std/src/sys/unix/thread.rs:71:17
[INFO] [stdout]   42:     0x7fbafc02c609 - start_thread
[INFO] [stdout]   43:     0x7fbafbdfe293 - clone
[INFO] [stdout]   44:                0x0 - <unknown>
[INFO] [stdout] 
[INFO] [stdout] 
[INFO] [stdout] failures:
[INFO] [stdout]     ui
[INFO] [stdout] 
[INFO] [stdout] test result: FAILED. 0 passed; 1 failed; 0 ignored; 0 measured; 0 filtered out; finished in 80.45s
[INFO] [stdout] 
[INFO] [stderr] error: test failed, to rerun pass '--test ui'
[INFO] running `Command { std: "docker" "inspect" "166602a9913ab5471b80496fe5748168b9675323dee16a9251ae111d9b75a4aa", kill_on_drop: false }`
[INFO] running `Command { std: "docker" "rm" "-f" "166602a9913ab5471b80496fe5748168b9675323dee16a9251ae111d9b75a4aa", kill_on_drop: false }`
[INFO] [stdout] 166602a9913ab5471b80496fe5748168b9675323dee16a9251ae111d9b75a4aa
