[INFO] fetching crate tokio-timer-plus 0.1.3...
[INFO] testing tokio-timer-plus-0.1.3 against 1.54.0 for beta-1.55-1
[INFO] extracting crate tokio-timer-plus 0.1.3 into /workspace/builds/worker-31/source
[INFO] validating manifest of crates.io crate tokio-timer-plus 0.1.3 on toolchain 1.54.0
[INFO] running `Command { std: "/workspace/cargo-home/bin/cargo" "+1.54.0" "metadata" "--manifest-path" "Cargo.toml" "--no-deps", kill_on_drop: false }`
[INFO] started tweaking crates.io crate tokio-timer-plus 0.1.3
[INFO] finished tweaking crates.io crate tokio-timer-plus 0.1.3
[INFO] tweaked toml for crates.io crate tokio-timer-plus 0.1.3 written to /workspace/builds/worker-31/source/Cargo.toml
[INFO] running `Command { std: "/workspace/cargo-home/bin/cargo" "+1.54.0" "generate-lockfile" "--manifest-path" "Cargo.toml" "-Zno-index-update", kill_on_drop: false }`
[INFO] running `Command { std: "/workspace/cargo-home/bin/cargo" "+1.54.0" "fetch" "--manifest-path" "Cargo.toml", kill_on_drop: false }`
[INFO] [stderr]     Blocking waiting for file lock on package cache
[INFO] running `Command { std: "docker" "create" "-v" "/var/lib/crater-agent-workspace/builds/worker-31/target:/opt/rustwide/target:rw,Z" "-v" "/var/lib/crater-agent-workspace/builds/worker-31/source:/opt/rustwide/workdir:ro,Z" "-v" "/var/lib/crater-agent-workspace/cargo-home:/opt/rustwide/cargo-home:ro,Z" "-v" "/var/lib/crater-agent-workspace/rustup-home:/opt/rustwide/rustup-home:ro,Z" "-e" "SOURCE_DIR=/opt/rustwide/workdir" "-e" "CARGO_TARGET_DIR=/opt/rustwide/target" "-e" "CARGO_HOME=/opt/rustwide/cargo-home" "-e" "RUSTUP_HOME=/opt/rustwide/rustup-home" "-w" "/opt/rustwide/workdir" "-m" "1610612736" "--user" "0:0" "--network" "none" "ghcr.io/rust-lang/crates-build-env/linux@sha256:34b6a614d2c27851fe6cbf88fbd1137609cefab8b10d0615aaeb6fd47975d74e" "/opt/rustwide/cargo-home/bin/cargo" "+1.54.0" "metadata" "--no-deps" "--format-version=1", kill_on_drop: false }`
[INFO] [stdout] 5b588a4cef39c891e5ae76beeeec8c81ae0a7a63397510df54c53c67970cef7d
[INFO] running `Command { std: "docker" "start" "-a" "5b588a4cef39c891e5ae76beeeec8c81ae0a7a63397510df54c53c67970cef7d", kill_on_drop: false }`
[INFO] running `Command { std: "docker" "inspect" "5b588a4cef39c891e5ae76beeeec8c81ae0a7a63397510df54c53c67970cef7d", kill_on_drop: false }`
[INFO] running `Command { std: "docker" "rm" "-f" "5b588a4cef39c891e5ae76beeeec8c81ae0a7a63397510df54c53c67970cef7d", kill_on_drop: false }`
[INFO] [stdout] 5b588a4cef39c891e5ae76beeeec8c81ae0a7a63397510df54c53c67970cef7d
[INFO] running `Command { std: "docker" "create" "-v" "/var/lib/crater-agent-workspace/builds/worker-31/target:/opt/rustwide/target:rw,Z" "-v" "/var/lib/crater-agent-workspace/builds/worker-31/source:/opt/rustwide/workdir:ro,Z" "-v" "/var/lib/crater-agent-workspace/cargo-home:/opt/rustwide/cargo-home:ro,Z" "-v" "/var/lib/crater-agent-workspace/rustup-home:/opt/rustwide/rustup-home:ro,Z" "-e" "SOURCE_DIR=/opt/rustwide/workdir" "-e" "CARGO_TARGET_DIR=/opt/rustwide/target" "-e" "CARGO_INCREMENTAL=0" "-e" "RUST_BACKTRACE=full" "-e" "RUSTFLAGS=--cap-lints=warn" "-e" "CARGO_HOME=/opt/rustwide/cargo-home" "-e" "RUSTUP_HOME=/opt/rustwide/rustup-home" "-w" "/opt/rustwide/workdir" "-m" "1610612736" "--user" "0:0" "--network" "none" "ghcr.io/rust-lang/crates-build-env/linux@sha256:34b6a614d2c27851fe6cbf88fbd1137609cefab8b10d0615aaeb6fd47975d74e" "/opt/rustwide/cargo-home/bin/cargo" "+1.54.0" "build" "--frozen" "--message-format=json", kill_on_drop: false }`
[INFO] [stdout] 13535475bac583ef3e17cefd8609bd6852c1a784c53ea9667634b6bcd5084636
[INFO] running `Command { std: "docker" "start" "-a" "13535475bac583ef3e17cefd8609bd6852c1a784c53ea9667634b6bcd5084636", kill_on_drop: false }`
[INFO] [stderr]     Blocking waiting for file lock on package cache
[INFO] [stderr]    Compiling slab v0.3.0
[INFO] [stderr]    Compiling futures v0.1.31
[INFO] [stderr]    Compiling tokio-timer-plus v0.1.3 (/opt/rustwide/workdir)
[INFO] [stdout] warning: use of deprecated associated function `std::error::Error::description`: use the Display impl or to_string()
[INFO] [stdout]    --> src/timer.rs:421:27
[INFO] [stdout]     |
[INFO] [stdout] 421 |         write!(fmt, "{}", Error::description(self))
[INFO] [stdout]     |                           ^^^^^^^^^^^^^^^^^^
[INFO] [stdout]     |
[INFO] [stdout] note: the lint level is defined here
[INFO] [stdout]    --> src/lib.rs:88:9
[INFO] [stdout]     |
[INFO] [stdout] 88  | #![deny(warnings, missing_docs, missing_debug_implementations)]
[INFO] [stdout]     |         ^^^^^^^^
[INFO] [stdout]     = note: `#[warn(deprecated)]` implied by `#[warn(warnings)]`
[INFO] [stdout] 
[INFO] [stdout] 
[INFO] [stdout] warning: use of deprecated associated function `std::error::Error::description`: use the Display impl or to_string()
[INFO] [stdout]    --> src/timer.rs:436:27
[INFO] [stdout]     |
[INFO] [stdout] 436 |         write!(fmt, "{}", Error::description(self))
[INFO] [stdout]     |                           ^^^^^^^^^^^^^^^^^^
[INFO] [stdout] 
[INFO] [stdout] 
[INFO] [stdout] warning: use of deprecated associated function `std::error::Error::description`: use the Display impl or to_string()
[INFO] [stdout]    --> src/timer.rs:442:27
[INFO] [stdout]     |
[INFO] [stdout] 442 |         write!(fmt, "{}", Error::description(self))
[INFO] [stdout]     |                           ^^^^^^^^^^^^^^^^^^
[INFO] [stdout] 
[INFO] [stdout] 
[INFO] [stdout] warning: use of deprecated associated function `std::sync::atomic::AtomicUsize::compare_and_swap`: Use `compare_exchange` or `compare_exchange_weak` instead
[INFO] [stdout]   --> src/mpmc.rs:77:22
[INFO] [stdout]    |
[INFO] [stdout] 77 |                     .compare_and_swap(pos, pos+1, Relaxed);
[INFO] [stdout]    |                      ^^^^^^^^^^^^^^^^
[INFO] [stdout] 
[INFO] [stdout] 
[INFO] [stdout] warning: use of deprecated associated function `std::sync::atomic::AtomicUsize::compare_and_swap`: Use `compare_exchange` or `compare_exchange_weak` instead
[INFO] [stdout]    --> src/mpmc.rs:111:52
[INFO] [stdout]     |
[INFO] [stdout] 111 |                 let dequeue_pos = self.dequeue_pos.compare_and_swap(pos, pos+1, Relaxed);
[INFO] [stdout]     |                                                    ^^^^^^^^^^^^^^^^
[INFO] [stdout] 
[INFO] [stdout] 
[INFO] [stdout] warning: 5 warnings emitted
[INFO] [stdout] 
[INFO] [stdout] 
[INFO] [stderr]     Finished dev [unoptimized + debuginfo] target(s) in 3.44s
[INFO] running `Command { std: "docker" "inspect" "13535475bac583ef3e17cefd8609bd6852c1a784c53ea9667634b6bcd5084636", kill_on_drop: false }`
[INFO] running `Command { std: "docker" "rm" "-f" "13535475bac583ef3e17cefd8609bd6852c1a784c53ea9667634b6bcd5084636", kill_on_drop: false }`
[INFO] [stdout] 13535475bac583ef3e17cefd8609bd6852c1a784c53ea9667634b6bcd5084636
[INFO] running `Command { std: "docker" "create" "-v" "/var/lib/crater-agent-workspace/builds/worker-31/target:/opt/rustwide/target:rw,Z" "-v" "/var/lib/crater-agent-workspace/builds/worker-31/source:/opt/rustwide/workdir:ro,Z" "-v" "/var/lib/crater-agent-workspace/cargo-home:/opt/rustwide/cargo-home:ro,Z" "-v" "/var/lib/crater-agent-workspace/rustup-home:/opt/rustwide/rustup-home:ro,Z" "-e" "SOURCE_DIR=/opt/rustwide/workdir" "-e" "CARGO_TARGET_DIR=/opt/rustwide/target" "-e" "CARGO_INCREMENTAL=0" "-e" "RUST_BACKTRACE=full" "-e" "RUSTFLAGS=--cap-lints=warn" "-e" "CARGO_HOME=/opt/rustwide/cargo-home" "-e" "RUSTUP_HOME=/opt/rustwide/rustup-home" "-w" "/opt/rustwide/workdir" "-m" "1610612736" "--user" "0:0" "--network" "none" "ghcr.io/rust-lang/crates-build-env/linux@sha256:34b6a614d2c27851fe6cbf88fbd1137609cefab8b10d0615aaeb6fd47975d74e" "/opt/rustwide/cargo-home/bin/cargo" "+1.54.0" "test" "--frozen" "--no-run" "--message-format=json", kill_on_drop: false }`
[INFO] [stdout] b1e0c8d6db45d8d252e0cf31c6f3381bacfc61f3d3d3faf71f80d938b7278f18
[INFO] running `Command { std: "docker" "start" "-a" "b1e0c8d6db45d8d252e0cf31c6f3381bacfc61f3d3d3faf71f80d938b7278f18", kill_on_drop: false }`
[INFO] [stderr]    Compiling tokio-timer-plus v0.1.3 (/opt/rustwide/workdir)
[INFO] [stdout] warning: use of deprecated associated function `std::error::Error::description`: use the Display impl or to_string()
[INFO] [stdout]    --> src/timer.rs:421:27
[INFO] [stdout]     |
[INFO] [stdout] 421 |         write!(fmt, "{}", Error::description(self))
[INFO] [stdout]     |                           ^^^^^^^^^^^^^^^^^^
[INFO] [stdout]     |
[INFO] [stdout] note: the lint level is defined here
[INFO] [stdout]    --> src/lib.rs:88:9
[INFO] [stdout]     |
[INFO] [stdout] 88  | #![deny(warnings, missing_docs, missing_debug_implementations)]
[INFO] [stdout]     |         ^^^^^^^^
[INFO] [stdout]     = note: `#[warn(deprecated)]` implied by `#[warn(warnings)]`
[INFO] [stdout] 
[INFO] [stdout] 
[INFO] [stdout] warning: use of deprecated associated function `std::error::Error::description`: use the Display impl or to_string()
[INFO] [stdout]    --> src/timer.rs:436:27
[INFO] [stdout]     |
[INFO] [stdout] 436 |         write!(fmt, "{}", Error::description(self))
[INFO] [stdout]     |                           ^^^^^^^^^^^^^^^^^^
[INFO] [stdout] 
[INFO] [stdout] 
[INFO] [stdout] warning: use of deprecated associated function `std::error::Error::description`: use the Display impl or to_string()
[INFO] [stdout]    --> src/timer.rs:442:27
[INFO] [stdout]     |
[INFO] [stdout] 442 |         write!(fmt, "{}", Error::description(self))
[INFO] [stdout]     |                           ^^^^^^^^^^^^^^^^^^
[INFO] [stdout] 
[INFO] [stdout] 
[INFO] [stdout] warning: use of deprecated associated function `std::sync::atomic::AtomicUsize::compare_and_swap`: Use `compare_exchange` or `compare_exchange_weak` instead
[INFO] [stdout]   --> src/mpmc.rs:77:22
[INFO] [stdout]    |
[INFO] [stdout] 77 |                     .compare_and_swap(pos, pos+1, Relaxed);
[INFO] [stdout]    |                      ^^^^^^^^^^^^^^^^
[INFO] [stdout] 
[INFO] [stdout] 
[INFO] [stdout] warning: use of deprecated associated function `std::sync::atomic::AtomicUsize::compare_and_swap`: Use `compare_exchange` or `compare_exchange_weak` instead
[INFO] [stdout]    --> src/mpmc.rs:111:52
[INFO] [stdout]     |
[INFO] [stdout] 111 |                 let dequeue_pos = self.dequeue_pos.compare_and_swap(pos, pos+1, Relaxed);
[INFO] [stdout]     |                                                    ^^^^^^^^^^^^^^^^
[INFO] [stdout] 
[INFO] [stdout] 
[INFO] [stdout] warning: 5 warnings emitted
[INFO] [stdout] 
[INFO] [stdout] 
[INFO] [stdout] warning: use of deprecated associated function `std::error::Error::description`: use the Display impl or to_string()
[INFO] [stdout]    --> src/timer.rs:421:27
[INFO] [stdout]     |
[INFO] [stdout] 421 |         write!(fmt, "{}", Error::description(self))
[INFO] [stdout]     |                           ^^^^^^^^^^^^^^^^^^
[INFO] [stdout]     |
[INFO] [stdout] note: the lint level is defined here
[INFO] [stdout]    --> src/lib.rs:88:9
[INFO] [stdout]     |
[INFO] [stdout] 88  | #![deny(warnings, missing_docs, missing_debug_implementations)]
[INFO] [stdout]     |         ^^^^^^^^
[INFO] [stdout]     = note: `#[warn(deprecated)]` implied by `#[warn(warnings)]`
[INFO] [stdout] 
[INFO] [stdout] 
[INFO] [stdout] warning: use of deprecated associated function `std::error::Error::description`: use the Display impl or to_string()
[INFO] [stdout]    --> src/timer.rs:436:27
[INFO] [stdout]     |
[INFO] [stdout] 436 |         write!(fmt, "{}", Error::description(self))
[INFO] [stdout]     |                           ^^^^^^^^^^^^^^^^^^
[INFO] [stdout] 
[INFO] [stdout] 
[INFO] [stdout] warning: use of deprecated associated function `std::error::Error::description`: use the Display impl or to_string()
[INFO] [stdout]    --> src/timer.rs:442:27
[INFO] [stdout]     |
[INFO] [stdout] 442 |         write!(fmt, "{}", Error::description(self))
[INFO] [stdout]     |                           ^^^^^^^^^^^^^^^^^^
[INFO] [stdout] 
[INFO] [stdout] 
[INFO] [stdout] warning: use of deprecated associated function `std::sync::atomic::AtomicUsize::compare_and_swap`: Use `compare_exchange` or `compare_exchange_weak` instead
[INFO] [stdout]   --> src/mpmc.rs:77:22
[INFO] [stdout]    |
[INFO] [stdout] 77 |                     .compare_and_swap(pos, pos+1, Relaxed);
[INFO] [stdout]    |                      ^^^^^^^^^^^^^^^^
[INFO] [stdout] 
[INFO] [stdout] 
[INFO] [stdout] warning: use of deprecated associated function `std::sync::atomic::AtomicUsize::compare_and_swap`: Use `compare_exchange` or `compare_exchange_weak` instead
[INFO] [stdout]    --> src/mpmc.rs:111:52
[INFO] [stdout]     |
[INFO] [stdout] 111 |                 let dequeue_pos = self.dequeue_pos.compare_and_swap(pos, pos+1, Relaxed);
[INFO] [stdout]     |                                                    ^^^^^^^^^^^^^^^^
[INFO] [stdout] 
[INFO] [stdout] 
[INFO] [stdout] warning: 5 warnings emitted
[INFO] [stdout] 
[INFO] [stdout] 
[INFO] [stderr]     Finished test [unoptimized + debuginfo] target(s) in 1.48s
[INFO] running `Command { std: "docker" "inspect" "b1e0c8d6db45d8d252e0cf31c6f3381bacfc61f3d3d3faf71f80d938b7278f18", kill_on_drop: false }`
[INFO] running `Command { std: "docker" "rm" "-f" "b1e0c8d6db45d8d252e0cf31c6f3381bacfc61f3d3d3faf71f80d938b7278f18", kill_on_drop: false }`
[INFO] [stdout] b1e0c8d6db45d8d252e0cf31c6f3381bacfc61f3d3d3faf71f80d938b7278f18
[INFO] running `Command { std: "docker" "create" "-v" "/var/lib/crater-agent-workspace/builds/worker-31/target:/opt/rustwide/target:rw,Z" "-v" "/var/lib/crater-agent-workspace/builds/worker-31/source:/opt/rustwide/workdir:ro,Z" "-v" "/var/lib/crater-agent-workspace/cargo-home:/opt/rustwide/cargo-home:ro,Z" "-v" "/var/lib/crater-agent-workspace/rustup-home:/opt/rustwide/rustup-home:ro,Z" "-e" "SOURCE_DIR=/opt/rustwide/workdir" "-e" "CARGO_TARGET_DIR=/opt/rustwide/target" "-e" "CARGO_INCREMENTAL=0" "-e" "RUST_BACKTRACE=full" "-e" "RUSTFLAGS=--cap-lints=warn" "-e" "CARGO_HOME=/opt/rustwide/cargo-home" "-e" "RUSTUP_HOME=/opt/rustwide/rustup-home" "-w" "/opt/rustwide/workdir" "-m" "1610612736" "--user" "0:0" "--network" "none" "ghcr.io/rust-lang/crates-build-env/linux@sha256:34b6a614d2c27851fe6cbf88fbd1137609cefab8b10d0615aaeb6fd47975d74e" "/opt/rustwide/cargo-home/bin/cargo" "+1.54.0" "test" "--frozen", kill_on_drop: false }`
[INFO] [stdout] ab03a7e87aba3255826799b3cbf599f834ca968211e0449091f08d8d4a6a7e58
[INFO] running `Command { std: "docker" "start" "-a" "ab03a7e87aba3255826799b3cbf599f834ca968211e0449091f08d8d4a6a7e58", kill_on_drop: false }`
[INFO] [stderr]     Blocking waiting for file lock on package cache
[INFO] [stderr] warning: use of deprecated associated function `std::error::Error::description`: use the Display impl or to_string()
[INFO] [stderr]    --> src/timer.rs:421:27
[INFO] [stderr]     |
[INFO] [stderr] 421 |         write!(fmt, "{}", Error::description(self))
[INFO] [stderr]     |                           ^^^^^^^^^^^^^^^^^^
[INFO] [stderr]     |
[INFO] [stderr] note: the lint level is defined here
[INFO] [stderr]    --> src/lib.rs:88:9
[INFO] [stderr]     |
[INFO] [stderr] 88  | #![deny(warnings, missing_docs, missing_debug_implementations)]
[INFO] [stderr]     |         ^^^^^^^^
[INFO] [stderr]     = note: `#[warn(deprecated)]` implied by `#[warn(warnings)]`
[INFO] [stderr] 
[INFO] [stderr] warning: use of deprecated associated function `std::error::Error::description`: use the Display impl or to_string()
[INFO] [stderr]    --> src/timer.rs:436:27
[INFO] [stderr]     |
[INFO] [stderr] 436 |         write!(fmt, "{}", Error::description(self))
[INFO] [stderr]     |                           ^^^^^^^^^^^^^^^^^^
[INFO] [stderr] 
[INFO] [stderr] warning: use of deprecated associated function `std::error::Error::description`: use the Display impl or to_string()
[INFO] [stderr]    --> src/timer.rs:442:27
[INFO] [stderr]     |
[INFO] [stderr] 442 |         write!(fmt, "{}", Error::description(self))
[INFO] [stderr]     |                           ^^^^^^^^^^^^^^^^^^
[INFO] [stderr] 
[INFO] [stderr] warning: use of deprecated associated function `std::sync::atomic::AtomicUsize::compare_and_swap`: Use `compare_exchange` or `compare_exchange_weak` instead
[INFO] [stderr]   --> src/mpmc.rs:77:22
[INFO] [stderr]    |
[INFO] [stderr] 77 |                     .compare_and_swap(pos, pos+1, Relaxed);
[INFO] [stderr]    |                      ^^^^^^^^^^^^^^^^
[INFO] [stderr] 
[INFO] [stderr] warning: use of deprecated associated function `std::sync::atomic::AtomicUsize::compare_and_swap`: Use `compare_exchange` or `compare_exchange_weak` instead
[INFO] [stderr]    --> src/mpmc.rs:111:52
[INFO] [stderr]     |
[INFO] [stderr] 111 |                 let dequeue_pos = self.dequeue_pos.compare_and_swap(pos, pos+1, Relaxed);
[INFO] [stderr]     |                                                    ^^^^^^^^^^^^^^^^
[INFO] [stderr] 
[INFO] [stderr] warning: 5 warnings emitted
[INFO] [stderr] 
[INFO] [stderr] warning: use of deprecated associated function `std::error::Error::description`: use the Display impl or to_string()
[INFO] [stderr]    --> src/timer.rs:421:27
[INFO] [stderr]     |
[INFO] [stderr] 421 |         write!(fmt, "{}", Error::description(self))
[INFO] [stderr]     |                           ^^^^^^^^^^^^^^^^^^
[INFO] [stderr]     |
[INFO] [stderr] note: the lint level is defined here
[INFO] [stderr]    --> src/lib.rs:88:9
[INFO] [stderr]     |
[INFO] [stderr] 88  | #![deny(warnings, missing_docs, missing_debug_implementations)]
[INFO] [stderr]     |         ^^^^^^^^
[INFO] [stderr]     = note: `#[warn(deprecated)]` implied by `#[warn(warnings)]`
[INFO] [stderr] 
[INFO] [stderr] warning: use of deprecated associated function `std::error::Error::description`: use the Display impl or to_string()
[INFO] [stderr]    --> src/timer.rs:436:27
[INFO] [stderr]     |
[INFO] [stderr] 436 |         write!(fmt, "{}", Error::description(self))
[INFO] [stderr]     |                           ^^^^^^^^^^^^^^^^^^
[INFO] [stderr] 
[INFO] [stderr] warning: use of deprecated associated function `std::error::Error::description`: use the Display impl or to_string()
[INFO] [stderr]    --> src/timer.rs:442:27
[INFO] [stderr]     |
[INFO] [stderr] 442 |         write!(fmt, "{}", Error::description(self))
[INFO] [stderr]     |                           ^^^^^^^^^^^^^^^^^^
[INFO] [stderr] 
[INFO] [stderr] warning: use of deprecated associated function `std::sync::atomic::AtomicUsize::compare_and_swap`: Use `compare_exchange` or `compare_exchange_weak` instead
[INFO] [stderr]   --> src/mpmc.rs:77:22
[INFO] [stderr]    |
[INFO] [stderr] 77 |                     .compare_and_swap(pos, pos+1, Relaxed);
[INFO] [stderr]    |                      ^^^^^^^^^^^^^^^^
[INFO] [stderr] 
[INFO] [stderr] warning: use of deprecated associated function `std::sync::atomic::AtomicUsize::compare_and_swap`: Use `compare_exchange` or `compare_exchange_weak` instead
[INFO] [stderr]    --> src/mpmc.rs:111:52
[INFO] [stderr]     |
[INFO] [stderr] 111 |                 let dequeue_pos = self.dequeue_pos.compare_and_swap(pos, pos+1, Relaxed);
[INFO] [stderr]     |                                                    ^^^^^^^^^^^^^^^^
[INFO] [stderr] 
[INFO] [stderr] warning: 5 warnings emitted
[INFO] [stderr] 
[INFO] [stderr]     Finished test [unoptimized + debuginfo] target(s) in 0.17s
[INFO] [stderr]      Running unittests (/opt/rustwide/target/debug/deps/tokio_timer-edc91b2d2db794bf)
[INFO] [stdout] 
[INFO] [stdout] running 0 tests
[INFO] [stdout] 
[INFO] [stdout] test result: ok. 0 passed; 0 failed; 0 ignored; 0 measured; 0 filtered out; finished in 0.00s
[INFO] [stdout] 
[INFO] [stderr]      Running tests/support.rs (/opt/rustwide/target/debug/deps/support-92d75899fb1da33e)
[INFO] [stdout] 
[INFO] [stderr]      Running tests/test_timer.rs (/opt/rustwide/target/debug/deps/test_timer-ee8a2408647f36aa)
[INFO] [stdout] running 0 tests
[INFO] [stdout] 
[INFO] [stdout] test result: ok. 0 passed; 0 failed; 0 ignored; 0 measured; 0 filtered out; finished in 0.00s
[INFO] [stdout] 
[INFO] [stdout] 
[INFO] [stdout] running 15 tests
[INFO] [stdout] test test_interval_at_past ... ok
[INFO] [stdout] test test_immediate_sleep ... ok
[INFO] [stdout] test test_timeout_with_future_completes_first ... ok
[INFO] [stdout] test test_timeout_with_future_errors_first ... ok
[INFO] [stdout] test test_timeout_stream_with_stream_completes_first ... ok
[INFO] [stdout] test test_timeout_with_timeout_completes_first ... ok
[INFO] [stdout] test test_interval_once ... ok
[INFO] [stdout] test test_interval_at_once ... ok
[INFO] [stdout] test test_request_sleep_greater_than_max ... ok
[INFO] [stdout] test test_timeout_stream_with_timeout_completes_first ... ok
[INFO] [stdout] test test_setting_later_sleep_then_earlier_one ... ok
[INFO] [stdout] test test_interval_twice ... ok
[INFO] [stdout] test test_interval_at_twice ... ok
[INFO] [stdout] test test_delayed_sleep ... FAILED
[INFO] [stdout] test test_timer_with_looping_wheel ... ok
[INFO] [stdout] 
[INFO] [stdout] failures:
[INFO] [stdout] 
[INFO] [stdout] ---- test_delayed_sleep stdout ----
[INFO] [stdout] thread 'test_delayed_sleep' panicked at 'expect=200ms; actual=225.851519ms', tests/support.rs:22:13
[INFO] [stdout] stack backtrace:
[INFO] [stdout]    0:     0x55f90ec44cc0 - std::backtrace_rs::backtrace::libunwind::trace::h34055254b57d8e79
[INFO] [stdout]                                at /rustc/a178d0322ce20e33eac124758e837cbd80a6f633/library/std/src/../../backtrace/src/backtrace/libunwind.rs:90:5
[INFO] [stdout]    1:     0x55f90ec44cc0 - std::backtrace_rs::backtrace::trace_unsynchronized::h8f1e3fbd9afff6ec
[INFO] [stdout]                                at /rustc/a178d0322ce20e33eac124758e837cbd80a6f633/library/std/src/../../backtrace/src/backtrace/mod.rs:66:5
[INFO] [stdout]    2:     0x55f90ec44cc0 - std::sys_common::backtrace::_print_fmt::h3a99a796b770c360
[INFO] [stdout]                                at /rustc/a178d0322ce20e33eac124758e837cbd80a6f633/library/std/src/sys_common/backtrace.rs:67:5
[INFO] [stdout]    3:     0x55f90ec44cc0 - <std::sys_common::backtrace::_print::DisplayBacktrace as core::fmt::Display>::fmt::h32d1f94a80615d18
[INFO] [stdout]                                at /rustc/a178d0322ce20e33eac124758e837cbd80a6f633/library/std/src/sys_common/backtrace.rs:46:22
[INFO] [stdout]    4:     0x55f90ec6759c - core::fmt::write::h306731c068f7162c
[INFO] [stdout]                                at /rustc/a178d0322ce20e33eac124758e837cbd80a6f633/library/core/src/fmt/mod.rs:1110:17
[INFO] [stdout]    5:     0x55f90ec41a25 - std::io::Write::write_fmt::h87f19b0a2cd190bc
[INFO] [stdout]                                at /rustc/a178d0322ce20e33eac124758e837cbd80a6f633/library/std/src/io/mod.rs:1588:15
[INFO] [stdout]    6:     0x55f90ec46e7b - std::sys_common::backtrace::_print::h5abaa2601a852287
[INFO] [stdout]                                at /rustc/a178d0322ce20e33eac124758e837cbd80a6f633/library/std/src/sys_common/backtrace.rs:49:5
[INFO] [stdout]    7:     0x55f90ec46e7b - std::sys_common::backtrace::print::h8d81445442bb638f
[INFO] [stdout]                                at /rustc/a178d0322ce20e33eac124758e837cbd80a6f633/library/std/src/sys_common/backtrace.rs:36:9
[INFO] [stdout]    8:     0x55f90ec46e7b - std::panicking::default_hook::{{closure}}::hcfe804496a9fa747
[INFO] [stdout]                                at /rustc/a178d0322ce20e33eac124758e837cbd80a6f633/library/std/src/panicking.rs:208:50
[INFO] [stdout]    9:     0x55f90ec4698c - std::panicking::default_hook::hbea8e3ccf2ba8901
[INFO] [stdout]                                at /rustc/a178d0322ce20e33eac124758e837cbd80a6f633/library/std/src/panicking.rs:222:9
[INFO] [stdout]   10:     0x55f90ec47544 - std::panicking::rust_panic_with_hook::h7ee9e1a2d0f8975a
[INFO] [stdout]                                at /rustc/a178d0322ce20e33eac124758e837cbd80a6f633/library/std/src/panicking.rs:622:17
[INFO] [stdout]   11:     0x55f90ec47027 - std::panicking::begin_panic_handler::{{closure}}::h8ab3b4491718b2c7
[INFO] [stdout]                                at /rustc/a178d0322ce20e33eac124758e837cbd80a6f633/library/std/src/panicking.rs:519:13
[INFO] [stdout]   12:     0x55f90ec451bc - std::sys_common::backtrace::__rust_end_short_backtrace::hd489062ffa586a9f
[INFO] [stderr] error: test failed, to rerun pass '--test test_timer'
[INFO] [stdout]                                at /rustc/a178d0322ce20e33eac124758e837cbd80a6f633/library/std/src/sys_common/backtrace.rs:141:18
[INFO] [stdout]   13:     0x55f90ec46f89 - rust_begin_unwind
[INFO] [stdout]                                at /rustc/a178d0322ce20e33eac124758e837cbd80a6f633/library/std/src/panicking.rs:515:5
[INFO] [stdout]   14:     0x55f90eba3f2b - std::panicking::begin_panic_fmt::h5479575e112541f8
[INFO] [stdout]                                at /rustc/a178d0322ce20e33eac124758e837cbd80a6f633/library/std/src/panicking.rs:457:5
[INFO] [stdout]   15:     0x55f90ebaf23a - test_timer::support::Elapsed::assert_is_about::heecb9d37fefa1673
[INFO] [stdout]                                at /opt/rustwide/workdir/tests/support.rs:22:13
[INFO] [stdout]   16:     0x55f90ebb4a90 - test_timer::test_delayed_sleep::hbfcad6c6cdb19b8b
[INFO] [stdout]                                at /opt/rustwide/workdir/tests/test_timer.rs:34:9
[INFO] [stdout]   17:     0x55f90ebb492a - test_timer::test_delayed_sleep::{{closure}}::hc387c3ccd7193ef2
[INFO] [stdout]                                at /opt/rustwide/workdir/tests/test_timer.rs:23:1
[INFO] [stdout]   18:     0x55f90ebaaaae - core::ops::function::FnOnce::call_once::h11ac405d5136fad8
[INFO] [stdout]                                at /rustc/a178d0322ce20e33eac124758e837cbd80a6f633/library/core/src/ops/function.rs:227:5
[INFO] [stdout]   19:     0x55f90ebf61c3 - core::ops::function::FnOnce::call_once::h152e7e439ff59e19
[INFO] [stdout]                                at /rustc/a178d0322ce20e33eac124758e837cbd80a6f633/library/core/src/ops/function.rs:227:5
[INFO] [stdout]   20:     0x55f90ebf61c3 - test::__rust_begin_short_backtrace::h0908f3b1fdbb72ab
[INFO] [stdout]                                at /rustc/a178d0322ce20e33eac124758e837cbd80a6f633/library/test/src/lib.rs:577:5
[INFO] [stdout]   21:     0x55f90ebf4c80 - <alloc::boxed::Box<F,A> as core::ops::function::FnOnce<Args>>::call_once::hf6d2a51e5587546c
[INFO] [stdout]                                at /rustc/a178d0322ce20e33eac124758e837cbd80a6f633/library/alloc/src/boxed.rs:1575:9
[INFO] [stdout]   22:     0x55f90ebf4c80 - <std::panic::AssertUnwindSafe<F> as core::ops::function::FnOnce<()>>::call_once::h8af660f3a89ef593
[INFO] [stdout]                                at /rustc/a178d0322ce20e33eac124758e837cbd80a6f633/library/std/src/panic.rs:347:9
[INFO] [stdout]   23:     0x55f90ebf4c80 - std::panicking::try::do_call::hd36aef60f84b6d36
[INFO] [stdout]                                at /rustc/a178d0322ce20e33eac124758e837cbd80a6f633/library/std/src/panicking.rs:401:40
[INFO] [stdout]   24:     0x55f90ebf4c80 - std::panicking::try::h9932b4480e69817c
[INFO] [stdout]                                at /rustc/a178d0322ce20e33eac124758e837cbd80a6f633/library/std/src/panicking.rs:365:19
[INFO] [stdout]   25:     0x55f90ebf4c80 - std::panic::catch_unwind::h6aa177099cfff5f8
[INFO] [stdout]                                at /rustc/a178d0322ce20e33eac124758e837cbd80a6f633/library/std/src/panic.rs:434:14
[INFO] [stdout]   26:     0x55f90ebf4c80 - test::run_test_in_process::h5884d6f2d99e20c3
[INFO] [stdout]                                at /rustc/a178d0322ce20e33eac124758e837cbd80a6f633/library/test/src/lib.rs:600:18
[INFO] [stdout]   27:     0x55f90ebf4c80 - test::run_test::run_test_inner::{{closure}}::h6fdc58c6d5f5b6e3
[INFO] [stdout]                                at /rustc/a178d0322ce20e33eac124758e837cbd80a6f633/library/test/src/lib.rs:492:39
[INFO] [stdout]   28:     0x55f90ebce332 - test::run_test::run_test_inner::{{closure}}::h408365d67a78ade8
[INFO] [stdout]                                at /rustc/a178d0322ce20e33eac124758e837cbd80a6f633/library/test/src/lib.rs:519:37
[INFO] [stdout]   29:     0x55f90ebce332 - std::sys_common::backtrace::__rust_begin_short_backtrace::hb560b77c4f701523
[INFO] [stdout]                                at /rustc/a178d0322ce20e33eac124758e837cbd80a6f633/library/std/src/sys_common/backtrace.rs:125:18
[INFO] [stdout]   30:     0x55f90ebd1ee8 - std::thread::Builder::spawn_unchecked::{{closure}}::{{closure}}::hf2e7831dad93c597
[INFO] [stdout]                                at /rustc/a178d0322ce20e33eac124758e837cbd80a6f633/library/std/src/thread/mod.rs:481:17
[INFO] [stdout]   31:     0x55f90ebd1ee8 - <std::panic::AssertUnwindSafe<F> as core::ops::function::FnOnce<()>>::call_once::hd2e08783d8be4d02
[INFO] [stdout]                                at /rustc/a178d0322ce20e33eac124758e837cbd80a6f633/library/std/src/panic.rs:347:9
[INFO] [stdout]   32:     0x55f90ebd1ee8 - std::panicking::try::do_call::h062597b7acfd6b82
[INFO] [stdout]                                at /rustc/a178d0322ce20e33eac124758e837cbd80a6f633/library/std/src/panicking.rs:401:40
[INFO] [stdout]   33:     0x55f90ebd1ee8 - std::panicking::try::h0d7b79db04c14552
[INFO] [stdout]                                at /rustc/a178d0322ce20e33eac124758e837cbd80a6f633/library/std/src/panicking.rs:365:19
[INFO] [stdout]   34:     0x55f90ebd1ee8 - std::panic::catch_unwind::hb01a0b5e7c8cd43b
[INFO] [stdout]                                at /rustc/a178d0322ce20e33eac124758e837cbd80a6f633/library/std/src/panic.rs:434:14
[INFO] [stdout]   35:     0x55f90ebd1ee8 - std::thread::Builder::spawn_unchecked::{{closure}}::h5bde48cc887e0d1e
[INFO] [stdout]                                at /rustc/a178d0322ce20e33eac124758e837cbd80a6f633/library/std/src/thread/mod.rs:480:30
[INFO] [stdout]   36:     0x55f90ebd1ee8 - core::ops::function::FnOnce::call_once{{vtable.shim}}::h745ea30807a29e55
[INFO] [stdout]                                at /rustc/a178d0322ce20e33eac124758e837cbd80a6f633/library/core/src/ops/function.rs:227:5
[INFO] [stdout]   37:     0x55f90ec4c027 - <alloc::boxed::Box<F,A> as core::ops::function::FnOnce<Args>>::call_once::h7ece6cfefaff1005
[INFO] [stdout]                                at /rustc/a178d0322ce20e33eac124758e837cbd80a6f633/library/alloc/src/boxed.rs:1575:9
[INFO] [stdout]   38:     0x55f90ec4c027 - <alloc::boxed::Box<F,A> as core::ops::function::FnOnce<Args>>::call_once::hb8b48e55c21f193e
[INFO] [stdout]                                at /rustc/a178d0322ce20e33eac124758e837cbd80a6f633/library/alloc/src/boxed.rs:1575:9
[INFO] [stdout]   39:     0x55f90ec4c027 - std::sys::unix::thread::Thread::new::thread_start::h8c7c4450dba62914
[INFO] [stdout]                                at /rustc/a178d0322ce20e33eac124758e837cbd80a6f633/library/std/src/sys/unix/thread.rs:71:17
[INFO] [stdout]   40:     0x7fcde9414609 - start_thread
[INFO] [stdout]   41:     0x7fcde91e6293 - clone
[INFO] [stdout]   42:                0x0 - <unknown>
[INFO] [stdout] 
[INFO] [stdout] 
[INFO] [stdout] failures:
[INFO] [stdout]     test_delayed_sleep
[INFO] [stdout] 
[INFO] [stdout] test result: FAILED. 14 passed; 1 failed; 0 ignored; 0 measured; 0 filtered out; finished in 1.02s
[INFO] [stdout] 
[INFO] running `Command { std: "docker" "inspect" "ab03a7e87aba3255826799b3cbf599f834ca968211e0449091f08d8d4a6a7e58", kill_on_drop: false }`
[INFO] running `Command { std: "docker" "rm" "-f" "ab03a7e87aba3255826799b3cbf599f834ca968211e0449091f08d8d4a6a7e58", kill_on_drop: false }`
[INFO] [stdout] ab03a7e87aba3255826799b3cbf599f834ca968211e0449091f08d8d4a6a7e58
