[INFO] fetching crate suppositions 0.1.4...
[INFO] testing suppositions-0.1.4 against 1.54.0 for beta-1.55-1
[INFO] extracting crate suppositions 0.1.4 into /workspace/builds/worker-6/source
[INFO] validating manifest of crates.io crate suppositions 0.1.4 on toolchain 1.54.0
[INFO] running `Command { std: "/workspace/cargo-home/bin/cargo" "+1.54.0" "metadata" "--manifest-path" "Cargo.toml" "--no-deps", kill_on_drop: false }`
[INFO] started tweaking crates.io crate suppositions 0.1.4
[INFO] finished tweaking crates.io crate suppositions 0.1.4
[INFO] tweaked toml for crates.io crate suppositions 0.1.4 written to /workspace/builds/worker-6/source/Cargo.toml
[INFO] running `Command { std: "/workspace/cargo-home/bin/cargo" "+1.54.0" "generate-lockfile" "--manifest-path" "Cargo.toml" "-Zno-index-update", kill_on_drop: false }`
[INFO] running `Command { std: "/workspace/cargo-home/bin/cargo" "+1.54.0" "fetch" "--manifest-path" "Cargo.toml", kill_on_drop: false }`
[INFO] running `Command { std: "docker" "create" "-v" "/var/lib/crater-agent-workspace/builds/worker-6/target:/opt/rustwide/target:rw,Z" "-v" "/var/lib/crater-agent-workspace/builds/worker-6/source:/opt/rustwide/workdir:ro,Z" "-v" "/var/lib/crater-agent-workspace/cargo-home:/opt/rustwide/cargo-home:ro,Z" "-v" "/var/lib/crater-agent-workspace/rustup-home:/opt/rustwide/rustup-home:ro,Z" "-e" "SOURCE_DIR=/opt/rustwide/workdir" "-e" "CARGO_TARGET_DIR=/opt/rustwide/target" "-e" "CARGO_HOME=/opt/rustwide/cargo-home" "-e" "RUSTUP_HOME=/opt/rustwide/rustup-home" "-w" "/opt/rustwide/workdir" "-m" "1610612736" "--user" "0:0" "--network" "none" "ghcr.io/rust-lang/crates-build-env/linux@sha256:34b6a614d2c27851fe6cbf88fbd1137609cefab8b10d0615aaeb6fd47975d74e" "/opt/rustwide/cargo-home/bin/cargo" "+1.54.0" "metadata" "--no-deps" "--format-version=1", kill_on_drop: false }`
[INFO] [stdout] a3e03f9eaf17a558b26977823f7d868d4862fbd5a220affe8dc1e62e7b575aa0
[INFO] [stderr] WARNING: Your kernel does not support swap limit capabilities or the cgroup is not mounted. Memory limited without swap.
[INFO] running `Command { std: "docker" "start" "-a" "a3e03f9eaf17a558b26977823f7d868d4862fbd5a220affe8dc1e62e7b575aa0", kill_on_drop: false }`
[INFO] running `Command { std: "docker" "inspect" "a3e03f9eaf17a558b26977823f7d868d4862fbd5a220affe8dc1e62e7b575aa0", kill_on_drop: false }`
[INFO] running `Command { std: "docker" "rm" "-f" "a3e03f9eaf17a558b26977823f7d868d4862fbd5a220affe8dc1e62e7b575aa0", kill_on_drop: false }`
[INFO] [stdout] a3e03f9eaf17a558b26977823f7d868d4862fbd5a220affe8dc1e62e7b575aa0
[INFO] running `Command { std: "docker" "create" "-v" "/var/lib/crater-agent-workspace/builds/worker-6/target:/opt/rustwide/target:rw,Z" "-v" "/var/lib/crater-agent-workspace/builds/worker-6/source:/opt/rustwide/workdir:ro,Z" "-v" "/var/lib/crater-agent-workspace/cargo-home:/opt/rustwide/cargo-home:ro,Z" "-v" "/var/lib/crater-agent-workspace/rustup-home:/opt/rustwide/rustup-home:ro,Z" "-e" "SOURCE_DIR=/opt/rustwide/workdir" "-e" "CARGO_TARGET_DIR=/opt/rustwide/target" "-e" "CARGO_INCREMENTAL=0" "-e" "RUST_BACKTRACE=full" "-e" "RUSTFLAGS=--cap-lints=warn" "-e" "CARGO_HOME=/opt/rustwide/cargo-home" "-e" "RUSTUP_HOME=/opt/rustwide/rustup-home" "-w" "/opt/rustwide/workdir" "-m" "1610612736" "--user" "0:0" "--network" "none" "ghcr.io/rust-lang/crates-build-env/linux@sha256:34b6a614d2c27851fe6cbf88fbd1137609cefab8b10d0615aaeb6fd47975d74e" "/opt/rustwide/cargo-home/bin/cargo" "+1.54.0" "build" "--frozen" "--message-format=json", kill_on_drop: false }`
[INFO] [stdout] 16044434d8d37e3b640f7e645df738ac8a74e091f2d995a62773d4434df66ea0
[INFO] [stderr] WARNING: Your kernel does not support swap limit capabilities or the cgroup is not mounted. Memory limited without swap.
[INFO] running `Command { std: "docker" "start" "-a" "16044434d8d37e3b640f7e645df738ac8a74e091f2d995a62773d4434df66ea0", kill_on_drop: false }`
[INFO] [stderr]    Compiling hex-slice v0.1.4
[INFO] [stderr]    Compiling suppositions v0.1.4 (/opt/rustwide/workdir)
[INFO] [stdout] warning: trait objects without an explicit `dyn` are deprecated
[INFO] [stdout]    --> src/generators.rs:157:38
[INFO] [stdout]     |
[INFO] [stdout] 157 |     fn generate_obj(&self, src: &mut Iterator<Item = u8>) -> Maybe<Self::Item>;
[INFO] [stdout]     |                                      ^^^^^^^^^^^^^^^^^^^ help: use `dyn`: `dyn Iterator<Item = u8>`
[INFO] [stdout]     |
[INFO] [stdout]     = note: `#[warn(bare_trait_objects)]` on by default
[INFO] [stdout]     = warning: this was previously accepted by the compiler but is being phased out; it will become a hard error in the 2021 edition!
[INFO] [stdout]     = note: for more information, see issue #80165 <https://github.com/rust-lang/rust/issues/80165>
[INFO] [stdout] 
[INFO] [stdout] 
[INFO] [stdout] warning: trait objects without an explicit `dyn` are deprecated
[INFO] [stdout]    --> src/generators.rs:167:27
[INFO] [stdout]     |
[INFO] [stdout] 167 |     fn boxed(self) -> Box<GeneratorObject<Item = Self::Item>>;
[INFO] [stdout]     |                           ^^^^^^^^^^^^^^^^^^^^^^^^^^^^^^^^^^ help: use `dyn`: `dyn GeneratorObject<Item = Self::Item>`
[INFO] [stdout]     |
[INFO] [stdout]     = warning: this was previously accepted by the compiler but is being phased out; it will become a hard error in the 2021 edition!
[INFO] [stdout]     = note: for more information, see issue #80165 <https://github.com/rust-lang/rust/issues/80165>
[INFO] [stdout] 
[INFO] [stdout] 
[INFO] [stdout] warning: trait objects without an explicit `dyn` are deprecated
[INFO] [stdout]    --> src/generators.rs:175:27
[INFO] [stdout]     |
[INFO] [stdout] 175 |     fn boxed(self) -> Box<GeneratorObject<Item = Self::Item>> {
[INFO] [stdout]     |                           ^^^^^^^^^^^^^^^^^^^^^^^^^^^^^^^^^^ help: use `dyn`: `dyn GeneratorObject<Item = Self::Item>`
[INFO] [stdout]     |
[INFO] [stdout]     = warning: this was previously accepted by the compiler but is being phased out; it will become a hard error in the 2021 edition!
[INFO] [stdout]     = note: for more information, see issue #80165 <https://github.com/rust-lang/rust/issues/80165>
[INFO] [stdout] 
[INFO] [stdout] 
[INFO] [stdout] warning: trait objects without an explicit `dyn` are deprecated
[INFO] [stdout]    --> src/generators.rs:182:42
[INFO] [stdout]     |
[INFO] [stdout] 182 |     fn generate_obj(&self, mut src: &mut Iterator<Item = u8>) -> Maybe<Self::Item> {
[INFO] [stdout]     |                                          ^^^^^^^^^^^^^^^^^^^ help: use `dyn`: `dyn Iterator<Item = u8>`
[INFO] [stdout]     |
[INFO] [stdout]     = warning: this was previously accepted by the compiler but is being phased out; it will become a hard error in the 2021 edition!
[INFO] [stdout]     = note: for more information, see issue #80165 <https://github.com/rust-lang/rust/issues/80165>
[INFO] [stdout] 
[INFO] [stdout] 
[INFO] [stdout] warning: trait objects without an explicit `dyn` are deprecated
[INFO] [stdout]    --> src/generators.rs:187:27
[INFO] [stdout]     |
[INFO] [stdout] 187 | impl<T> Generator for Box<GeneratorObject<Item = T>> {
[INFO] [stdout]     |                           ^^^^^^^^^^^^^^^^^^^^^^^^^ help: use `dyn`: `dyn GeneratorObject<Item = T>`
[INFO] [stdout]     |
[INFO] [stdout]     = warning: this was previously accepted by the compiler but is being phased out; it will become a hard error in the 2021 edition!
[INFO] [stdout]     = note: for more information, see issue #80165 <https://github.com/rust-lang/rust/issues/80165>
[INFO] [stdout] 
[INFO] [stdout] 
[INFO] [stdout] warning: trait objects without an explicit `dyn` are deprecated
[INFO] [stdout]    --> src/generators.rs:190:43
[INFO] [stdout]     |
[INFO] [stdout] 190 |         (**self).generate_obj(src as &mut Iterator<Item = u8>)
[INFO] [stdout]     |                                           ^^^^^^^^^^^^^^^^^^^ help: use `dyn`: `dyn Iterator<Item = u8>`
[INFO] [stdout]     |
[INFO] [stdout]     = warning: this was previously accepted by the compiler but is being phased out; it will become a hard error in the 2021 edition!
[INFO] [stdout]     = note: for more information, see issue #80165 <https://github.com/rust-lang/rust/issues/80165>
[INFO] [stdout] 
[INFO] [stdout] 
[INFO] [stdout] warning: 6 warnings emitted
[INFO] [stdout] 
[INFO] [stdout] 
[INFO] [stderr]     Finished dev [unoptimized + debuginfo] target(s) in 1.86s
[INFO] running `Command { std: "docker" "inspect" "16044434d8d37e3b640f7e645df738ac8a74e091f2d995a62773d4434df66ea0", kill_on_drop: false }`
[INFO] running `Command { std: "docker" "rm" "-f" "16044434d8d37e3b640f7e645df738ac8a74e091f2d995a62773d4434df66ea0", kill_on_drop: false }`
[INFO] [stdout] 16044434d8d37e3b640f7e645df738ac8a74e091f2d995a62773d4434df66ea0
[INFO] running `Command { std: "docker" "create" "-v" "/var/lib/crater-agent-workspace/builds/worker-6/target:/opt/rustwide/target:rw,Z" "-v" "/var/lib/crater-agent-workspace/builds/worker-6/source:/opt/rustwide/workdir:ro,Z" "-v" "/var/lib/crater-agent-workspace/cargo-home:/opt/rustwide/cargo-home:ro,Z" "-v" "/var/lib/crater-agent-workspace/rustup-home:/opt/rustwide/rustup-home:ro,Z" "-e" "SOURCE_DIR=/opt/rustwide/workdir" "-e" "CARGO_TARGET_DIR=/opt/rustwide/target" "-e" "CARGO_INCREMENTAL=0" "-e" "RUST_BACKTRACE=full" "-e" "RUSTFLAGS=--cap-lints=warn" "-e" "CARGO_HOME=/opt/rustwide/cargo-home" "-e" "RUSTUP_HOME=/opt/rustwide/rustup-home" "-w" "/opt/rustwide/workdir" "-m" "1610612736" "--user" "0:0" "--network" "none" "ghcr.io/rust-lang/crates-build-env/linux@sha256:34b6a614d2c27851fe6cbf88fbd1137609cefab8b10d0615aaeb6fd47975d74e" "/opt/rustwide/cargo-home/bin/cargo" "+1.54.0" "test" "--frozen" "--no-run" "--message-format=json", kill_on_drop: false }`
[INFO] [stdout] 7f2c125e75ca0378c71ad8f639bad9211957190b4ae8177abe48b447f0704122
[INFO] [stderr] WARNING: Your kernel does not support swap limit capabilities or the cgroup is not mounted. Memory limited without swap.
[INFO] running `Command { std: "docker" "start" "-a" "7f2c125e75ca0378c71ad8f639bad9211957190b4ae8177abe48b447f0704122", kill_on_drop: false }`
[INFO] [stderr]    Compiling suppositions v0.1.4 (/opt/rustwide/workdir)
[INFO] [stdout] warning: trait objects without an explicit `dyn` are deprecated
[INFO] [stdout]    --> src/generators.rs:157:38
[INFO] [stdout]     |
[INFO] [stdout] 157 |     fn generate_obj(&self, src: &mut Iterator<Item = u8>) -> Maybe<Self::Item>;
[INFO] [stdout]     |                                      ^^^^^^^^^^^^^^^^^^^ help: use `dyn`: `dyn Iterator<Item = u8>`
[INFO] [stdout]     |
[INFO] [stdout]     = note: `#[warn(bare_trait_objects)]` on by default
[INFO] [stdout]     = warning: this was previously accepted by the compiler but is being phased out; it will become a hard error in the 2021 edition!
[INFO] [stdout]     = note: for more information, see issue #80165 <https://github.com/rust-lang/rust/issues/80165>
[INFO] [stdout] 
[INFO] [stdout] 
[INFO] [stdout] warning: trait objects without an explicit `dyn` are deprecated
[INFO] [stdout]    --> src/generators.rs:167:27
[INFO] [stdout]     |
[INFO] [stdout] 167 |     fn boxed(self) -> Box<GeneratorObject<Item = Self::Item>>;
[INFO] [stdout]     |                           ^^^^^^^^^^^^^^^^^^^^^^^^^^^^^^^^^^ help: use `dyn`: `dyn GeneratorObject<Item = Self::Item>`
[INFO] [stdout]     |
[INFO] [stdout]     = warning: this was previously accepted by the compiler but is being phased out; it will become a hard error in the 2021 edition!
[INFO] [stdout]     = note: for more information, see issue #80165 <https://github.com/rust-lang/rust/issues/80165>
[INFO] [stdout] 
[INFO] [stdout] 
[INFO] [stdout] warning: trait objects without an explicit `dyn` are deprecated
[INFO] [stdout]    --> src/generators.rs:175:27
[INFO] [stdout]     |
[INFO] [stdout] 175 |     fn boxed(self) -> Box<GeneratorObject<Item = Self::Item>> {
[INFO] [stdout]     |                           ^^^^^^^^^^^^^^^^^^^^^^^^^^^^^^^^^^ help: use `dyn`: `dyn GeneratorObject<Item = Self::Item>`
[INFO] [stdout]     |
[INFO] [stdout]     = warning: this was previously accepted by the compiler but is being phased out; it will become a hard error in the 2021 edition!
[INFO] [stdout]     = note: for more information, see issue #80165 <https://github.com/rust-lang/rust/issues/80165>
[INFO] [stdout] 
[INFO] [stdout] 
[INFO] [stdout] warning: trait objects without an explicit `dyn` are deprecated
[INFO] [stdout]    --> src/generators.rs:182:42
[INFO] [stdout]     |
[INFO] [stdout] 182 |     fn generate_obj(&self, mut src: &mut Iterator<Item = u8>) -> Maybe<Self::Item> {
[INFO] [stdout]     |                                          ^^^^^^^^^^^^^^^^^^^ help: use `dyn`: `dyn Iterator<Item = u8>`
[INFO] [stdout]     |
[INFO] [stdout]     = warning: this was previously accepted by the compiler but is being phased out; it will become a hard error in the 2021 edition!
[INFO] [stdout]     = note: for more information, see issue #80165 <https://github.com/rust-lang/rust/issues/80165>
[INFO] [stdout] 
[INFO] [stdout] 
[INFO] [stdout] warning: trait objects without an explicit `dyn` are deprecated
[INFO] [stdout]    --> src/generators.rs:187:27
[INFO] [stdout]     |
[INFO] [stdout] 187 | impl<T> Generator for Box<GeneratorObject<Item = T>> {
[INFO] [stdout]     |                           ^^^^^^^^^^^^^^^^^^^^^^^^^ help: use `dyn`: `dyn GeneratorObject<Item = T>`
[INFO] [stdout]     |
[INFO] [stdout]     = warning: this was previously accepted by the compiler but is being phased out; it will become a hard error in the 2021 edition!
[INFO] [stdout]     = note: for more information, see issue #80165 <https://github.com/rust-lang/rust/issues/80165>
[INFO] [stdout] 
[INFO] [stdout] 
[INFO] [stdout] warning: trait objects without an explicit `dyn` are deprecated
[INFO] [stdout]    --> src/generators.rs:190:43
[INFO] [stdout]     |
[INFO] [stdout] 190 |         (**self).generate_obj(src as &mut Iterator<Item = u8>)
[INFO] [stdout]     |                                           ^^^^^^^^^^^^^^^^^^^ help: use `dyn`: `dyn Iterator<Item = u8>`
[INFO] [stdout]     |
[INFO] [stdout]     = warning: this was previously accepted by the compiler but is being phased out; it will become a hard error in the 2021 edition!
[INFO] [stdout]     = note: for more information, see issue #80165 <https://github.com/rust-lang/rust/issues/80165>
[INFO] [stdout] 
[INFO] [stdout] 
[INFO] [stdout] warning: 6 warnings emitted
[INFO] [stdout] 
[INFO] [stdout] 
[INFO] [stdout] warning: trait objects without an explicit `dyn` are deprecated
[INFO] [stdout]   --> examples/die-hard.rs:70:17
[INFO] [stdout]    |
[INFO] [stdout] 70 | fn ops() -> Box<GeneratorObject<Item = Op>> {
[INFO] [stdout]    |                 ^^^^^^^^^^^^^^^^^^^^^^^^^^ help: use `dyn`: `dyn GeneratorObject<Item = Op>`
[INFO] [stdout]    |
[INFO] [stdout]    = note: `#[warn(bare_trait_objects)]` on by default
[INFO] [stdout]    = warning: this was previously accepted by the compiler but is being phased out; it will become a hard error in the 2021 edition!
[INFO] [stdout]    = note: for more information, see issue #80165 <https://github.com/rust-lang/rust/issues/80165>
[INFO] [stdout] 
[INFO] [stdout] 
[INFO] [stdout] warning: trait objects without an explicit `dyn` are deprecated
[INFO] [stdout]   --> tests/recursive.rs:36:22
[INFO] [stdout]    |
[INFO] [stdout] 36 | fn expr_gen() -> Box<GeneratorObject<Item=Expr>> {
[INFO] [stdout]    |                      ^^^^^^^^^^^^^^^^^^^^^^^^^^ help: use `dyn`: `dyn GeneratorObject<Item=Expr>`
[INFO] [stdout]    |
[INFO] [stdout]    = note: `#[warn(bare_trait_objects)]` on by default
[INFO] [stdout]    = warning: this was previously accepted by the compiler but is being phased out; it will become a hard error in the 2021 edition!
[INFO] [stdout]    = note: for more information, see issue #80165 <https://github.com/rust-lang/rust/issues/80165>
[INFO] [stdout] 
[INFO] [stdout] 
[INFO] [stdout] warning: unnecessary parentheses around function argument
[INFO] [stdout]   --> tests/smoketest.rs:57:14
[INFO] [stdout]    |
[INFO] [stdout] 57 |     property((booleans())).check(|_| false)
[INFO] [stdout]    |              ^^^^^^^^^^^^ help: remove these parentheses
[INFO] [stdout]    |
[INFO] [stdout]    = note: `#[warn(unused_parens)]` on by default
[INFO] [stdout] 
[INFO] [stdout] 
[INFO] [stdout] warning: unnecessary parentheses around function argument
[INFO] [stdout]   --> tests/smoketest.rs:62:14
[INFO] [stdout]    |
[INFO] [stdout] 62 |     property((booleans())).check(|_| true)
[INFO] [stdout]    |              ^^^^^^^^^^^^ help: remove these parentheses
[INFO] [stdout] 
[INFO] [stdout] 
[INFO] [stdout] warning: unnecessary parentheses around function argument
[INFO] [stdout]   --> tests/smoketest.rs:77:14
[INFO] [stdout]    |
[INFO] [stdout] 77 |     property((booleans())).check(|_| -> Result<(), ()> { Err(()) })
[INFO] [stdout]    |              ^^^^^^^^^^^^ help: remove these parentheses
[INFO] [stdout] 
[INFO] [stdout] 
[INFO] [stdout] warning: unnecessary parentheses around function argument
[INFO] [stdout]   --> tests/smoketest.rs:83:14
[INFO] [stdout]    |
[INFO] [stdout] 83 |     property((booleans())).check(|_| -> Result<(), &'static str> { Err("horrible failure") })
[INFO] [stdout]    |              ^^^^^^^^^^^^ help: remove these parentheses
[INFO] [stdout] 
[INFO] [stdout] 
[INFO] [stdout] warning: unnecessary parentheses around function argument
[INFO] [stdout]   --> tests/smoketest.rs:89:14
[INFO] [stdout]    |
[INFO] [stdout] 89 |     property((booleans())).check(|_| -> Result<(), ()> { Ok(()) })
[INFO] [stdout]    |              ^^^^^^^^^^^^ help: remove these parentheses
[INFO] [stdout] 
[INFO] [stdout] 
[INFO] [stdout] warning: unnecessary parentheses around function argument
[INFO] [stdout]   --> tests/smoketest.rs:95:14
[INFO] [stdout]    |
[INFO] [stdout] 95 |     property((booleans())).check(|_| -> () { panic!("Big bad boom") })
[INFO] [stdout]    |              ^^^^^^^^^^^^ help: remove these parentheses
[INFO] [stdout] 
[INFO] [stdout] 
[INFO] [stdout] warning: unnecessary parentheses around function argument
[INFO] [stdout]    --> tests/smoketest.rs:101:14
[INFO] [stdout]     |
[INFO] [stdout] 101 |     property((booleans())).check(|_| -> () { panic!("Big bad boom") })
[INFO] [stdout]     |              ^^^^^^^^^^^^ help: remove these parentheses
[INFO] [stdout] 
[INFO] [stdout] 
[INFO] [stdout] warning: trait objects without an explicit `dyn` are deprecated
[INFO] [stdout]    --> src/data.rs:321:17
[INFO] [stdout]     |
[INFO] [stdout] 321 |         let _: &Iterator<Item = u8> = &p.replay();
[INFO] [stdout]     |                 ^^^^^^^^^^^^^^^^^^^ help: use `dyn`: `dyn Iterator<Item = u8>`
[INFO] [stdout]     |
[INFO] [stdout]     = note: `#[warn(bare_trait_objects)]` on by default
[INFO] [stdout]     = warning: this was previously accepted by the compiler but is being phased out; it will become a hard error in the 2021 edition!
[INFO] [stdout]     = note: for more information, see issue #80165 <https://github.com/rust-lang/rust/issues/80165>
[INFO] [stdout] 
[INFO] [stdout] 
[INFO] [stdout] warning: trait objects without an explicit `dyn` are deprecated
[INFO] [stdout]    --> src/data.rs:330:17
[INFO] [stdout]     |
[INFO] [stdout] 330 |         let _: &Iterator<Item = u8> = &p.replay();
[INFO] [stdout]     |                 ^^^^^^^^^^^^^^^^^^^ help: use `dyn`: `dyn Iterator<Item = u8>`
[INFO] [stdout]     |
[INFO] [stdout]     = warning: this was previously accepted by the compiler but is being phased out; it will become a hard error in the 2021 edition!
[INFO] [stdout]     = note: for more information, see issue #80165 <https://github.com/rust-lang/rust/issues/80165>
[INFO] [stdout] 
[INFO] [stdout] 
[INFO] [stdout] warning: trait objects without an explicit `dyn` are deprecated
[INFO] [stdout]    --> src/generators.rs:157:38
[INFO] [stdout]     |
[INFO] [stdout] 157 |     fn generate_obj(&self, src: &mut Iterator<Item = u8>) -> Maybe<Self::Item>;
[INFO] [stdout]     |                                      ^^^^^^^^^^^^^^^^^^^ help: use `dyn`: `dyn Iterator<Item = u8>`
[INFO] [stdout]     |
[INFO] [stdout]     = warning: this was previously accepted by the compiler but is being phased out; it will become a hard error in the 2021 edition!
[INFO] [stdout]     = note: for more information, see issue #80165 <https://github.com/rust-lang/rust/issues/80165>
[INFO] [stdout] 
[INFO] [stdout] 
[INFO] [stdout] warning: trait objects without an explicit `dyn` are deprecated
[INFO] [stdout]    --> src/generators.rs:167:27
[INFO] [stdout]     |
[INFO] [stdout] 167 |     fn boxed(self) -> Box<GeneratorObject<Item = Self::Item>>;
[INFO] [stdout]     |                           ^^^^^^^^^^^^^^^^^^^^^^^^^^^^^^^^^^ help: use `dyn`: `dyn GeneratorObject<Item = Self::Item>`
[INFO] [stdout]     |
[INFO] [stdout]     = warning: this was previously accepted by the compiler but is being phased out; it will become a hard error in the 2021 edition!
[INFO] [stdout]     = note: for more information, see issue #80165 <https://github.com/rust-lang/rust/issues/80165>
[INFO] [stdout] 
[INFO] [stdout] 
[INFO] [stdout] warning: trait objects without an explicit `dyn` are deprecated
[INFO] [stdout]    --> src/generators.rs:175:27
[INFO] [stdout]     |
[INFO] [stdout] 175 |     fn boxed(self) -> Box<GeneratorObject<Item = Self::Item>> {
[INFO] [stdout]     |                           ^^^^^^^^^^^^^^^^^^^^^^^^^^^^^^^^^^ help: use `dyn`: `dyn GeneratorObject<Item = Self::Item>`
[INFO] [stdout]     |
[INFO] [stdout]     = warning: this was previously accepted by the compiler but is being phased out; it will become a hard error in the 2021 edition!
[INFO] [stdout]     = note: for more information, see issue #80165 <https://github.com/rust-lang/rust/issues/80165>
[INFO] [stdout] 
[INFO] [stdout] 
[INFO] [stdout] warning: trait objects without an explicit `dyn` are deprecated
[INFO] [stdout]    --> src/generators.rs:182:42
[INFO] [stdout]     |
[INFO] [stdout] 182 |     fn generate_obj(&self, mut src: &mut Iterator<Item = u8>) -> Maybe<Self::Item> {
[INFO] [stdout]     |                                          ^^^^^^^^^^^^^^^^^^^ help: use `dyn`: `dyn Iterator<Item = u8>`
[INFO] [stdout]     |
[INFO] [stdout]     = warning: this was previously accepted by the compiler but is being phased out; it will become a hard error in the 2021 edition!
[INFO] [stdout]     = note: for more information, see issue #80165 <https://github.com/rust-lang/rust/issues/80165>
[INFO] [stdout] 
[INFO] [stdout] 
[INFO] [stdout] warning: trait objects without an explicit `dyn` are deprecated
[INFO] [stdout]    --> src/generators.rs:187:27
[INFO] [stdout]     |
[INFO] [stdout] 187 | impl<T> Generator for Box<GeneratorObject<Item = T>> {
[INFO] [stdout]     |                           ^^^^^^^^^^^^^^^^^^^^^^^^^ help: use `dyn`: `dyn GeneratorObject<Item = T>`
[INFO] [stdout]     |
[INFO] [stdout]     = warning: this was previously accepted by the compiler but is being phased out; it will become a hard error in the 2021 edition!
[INFO] [stdout]     = note: for more information, see issue #80165 <https://github.com/rust-lang/rust/issues/80165>
[INFO] [stdout] 
[INFO] [stdout] 
[INFO] [stdout] warning: trait objects without an explicit `dyn` are deprecated
[INFO] [stdout]    --> src/generators.rs:190:43
[INFO] [stdout]     |
[INFO] [stdout] 190 |         (**self).generate_obj(src as &mut Iterator<Item = u8>)
[INFO] [stdout]     |                                           ^^^^^^^^^^^^^^^^^^^ help: use `dyn`: `dyn Iterator<Item = u8>`
[INFO] [stdout]     |
[INFO] [stdout]     = warning: this was previously accepted by the compiler but is being phased out; it will become a hard error in the 2021 edition!
[INFO] [stdout]     = note: for more information, see issue #80165 <https://github.com/rust-lang/rust/issues/80165>
[INFO] [stdout] 
[INFO] [stdout] 
[INFO] [stdout] warning: 1 warning emitted
[INFO] [stdout] 
[INFO] [stdout] 
[INFO] [stdout] warning: 1 warning emitted
[INFO] [stdout] 
[INFO] [stdout] 
[INFO] [stdout] warning: 7 warnings emitted
[INFO] [stdout] 
[INFO] [stdout] 
[INFO] [stdout] warning: 8 warnings emitted
[INFO] [stdout] 
[INFO] [stdout] 
[INFO] [stderr]     Finished test [unoptimized + debuginfo] target(s) in 3.16s
[INFO] running `Command { std: "docker" "inspect" "7f2c125e75ca0378c71ad8f639bad9211957190b4ae8177abe48b447f0704122", kill_on_drop: false }`
[INFO] running `Command { std: "docker" "rm" "-f" "7f2c125e75ca0378c71ad8f639bad9211957190b4ae8177abe48b447f0704122", kill_on_drop: false }`
[INFO] [stdout] 7f2c125e75ca0378c71ad8f639bad9211957190b4ae8177abe48b447f0704122
[INFO] running `Command { std: "docker" "create" "-v" "/var/lib/crater-agent-workspace/builds/worker-6/target:/opt/rustwide/target:rw,Z" "-v" "/var/lib/crater-agent-workspace/builds/worker-6/source:/opt/rustwide/workdir:ro,Z" "-v" "/var/lib/crater-agent-workspace/cargo-home:/opt/rustwide/cargo-home:ro,Z" "-v" "/var/lib/crater-agent-workspace/rustup-home:/opt/rustwide/rustup-home:ro,Z" "-e" "SOURCE_DIR=/opt/rustwide/workdir" "-e" "CARGO_TARGET_DIR=/opt/rustwide/target" "-e" "CARGO_INCREMENTAL=0" "-e" "RUST_BACKTRACE=full" "-e" "RUSTFLAGS=--cap-lints=warn" "-e" "CARGO_HOME=/opt/rustwide/cargo-home" "-e" "RUSTUP_HOME=/opt/rustwide/rustup-home" "-w" "/opt/rustwide/workdir" "-m" "1610612736" "--user" "0:0" "--network" "none" "ghcr.io/rust-lang/crates-build-env/linux@sha256:34b6a614d2c27851fe6cbf88fbd1137609cefab8b10d0615aaeb6fd47975d74e" "/opt/rustwide/cargo-home/bin/cargo" "+1.54.0" "test" "--frozen", kill_on_drop: false }`
[INFO] [stdout] fa374c4a473a989398582ad93281464974e3f8dc6ef120cefb87476438418677
[INFO] [stderr] WARNING: Your kernel does not support swap limit capabilities or the cgroup is not mounted. Memory limited without swap.
[INFO] running `Command { std: "docker" "start" "-a" "fa374c4a473a989398582ad93281464974e3f8dc6ef120cefb87476438418677", kill_on_drop: false }`
[INFO] [stderr] warning: trait objects without an explicit `dyn` are deprecated
[INFO] [stderr]    --> src/generators.rs:157:38
[INFO] [stderr]     |
[INFO] [stderr] 157 |     fn generate_obj(&self, src: &mut Iterator<Item = u8>) -> Maybe<Self::Item>;
[INFO] [stderr]     |                                      ^^^^^^^^^^^^^^^^^^^ help: use `dyn`: `dyn Iterator<Item = u8>`
[INFO] [stderr]     |
[INFO] [stderr]     = note: `#[warn(bare_trait_objects)]` on by default
[INFO] [stderr]     = warning: this was previously accepted by the compiler but is being phased out; it will become a hard error in the 2021 edition!
[INFO] [stderr]     = note: for more information, see issue #80165 <https://github.com/rust-lang/rust/issues/80165>
[INFO] [stderr] 
[INFO] [stderr] warning: trait objects without an explicit `dyn` are deprecated
[INFO] [stderr]    --> src/generators.rs:167:27
[INFO] [stderr]     |
[INFO] [stderr] 167 |     fn boxed(self) -> Box<GeneratorObject<Item = Self::Item>>;
[INFO] [stderr]     |                           ^^^^^^^^^^^^^^^^^^^^^^^^^^^^^^^^^^ help: use `dyn`: `dyn GeneratorObject<Item = Self::Item>`
[INFO] [stderr]     |
[INFO] [stderr]     = warning: this was previously accepted by the compiler but is being phased out; it will become a hard error in the 2021 edition!
[INFO] [stderr]     = note: for more information, see issue #80165 <https://github.com/rust-lang/rust/issues/80165>
[INFO] [stderr] 
[INFO] [stderr] warning: trait objects without an explicit `dyn` are deprecated
[INFO] [stderr]    --> src/generators.rs:175:27
[INFO] [stderr]     |
[INFO] [stderr] 175 |     fn boxed(self) -> Box<GeneratorObject<Item = Self::Item>> {
[INFO] [stderr]     |                           ^^^^^^^^^^^^^^^^^^^^^^^^^^^^^^^^^^ help: use `dyn`: `dyn GeneratorObject<Item = Self::Item>`
[INFO] [stderr]     |
[INFO] [stderr]     = warning: this was previously accepted by the compiler but is being phased out; it will become a hard error in the 2021 edition!
[INFO] [stderr]     = note: for more information, see issue #80165 <https://github.com/rust-lang/rust/issues/80165>
[INFO] [stderr] 
[INFO] [stderr] warning: trait objects without an explicit `dyn` are deprecated
[INFO] [stderr]    --> src/generators.rs:182:42
[INFO] [stderr]     |
[INFO] [stderr] 182 |     fn generate_obj(&self, mut src: &mut Iterator<Item = u8>) -> Maybe<Self::Item> {
[INFO] [stderr]     |                                          ^^^^^^^^^^^^^^^^^^^ help: use `dyn`: `dyn Iterator<Item = u8>`
[INFO] [stderr]     |
[INFO] [stderr]     = warning: this was previously accepted by the compiler but is being phased out; it will become a hard error in the 2021 edition!
[INFO] [stderr]     = note: for more information, see issue #80165 <https://github.com/rust-lang/rust/issues/80165>
[INFO] [stderr] 
[INFO] [stderr] warning: trait objects without an explicit `dyn` are deprecated
[INFO] [stderr]    --> src/generators.rs:187:27
[INFO] [stderr]     |
[INFO] [stderr] 187 | impl<T> Generator for Box<GeneratorObject<Item = T>> {
[INFO] [stderr]     |                           ^^^^^^^^^^^^^^^^^^^^^^^^^ help: use `dyn`: `dyn GeneratorObject<Item = T>`
[INFO] [stderr]     |
[INFO] [stderr]     = warning: this was previously accepted by the compiler but is being phased out; it will become a hard error in the 2021 edition!
[INFO] [stderr]     = note: for more information, see issue #80165 <https://github.com/rust-lang/rust/issues/80165>
[INFO] [stderr] 
[INFO] [stderr] warning: trait objects without an explicit `dyn` are deprecated
[INFO] [stderr]    --> src/generators.rs:190:43
[INFO] [stderr]     |
[INFO] [stderr] 190 |         (**self).generate_obj(src as &mut Iterator<Item = u8>)
[INFO] [stderr]     |                                           ^^^^^^^^^^^^^^^^^^^ help: use `dyn`: `dyn Iterator<Item = u8>`
[INFO] [stderr]     |
[INFO] [stderr]     = warning: this was previously accepted by the compiler but is being phased out; it will become a hard error in the 2021 edition!
[INFO] [stderr]     = note: for more information, see issue #80165 <https://github.com/rust-lang/rust/issues/80165>
[INFO] [stderr] 
[INFO] [stderr] warning: 6 warnings emitted
[INFO] [stderr] 
[INFO] [stderr] warning: trait objects without an explicit `dyn` are deprecated
[INFO] [stderr]   --> tests/recursive.rs:36:22
[INFO] [stderr]    |
[INFO] [stderr] 36 | fn expr_gen() -> Box<GeneratorObject<Item=Expr>> {
[INFO] [stderr]    |                      ^^^^^^^^^^^^^^^^^^^^^^^^^^ help: use `dyn`: `dyn GeneratorObject<Item=Expr>`
[INFO] [stderr]    |
[INFO] [stderr]    = note: `#[warn(bare_trait_objects)]` on by default
[INFO] [stderr]    = warning: this was previously accepted by the compiler but is being phased out; it will become a hard error in the 2021 edition!
[INFO] [stderr]    = note: for more information, see issue #80165 <https://github.com/rust-lang/rust/issues/80165>
[INFO] [stderr] 
[INFO] [stderr] warning: 1 warning emitted
[INFO] [stderr] 
[INFO] [stderr] warning: trait objects without an explicit `dyn` are deprecated
[INFO] [stderr]    --> src/data.rs:321:17
[INFO] [stderr]     |
[INFO] [stderr] 321 |         let _: &Iterator<Item = u8> = &p.replay();
[INFO] [stderr]     |                 ^^^^^^^^^^^^^^^^^^^ help: use `dyn`: `dyn Iterator<Item = u8>`
[INFO] [stderr]     |
[INFO] [stderr]     = note: `#[warn(bare_trait_objects)]` on by default
[INFO] [stderr]     = warning: this was previously accepted by the compiler but is being phased out; it will become a hard error in the 2021 edition!
[INFO] [stderr]     = note: for more information, see issue #80165 <https://github.com/rust-lang/rust/issues/80165>
[INFO] [stderr] 
[INFO] [stderr] warning: trait objects without an explicit `dyn` are deprecated
[INFO] [stderr]    --> src/data.rs:330:17
[INFO] [stderr]     |
[INFO] [stderr] 330 |         let _: &Iterator<Item = u8> = &p.replay();
[INFO] [stderr]     |                 ^^^^^^^^^^^^^^^^^^^ help: use `dyn`: `dyn Iterator<Item = u8>`
[INFO] [stderr]     |
[INFO] [stderr]     = warning: this was previously accepted by the compiler but is being phased out; it will become a hard error in the 2021 edition!
[INFO] [stderr]     = note: for more information, see issue #80165 <https://github.com/rust-lang/rust/issues/80165>
[INFO] [stderr] 
[INFO] [stderr] warning: trait objects without an explicit `dyn` are deprecated
[INFO] [stderr]    --> src/generators.rs:157:38
[INFO] [stderr]     |
[INFO] [stderr] 157 |     fn generate_obj(&self, src: &mut Iterator<Item = u8>) -> Maybe<Self::Item>;
[INFO] [stderr]     |                                      ^^^^^^^^^^^^^^^^^^^ help: use `dyn`: `dyn Iterator<Item = u8>`
[INFO] [stderr]     |
[INFO] [stderr]     = warning: this was previously accepted by the compiler but is being phased out; it will become a hard error in the 2021 edition!
[INFO] [stderr]     = note: for more information, see issue #80165 <https://github.com/rust-lang/rust/issues/80165>
[INFO] [stderr] 
[INFO] [stderr] warning: trait objects without an explicit `dyn` are deprecated
[INFO] [stderr]    --> src/generators.rs:167:27
[INFO] [stderr]     |
[INFO] [stderr] 167 |     fn boxed(self) -> Box<GeneratorObject<Item = Self::Item>>;
[INFO] [stderr]     |                           ^^^^^^^^^^^^^^^^^^^^^^^^^^^^^^^^^^ help: use `dyn`: `dyn GeneratorObject<Item = Self::Item>`
[INFO] [stderr]     |
[INFO] [stderr]     = warning: this was previously accepted by the compiler but is being phased out; it will become a hard error in the 2021 edition!
[INFO] [stderr]     = note: for more information, see issue #80165 <https://github.com/rust-lang/rust/issues/80165>
[INFO] [stderr] 
[INFO] [stderr] warning: trait objects without an explicit `dyn` are deprecated
[INFO] [stderr]    --> src/generators.rs:175:27
[INFO] [stderr]     |
[INFO] [stderr] 175 |     fn boxed(self) -> Box<GeneratorObject<Item = Self::Item>> {
[INFO] [stderr]     |                           ^^^^^^^^^^^^^^^^^^^^^^^^^^^^^^^^^^ help: use `dyn`: `dyn GeneratorObject<Item = Self::Item>`
[INFO] [stderr]     |
[INFO] [stderr]     = warning: this was previously accepted by the compiler but is being phased out; it will become a hard error in the 2021 edition!
[INFO] [stderr]     = note: for more information, see issue #80165 <https://github.com/rust-lang/rust/issues/80165>
[INFO] [stderr] 
[INFO] [stderr] warning: trait objects without an explicit `dyn` are deprecated
[INFO] [stderr]    --> src/generators.rs:182:42
[INFO] [stderr]     |
[INFO] [stderr] 182 |     fn generate_obj(&self, mut src: &mut Iterator<Item = u8>) -> Maybe<Self::Item> {
[INFO] [stderr]     |                                          ^^^^^^^^^^^^^^^^^^^ help: use `dyn`: `dyn Iterator<Item = u8>`
[INFO] [stderr]     |
[INFO] [stderr]     = warning: this was previously accepted by the compiler but is being phased out; it will become a hard error in the 2021 edition!
[INFO] [stderr]     = note: for more information, see issue #80165 <https://github.com/rust-lang/rust/issues/80165>
[INFO] [stderr] 
[INFO] [stderr] warning: trait objects without an explicit `dyn` are deprecated
[INFO] [stderr]    --> src/generators.rs:187:27
[INFO] [stderr]     |
[INFO] [stderr] 187 | impl<T> Generator for Box<GeneratorObject<Item = T>> {
[INFO] [stderr]     |                           ^^^^^^^^^^^^^^^^^^^^^^^^^ help: use `dyn`: `dyn GeneratorObject<Item = T>`
[INFO] [stderr]     |
[INFO] [stderr]     = warning: this was previously accepted by the compiler but is being phased out; it will become a hard error in the 2021 edition!
[INFO] [stderr]     = note: for more information, see issue #80165 <https://github.com/rust-lang/rust/issues/80165>
[INFO] [stderr] 
[INFO] [stderr] warning: trait objects without an explicit `dyn` are deprecated
[INFO] [stderr]    --> src/generators.rs:190:43
[INFO] [stderr]     |
[INFO] [stderr] 190 |         (**self).generate_obj(src as &mut Iterator<Item = u8>)
[INFO] [stderr]     |                                           ^^^^^^^^^^^^^^^^^^^ help: use `dyn`: `dyn Iterator<Item = u8>`
[INFO] [stderr]     |
[INFO] [stderr]     = warning: this was previously accepted by the compiler but is being phased out; it will become a hard error in the 2021 edition!
[INFO] [stderr]     = note: for more information, see issue #80165 <https://github.com/rust-lang/rust/issues/80165>
[INFO] [stderr] 
[INFO] [stderr] warning: 8 warnings emitted
[INFO] [stderr] 
[INFO] [stderr] warning: trait objects without an explicit `dyn` are deprecated
[INFO] [stderr]   --> examples/die-hard.rs:70:17
[INFO] [stderr]    |
[INFO] [stderr] 70 | fn ops() -> Box<GeneratorObject<Item = Op>> {
[INFO] [stderr]    |                 ^^^^^^^^^^^^^^^^^^^^^^^^^^ help: use `dyn`: `dyn GeneratorObject<Item = Op>`
[INFO] [stderr]    |
[INFO] [stderr]    = note: `#[warn(bare_trait_objects)]` on by default
[INFO] [stderr]    = warning: this was previously accepted by the compiler but is being phased out; it will become a hard error in the 2021 edition!
[INFO] [stderr]    = note: for more information, see issue #80165 <https://github.com/rust-lang/rust/issues/80165>
[INFO] [stderr] 
[INFO] [stderr] warning: 1 warning emitted
[INFO] [stderr] 
[INFO] [stderr] warning: unnecessary parentheses around function argument
[INFO] [stderr]   --> tests/smoketest.rs:57:14
[INFO] [stderr]    |
[INFO] [stderr] 57 |     property((booleans())).check(|_| false)
[INFO] [stderr]    |              ^^^^^^^^^^^^ help: remove these parentheses
[INFO] [stderr]    |
[INFO] [stderr]    = note: `#[warn(unused_parens)]` on by default
[INFO] [stderr] 
[INFO] [stderr] warning: unnecessary parentheses around function argument
[INFO] [stderr]   --> tests/smoketest.rs:62:14
[INFO] [stderr]    |
[INFO] [stderr] 62 |     property((booleans())).check(|_| true)
[INFO] [stderr]    |              ^^^^^^^^^^^^ help: remove these parentheses
[INFO] [stderr] 
[INFO] [stderr] warning: unnecessary parentheses around function argument
[INFO] [stderr]   --> tests/smoketest.rs:77:14
[INFO] [stderr]    |
[INFO] [stderr] 77 |     property((booleans())).check(|_| -> Result<(), ()> { Err(()) })
[INFO] [stderr]    |              ^^^^^^^^^^^^ help: remove these parentheses
[INFO] [stderr] 
[INFO] [stderr] warning: unnecessary parentheses around function argument
[INFO] [stderr]   --> tests/smoketest.rs:83:14
[INFO] [stderr]    |
[INFO] [stderr] 83 |     property((booleans())).check(|_| -> Result<(), &'static str> { Err("horrible failure") })
[INFO] [stderr]    |              ^^^^^^^^^^^^ help: remove these parentheses
[INFO] [stderr] 
[INFO] [stderr] warning: unnecessary parentheses around function argument
[INFO] [stderr]   --> tests/smoketest.rs:89:14
[INFO] [stderr]    |
[INFO] [stderr] 89 |     property((booleans())).check(|_| -> Result<(), ()> { Ok(()) })
[INFO] [stderr]    |              ^^^^^^^^^^^^ help: remove these parentheses
[INFO] [stderr] 
[INFO] [stderr] warning: unnecessary parentheses around function argument
[INFO] [stderr]   --> tests/smoketest.rs:95:14
[INFO] [stderr]    |
[INFO] [stderr] 95 |     property((booleans())).check(|_| -> () { panic!("Big bad boom") })
[INFO] [stderr]    |              ^^^^^^^^^^^^ help: remove these parentheses
[INFO] [stderr] 
[INFO] [stderr] warning: unnecessary parentheses around function argument
[INFO] [stderr]    --> tests/smoketest.rs:101:14
[INFO] [stderr]     |
[INFO] [stderr] 101 |     property((booleans())).check(|_| -> () { panic!("Big bad boom") })
[INFO] [stderr]     |              ^^^^^^^^^^^^ help: remove these parentheses
[INFO] [stderr] 
[INFO] [stderr] warning: 7 warnings emitted
[INFO] [stderr] 
[INFO] [stderr]     Finished test [unoptimized + debuginfo] target(s) in 0.01s
[INFO] [stderr]      Running unittests (/opt/rustwide/target/debug/deps/suppositions-f6028bbc23bb9bf9)
[INFO] [stdout] 
[INFO] [stdout] running 61 tests
[INFO] [stdout] test data::tests::minimiser_should_minimise_scalar_values_accounting_for_overflow ... ok
[INFO] [stdout] test data::tests::minimiser_should_minimise_scalar_values_by_search ... ok
[INFO] [stdout] test data::tests::minimiser_should_minimise_to_empty ... ok
[INFO] [stdout] test data::tests::minimiser_should_minimise_scalar_values_to_empty ... ok
[INFO] [stdout] test data::tests::replay_can_act_as_iterator ... ok
[INFO] [stdout] test data::tests::minimiser_should_minimise_scalar_values ... ok
[INFO] [stdout] test data::tests::should_allow_borrowing_buffer ... ok
[INFO] [stdout] test data::tests::minimiser_should_minimise_to_minimum_given_size ... ok
[INFO] [stdout] test data::tests::tap_can_act_as_iterator ... ok
[INFO] [stdout] test data::tests::should_allow_restarting_read ... ok
[INFO] [stdout] test generators::tests::biased_coin ... ok
[INFO] [stdout] test data::tests::should_generate_random_data ... ok
[INFO] [stdout] test generators::tests::bools_should_generate_true_booleans_from_saturated_values ... ok
[INFO] [stdout] test data::tests::should_take_each_item_in_pool ... ok
[INFO] [stdout] test generators::tests::bools_minimize_to_false ... ok
[INFO] [stdout] test generators::tests::bools_should_generate_false_booleans_from_zeros ... ok
[INFO] [stdout] test generators::tests::consts_should_generate_same_values ... ok
[INFO] [stdout] test generators::tests::filter_map_should_pass_through_when_ok ... ok
[INFO] [stdout] test generators::tests::filter_map_should_skip_when_err ... ok
[INFO] [stdout] test generators::tests::filter_should_skip_when_false ... ok
[INFO] [stdout] test generators::tests::i64s_minimize_to_zero ... ok
[INFO] [stdout] test generators::tests::filter_should_pass_through_when_true ... ok
[INFO] [stdout] test generators::tests::info_pools_minimize_to_empty ... ok
[INFO] [stdout] test generators::tests::collections_u64s_minimize_to_empty ... ok
[INFO] [stdout] test generators::tests::bools_should_generate_same_output_given_same_input ... ok
[INFO] [stdout] test generators::tests::tuple_u8s_u8s_minimize_to_zero ... ok
[INFO] [stdout] test generators::tests::result_u8_u64s_minimize_to_ok ... ok
[INFO] [stdout] test generators::tests::optional_u64s_minimize_to_none ... ok
[INFO] [stdout] test generators::tests::info_pools_should_generate_same_output_given_same_input ... ok
[INFO] [stdout] test generators::tests::i64s_should_generate_same_output_given_same_input ... ok
[INFO] [stdout] test generators::tests::u64s_minimize_to_zero ... ok
[INFO] [stdout] test generators::tests::tuple_u8s_u8s_should_generate_same_output_given_same_input ... ok
[INFO] [stdout] test generators::tests::one_of_should_pick_choices_relativey_evenly ... ok
[INFO] [stdout] test generators::tests::u8s_minimize_to_zero ... ok
[INFO] [stdout] test generators::tests::u64s_should_generate_same_output_given_same_input ... ok
[INFO] [stdout] test generators::tests::collection_lengths::mean_length_can_be_set_as_5 ... ok
[INFO] [stdout] test generators::tests::collection_lengths::mean_length_can_be_set_as_10 ... ok
[INFO] [stdout] test generators::tests::i64s_should_partially_order_same_as_source ... ok
[INFO] [stdout] test generators::tests::bools_usually_generates_different_output_for_different_inputs ... ok
[INFO] [stdout] test generators::tests::collection_lengths::mean_length_can_be_set_as_7 ... ok
[INFO] [stdout] test generators::tests::i64s_usually_generates_different_output_for_different_inputs ... ok
[INFO] [stdout] test generators::tests::tuple_u8s_u8s_usually_generates_different_output_for_different_inputs ... ok
[INFO] [stdout] test generators::tests::vec_bools_minimize_to_empty ... ok
[INFO] [stdout] test generators::tests::collection_lengths::mean_length_can_be_set_as_3 ... ok
[INFO] [stdout] test generators::tests::vec_bools_can_minimise_with_predicate ... ok
[INFO] [stdout] test generators::tests::collection_lengths::mean_length_can_be_set_as_23 ... ok
[INFO] [stdout] test generators::tests::vecs_should_generate_same_output_given_same_input ... ok
[INFO] [stdout] test generators::tests::u8s_should_generate_same_output_given_same_input ... ok
[INFO] [stdout] test generators::tests::u64s_should_partially_order_same_as_source ... ok
[INFO] [stdout] test generators::tests::vector_lengths::mean_length_can_be_set_as_5 ... ok
[INFO] [stdout] test generators::tests::vector_lengths::mean_length_can_be_set_as_23 ... ok
[INFO] [stdout] test generators::tests::info_pools_usually_generates_different_output_for_different_inputs ... ok
[INFO] [stdout] test generators::tests::vector_lengths::mean_length_can_be_set_as_10 ... ok
[INFO] [stdout] test generators::tests::bools_should_partially_order_same_as_source ... ok
[INFO] [stdout] test generators::tests::u64s_usually_generates_different_output_for_different_inputs ... ok
[INFO] [stdout] test generators::tests::vector_lengths::mean_length_can_be_set_as_7 ... ok
[INFO] [stdout] test generators::tests::tuple_u8s_u8s_should_partially_order_same_as_source ... ok
[INFO] [stdout] test generators::tests::vector_lengths::mean_length_can_be_set_as_3 ... ok
[INFO] [stdout] test generators::tests::vecs_usually_generates_different_output_for_different_inputs ... ok
[INFO] [stdout] test generators::tests::u8s_usually_generates_different_output_for_different_inputs ... ok
[INFO] [stdout] test generators::tests::u8s_should_partially_order_same_as_source ... ok
[INFO] [stdout] 
[INFO] [stdout] test result: ok. 61 passed; 0 failed; 0 ignored; 0 measured; 0 filtered out; finished in 0.14s
[INFO] [stdout] 
[INFO] [stderr]      Running tests/generators.rs (/opt/rustwide/target/debug/deps/generators-fd799a99c64d80b7)
[INFO] [stdout] 
[INFO] [stdout] running 16 tests
[INFO] [stdout] test generator_of_3_tuple ... ok
[INFO] [stdout] test generator_of_2_tuple ... ok
[INFO] [stdout] test f64s_should_generate_same_output_given_same_input ... ok
[INFO] [stdout] test generator_map_should_trivially_preserve_invariants ... ok
[INFO] [stdout] test lazy_generator_yields_same_as_inner_value ... ok
[INFO] [stdout] test uniform_f64s_should_generate_same_output_given_same_input ... ok
[INFO] [stdout] test i64s_should_generate_same_output_given_same_input ... ok
[INFO] [stdout] test weighted_coin_should_generate_same_output_given_same_input ... ok
[INFO] [stdout] test one_of_should_pick_a_single_sample ... ok
[INFO] [stdout] test boxed_generator_yields_same_as_inner_value ... ok
[INFO] [stdout] test i64s_should_partially_order_same_as_source ... ok
[INFO] [stdout] test f64s_should_partially_order_same_as_source ... ok
[INFO] [stdout] test uniform_f64s_should_generate_values_between_0_and_1 ... ok
[INFO] [stdout] test weighted_coin_should_partially_order_same_as_source ... ok
[INFO] [stdout] test uniform_f64s_should_partially_order_same_as_source ... ok
[INFO] [stdout] test one_of_should_partially_order_same_as_source ... ok
[INFO] [stdout] 
[INFO] [stdout] test result: ok. 16 passed; 0 failed; 0 ignored; 0 measured; 0 filtered out; finished in 0.01s
[INFO] [stdout] 
[INFO] [stderr]      Running tests/recursive.rs (/opt/rustwide/target/debug/deps/recursive-2615f45632576c6d)
[INFO] [stdout] 
[INFO] [stdout] running 1 test
[INFO] [stdout] test add_adds ... ok
[INFO] [stdout] 
[INFO] [stdout] test result: ok. 1 passed; 0 failed; 0 ignored; 0 measured; 0 filtered out; finished in 0.00s
[INFO] [stdout] 
[INFO] [stderr]      Running tests/smoketest.rs (/opt/rustwide/target/debug/deps/smoketest-a6f99f8511da0fa1)
[INFO] [stdout] 
[INFO] [stdout] running 11 tests
[INFO] [stdout] test trivial_pass ... ok
[INFO] [stdout] test some_approximation_of_usage ... ok
[INFO] [stdout] test trivial_result_pass ... ok
[INFO] [stdout] test trivial_failure - should panic ... ok
[INFO] [stdout] test trivial_result_failure - should panic ... ok
[INFO] [stdout] test trivial_result_includes_failing_result - should panic ... ok
[INFO] [stdout] test value_dependent - should panic ... ok
[INFO] [stdout] test mersenne_conjecture - should panic ... FAILED
[INFO] [stdout] test some_approximation_of_failing_example - should panic ... ok
[INFO] [stdout] test panic_includes_failure_message - should panic ... ok
[INFO] [stdout] test trivial_panic_failure - should panic ... ok
[INFO] [stdout] 
[INFO] [stdout] failures:
[INFO] [stdout] 
[INFO] [stdout] ---- mersenne_conjecture stdout ----
[INFO] [stdout] thread 'mersenne_conjecture' panicked at 'Could not finish on 13/100 tests (have skipped 1000 times)', /opt/rustwide/workdir/src/properties.rs:107:25
[INFO] [stdout] stack backtrace:
[INFO] [stdout]    0:     0x55ff35d12b00 - std::backtrace_rs::backtrace::libunwind::trace::h34055254b57d8e79
[INFO] [stdout]                                at /rustc/a178d0322ce20e33eac124758e837cbd80a6f633/library/std/src/../../backtrace/src/backtrace/libunwind.rs:90:5
[INFO] [stdout]    1:     0x55ff35d12b00 - std::backtrace_rs::backtrace::trace_unsynchronized::h8f1e3fbd9afff6ec
[INFO] [stdout]                                at /rustc/a178d0322ce20e33eac124758e837cbd80a6f633/library/std/src/../../backtrace/src/backtrace/mod.rs:66:5
[INFO] [stdout]    2:     0x55ff35d12b00 - std::sys_common::backtrace::_print_fmt::h3a99a796b770c360
[INFO] [stdout]                                at /rustc/a178d0322ce20e33eac124758e837cbd80a6f633/library/std/src/sys_common/backtrace.rs:67:5
[INFO] [stdout]    3:     0x55ff35d12b00 - <std::sys_common::backtrace::_print::DisplayBacktrace as core::fmt::Display>::fmt::h32d1f94a80615d18
[INFO] [stdout]                                at /rustc/a178d0322ce20e33eac124758e837cbd80a6f633/library/std/src/sys_common/backtrace.rs:46:22
[INFO] [stdout]    4:     0x55ff35d353fc - core::fmt::write::h306731c068f7162c
[INFO] [stdout]                                at /rustc/a178d0322ce20e33eac124758e837cbd80a6f633/library/core/src/fmt/mod.rs:1110:17
[INFO] [stdout]    5:     0x55ff35d0f955 - std::io::Write::write_fmt::h87f19b0a2cd190bc
[INFO] [stdout]                                at /rustc/a178d0322ce20e33eac124758e837cbd80a6f633/library/std/src/io/mod.rs:1588:15
[INFO] [stdout]    6:     0x55ff35d14c6b - std::sys_common::backtrace::_print::h5abaa2601a852287
[INFO] [stdout]                                at /rustc/a178d0322ce20e33eac124758e837cbd80a6f633/library/std/src/sys_common/backtrace.rs:49:5
[INFO] [stdout]    7:     0x55ff35d14c6b - std::sys_common::backtrace::print::h8d81445442bb638f
[INFO] [stdout]                                at /rustc/a178d0322ce20e33eac124758e837cbd80a6f633/library/std/src/sys_common/backtrace.rs:36:9
[INFO] [stdout]    8:     0x55ff35d14c6b - std::panicking::default_hook::{{closure}}::hcfe804496a9fa747
[INFO] [stdout]                                at /rustc/a178d0322ce20e33eac124758e837cbd80a6f633/library/std/src/panicking.rs:208:50
[INFO] [stdout]    9:     0x55ff35d1477c - std::panicking::default_hook::hbea8e3ccf2ba8901
[INFO] [stdout]                                at /rustc/a178d0322ce20e33eac124758e837cbd80a6f633/library/std/src/panicking.rs:222:9
[INFO] [stdout]   10:     0x55ff35d15334 - std::panicking::rust_panic_with_hook::h7ee9e1a2d0f8975a
[INFO] [stdout]                                at /rustc/a178d0322ce20e33eac124758e837cbd80a6f633/library/std/src/panicking.rs:622:17
[INFO] [stdout]   11:     0x55ff35d14e17 - std::panicking::begin_panic_handler::{{closure}}::h8ab3b4491718b2c7
[INFO] [stdout]                                at /rustc/a178d0322ce20e33eac124758e837cbd80a6f633/library/std/src/panicking.rs:519:13
[INFO] [stdout]   12:     0x55ff35d12ffc - std::sys_common::backtrace::__rust_end_short_backtrace::hd489062ffa586a9f
[INFO] [stdout]                                at /rustc/a178d0322ce20e33eac124758e837cbd80a6f633/library/std/src/sys_common/backtrace.rs:141:18
[INFO] [stdout]   13:     0x55ff35d14d79 - rust_begin_unwind
[INFO] [stdout]                                at /rustc/a178d0322ce20e33eac124758e837cbd80a6f633/library/std/src/panicking.rs:515:5
[INFO] [stdout]   14:     0x55ff35b41f2b - std::panicking::begin_panic_fmt::h5479575e112541f8
[INFO] [stdout]                                at /rustc/a178d0322ce20e33eac124758e837cbd80a6f633/library/std/src/panicking.rs:457:5
[INFO] [stdout]   15:     0x55ff35b6b3be - suppositions::properties::Property<G>::check::head92b5760fbc1fd
[INFO] [stdout]                                at /opt/rustwide/workdir/src/properties.rs:107:25
[INFO] [stdout]   16:     0x55ff35b6f429 - smoketest::mersenne_conjecture::h89c75b691b8dcc08
[INFO] [stdout]                                at /opt/rustwide/workdir/tests/smoketest.rs:45:5
[INFO] [stdout]   17:     0x55ff35b6f3ca - smoketest::mersenne_conjecture::{{closure}}::h0f1338a0fee9ca1b
[INFO] [stdout]                                at /opt/rustwide/workdir/tests/smoketest.rs:34:1
[INFO] [stdout]   18:     0x55ff35b7b35e - core::ops::function::FnOnce::call_once::h652163e2b2ac8afb
[INFO] [stdout]                                at /rustc/a178d0322ce20e33eac124758e837cbd80a6f633/library/core/src/ops/function.rs:227:5
[INFO] [stdout]   19:     0x55ff35ba3e03 - core::ops::function::FnOnce::call_once::h152e7e439ff59e19
[INFO] [stdout]                                at /rustc/a178d0322ce20e33eac124758e837cbd80a6f633/library/core/src/ops/function.rs:227:5
[INFO] [stdout]   20:     0x55ff35ba3e03 - test::__rust_begin_short_backtrace::h0908f3b1fdbb72ab
[INFO] [stdout]                                at /rustc/a178d0322ce20e33eac124758e837cbd80a6f633/library/test/src/lib.rs:577:5
[INFO] [stdout]   21:     0x55ff35ba28c0 - <alloc::boxed::Box<F,A> as core::ops::function::FnOnce<Args>>::call_once::hf6d2a51e5587546c
[INFO] [stdout]                                at /rustc/a178d0322ce20e33eac124758e837cbd80a6f633/library/alloc/src/boxed.rs:1575:9
[INFO] [stdout]   22:     0x55ff35ba28c0 - <std::panic::AssertUnwindSafe<F> as core::ops::function::FnOnce<()>>::call_once::h8af660f3a89ef593
[INFO] [stdout]                                at /rustc/a178d0322ce20e33eac124758e837cbd80a6f633/library/std/src/panic.rs:347:9
[INFO] [stdout]   23:     0x55ff35ba28c0 - std::panicking::try::do_call::hd36aef60f84b6d36
[INFO] [stdout]                                at /rustc/a178d0322ce20e33eac124758e837cbd80a6f633/library/std/src/panicking.rs:401:40
[INFO] [stdout]   24:     0x55ff35ba28c0 - std::panicking::try::h9932b4480e69817c
[INFO] [stdout]                                at /rustc/a178d0322ce20e33eac124758e837cbd80a6f633/library/std/src/panicking.rs:365:19
[INFO] [stdout]   25:     0x55ff35ba28c0 - std::panic::catch_unwind::h6aa177099cfff5f8
[INFO] [stdout]                                at /rustc/a178d0322ce20e33eac124758e837cbd80a6f633/library/std/src/panic.rs:434:14
[INFO] [stdout]   26:     0x55ff35ba28c0 - test::run_test_in_process::h5884d6f2d99e20c3
[INFO] [stdout]                                at /rustc/a178d0322ce20e33eac124758e837cbd80a6f633/library/test/src/lib.rs:600:18
[INFO] [stdout]   27:     0x55ff35ba28c0 - test::run_test::run_test_inner::{{closure}}::h6fdc58c6d5f5b6e3
[INFO] [stdout]                                at /rustc/a178d0322ce20e33eac124758e837cbd80a6f633/library/test/src/lib.rs:492:39
[INFO] [stdout]   28:     0x55ff35b7bf72 - test::run_test::run_test_inner::{{closure}}::h408365d67a78ade8
[INFO] [stdout]                                at /rustc/a178d0322ce20e33eac124758e837cbd80a6f633/library/test/src/lib.rs:519:37
[INFO] [stdout]   29:     0x55ff35b7bf72 - std::sys_common::backtrace::__rust_begin_short_backtrace::hb560b77c4f701523
[INFO] [stdout]                                at /rustc/a178d0322ce20e33eac124758e837cbd80a6f633/library/std/src/sys_common/backtrace.rs:125:18
[INFO] [stdout]   30:     0x55ff35b7fb28 - std::thread::Builder::spawn_unchecked::{{closure}}::{{closure}}::hf2e7831dad93c597
[INFO] [stdout]                                at /rustc/a178d0322ce20e33eac124758e837cbd80a6f633/library/std/src/thread/mod.rs:481:17
[INFO] [stdout]   31:     0x55ff35b7fb28 - <std::panic::AssertUnwindSafe<F> as core::ops::function::FnOnce<()>>::call_once::hd2e08783d8be4d02
[INFO] [stdout]                                at /rustc/a178d0322ce20e33eac124758e837cbd80a6f633/library/std/src/panic.rs:347:9
[INFO] [stdout]   32:     0x55ff35b7fb28 - std::panicking::try::do_call::h062597b7acfd6b82
[INFO] [stdout]                                at /rustc/a178d0322ce20e33eac124758e837cbd80a6f633/library/std/src/panicking.rs:401:40
[INFO] [stdout]   33:     0x55ff35b7fb28 - std::panicking::try::h0d7b79db04c14552
[INFO] [stdout]                                at /rustc/a178d0322ce20e33eac124758e837cbd80a6f633/library/std/src/panicking.rs:365:19
[INFO] [stdout]   34:     0x55ff35b7fb28 - std::panic::catch_unwind::hb01a0b5e7c8cd43b
[INFO] [stdout]                                at /rustc/a178d0322ce20e33eac124758e837cbd80a6f633/library/std/src/panic.rs:434:14
[INFO] [stdout]   35:     0x55ff35b7fb28 - std::thread::Builder::spawn_unchecked::{{closure}}::h5bde48cc887e0d1e
[INFO] [stdout]                                at /rustc/a178d0322ce20e33eac124758e837cbd80a6f633/library/std/src/thread/mod.rs:480:30
[INFO] [stdout]   36:     0x55ff35b7fb28 - core::ops::function::FnOnce::call_once{{vtable.shim}}::h745ea30807a29e55
[INFO] [stdout]                                at /rustc/a178d0322ce20e33eac124758e837cbd80a6f633/library/core/src/ops/function.rs:227:5
[INFO] [stdout]   37:     0x55ff35d19e57 - <alloc::boxed::Box<F,A> as core::ops::function::FnOnce<Args>>::call_once::h7ece6cfefaff1005
[INFO] [stdout]                                at /rustc/a178d0322ce20e33eac124758e837cbd80a6f633/library/alloc/src/boxed.rs:1575:9
[INFO] [stdout]   38:     0x55ff35d19e57 - <alloc::boxed::Box<F,A> as core::ops::function::FnOnce<Args>>::call_once::hb8b48e55c21f193e
[INFO] [stdout]                                at /rustc/a178d0322ce20e33eac124758e837cbd80a6f633/library/alloc/src/boxed.rs:1575:9
[INFO] [stdout]   39:     0x55ff35d19e57 - std::sys::unix::thread::Thread::new::thread_start::h8c7c4450dba62914
[INFO] [stdout]                                at /rustc/a178d0322ce20e33eac124758e837cbd80a6f633/library/std/src/sys/unix/thread.rs:71:17
[INFO] [stdout]   40:     0x7f3a365e4609 - start_thread
[INFO] [stdout]   41:     0x7f3a363b6293 - clone
[INFO] [stdout]   42:                0x0 - <unknown>
[INFO] [stdout] note: panic did not contain expected string
[INFO] [stdout]       panic message: `"Could not finish on 13/100 tests (have skipped 1000 times)"`,
[INFO] [stdout]  expected substring: `"Predicate failed for argument "`
[INFO] [stdout] 
[INFO] [stdout] failures:
[INFO] [stdout]     mersenne_conjecture
[INFO] [stdout] 
[INFO] [stdout] test result: FAILED. 10 passed; 1 failed; 0 ignored; 0 measured; 0 filtered out; finished in 0.02s
[INFO] [stdout] 
[INFO] [stderr] error: test failed, to rerun pass '--test smoketest'
[INFO] running `Command { std: "docker" "inspect" "fa374c4a473a989398582ad93281464974e3f8dc6ef120cefb87476438418677", kill_on_drop: false }`
[INFO] running `Command { std: "docker" "rm" "-f" "fa374c4a473a989398582ad93281464974e3f8dc6ef120cefb87476438418677", kill_on_drop: false }`
[INFO] [stdout] fa374c4a473a989398582ad93281464974e3f8dc6ef120cefb87476438418677
