[INFO] fetching crate structopt 0.3.22...
[INFO] testing structopt-0.3.22 against 1.54.0 for beta-1.55-1
[INFO] extracting crate structopt 0.3.22 into /workspace/builds/worker-2/source
[INFO] validating manifest of crates.io crate structopt 0.3.22 on toolchain 1.54.0
[INFO] running `Command { std: "/workspace/cargo-home/bin/cargo" "+1.54.0" "metadata" "--manifest-path" "Cargo.toml" "--no-deps", kill_on_drop: false }`
[INFO] started tweaking crates.io crate structopt 0.3.22
[INFO] finished tweaking crates.io crate structopt 0.3.22
[INFO] tweaked toml for crates.io crate structopt 0.3.22 written to /workspace/builds/worker-2/source/Cargo.toml
[INFO] crate crates.io crate structopt 0.3.22 already has a lockfile, it will not be regenerated
[INFO] running `Command { std: "/workspace/cargo-home/bin/cargo" "+1.54.0" "fetch" "--manifest-path" "Cargo.toml", kill_on_drop: false }`
[INFO] running `Command { std: "docker" "create" "-v" "/var/lib/crater-agent-workspace/builds/worker-2/target:/opt/rustwide/target:rw,Z" "-v" "/var/lib/crater-agent-workspace/builds/worker-2/source:/opt/rustwide/workdir:ro,Z" "-v" "/var/lib/crater-agent-workspace/cargo-home:/opt/rustwide/cargo-home:ro,Z" "-v" "/var/lib/crater-agent-workspace/rustup-home:/opt/rustwide/rustup-home:ro,Z" "-e" "SOURCE_DIR=/opt/rustwide/workdir" "-e" "CARGO_TARGET_DIR=/opt/rustwide/target" "-e" "CARGO_HOME=/opt/rustwide/cargo-home" "-e" "RUSTUP_HOME=/opt/rustwide/rustup-home" "-w" "/opt/rustwide/workdir" "-m" "1610612736" "--user" "0:0" "--network" "none" "ghcr.io/rust-lang/crates-build-env/linux@sha256:34b6a614d2c27851fe6cbf88fbd1137609cefab8b10d0615aaeb6fd47975d74e" "/opt/rustwide/cargo-home/bin/cargo" "+1.54.0" "metadata" "--no-deps" "--format-version=1", kill_on_drop: false }`
[INFO] [stdout] 49e8304f20a4c969ad63c446368a5e597af291d485a8931ce28822df17101ece
[INFO] [stderr] WARNING: Your kernel does not support swap limit capabilities or the cgroup is not mounted. Memory limited without swap.
[INFO] running `Command { std: "docker" "start" "-a" "49e8304f20a4c969ad63c446368a5e597af291d485a8931ce28822df17101ece", kill_on_drop: false }`
[INFO] running `Command { std: "docker" "inspect" "49e8304f20a4c969ad63c446368a5e597af291d485a8931ce28822df17101ece", kill_on_drop: false }`
[INFO] running `Command { std: "docker" "rm" "-f" "49e8304f20a4c969ad63c446368a5e597af291d485a8931ce28822df17101ece", kill_on_drop: false }`
[INFO] [stdout] 49e8304f20a4c969ad63c446368a5e597af291d485a8931ce28822df17101ece
[INFO] running `Command { std: "docker" "create" "-v" "/var/lib/crater-agent-workspace/builds/worker-2/target:/opt/rustwide/target:rw,Z" "-v" "/var/lib/crater-agent-workspace/builds/worker-2/source:/opt/rustwide/workdir:ro,Z" "-v" "/var/lib/crater-agent-workspace/cargo-home:/opt/rustwide/cargo-home:ro,Z" "-v" "/var/lib/crater-agent-workspace/rustup-home:/opt/rustwide/rustup-home:ro,Z" "-e" "SOURCE_DIR=/opt/rustwide/workdir" "-e" "CARGO_TARGET_DIR=/opt/rustwide/target" "-e" "CARGO_INCREMENTAL=0" "-e" "RUST_BACKTRACE=full" "-e" "RUSTFLAGS=--cap-lints=warn" "-e" "CARGO_HOME=/opt/rustwide/cargo-home" "-e" "RUSTUP_HOME=/opt/rustwide/rustup-home" "-w" "/opt/rustwide/workdir" "-m" "1610612736" "--user" "0:0" "--network" "none" "ghcr.io/rust-lang/crates-build-env/linux@sha256:34b6a614d2c27851fe6cbf88fbd1137609cefab8b10d0615aaeb6fd47975d74e" "/opt/rustwide/cargo-home/bin/cargo" "+1.54.0" "build" "--frozen" "--message-format=json", kill_on_drop: false }`
[INFO] [stdout] 0987e3d32344a8a34677f584659a1f5886fee2fecea2738c37c3291a147bbbb1
[INFO] [stderr] WARNING: Your kernel does not support swap limit capabilities or the cgroup is not mounted. Memory limited without swap.
[INFO] running `Command { std: "docker" "start" "-a" "0987e3d32344a8a34677f584659a1f5886fee2fecea2738c37c3291a147bbbb1", kill_on_drop: false }`
[INFO] [stderr]    Compiling proc-macro2 v1.0.24
[INFO] [stderr]    Compiling version_check v0.9.2
[INFO] [stderr]    Compiling libc v0.2.87
[INFO] [stderr]    Compiling syn v1.0.61
[INFO] [stderr]    Compiling unicode-segmentation v1.7.1
[INFO] [stderr]    Compiling proc-macro-error-attr v1.0.4
[INFO] [stderr]    Compiling proc-macro-error v1.0.4
[INFO] [stderr]    Compiling heck v0.3.2
[INFO] [stderr]    Compiling quote v1.0.9
[INFO] [stderr]    Compiling atty v0.2.14
[INFO] [stderr]    Compiling clap v2.33.3
[INFO] [stderr]    Compiling structopt-derive v0.4.15
[INFO] [stderr]    Compiling structopt v0.3.22 (/opt/rustwide/workdir)
[INFO] [stderr]     Finished dev [unoptimized + debuginfo] target(s) in 15.66s
[INFO] running `Command { std: "docker" "inspect" "0987e3d32344a8a34677f584659a1f5886fee2fecea2738c37c3291a147bbbb1", kill_on_drop: false }`
[INFO] running `Command { std: "docker" "rm" "-f" "0987e3d32344a8a34677f584659a1f5886fee2fecea2738c37c3291a147bbbb1", kill_on_drop: false }`
[INFO] [stdout] 0987e3d32344a8a34677f584659a1f5886fee2fecea2738c37c3291a147bbbb1
[INFO] running `Command { std: "docker" "create" "-v" "/var/lib/crater-agent-workspace/builds/worker-2/target:/opt/rustwide/target:rw,Z" "-v" "/var/lib/crater-agent-workspace/builds/worker-2/source:/opt/rustwide/workdir:ro,Z" "-v" "/var/lib/crater-agent-workspace/cargo-home:/opt/rustwide/cargo-home:ro,Z" "-v" "/var/lib/crater-agent-workspace/rustup-home:/opt/rustwide/rustup-home:ro,Z" "-e" "SOURCE_DIR=/opt/rustwide/workdir" "-e" "CARGO_TARGET_DIR=/opt/rustwide/target" "-e" "CARGO_INCREMENTAL=0" "-e" "RUST_BACKTRACE=full" "-e" "RUSTFLAGS=--cap-lints=warn" "-e" "CARGO_HOME=/opt/rustwide/cargo-home" "-e" "RUSTUP_HOME=/opt/rustwide/rustup-home" "-w" "/opt/rustwide/workdir" "-m" "1610612736" "--user" "0:0" "--network" "none" "ghcr.io/rust-lang/crates-build-env/linux@sha256:34b6a614d2c27851fe6cbf88fbd1137609cefab8b10d0615aaeb6fd47975d74e" "/opt/rustwide/cargo-home/bin/cargo" "+1.54.0" "test" "--frozen" "--no-run" "--message-format=json", kill_on_drop: false }`
[INFO] [stdout] 3aa52da51f3fac72f0700752379fc816e289131a2f220cf577e0ae51bfbc397b
[INFO] [stderr] WARNING: Your kernel does not support swap limit capabilities or the cgroup is not mounted. Memory limited without swap.
[INFO] running `Command { std: "docker" "start" "-a" "3aa52da51f3fac72f0700752379fc816e289131a2f220cf577e0ae51bfbc397b", kill_on_drop: false }`
[INFO] [stderr]    Compiling serde_derive v1.0.123
[INFO] [stderr]    Compiling serde v1.0.123
[INFO] [stderr]    Compiling rustversion v1.0.4
[INFO] [stderr]    Compiling trybuild v1.0.41
[INFO] [stderr]    Compiling dissimilar v1.0.2
[INFO] [stderr]    Compiling strum_macros v0.20.1
[INFO] [stderr]    Compiling strum v0.20.0
[INFO] [stderr]    Compiling serde_json v1.0.64
[INFO] [stderr]    Compiling toml v0.5.8
[INFO] [stderr]    Compiling structopt v0.3.22 (/opt/rustwide/workdir)
[INFO] [stdout] warning: unnecessary trailing semicolon
[INFO] [stdout]   --> tests/special_types.rs:20:6
[INFO] [stdout]    |
[INFO] [stdout] 20 |     };
[INFO] [stdout]    |      ^ help: remove this semicolon
[INFO] [stdout]    |
[INFO] [stdout]    = note: `#[warn(redundant_semicolons)]` on by default
[INFO] [stdout] 
[INFO] [stdout] 
[INFO] [stdout] warning: panic message is not a string literal
[INFO] [stdout]   --> tests/custom-string-parsers.rs:79:68
[INFO] [stdout]    |
[INFO] [stdout] 79 |     assert!(err.message.contains("invalid digit found in string"), err);
[INFO] [stdout]    |                                                                    ^^^
[INFO] [stdout]    |
[INFO] [stdout]    = note: `#[warn(non_fmt_panic)]` on by default
[INFO] [stdout]    = note: this is no longer accepted in Rust 2021
[INFO] [stdout] help: add a "{}" format string to Display the message
[INFO] [stdout]    |
[INFO] [stdout] 79 |     assert!(err.message.contains("invalid digit found in string"), "{}", err);
[INFO] [stdout]    |                                                                    ^^^^^
[INFO] [stdout] 
[INFO] [stdout] 
[INFO] [stdout] warning: panic message is not a string literal
[INFO] [stdout]    --> tests/non_literal_attributes.rs:146:68
[INFO] [stdout]     |
[INFO] [stdout] 146 |     assert!(err.message.contains("invalid digit found in string"), err);
[INFO] [stdout]     |                                                                    ^^^
[INFO] [stdout]     |
[INFO] [stdout]     = note: `#[warn(non_fmt_panic)]` on by default
[INFO] [stdout]     = note: this is no longer accepted in Rust 2021
[INFO] [stdout] help: add a "{}" format string to Display the message
[INFO] [stdout]     |
[INFO] [stdout] 146 |     assert!(err.message.contains("invalid digit found in string"), "{}", err);
[INFO] [stdout]     |                                                                    ^^^^^
[INFO] [stdout] 
[INFO] [stdout] 
[INFO] [stdout] warning: 1 warning emitted
[INFO] [stdout] 
[INFO] [stdout] 
[INFO] [stdout] warning: 1 warning emitted
[INFO] [stdout] 
[INFO] [stdout] 
[INFO] [stdout] warning: 1 warning emitted
[INFO] [stdout] 
[INFO] [stdout] 
[INFO] [stderr]     Finished test [unoptimized + debuginfo] target(s) in 31.57s
[INFO] running `Command { std: "docker" "inspect" "3aa52da51f3fac72f0700752379fc816e289131a2f220cf577e0ae51bfbc397b", kill_on_drop: false }`
[INFO] running `Command { std: "docker" "rm" "-f" "3aa52da51f3fac72f0700752379fc816e289131a2f220cf577e0ae51bfbc397b", kill_on_drop: false }`
[INFO] [stdout] 3aa52da51f3fac72f0700752379fc816e289131a2f220cf577e0ae51bfbc397b
[INFO] running `Command { std: "docker" "create" "-v" "/var/lib/crater-agent-workspace/builds/worker-2/target:/opt/rustwide/target:rw,Z" "-v" "/var/lib/crater-agent-workspace/builds/worker-2/source:/opt/rustwide/workdir:ro,Z" "-v" "/var/lib/crater-agent-workspace/cargo-home:/opt/rustwide/cargo-home:ro,Z" "-v" "/var/lib/crater-agent-workspace/rustup-home:/opt/rustwide/rustup-home:ro,Z" "-e" "SOURCE_DIR=/opt/rustwide/workdir" "-e" "CARGO_TARGET_DIR=/opt/rustwide/target" "-e" "CARGO_INCREMENTAL=0" "-e" "RUST_BACKTRACE=full" "-e" "RUSTFLAGS=--cap-lints=warn" "-e" "CARGO_HOME=/opt/rustwide/cargo-home" "-e" "RUSTUP_HOME=/opt/rustwide/rustup-home" "-w" "/opt/rustwide/workdir" "-m" "1610612736" "--user" "0:0" "--network" "none" "ghcr.io/rust-lang/crates-build-env/linux@sha256:34b6a614d2c27851fe6cbf88fbd1137609cefab8b10d0615aaeb6fd47975d74e" "/opt/rustwide/cargo-home/bin/cargo" "+1.54.0" "test" "--frozen", kill_on_drop: false }`
[INFO] [stdout] c76d66e142a7fc2768d00cbd70b86caa81ec399f60738f01bda69a19449358ab
[INFO] [stderr] WARNING: Your kernel does not support swap limit capabilities or the cgroup is not mounted. Memory limited without swap.
[INFO] running `Command { std: "docker" "start" "-a" "c76d66e142a7fc2768d00cbd70b86caa81ec399f60738f01bda69a19449358ab", kill_on_drop: false }`
[INFO] [stderr] warning: panic message is not a string literal
[INFO] [stderr]    --> tests/non_literal_attributes.rs:146:68
[INFO] [stderr]     |
[INFO] [stderr] 146 |     assert!(err.message.contains("invalid digit found in string"), err);
[INFO] [stderr]     |                                                                    ^^^
[INFO] [stderr]     |
[INFO] [stderr]     = note: `#[warn(non_fmt_panic)]` on by default
[INFO] [stderr]     = note: this is no longer accepted in Rust 2021
[INFO] [stderr] help: add a "{}" format string to Display the message
[INFO] [stderr]     |
[INFO] [stderr] 146 |     assert!(err.message.contains("invalid digit found in string"), "{}", err);
[INFO] [stderr]     |                                                                    ^^^^^
[INFO] [stderr] 
[INFO] [stderr] warning: 1 warning emitted
[INFO] [stderr] 
[INFO] [stderr] warning: panic message is not a string literal
[INFO] [stderr]   --> tests/custom-string-parsers.rs:79:68
[INFO] [stderr]    |
[INFO] [stderr] 79 |     assert!(err.message.contains("invalid digit found in string"), err);
[INFO] [stderr]    |                                                                    ^^^
[INFO] [stderr]    |
[INFO] [stderr]    = note: `#[warn(non_fmt_panic)]` on by default
[INFO] [stderr]    = note: this is no longer accepted in Rust 2021
[INFO] [stderr] help: add a "{}" format string to Display the message
[INFO] [stderr]    |
[INFO] [stderr] 79 |     assert!(err.message.contains("invalid digit found in string"), "{}", err);
[INFO] [stderr]    |                                                                    ^^^^^
[INFO] [stderr] 
[INFO] [stderr] warning: 1 warning emitted
[INFO] [stderr] 
[INFO] [stderr] warning: unnecessary trailing semicolon
[INFO] [stderr]   --> tests/special_types.rs:20:6
[INFO] [stderr]    |
[INFO] [stderr] 20 |     };
[INFO] [stderr]    |      ^ help: remove this semicolon
[INFO] [stderr]    |
[INFO] [stderr]    = note: `#[warn(redundant_semicolons)]` on by default
[INFO] [stderr] 
[INFO] [stderr] warning: 1 warning emitted
[INFO] [stderr] 
[INFO] [stderr]     Finished test [unoptimized + debuginfo] target(s) in 0.04s
[INFO] [stderr]      Running unittests (/opt/rustwide/target/debug/deps/structopt-bc2cb7111123332e)
[INFO] [stdout] 
[INFO] [stdout] running 0 tests
[INFO] [stdout] 
[INFO] [stdout] test result: ok. 0 passed; 0 failed; 0 ignored; 0 measured; 0 filtered out; finished in 0.00s
[INFO] [stdout] 
[INFO] [stderr]      Running tests/argument_naming.rs (/opt/rustwide/target/debug/deps/argument_naming-2422e812e16e26de)
[INFO] [stdout] 
[INFO] [stdout] running 21 tests
[INFO] [stdout] test test_custom_short_overwrites_default_name ... ok
[INFO] [stdout] test test_rename_all_is_not_propagated_from_struct_into_flattened ... ok
[INFO] [stdout] test test_custom_long_overwrites_default_name ... ok
[INFO] [stdout] test test_rename_all_is_not_propagated_from_struct_into_subcommand ... ok
[INFO] [stdout] test test_multi_word_enum_variant_is_renamed ... ok
[INFO] [stdout] test test_standalone_long_generates_kebab_case ... ok
[INFO] [stdout] test test_standalone_long_uses_previous_defined_casing ... ok
[INFO] [stdout] test test_rename_all_is_propagated_from_enum_to_variants_and_their_fields ... ok
[INFO] [stdout] test test_rename_all_is_propagation_can_be_overridden ... ok
[INFO] [stdout] test test_rename_all_is_propagated_from_struct_to_fields ... ok
[INFO] [stdout] test test_lower_is_renamed ... ok
[INFO] [stdout] test test_standalone_long_uses_previous_defined_custom_name ... ok
[INFO] [stdout] test test_single_word_enum_variant_is_default_renamed_into_kebab_case ... ok
[INFO] [stdout] test test_standalone_long_ignores_afterwards_defined_custom_name ... ok
[INFO] [stdout] test test_standalone_long_works_with_verbatim_casing ... ok
[INFO] [stdout] test test_standalone_short_generates_kebab_case ... ok
[INFO] [stdout] test test_standalone_short_uses_previous_defined_casing ... ok
[INFO] [stdout] test test_standalone_short_uses_previous_defined_custom_name ... ok
[INFO] [stdout] test test_standalone_short_works_with_verbatim_casing ... ok
[INFO] [stdout] test test_upper_is_renamed ... ok
[INFO] [stdout] test test_standalone_short_ignores_afterwards_defined_custom_name ... ok
[INFO] [stdout] 
[INFO] [stdout] test result: ok. 21 passed; 0 failed; 0 ignored; 0 measured; 0 filtered out; finished in 0.00s
[INFO] [stdout] 
[INFO] [stderr]      Running tests/arguments.rs (/opt/rustwide/target/debug/deps/arguments-b204983027ea20f7)
[INFO] [stdout] 
[INFO] [stdout] running 5 tests
[INFO] [stdout] test arguments ... ok
[INFO] [stdout] test optional_argument ... ok
[INFO] [stdout] test argument_with_default ... ok
[INFO] [stdout] test arguments_safe ... ok
[INFO] [stdout] test required_argument ... ok
[INFO] [stdout] 
[INFO] [stdout] test result: ok. 5 passed; 0 failed; 0 ignored; 0 measured; 0 filtered out; finished in 0.00s
[INFO] [stdout] 
[INFO] [stderr]      Running tests/author_version_about.rs (/opt/rustwide/target/debug/deps/author_version_about-3425c0df071c3a6f)
[INFO] [stdout] 
[INFO] [stdout] running 4 tests
[INFO] [stdout] test explicit_version_not_str ... ok
[INFO] [stdout] test use_env ... ok
[INFO] [stdout] test no_version_gets_propagated ... ok
[INFO] [stdout] test no_author_version_about ... ok
[INFO] [stdout] 
[INFO] [stdout] test result: ok. 4 passed; 0 failed; 0 ignored; 0 measured; 0 filtered out; finished in 0.00s
[INFO] [stdout] 
[INFO] [stderr]      Running tests/custom-string-parsers.rs (/opt/rustwide/target/debug/deps/custom_string_parsers-90a8b117e85d155d)
[INFO] [stdout] 
[INFO] [stdout] running 7 tests
[INFO] [stdout] test test_parse_hex ... ok
[INFO] [stdout] test test_parser_with_default_value ... ok
[INFO] [stdout] test test_path_opt_simple ... ok
[INFO] [stdout] test test_custom_bool ... ok
[INFO] [stdout] test test_cstring ... ok
[INFO] [stdout] test test_parser_occurrences ... ok
[INFO] [stdout] test test_every_custom_parser ... ok
[INFO] [stdout] 
[INFO] [stdout] test result: ok. 7 passed; 0 failed; 0 ignored; 0 measured; 0 filtered out; finished in 0.00s
[INFO] [stdout] 
[INFO] [stderr]      Running tests/default_value.rs (/opt/rustwide/target/debug/deps/default_value-ab5b5a1c85e7eefe)
[INFO] [stdout] 
[INFO] [stdout] running 1 test
[INFO] [stdout] test auto_default_value ... ok
[INFO] [stdout] 
[INFO] [stdout] test result: ok. 1 passed; 0 failed; 0 ignored; 0 measured; 0 filtered out; finished in 0.00s
[INFO] [stdout] 
[INFO] [stderr]      Running tests/deny-warnings.rs (/opt/rustwide/target/debug/deps/deny_warnings-00a8153a6a010afc)
[INFO] [stdout] 
[INFO] [stdout] running 2 tests
[INFO] [stdout] test warning_never_struct ... ok
[INFO] [stdout] test warning_never_enum ... ok
[INFO] [stdout] 
[INFO] [stdout] test result: ok. 2 passed; 0 failed; 0 ignored; 0 measured; 0 filtered out; finished in 0.00s
[INFO] [stdout] 
[INFO] [stderr]      Running tests/doc-comments-help.rs (/opt/rustwide/target/debug/deps/doc_comments_help-4699d85658dc1e3a)
[INFO] [stdout] 
[INFO] [stdout] running 7 tests
[INFO] [stdout] test doc_comments ... ok
[INFO] [stdout] test empty_line_in_doc_comment_is_double_linefeed ... ok
[INFO] [stdout] test help_is_better_than_comments ... ok
[INFO] [stdout] test field_long_doc_comment_both_help_long_help ... ok
[INFO] [stdout] test verbatim_doc_comment ... ok
[INFO] [stdout] test top_long_doc_comment_both_help_long_help ... ok
[INFO] [stdout] test verbatim_doc_comment_field ... ok
[INFO] [stdout] 
[INFO] [stdout] test result: ok. 7 passed; 0 failed; 0 ignored; 0 measured; 0 filtered out; finished in 0.00s
[INFO] [stdout] 
[INFO] [stderr]      Running tests/explicit_name_no_renaming.rs (/opt/rustwide/target/debug/deps/explicit_name_no_renaming-7962711afc1d7592)
[INFO] [stdout] 
[INFO] [stdout] running 2 tests
[INFO] [stdout] test explicit_short_long_no_rename ... ok
[INFO] [stdout] test explicit_name_no_rename ... ok
[INFO] [stdout] 
[INFO] [stdout] test result: ok. 2 passed; 0 failed; 0 ignored; 0 measured; 0 filtered out; finished in 0.00s
[INFO] [stdout] 
[INFO] [stderr]      Running tests/flags.rs (/opt/rustwide/target/debug/deps/flags-9c499d3a5b4cebf0)
[INFO] [stdout] 
[INFO] [stdout] running 4 tests
[INFO] [stdout] test non_bool_flags ... ok
[INFO] [stdout] test combined_flags ... ok
[INFO] [stdout] test unique_flag ... ok
[INFO] [stdout] test multiple_flag ... ok
[INFO] [stdout] 
[INFO] [stdout] test result: ok. 4 passed; 0 failed; 0 ignored; 0 measured; 0 filtered out; finished in 0.00s
[INFO] [stdout] 
[INFO] [stderr]      Running tests/flatten.rs (/opt/rustwide/target/debug/deps/flatten-ed0a2b77de8daf3b)
[INFO] [stdout] 
[INFO] [stdout] running 6 tests
[INFO] [stdout] test flatten_doc_comment ... ok
[INFO] [stdout] test flatten_in_subcommand ... ok
[INFO] [stdout] test flatten ... ok
[INFO] [stdout] test merge_subcommands_with_flatten ... ok
[INFO] [stdout] test flatten_twice - should panic ... ok
[INFO] [stdout] test subcommand_in_flatten - should panic ... ok
[INFO] [stdout] 
[INFO] [stdout] test result: ok. 6 passed; 0 failed; 0 ignored; 0 measured; 0 filtered out; finished in 0.02s
[INFO] [stdout] 
[INFO] [stderr]      Running tests/generics.rs (/opt/rustwide/target/debug/deps/generics-d06aa64435b63dab)
[INFO] [stdout] 
[INFO] [stdout] running 7 tests
[INFO] [stdout] test generic_struct_flatten_w_where_clause ... ok
[INFO] [stdout] test generic_where_clause_w_trailing_comma ... ok
[INFO] [stdout] test generic_struct_flatten ... ok
[INFO] [stdout] test generic_enum_w_where_clause ... ok
[INFO] [stdout] test generic_enum ... ok
[INFO] [stdout] test generic_w_fromstr_trait_bound ... ok
[INFO] [stdout] test generic_wo_trait_bound ... ok
[INFO] [stdout] 
[INFO] [stdout] test result: ok. 7 passed; 0 failed; 0 ignored; 0 measured; 0 filtered out; finished in 0.00s
[INFO] [stdout] 
[INFO] [stderr]      Running tests/issues.rs (/opt/rustwide/target/debug/deps/issues-d9ca4e28fdce6c5f)
[INFO] [stdout] 
[INFO] [stdout] running 4 tests
[INFO] [stdout] test issue_359 ... ok
[INFO] [stdout] test issue_289 ... ok
[INFO] [stdout] test issue_324 ... ok
[INFO] [stdout] test issue_151 ... ok
[INFO] [stdout] 
[INFO] [stdout] test result: ok. 4 passed; 0 failed; 0 ignored; 0 measured; 0 filtered out; finished in 0.00s
[INFO] [stdout] 
[INFO] [stderr]      Running tests/macro-errors.rs (/opt/rustwide/target/debug/deps/macro_errors-88b8e97d11130c54)
[INFO] [stdout] 
[INFO] [stdout] running 1 test
[INFO] [stderr]    Compiling proc-macro2 v1.0.24
[INFO] [stderr]    Compiling unicode-xid v0.2.1
[INFO] [stderr]    Compiling version_check v0.9.2
[INFO] [stderr]    Compiling syn v1.0.61
[INFO] [stderr]    Compiling libc v0.2.87
[INFO] [stderr]    Compiling unicode-segmentation v1.7.1
[INFO] [stderr]    Compiling bitflags v1.2.1
[INFO] [stderr]     Checking unicode-width v0.1.8
[INFO] [stderr]     Checking strsim v0.8.0
[INFO] [stderr]    Compiling rustversion v1.0.4
[INFO] [stderr]     Checking ansi_term v0.11.0
[INFO] [stderr]     Checking vec_map v0.8.2
[INFO] [stderr]     Checking lazy_static v1.4.0
[INFO] [stderr]     Checking textwrap v0.11.0
[INFO] [stderr]    Compiling proc-macro-error-attr v1.0.4
[INFO] [stderr]    Compiling proc-macro-error v1.0.4
[INFO] [stderr]    Compiling heck v0.3.2
[INFO] [stderr]    Compiling quote v1.0.9
[INFO] [stderr]     Checking atty v0.2.14
[INFO] [stderr]     Checking clap v2.33.3
[INFO] [stderr]    Compiling strum_macros v0.20.1
[INFO] [stderr]    Compiling structopt-derive v0.4.15
[INFO] [stderr]     Checking strum v0.20.0
[INFO] [stderr]     Checking structopt v0.3.22 (/opt/rustwide/workdir)
[INFO] [stderr]     Checking structopt-tests v0.0.0 (/opt/rustwide/target/tests/structopt)
[INFO] [stderr]     Finished dev [unoptimized + debuginfo] target(s) in 14.11s
[INFO] [stderr] 
[INFO] [stderr] 
[INFO] [stderr] test tests/ui/bool_default_value.rs ... ok
[INFO] [stderr] test tests/ui/bool_required.rs ... ok
[INFO] [stderr] test tests/ui/enum_flatten.rs ... ok
[INFO] [stderr] test tests/ui/external_subcommand_wrong_type.rs ... ok
[INFO] [stderr] test tests/ui/flatten_and_methods.rs ... ok
[INFO] [stderr] test tests/ui/flatten_and_parse.rs ... ok
[INFO] [stderr] test tests/ui/multiple_external_subcommand.rs ... ok
[INFO] [stderr] test tests/ui/non_existent_attr.rs ... mismatch
[INFO] [stderr] 
[INFO] [stderr] EXPECTED:
[INFO] [stderr] ┈┈┈┈┈┈┈┈┈┈┈┈┈┈┈┈┈┈┈┈┈┈┈┈┈┈┈┈┈┈┈┈┈┈┈┈┈┈┈┈┈┈┈┈┈┈┈┈┈┈┈┈┈┈┈┈┈┈┈┈
[INFO] [stderr] error[E0599]: no method named `non_existing_attribute` found for struct `Arg<'_, '_>` in the current scope
[INFO] [stderr]   --> $DIR/non_existent_attr.rs:14:24
[INFO] [stderr]    |
[INFO] [stderr] 14 |     #[structopt(short, non_existing_attribute = 1)]
[INFO] [stderr]    |                        ^^^^^^^^^^^^^^^^^^^^^^ method not found in `Arg<'_, '_>`
[INFO] [stderr] ┈┈┈┈┈┈┈┈┈┈┈┈┈┈┈┈┈┈┈┈┈┈┈┈┈┈┈┈┈┈┈┈┈┈┈┈┈┈┈┈┈┈┈┈┈┈┈┈┈┈┈┈┈┈┈┈┈┈┈┈
[INFO] [stderr] 
[INFO] [stderr] ACTUAL OUTPUT:
[INFO] [stderr] ┈┈┈┈┈┈┈┈┈┈┈┈┈┈┈┈┈┈┈┈┈┈┈┈┈┈┈┈┈┈┈┈┈┈┈┈┈┈┈┈┈┈┈┈┈┈┈┈┈┈┈┈┈┈┈┈┈┈┈┈
[INFO] [stderr] error[E0599]: no method named `non_existing_attribute` found for struct `Arg` in the current scope
[INFO] [stderr]   --> $DIR/non_existent_attr.rs:14:24
[INFO] [stderr]    |
[INFO] [stderr] 14 |     #[structopt(short, non_existing_attribute = 1)]
[INFO] [stderr]    |                        ^^^^^^^^^^^^^^^^^^^^^^ method not found in `Arg<'_, '_>`
[INFO] [stderr] ┈┈┈┈┈┈┈┈┈┈┈┈┈┈┈┈┈┈┈┈┈┈┈┈┈┈┈┈┈┈┈┈┈┈┈┈┈┈┈┈┈┈┈┈┈┈┈┈┈┈┈┈┈┈┈┈┈┈┈┈
[INFO] [stderr] note: If the actual output is the correct output you can bless it by rerunning
[INFO] [stderr]       your test with the environment variable TRYBUILD=overwrite
[INFO] [stderr] 
[INFO] [stderr] test tests/ui/opt_opt_nonpositional.rs ... ok
[INFO] [stderr] test tests/ui/opt_vec_nonpositional.rs ... ok
[INFO] [stderr] test tests/ui/option_default_value.rs ... ok
[INFO] [stderr] test tests/ui/option_required.rs ... ok
[INFO] [stderr] test tests/ui/parse_empty_try_from_os.rs ... ok
[INFO] [stderr] test tests/ui/parse_function_is_not_path.rs ... ok
[INFO] [stderr] test tests/ui/parse_literal_spec.rs ... ok
[INFO] [stderr] test tests/ui/parse_not_zero_args.rs ... ok
[INFO] [stderr] test tests/ui/positional_bool.rs ... ok
[INFO] [stderr] test tests/ui/raw.rs ... ok
[INFO] [stderr] test tests/ui/rename_all_wrong_casing.rs ... ok
[INFO] [stderr] test tests/ui/skip_flatten.rs ... ok
[INFO] [stderr] test tests/ui/skip_subcommand.rs ... ok
[INFO] [stderr] test tests/ui/skip_with_other_options.rs ... ok
[INFO] [stderr] test tests/ui/skip_without_default.rs ... ok
[INFO] [stderr] test tests/ui/struct_parse.rs ... ok
[INFO] [stderr] test tests/ui/struct_subcommand.rs ... ok
[INFO] [stderr] test tests/ui/structopt_empty_attr.rs ... ok
[INFO] [stderr] test tests/ui/structopt_name_value_attr.rs ... ok
[INFO] [stderr] test tests/ui/subcommand_and_flatten.rs ... ok
[INFO] [stderr] test tests/ui/subcommand_and_methods.rs ... ok
[INFO] [stderr] test tests/ui/subcommand_and_parse.rs ... ok
[INFO] [stderr] test tests/ui/subcommand_opt_opt.rs ... ok
[INFO] [stderr] test tests/ui/subcommand_opt_vec.rs ... ok
[INFO] [stderr] test tests/ui/tuple_struct.rs ... mismatch
[INFO] [stderr] 
[INFO] [stderr] EXPECTED:
[INFO] [stderr] ┈┈┈┈┈┈┈┈┈┈┈┈┈┈┈┈┈┈┈┈┈┈┈┈┈┈┈┈┈┈┈┈┈┈┈┈┈┈┈┈┈┈┈┈┈┈┈┈┈┈┈┈┈┈┈┈┈┈┈┈
[INFO] [stderr] error: structopt only supports non-tuple structs and enums
[INFO] [stderr]   --> $DIR/tuple_struct.rs:11:10
[INFO] [stderr]    |
[INFO] [stderr] 11 | #[derive(StructOpt, Debug)]
[INFO] [stderr]    |          ^^^^^^^^^
[INFO] [stderr]    |
[INFO] [stderr]    = note: this error originates in a derive macro (in Nightly builds, run with -Z macro-backtrace for more info)
[INFO] [stderr] ┈┈┈┈┈┈┈┈┈┈┈┈┈┈┈┈┈┈┈┈┈┈┈┈┈┈┈┈┈┈┈┈┈┈┈┈┈┈┈┈┈┈┈┈┈┈┈┈┈┈┈┈┈┈┈┈┈┈┈┈
[INFO] [stderr] 
[INFO] [stderr] ACTUAL OUTPUT:
[INFO] [stderr] ┈┈┈┈┈┈┈┈┈┈┈┈┈┈┈┈┈┈┈┈┈┈┈┈┈┈┈┈┈┈┈┈┈┈┈┈┈┈┈┈┈┈┈┈┈┈┈┈┈┈┈┈┈┈┈┈┈┈┈┈
[INFO] [stderr] error: structopt only supports non-tuple structs and enums
[INFO] [stderr]   --> $DIR/tuple_struct.rs:11:10
[INFO] [stderr]    |
[INFO] [stderr] 11 | #[derive(StructOpt, Debug)]
[INFO] [stderr]    |          ^^^^^^^^^
[INFO] [stderr]    |
[INFO] [stderr]    = note: this error originates in the derive macro `StructOpt` (in Nightly builds, run with -Z macro-backtrace for more info)
[INFO] [stderr] ┈┈┈┈┈┈┈┈┈┈┈┈┈┈┈┈┈┈┈┈┈┈┈┈┈┈┈┈┈┈┈┈┈┈┈┈┈┈┈┈┈┈┈┈┈┈┈┈┈┈┈┈┈┈┈┈┈┈┈┈
[INFO] [stderr] note: If the actual output is the correct output you can bless it by rerunning
[INFO] [stderr]       your test with the environment variable TRYBUILD=overwrite
[INFO] [stderr] 
[INFO] [stderr] 
[INFO] [stderr] 
[INFO] [stderr] error: test failed, to rerun pass '--test macro-errors'
[INFO] [stdout] test ui ... FAILED
[INFO] [stdout] 
[INFO] [stdout] failures:
[INFO] [stdout] 
[INFO] [stdout] ---- ui stdout ----
[INFO] [stdout] thread 'ui' panicked at '2 of 33 tests failed', /opt/rustwide/cargo-home/registry/src/github.com-1ecc6299db9ec823/trybuild-1.0.41/src/run.rs:65:13
[INFO] [stdout] stack backtrace:
[INFO] [stdout]    0:     0x5615743988e0 - std::backtrace_rs::backtrace::libunwind::trace::h34055254b57d8e79
[INFO] [stdout]                                at /rustc/a178d0322ce20e33eac124758e837cbd80a6f633/library/std/src/../../backtrace/src/backtrace/libunwind.rs:90:5
[INFO] [stdout]    1:     0x5615743988e0 - std::backtrace_rs::backtrace::trace_unsynchronized::h8f1e3fbd9afff6ec
[INFO] [stdout]                                at /rustc/a178d0322ce20e33eac124758e837cbd80a6f633/library/std/src/../../backtrace/src/backtrace/mod.rs:66:5
[INFO] [stdout]    2:     0x5615743988e0 - std::sys_common::backtrace::_print_fmt::h3a99a796b770c360
[INFO] [stdout]                                at /rustc/a178d0322ce20e33eac124758e837cbd80a6f633/library/std/src/sys_common/backtrace.rs:67:5
[INFO] [stdout]    3:     0x5615743988e0 - <std::sys_common::backtrace::_print::DisplayBacktrace as core::fmt::Display>::fmt::h32d1f94a80615d18
[INFO] [stdout]                                at /rustc/a178d0322ce20e33eac124758e837cbd80a6f633/library/std/src/sys_common/backtrace.rs:46:22
[INFO] [stdout]    4:     0x5615743bdc8c - core::fmt::write::h306731c068f7162c
[INFO] [stdout]                                at /rustc/a178d0322ce20e33eac124758e837cbd80a6f633/library/core/src/fmt/mod.rs:1110:17
[INFO] [stdout]    5:     0x561574394e35 - std::io::Write::write_fmt::h87f19b0a2cd190bc
[INFO] [stdout]                                at /rustc/a178d0322ce20e33eac124758e837cbd80a6f633/library/std/src/io/mod.rs:1588:15
[INFO] [stdout]    6:     0x56157439abfb - std::sys_common::backtrace::_print::h5abaa2601a852287
[INFO] [stdout]                                at /rustc/a178d0322ce20e33eac124758e837cbd80a6f633/library/std/src/sys_common/backtrace.rs:49:5
[INFO] [stdout]    7:     0x56157439abfb - std::sys_common::backtrace::print::h8d81445442bb638f
[INFO] [stdout]                                at /rustc/a178d0322ce20e33eac124758e837cbd80a6f633/library/std/src/sys_common/backtrace.rs:36:9
[INFO] [stdout]    8:     0x56157439abfb - std::panicking::default_hook::{{closure}}::hcfe804496a9fa747
[INFO] [stdout]                                at /rustc/a178d0322ce20e33eac124758e837cbd80a6f633/library/std/src/panicking.rs:208:50
[INFO] [stdout]    9:     0x56157439a70c - std::panicking::default_hook::hbea8e3ccf2ba8901
[INFO] [stdout]                                at /rustc/a178d0322ce20e33eac124758e837cbd80a6f633/library/std/src/panicking.rs:222:9
[INFO] [stdout]   10:     0x56157439b2c4 - std::panicking::rust_panic_with_hook::h7ee9e1a2d0f8975a
[INFO] [stdout]                                at /rustc/a178d0322ce20e33eac124758e837cbd80a6f633/library/std/src/panicking.rs:622:17
[INFO] [stdout]   11:     0x56157439ada7 - std::panicking::begin_panic_handler::{{closure}}::h8ab3b4491718b2c7
[INFO] [stdout]                                at /rustc/a178d0322ce20e33eac124758e837cbd80a6f633/library/std/src/panicking.rs:519:13
[INFO] [stdout]   12:     0x561574398ddc - std::sys_common::backtrace::__rust_end_short_backtrace::hd489062ffa586a9f
[INFO] [stdout]                                at /rustc/a178d0322ce20e33eac124758e837cbd80a6f633/library/std/src/sys_common/backtrace.rs:141:18
[INFO] [stdout]   13:     0x56157439ad09 - rust_begin_unwind
[INFO] [stdout]                                at /rustc/a178d0322ce20e33eac124758e837cbd80a6f633/library/std/src/panicking.rs:515:5
[INFO] [stdout]   14:     0x56157411af9b - std::panicking::begin_panic_fmt::h5479575e112541f8
[INFO] [stdout]                                at /rustc/a178d0322ce20e33eac124758e837cbd80a6f633/library/std/src/panicking.rs:457:5
[INFO] [stdout]   15:     0x5615741386e5 - trybuild::run::<impl trybuild::Runner>::run::hdaa4c0c8750f211c
[INFO] [stdout]                                at /opt/rustwide/cargo-home/registry/src/github.com-1ecc6299db9ec823/trybuild-1.0.41/src/run.rs:65:13
[INFO] [stdout]   16:     0x56157413cf92 - <trybuild::TestCases as core::ops::drop::Drop>::drop::hf586257c4bc2f585
[INFO] [stdout]                                at /opt/rustwide/cargo-home/registry/src/github.com-1ecc6299db9ec823/trybuild-1.0.41/src/lib.rs:303:13
[INFO] [stdout]   17:     0x56157411cdf7 - core::ptr::drop_in_place<trybuild::TestCases>::h678ae720c2b58f51
[INFO] [stdout]                                at /rustc/a178d0322ce20e33eac124758e837cbd80a6f633/library/core/src/ptr/mod.rs:192:1
[INFO] [stdout]   18:     0x56157411d041 - macro_errors::ui::h25504e2d36d9ebaf
[INFO] [stdout]                                at /opt/rustwide/workdir/tests/macro-errors.rs:13:1
[INFO] [stdout]   19:     0x56157411cffa - macro_errors::ui::{{closure}}::h752d1b9ff1daab0c
[INFO] [stdout]                                at /opt/rustwide/workdir/tests/macro-errors.rs:10:1
[INFO] [stdout]   20:     0x56157411cd4e - core::ops::function::FnOnce::call_once::hb139d13345b05a67
[INFO] [stdout]                                at /rustc/a178d0322ce20e33eac124758e837cbd80a6f633/library/core/src/ops/function.rs:227:5
[INFO] [stdout]   21:     0x56157436e1f3 - core::ops::function::FnOnce::call_once::h152e7e439ff59e19
[INFO] [stdout]                                at /rustc/a178d0322ce20e33eac124758e837cbd80a6f633/library/core/src/ops/function.rs:227:5
[INFO] [stdout]   22:     0x56157436e1f3 - test::__rust_begin_short_backtrace::h0908f3b1fdbb72ab
[INFO] [stdout]                                at /rustc/a178d0322ce20e33eac124758e837cbd80a6f633/library/test/src/lib.rs:577:5
[INFO] [stdout]   23:     0x56157436ccb0 - <alloc::boxed::Box<F,A> as core::ops::function::FnOnce<Args>>::call_once::hf6d2a51e5587546c
[INFO] [stdout]                                at /rustc/a178d0322ce20e33eac124758e837cbd80a6f633/library/alloc/src/boxed.rs:1575:9
[INFO] [stdout]   24:     0x56157436ccb0 - <std::panic::AssertUnwindSafe<F> as core::ops::function::FnOnce<()>>::call_once::h8af660f3a89ef593
[INFO] [stdout]                                at /rustc/a178d0322ce20e33eac124758e837cbd80a6f633/library/std/src/panic.rs:347:9
[INFO] [stdout]   25:     0x56157436ccb0 - std::panicking::try::do_call::hd36aef60f84b6d36
[INFO] [stdout]                                at /rustc/a178d0322ce20e33eac124758e837cbd80a6f633/library/std/src/panicking.rs:401:40
[INFO] [stdout]   26:     0x56157436ccb0 - std::panicking::try::h9932b4480e69817c
[INFO] [stdout]                                at /rustc/a178d0322ce20e33eac124758e837cbd80a6f633/library/std/src/panicking.rs:365:19
[INFO] [stdout]   27:     0x56157436ccb0 - std::panic::catch_unwind::h6aa177099cfff5f8
[INFO] [stdout]                                at /rustc/a178d0322ce20e33eac124758e837cbd80a6f633/library/std/src/panic.rs:434:14
[INFO] [stdout]   28:     0x56157436ccb0 - test::run_test_in_process::h5884d6f2d99e20c3
[INFO] [stdout]                                at /rustc/a178d0322ce20e33eac124758e837cbd80a6f633/library/test/src/lib.rs:600:18
[INFO] [stdout]   29:     0x56157436ccb0 - test::run_test::run_test_inner::{{closure}}::h6fdc58c6d5f5b6e3
[INFO] [stdout]                                at /rustc/a178d0322ce20e33eac124758e837cbd80a6f633/library/test/src/lib.rs:492:39
[INFO] [stdout]   30:     0x561574346362 - test::run_test::run_test_inner::{{closure}}::h408365d67a78ade8
[INFO] [stdout]                                at /rustc/a178d0322ce20e33eac124758e837cbd80a6f633/library/test/src/lib.rs:519:37
[INFO] [stdout]   31:     0x561574346362 - std::sys_common::backtrace::__rust_begin_short_backtrace::hb560b77c4f701523
[INFO] [stdout]                                at /rustc/a178d0322ce20e33eac124758e837cbd80a6f633/library/std/src/sys_common/backtrace.rs:125:18
[INFO] [stdout]   32:     0x561574349f18 - std::thread::Builder::spawn_unchecked::{{closure}}::{{closure}}::hf2e7831dad93c597
[INFO] [stdout]                                at /rustc/a178d0322ce20e33eac124758e837cbd80a6f633/library/std/src/thread/mod.rs:481:17
[INFO] [stdout]   33:     0x561574349f18 - <std::panic::AssertUnwindSafe<F> as core::ops::function::FnOnce<()>>::call_once::hd2e08783d8be4d02
[INFO] [stdout]                                at /rustc/a178d0322ce20e33eac124758e837cbd80a6f633/library/std/src/panic.rs:347:9
[INFO] [stdout]   34:     0x561574349f18 - std::panicking::try::do_call::h062597b7acfd6b82
[INFO] [stdout]                                at /rustc/a178d0322ce20e33eac124758e837cbd80a6f633/library/std/src/panicking.rs:401:40
[INFO] [stdout]   35:     0x561574349f18 - std::panicking::try::h0d7b79db04c14552
[INFO] [stdout]                                at /rustc/a178d0322ce20e33eac124758e837cbd80a6f633/library/std/src/panicking.rs:365:19
[INFO] [stdout]   36:     0x561574349f18 - std::panic::catch_unwind::hb01a0b5e7c8cd43b
[INFO] [stdout]                                at /rustc/a178d0322ce20e33eac124758e837cbd80a6f633/library/std/src/panic.rs:434:14
[INFO] [stdout]   37:     0x561574349f18 - std::thread::Builder::spawn_unchecked::{{closure}}::h5bde48cc887e0d1e
[INFO] [stdout]                                at /rustc/a178d0322ce20e33eac124758e837cbd80a6f633/library/std/src/thread/mod.rs:480:30
[INFO] [stdout]   38:     0x561574349f18 - core::ops::function::FnOnce::call_once{{vtable.shim}}::h745ea30807a29e55
[INFO] [stdout]                                at /rustc/a178d0322ce20e33eac124758e837cbd80a6f633/library/core/src/ops/function.rs:227:5
[INFO] [stdout]   39:     0x5615743a10d7 - <alloc::boxed::Box<F,A> as core::ops::function::FnOnce<Args>>::call_once::h7ece6cfefaff1005
[INFO] [stdout]                                at /rustc/a178d0322ce20e33eac124758e837cbd80a6f633/library/alloc/src/boxed.rs:1575:9
[INFO] [stdout]   40:     0x5615743a10d7 - <alloc::boxed::Box<F,A> as core::ops::function::FnOnce<Args>>::call_once::hb8b48e55c21f193e
[INFO] [stdout]                                at /rustc/a178d0322ce20e33eac124758e837cbd80a6f633/library/alloc/src/boxed.rs:1575:9
[INFO] [stdout]   41:     0x5615743a10d7 - std::sys::unix::thread::Thread::new::thread_start::h8c7c4450dba62914
[INFO] [stdout]                                at /rustc/a178d0322ce20e33eac124758e837cbd80a6f633/library/std/src/sys/unix/thread.rs:71:17
[INFO] [stdout]   42:     0x7f97feb5a609 - start_thread
[INFO] [stdout]   43:     0x7f97fe92c293 - clone
[INFO] [stdout]   44:                0x0 - <unknown>
[INFO] [stdout] 
[INFO] [stdout] 
[INFO] [stdout] failures:
[INFO] [stdout]     ui
[INFO] [stdout] 
[INFO] [stdout] test result: FAILED. 0 passed; 1 failed; 0 ignored; 0 measured; 0 filtered out; finished in 25.32s
[INFO] [stdout] 
[INFO] running `Command { std: "docker" "inspect" "c76d66e142a7fc2768d00cbd70b86caa81ec399f60738f01bda69a19449358ab", kill_on_drop: false }`
[INFO] running `Command { std: "docker" "rm" "-f" "c76d66e142a7fc2768d00cbd70b86caa81ec399f60738f01bda69a19449358ab", kill_on_drop: false }`
[INFO] [stdout] c76d66e142a7fc2768d00cbd70b86caa81ec399f60738f01bda69a19449358ab
