[INFO] fetching crate rsyn 0.0.1...
[INFO] testing rsyn-0.0.1 against 1.54.0 for beta-1.55-1
[INFO] extracting crate rsyn 0.0.1 into /workspace/builds/worker-5/source
[INFO] validating manifest of crates.io crate rsyn 0.0.1 on toolchain 1.54.0
[INFO] running `Command { std: "/workspace/cargo-home/bin/cargo" "+1.54.0" "metadata" "--manifest-path" "Cargo.toml" "--no-deps", kill_on_drop: false }`
[INFO] started tweaking crates.io crate rsyn 0.0.1
[INFO] finished tweaking crates.io crate rsyn 0.0.1
[INFO] tweaked toml for crates.io crate rsyn 0.0.1 written to /workspace/builds/worker-5/source/Cargo.toml
[INFO] crate crates.io crate rsyn 0.0.1 already has a lockfile, it will not be regenerated
[INFO] running `Command { std: "/workspace/cargo-home/bin/cargo" "+1.54.0" "fetch" "--manifest-path" "Cargo.toml", kill_on_drop: false }`
[INFO] [stderr]  Downloading crates ...
[INFO] [stderr]   Downloaded structopt-derive v0.4.7
[INFO] [stderr]   Downloaded regex v1.3.7
[INFO] [stderr]   Downloaded proc-macro2 v1.0.12
[INFO] [stderr]   Downloaded structopt v0.3.14
[INFO] [stderr]   Downloaded anyhow v1.0.30
[INFO] [stderr]   Downloaded syn v1.0.21
[INFO] [stderr]   Downloaded unix_mode v0.1.1
[INFO] running `Command { std: "docker" "create" "-v" "/var/lib/crater-agent-workspace/builds/worker-5/target:/opt/rustwide/target:rw,Z" "-v" "/var/lib/crater-agent-workspace/builds/worker-5/source:/opt/rustwide/workdir:ro,Z" "-v" "/var/lib/crater-agent-workspace/cargo-home:/opt/rustwide/cargo-home:ro,Z" "-v" "/var/lib/crater-agent-workspace/rustup-home:/opt/rustwide/rustup-home:ro,Z" "-e" "SOURCE_DIR=/opt/rustwide/workdir" "-e" "CARGO_TARGET_DIR=/opt/rustwide/target" "-e" "CARGO_HOME=/opt/rustwide/cargo-home" "-e" "RUSTUP_HOME=/opt/rustwide/rustup-home" "-w" "/opt/rustwide/workdir" "-m" "1610612736" "--user" "0:0" "--network" "none" "ghcr.io/rust-lang/crates-build-env/linux@sha256:34b6a614d2c27851fe6cbf88fbd1137609cefab8b10d0615aaeb6fd47975d74e" "/opt/rustwide/cargo-home/bin/cargo" "+1.54.0" "metadata" "--no-deps" "--format-version=1", kill_on_drop: false }`
[INFO] [stderr] WARNING: Your kernel does not support swap limit capabilities or the cgroup is not mounted. Memory limited without swap.
[INFO] [stdout] 71d6d7a94a92aced2576e7597431cc0ec0c197931b30039af6b2bb85ff424dea
[INFO] running `Command { std: "docker" "start" "-a" "71d6d7a94a92aced2576e7597431cc0ec0c197931b30039af6b2bb85ff424dea", kill_on_drop: false }`
[INFO] running `Command { std: "docker" "inspect" "71d6d7a94a92aced2576e7597431cc0ec0c197931b30039af6b2bb85ff424dea", kill_on_drop: false }`
[INFO] running `Command { std: "docker" "rm" "-f" "71d6d7a94a92aced2576e7597431cc0ec0c197931b30039af6b2bb85ff424dea", kill_on_drop: false }`
[INFO] [stdout] 71d6d7a94a92aced2576e7597431cc0ec0c197931b30039af6b2bb85ff424dea
[INFO] running `Command { std: "docker" "create" "-v" "/var/lib/crater-agent-workspace/builds/worker-5/target:/opt/rustwide/target:rw,Z" "-v" "/var/lib/crater-agent-workspace/builds/worker-5/source:/opt/rustwide/workdir:ro,Z" "-v" "/var/lib/crater-agent-workspace/cargo-home:/opt/rustwide/cargo-home:ro,Z" "-v" "/var/lib/crater-agent-workspace/rustup-home:/opt/rustwide/rustup-home:ro,Z" "-e" "SOURCE_DIR=/opt/rustwide/workdir" "-e" "CARGO_TARGET_DIR=/opt/rustwide/target" "-e" "CARGO_INCREMENTAL=0" "-e" "RUST_BACKTRACE=full" "-e" "RUSTFLAGS=--cap-lints=warn" "-e" "CARGO_HOME=/opt/rustwide/cargo-home" "-e" "RUSTUP_HOME=/opt/rustwide/rustup-home" "-w" "/opt/rustwide/workdir" "-m" "1610612736" "--user" "0:0" "--network" "none" "ghcr.io/rust-lang/crates-build-env/linux@sha256:34b6a614d2c27851fe6cbf88fbd1137609cefab8b10d0615aaeb6fd47975d74e" "/opt/rustwide/cargo-home/bin/cargo" "+1.54.0" "build" "--frozen" "--message-format=json", kill_on_drop: false }`
[INFO] [stdout] fdf6d4a964ed175a84d64245e10da3dd95f4d39ce7a4cab04c4ea453378f90f8
[INFO] [stderr] WARNING: Your kernel does not support swap limit capabilities or the cgroup is not mounted. Memory limited without swap.
[INFO] running `Command { std: "docker" "start" "-a" "fdf6d4a964ed175a84d64245e10da3dd95f4d39ce7a4cab04c4ea453378f90f8", kill_on_drop: false }`
[INFO] [stderr]    Compiling syn v1.0.21
[INFO] [stderr]    Compiling anyhow v1.0.30
[INFO] [stderr]    Compiling unix_mode v0.1.1
[INFO] [stderr]    Compiling term_size v0.3.2
[INFO] [stderr]    Compiling atty v0.2.14
[INFO] [stderr]    Compiling time v0.1.43
[INFO] [stderr]    Compiling fern v0.6.0
[INFO] [stderr]    Compiling textwrap v0.11.0
[INFO] [stderr]    Compiling chrono v0.4.11
[INFO] [stderr]    Compiling clap v2.33.1
[INFO] [stderr]    Compiling syn-mid v0.5.0
[INFO] [stderr]    Compiling proc-macro-error-attr v1.0.2
[INFO] [stderr]    Compiling proc-macro-error v1.0.2
[INFO] [stderr]    Compiling structopt-derive v0.4.7
[INFO] [stderr]    Compiling structopt v0.3.14
[INFO] [stderr]    Compiling rsyn v0.0.1 (/opt/rustwide/workdir)
[INFO] [stdout] warning: lint `intra_doc_link_resolution_failure` has been removed: use `rustdoc::broken_intra_doc_links` instead
[INFO] [stdout]   --> src/lib.rs:25:9
[INFO] [stdout]    |
[INFO] [stdout] 25 | #![warn(intra_doc_link_resolution_failure)]
[INFO] [stdout]    |         ^^^^^^^^^^^^^^^^^^^^^^^^^^^^^^^^^
[INFO] [stdout]    |
[INFO] [stdout]    = note: `#[warn(renamed_and_removed_lints)]` on by default
[INFO] [stdout] 
[INFO] [stdout] 
[INFO] [stdout] warning: trailing semicolon in macro used in expression position
[INFO] [stdout]    --> src/flist.rs:231:9
[INFO] [stdout]     |
[INFO] [stdout] 231 |         debug!("[{:8}] {:?}", i, entry.name_lossy_string())
[INFO] [stdout]     |         ^^^^^^^^^^^^^^^^^^^^^^^^^^^^^^^^^^^^^^^^^^^^^^^^^^^
[INFO] [stdout]     |
[INFO] [stdout] note: the lint level is defined here
[INFO] [stdout]    --> src/lib.rs:17:9
[INFO] [stdout]     |
[INFO] [stdout] 17  | #![warn(future_incompatible)]
[INFO] [stdout]     |         ^^^^^^^^^^^^^^^^^^^
[INFO] [stdout]     = note: `#[warn(semicolon_in_expressions_from_macros)]` implied by `#[warn(future_incompatible)]`
[INFO] [stdout]     = warning: this was previously accepted by the compiler but is being phased out; it will become a hard error in a future release!
[INFO] [stdout]     = note: for more information, see issue #79813 <https://github.com/rust-lang/rust/issues/79813>
[INFO] [stdout]     = note: this warning originates in the macro `debug` (in Nightly builds, run with -Z macro-backtrace for more info)
[INFO] [stdout] 
[INFO] [stdout] 
[INFO] [stdout] warning: 2 warnings emitted
[INFO] [stdout] 
[INFO] [stdout] 
[INFO] [stderr]     Finished dev [unoptimized + debuginfo] target(s) in 21.81s
[INFO] running `Command { std: "docker" "inspect" "fdf6d4a964ed175a84d64245e10da3dd95f4d39ce7a4cab04c4ea453378f90f8", kill_on_drop: false }`
[INFO] running `Command { std: "docker" "rm" "-f" "fdf6d4a964ed175a84d64245e10da3dd95f4d39ce7a4cab04c4ea453378f90f8", kill_on_drop: false }`
[INFO] [stdout] fdf6d4a964ed175a84d64245e10da3dd95f4d39ce7a4cab04c4ea453378f90f8
[INFO] running `Command { std: "docker" "create" "-v" "/var/lib/crater-agent-workspace/builds/worker-5/target:/opt/rustwide/target:rw,Z" "-v" "/var/lib/crater-agent-workspace/builds/worker-5/source:/opt/rustwide/workdir:ro,Z" "-v" "/var/lib/crater-agent-workspace/cargo-home:/opt/rustwide/cargo-home:ro,Z" "-v" "/var/lib/crater-agent-workspace/rustup-home:/opt/rustwide/rustup-home:ro,Z" "-e" "SOURCE_DIR=/opt/rustwide/workdir" "-e" "CARGO_TARGET_DIR=/opt/rustwide/target" "-e" "CARGO_INCREMENTAL=0" "-e" "RUST_BACKTRACE=full" "-e" "RUSTFLAGS=--cap-lints=warn" "-e" "CARGO_HOME=/opt/rustwide/cargo-home" "-e" "RUSTUP_HOME=/opt/rustwide/rustup-home" "-w" "/opt/rustwide/workdir" "-m" "1610612736" "--user" "0:0" "--network" "none" "ghcr.io/rust-lang/crates-build-env/linux@sha256:34b6a614d2c27851fe6cbf88fbd1137609cefab8b10d0615aaeb6fd47975d74e" "/opt/rustwide/cargo-home/bin/cargo" "+1.54.0" "test" "--frozen" "--no-run" "--message-format=json", kill_on_drop: false }`
[INFO] [stderr] WARNING: Your kernel does not support swap limit capabilities or the cgroup is not mounted. Memory limited without swap.
[INFO] [stdout] 4ec4fd8ecea8e2bd7db98c1209b95c030ba90ab516a12384e0716f6031ca11da
[INFO] running `Command { std: "docker" "start" "-a" "4ec4fd8ecea8e2bd7db98c1209b95c030ba90ab516a12384e0716f6031ca11da", kill_on_drop: false }`
[INFO] [stderr]    Compiling rand v0.4.6
[INFO] [stdout] warning: lint `intra_doc_link_resolution_failure` has been removed: use `rustdoc::broken_intra_doc_links` instead
[INFO] [stdout]   --> src/lib.rs:25:9
[INFO] [stdout]    |
[INFO] [stdout] 25 | #![warn(intra_doc_link_resolution_failure)]
[INFO] [stdout]    |         ^^^^^^^^^^^^^^^^^^^^^^^^^^^^^^^^^
[INFO] [stdout]    |
[INFO] [stdout]    = note: `#[warn(renamed_and_removed_lints)]` on by default
[INFO] [stdout] 
[INFO] [stdout] 
[INFO] [stdout] warning: trailing semicolon in macro used in expression position
[INFO] [stdout]    --> src/flist.rs:231:9
[INFO] [stdout]     |
[INFO] [stdout] 231 |         debug!("[{:8}] {:?}", i, entry.name_lossy_string())
[INFO] [stdout]     |         ^^^^^^^^^^^^^^^^^^^^^^^^^^^^^^^^^^^^^^^^^^^^^^^^^^^
[INFO] [stdout]     |
[INFO] [stdout] note: the lint level is defined here
[INFO] [stdout]    --> src/lib.rs:17:9
[INFO] [stdout]     |
[INFO] [stdout] 17  | #![warn(future_incompatible)]
[INFO] [stdout]     |         ^^^^^^^^^^^^^^^^^^^
[INFO] [stdout]     = note: `#[warn(semicolon_in_expressions_from_macros)]` implied by `#[warn(future_incompatible)]`
[INFO] [stdout]     = warning: this was previously accepted by the compiler but is being phased out; it will become a hard error in a future release!
[INFO] [stdout]     = note: for more information, see issue #79813 <https://github.com/rust-lang/rust/issues/79813>
[INFO] [stdout]     = note: this warning originates in the macro `debug` (in Nightly builds, run with -Z macro-backtrace for more info)
[INFO] [stdout] 
[INFO] [stdout] 
[INFO] [stdout] warning: 2 warnings emitted
[INFO] [stdout] 
[INFO] [stdout] 
[INFO] [stderr]    Compiling tempdir v0.3.7
[INFO] [stderr]    Compiling rsyn v0.0.1 (/opt/rustwide/workdir)
[INFO] [stdout] warning: lint `intra_doc_link_resolution_failure` has been removed: use `rustdoc::broken_intra_doc_links` instead
[INFO] [stdout]   --> src/lib.rs:25:9
[INFO] [stdout]    |
[INFO] [stdout] 25 | #![warn(intra_doc_link_resolution_failure)]
[INFO] [stdout]    |         ^^^^^^^^^^^^^^^^^^^^^^^^^^^^^^^^^
[INFO] [stdout]    |
[INFO] [stdout]    = note: `#[warn(renamed_and_removed_lints)]` on by default
[INFO] [stdout] 
[INFO] [stdout] 
[INFO] [stdout] warning: trailing semicolon in macro used in expression position
[INFO] [stdout]    --> src/flist.rs:231:9
[INFO] [stdout]     |
[INFO] [stdout] 231 |         debug!("[{:8}] {:?}", i, entry.name_lossy_string())
[INFO] [stdout]     |         ^^^^^^^^^^^^^^^^^^^^^^^^^^^^^^^^^^^^^^^^^^^^^^^^^^^
[INFO] [stdout]     |
[INFO] [stdout] note: the lint level is defined here
[INFO] [stdout]    --> src/lib.rs:17:9
[INFO] [stdout]     |
[INFO] [stdout] 17  | #![warn(future_incompatible)]
[INFO] [stdout]     |         ^^^^^^^^^^^^^^^^^^^
[INFO] [stdout]     = note: `#[warn(semicolon_in_expressions_from_macros)]` implied by `#[warn(future_incompatible)]`
[INFO] [stdout]     = warning: this was previously accepted by the compiler but is being phased out; it will become a hard error in a future release!
[INFO] [stdout]     = note: for more information, see issue #79813 <https://github.com/rust-lang/rust/issues/79813>
[INFO] [stdout]     = note: this warning originates in the macro `debug` (in Nightly builds, run with -Z macro-backtrace for more info)
[INFO] [stdout] 
[INFO] [stdout] 
[INFO] [stdout] warning: 2 warnings emitted
[INFO] [stdout] 
[INFO] [stdout] 
[INFO] [stderr]     Finished test [unoptimized + debuginfo] target(s) in 3.94s
[INFO] running `Command { std: "docker" "inspect" "4ec4fd8ecea8e2bd7db98c1209b95c030ba90ab516a12384e0716f6031ca11da", kill_on_drop: false }`
[INFO] running `Command { std: "docker" "rm" "-f" "4ec4fd8ecea8e2bd7db98c1209b95c030ba90ab516a12384e0716f6031ca11da", kill_on_drop: false }`
[INFO] [stdout] 4ec4fd8ecea8e2bd7db98c1209b95c030ba90ab516a12384e0716f6031ca11da
[INFO] running `Command { std: "docker" "create" "-v" "/var/lib/crater-agent-workspace/builds/worker-5/target:/opt/rustwide/target:rw,Z" "-v" "/var/lib/crater-agent-workspace/builds/worker-5/source:/opt/rustwide/workdir:ro,Z" "-v" "/var/lib/crater-agent-workspace/cargo-home:/opt/rustwide/cargo-home:ro,Z" "-v" "/var/lib/crater-agent-workspace/rustup-home:/opt/rustwide/rustup-home:ro,Z" "-e" "SOURCE_DIR=/opt/rustwide/workdir" "-e" "CARGO_TARGET_DIR=/opt/rustwide/target" "-e" "CARGO_INCREMENTAL=0" "-e" "RUST_BACKTRACE=full" "-e" "RUSTFLAGS=--cap-lints=warn" "-e" "CARGO_HOME=/opt/rustwide/cargo-home" "-e" "RUSTUP_HOME=/opt/rustwide/rustup-home" "-w" "/opt/rustwide/workdir" "-m" "1610612736" "--user" "0:0" "--network" "none" "ghcr.io/rust-lang/crates-build-env/linux@sha256:34b6a614d2c27851fe6cbf88fbd1137609cefab8b10d0615aaeb6fd47975d74e" "/opt/rustwide/cargo-home/bin/cargo" "+1.54.0" "test" "--frozen", kill_on_drop: false }`
[INFO] [stderr] WARNING: Your kernel does not support swap limit capabilities or the cgroup is not mounted. Memory limited without swap.
[INFO] [stdout] ddfc3464601281c24f20b421f4f663ee431ea3175c2cf80518b7306db89fede3
[INFO] running `Command { std: "docker" "start" "-a" "ddfc3464601281c24f20b421f4f663ee431ea3175c2cf80518b7306db89fede3", kill_on_drop: false }`
[INFO] [stderr] warning: lint `intra_doc_link_resolution_failure` has been removed: use `rustdoc::broken_intra_doc_links` instead
[INFO] [stderr]   --> src/lib.rs:25:9
[INFO] [stderr]    |
[INFO] [stderr] 25 | #![warn(intra_doc_link_resolution_failure)]
[INFO] [stderr]    |         ^^^^^^^^^^^^^^^^^^^^^^^^^^^^^^^^^
[INFO] [stderr]    |
[INFO] [stderr]    = note: `#[warn(renamed_and_removed_lints)]` on by default
[INFO] [stderr] 
[INFO] [stderr] warning: trailing semicolon in macro used in expression position
[INFO] [stderr]    --> src/flist.rs:231:9
[INFO] [stderr]     |
[INFO] [stderr] 231 |         debug!("[{:8}] {:?}", i, entry.name_lossy_string())
[INFO] [stderr]     |         ^^^^^^^^^^^^^^^^^^^^^^^^^^^^^^^^^^^^^^^^^^^^^^^^^^^
[INFO] [stderr]     |
[INFO] [stderr] note: the lint level is defined here
[INFO] [stderr]    --> src/lib.rs:17:9
[INFO] [stderr]     |
[INFO] [stderr] 17  | #![warn(future_incompatible)]
[INFO] [stderr]     |         ^^^^^^^^^^^^^^^^^^^
[INFO] [stderr]     = note: `#[warn(semicolon_in_expressions_from_macros)]` implied by `#[warn(future_incompatible)]`
[INFO] [stderr]     = warning: this was previously accepted by the compiler but is being phased out; it will become a hard error in a future release!
[INFO] [stderr]     = note: for more information, see issue #79813 <https://github.com/rust-lang/rust/issues/79813>
[INFO] [stderr]     = note: this warning originates in the macro `debug` (in Nightly builds, run with -Z macro-backtrace for more info)
[INFO] [stderr] 
[INFO] [stderr] warning: 2 warnings emitted
[INFO] [stderr] 
[INFO] [stderr] warning: lint `intra_doc_link_resolution_failure` has been removed: use `rustdoc::broken_intra_doc_links` instead
[INFO] [stderr]   --> src/lib.rs:25:9
[INFO] [stderr]    |
[INFO] [stderr] 25 | #![warn(intra_doc_link_resolution_failure)]
[INFO] [stderr]    |         ^^^^^^^^^^^^^^^^^^^^^^^^^^^^^^^^^
[INFO] [stderr]    |
[INFO] [stderr]    = note: `#[warn(renamed_and_removed_lints)]` on by default
[INFO] [stderr] 
[INFO] [stderr] warning: trailing semicolon in macro used in expression position
[INFO] [stderr]    --> src/flist.rs:231:9
[INFO] [stderr]     |
[INFO] [stderr] 231 |         debug!("[{:8}] {:?}", i, entry.name_lossy_string())
[INFO] [stderr]     |         ^^^^^^^^^^^^^^^^^^^^^^^^^^^^^^^^^^^^^^^^^^^^^^^^^^^
[INFO] [stderr]     |
[INFO] [stderr] note: the lint level is defined here
[INFO] [stderr]    --> src/lib.rs:17:9
[INFO] [stderr]     |
[INFO] [stderr] 17  | #![warn(future_incompatible)]
[INFO] [stderr]     |         ^^^^^^^^^^^^^^^^^^^
[INFO] [stderr]     = note: `#[warn(semicolon_in_expressions_from_macros)]` implied by `#[warn(future_incompatible)]`
[INFO] [stderr]     = warning: this was previously accepted by the compiler but is being phased out; it will become a hard error in a future release!
[INFO] [stderr]     = note: for more information, see issue #79813 <https://github.com/rust-lang/rust/issues/79813>
[INFO] [stderr]     = note: this warning originates in the macro `debug` (in Nightly builds, run with -Z macro-backtrace for more info)
[INFO] [stderr] 
[INFO] [stderr] warning: 2 warnings emitted
[INFO] [stderr] 
[INFO] [stderr]     Finished test [unoptimized + debuginfo] target(s) in 0.04s
[INFO] [stderr]      Running unittests (/opt/rustwide/target/debug/deps/rsyn-47d27fa96ac8dab5)
[INFO] [stdout] 
[INFO] [stdout] running 19 tests
[INFO] [stdout] test client::test::build_ssh_args ... ok
[INFO] [stdout] test client::test::build_ssh_args_with_user ... ok
[INFO] [stdout] test client::test::build_local_args ... ok
[INFO] [stdout] test client::test::build_local_args_verbose ... ok
[INFO] [stdout] test client::test::build_local_args_with_rsync_path ... ok
[INFO] [stdout] test client::test::parse_rsync_url_with_username ... ok
[INFO] [stdout] test client::test::parse_rsync_url_with_username_and_port ... ok
[INFO] [stdout] test client::test::parse_rsync_url ... ok
[INFO] [stdout] test flist::test::ordering_examples ... ok
[INFO] [stdout] test varint::test::read_i64 ... ok
[INFO] [stdout] test client::test::parse_simple_path ... ok
[INFO] [stdout] test client::test::parse_sftp_style_with_user ... ok
[INFO] [stdout] test client::test::build_ssh_args_for_default_directory ... ok
[INFO] [stdout] test client::test::parse_sftp_style_without_user ... ok
[INFO] [stdout] test client::test::build_ssh_args_with_ssh_command ... ok
[INFO] [stdout] test client::test::parse_daemon_simple ... ok
[INFO] [stdout] test client::test::parse_daemon_with_user ... ok
[INFO] [stdout] test flist::test::file_entry_display_like_ls ... ok
[INFO] [stdout] test client::test::daemon_connection_unimplemented - should panic ... ok
[INFO] [stdout] 
[INFO] [stdout] test result: ok. 19 passed; 0 failed; 0 ignored; 0 measured; 0 filtered out; finished in 0.02s
[INFO] [stdout] 
[INFO] [stderr]      Running unittests (/opt/rustwide/target/debug/deps/rsyn-0bbaad4af54f8b01)
[INFO] [stdout] 
[INFO] [stdout] running 2 tests
[INFO] [stdout] test test::rsync_path_option ... ok
[INFO] [stdout] test test::rsh_option ... ok
[INFO] [stdout] 
[INFO] [stdout] test result: ok. 2 passed; 0 failed; 0 ignored; 0 measured; 0 filtered out; finished in 0.00s
[INFO] [stdout] 
[INFO] [stderr]      Running tests/interop.rs (/opt/rustwide/target/debug/deps/interop-818ef8d0c9c0835c)
[INFO] [stdout] 
[INFO] [stdout] running 4 tests
[INFO] [stdout] test list_files ... ok
[INFO] [stdout] test list_files_dev ... ok
[INFO] [stdout] test list_symlink ... ok
[INFO] [stdout] test list_files_etc ... ok
[INFO] [stdout] 
[INFO] [stdout] test result: ok. 4 passed; 0 failed; 0 ignored; 0 measured; 0 filtered out; finished in 0.06s
[INFO] [stdout] 
[INFO] [stderr]      Running tests/no_logger.rs (/opt/rustwide/target/debug/deps/no_logger-edc3bcda1e9d05fc)
[INFO] [stdout] 
[INFO] [stdout] running 1 test
[INFO] [stdout] test list_files_with_no_logger ... FAILED
[INFO] [stdout] 
[INFO] [stdout] failures:
[INFO] [stdout] 
[INFO] [stdout] ---- list_files_with_no_logger stdout ----
[INFO] [stdout] thread 'list_files_with_no_logger' panicked at 'Failed to list files: Failed to list files
[INFO] [stdout] 
[INFO] [stdout] Caused by:
[INFO] [stdout]     0: Failed to send phase transition
[INFO] [stdout]     1: Broken pipe (os error 32)', tests/no_logger.rs:28:10
[INFO] [stdout] stack backtrace:
[INFO] [stdout]    0:     0x562e260b4350 - std::backtrace_rs::backtrace::libunwind::trace::h34055254b57d8e79
[INFO] [stdout]                                at /rustc/a178d0322ce20e33eac124758e837cbd80a6f633/library/std/src/../../backtrace/src/backtrace/libunwind.rs:90:5
[INFO] [stdout]    1:     0x562e260b4350 - std::backtrace_rs::backtrace::trace_unsynchronized::h8f1e3fbd9afff6ec
[INFO] [stdout]                                at /rustc/a178d0322ce20e33eac124758e837cbd80a6f633/library/std/src/../../backtrace/src/backtrace/mod.rs:66:5
[INFO] [stdout]    2:     0x562e260b4350 - std::sys_common::backtrace::_print_fmt::h3a99a796b770c360
[INFO] [stdout]                                at /rustc/a178d0322ce20e33eac124758e837cbd80a6f633/library/std/src/sys_common/backtrace.rs:67:5
[INFO] [stdout]    3:     0x562e260b4350 - <std::sys_common::backtrace::_print::DisplayBacktrace as core::fmt::Display>::fmt::h32d1f94a80615d18
[INFO] [stdout]                                at /rustc/a178d0322ce20e33eac124758e837cbd80a6f633/library/std/src/sys_common/backtrace.rs:46:22
[INFO] [stdout]    4:     0x562e260d71ac - core::fmt::write::h306731c068f7162c
[INFO] [stdout]                                at /rustc/a178d0322ce20e33eac124758e837cbd80a6f633/library/core/src/fmt/mod.rs:1110:17
[INFO] [stdout]    5:     0x562e260b1045 - std::io::Write::write_fmt::h87f19b0a2cd190bc
[INFO] [stdout]                                at /rustc/a178d0322ce20e33eac124758e837cbd80a6f633/library/std/src/io/mod.rs:1588:15
[INFO] [stdout]    6:     0x562e260b64bb - std::sys_common::backtrace::_print::h5abaa2601a852287
[INFO] [stdout]                                at /rustc/a178d0322ce20e33eac124758e837cbd80a6f633/library/std/src/sys_common/backtrace.rs:49:5
[INFO] [stdout]    7:     0x562e260b64bb - std::sys_common::backtrace::print::h8d81445442bb638f
[INFO] [stdout]                                at /rustc/a178d0322ce20e33eac124758e837cbd80a6f633/library/std/src/sys_common/backtrace.rs:36:9
[INFO] [stdout]    8:     0x562e260b64bb - std::panicking::default_hook::{{closure}}::hcfe804496a9fa747
[INFO] [stdout]                                at /rustc/a178d0322ce20e33eac124758e837cbd80a6f633/library/std/src/panicking.rs:208:50
[INFO] [stdout]    9:     0x562e260b5fcc - std::panicking::default_hook::hbea8e3ccf2ba8901
[INFO] [stdout]                                at /rustc/a178d0322ce20e33eac124758e837cbd80a6f633/library/std/src/panicking.rs:222:9
[INFO] [stdout]   10:     0x562e260b6b84 - std::panicking::rust_panic_with_hook::h7ee9e1a2d0f8975a
[INFO] [stdout]                                at /rustc/a178d0322ce20e33eac124758e837cbd80a6f633/library/std/src/panicking.rs:622:17
[INFO] [stdout]   11:     0x562e260b6667 - std::panicking::begin_panic_handler::{{closure}}::h8ab3b4491718b2c7
[INFO] [stdout]                                at /rustc/a178d0322ce20e33eac124758e837cbd80a6f633/library/std/src/panicking.rs:519:13
[INFO] [stdout]   12:     0x562e260b484c - std::sys_common::backtrace::__rust_end_short_backtrace::hd489062ffa586a9f
[INFO] [stdout]                                at /rustc/a178d0322ce20e33eac124758e837cbd80a6f633/library/std/src/sys_common/backtrace.rs:141:18
[INFO] [stdout]   13:     0x562e260b65c9 - rust_begin_unwind
[INFO] [stdout]                                at /rustc/a178d0322ce20e33eac124758e837cbd80a6f633/library/std/src/panicking.rs:515:5
[INFO] [stdout]   14:     0x562e2602a6d1 - core::panicking::panic_fmt::hca6330e3e14086b4
[INFO] [stdout]                                at /rustc/a178d0322ce20e33eac124758e837cbd80a6f633/library/core/src/panicking.rs:92:14
[INFO] [stdout]   15:     0x562e2602a7c3 - core::result::unwrap_failed::h6160d2b4bfbb0e87
[INFO] [stdout]                                at /rustc/a178d0322ce20e33eac124758e837cbd80a6f633/library/core/src/result.rs:1355:5
[INFO] [stdout]   16:     0x562e2602b9fd - core::result::Result<T,E>::expect::h4a2e63ce619d9979
[INFO] [stdout]                                at /rustc/a178d0322ce20e33eac124758e837cbd80a6f633/library/core/src/result.rs:997:23
[INFO] [stdout]   17:     0x562e2602b5ca - no_logger::list_files_with_no_logger::hdf7668cccbf1e4f8
[INFO] [stdout]                                at /opt/rustwide/workdir/tests/no_logger.rs:26:5
[INFO] [stdout]   18:     0x562e2602b55a - no_logger::list_files_with_no_logger::{{closure}}::hf20283f5c06ffb7d
[INFO] [stdout]                                at /opt/rustwide/workdir/tests/no_logger.rs:23:1
[INFO] [stdout]   19:     0x562e2602b3de - core::ops::function::FnOnce::call_once::h9e65a0b83c652c27
[INFO] [stdout]                                at /rustc/a178d0322ce20e33eac124758e837cbd80a6f633/library/core/src/ops/function.rs:227:5
[INFO] [stdout]   20:     0x562e26053c03 - core::ops::function::FnOnce::call_once::h152e7e439ff59e19
[INFO] [stdout]                                at /rustc/a178d0322ce20e33eac124758e837cbd80a6f633/library/core/src/ops/function.rs:227:5
[INFO] [stdout]   21:     0x562e26053c03 - test::__rust_begin_short_backtrace::h0908f3b1fdbb72ab
[INFO] [stdout]                                at /rustc/a178d0322ce20e33eac124758e837cbd80a6f633/library/test/src/lib.rs:577:5
[INFO] [stdout]   22:     0x562e260526c0 - <alloc::boxed::Box<F,A> as core::ops::function::FnOnce<Args>>::call_once::hf6d2a51e5587546c
[INFO] [stdout]                                at /rustc/a178d0322ce20e33eac124758e837cbd80a6f633/library/alloc/src/boxed.rs:1575:9
[INFO] [stdout]   23:     0x562e260526c0 - <std::panic::AssertUnwindSafe<F> as core::ops::function::FnOnce<()>>::call_once::h8af660f3a89ef593
[INFO] [stdout]                                at /rustc/a178d0322ce20e33eac124758e837cbd80a6f633/library/std/src/panic.rs:347:9
[INFO] [stdout]   24:     0x562e260526c0 - std::panicking::try::do_call::hd36aef60f84b6d36
[INFO] [stdout]                                at /rustc/a178d0322ce20e33eac124758e837cbd80a6f633/library/std/src/panicking.rs:401:40
[INFO] [stdout]   25:     0x562e260526c0 - std::panicking::try::h9932b4480e69817c
[INFO] [stdout]                                at /rustc/a178d0322ce20e33eac124758e837cbd80a6f633/library/std/src/panicking.rs:365:19
[INFO] [stdout]   26:     0x562e260526c0 - std::panic::catch_unwind::h6aa177099cfff5f8
[INFO] [stdout]                                at /rustc/a178d0322ce20e33eac124758e837cbd80a6f633/library/std/src/panic.rs:434:14
[INFO] [stdout]   27:     0x562e260526c0 - test::run_test_in_process::h5884d6f2d99e20c3
[INFO] [stdout]                                at /rustc/a178d0322ce20e33eac124758e837cbd80a6f633/library/test/src/lib.rs:600:18
[INFO] [stdout]   28:     0x562e260526c0 - test::run_test::run_test_inner::{{closure}}::h6fdc58c6d5f5b6e3
[INFO] [stdout]                                at /rustc/a178d0322ce20e33eac124758e837cbd80a6f633/library/test/src/lib.rs:492:39
[INFO] [stdout]   29:     0x562e2602bd72 - test::run_test::run_test_inner::{{closure}}::h408365d67a78ade8
[INFO] [stdout]                                at /rustc/a178d0322ce20e33eac124758e837cbd80a6f633/library/test/src/lib.rs:519:37
[INFO] [stdout]   30:     0x562e2602bd72 - std::sys_common::backtrace::__rust_begin_short_backtrace::hb560b77c4f701523
[INFO] [stdout]                                at /rustc/a178d0322ce20e33eac124758e837cbd80a6f633/library/std/src/sys_common/backtrace.rs:125:18
[INFO] [stdout]   31:     0x562e2602f928 - std::thread::Builder::spawn_unchecked::{{closure}}::{{closure}}::hf2e7831dad93c597
[INFO] [stdout]                                at /rustc/a178d0322ce20e33eac124758e837cbd80a6f633/library/std/src/thread/mod.rs:481:17
[INFO] [stdout]   32:     0x562e2602f928 - <std::panic::AssertUnwindSafe<F> as core::ops::function::FnOnce<()>>::call_once::hd2e08783d8be4d02
[INFO] [stdout]                                at /rustc/a178d0322ce20e33eac124758e837cbd80a6f633/library/std/src/panic.rs:347:9
[INFO] [stdout]   33:     0x562e2602f928 - std::panicking::try::do_call::h062597b7acfd6b82
[INFO] [stdout]                                at /rustc/a178d0322ce20e33eac124758e837cbd80a6f633/library/std/src/panicking.rs:401:40
[INFO] [stdout]   34:     0x562e2602f928 - std::panicking::try::h0d7b79db04c14552
[INFO] [stdout]                                at /rustc/a178d0322ce20e33eac124758e837cbd80a6f633/library/std/src/panicking.rs:365:19
[INFO] [stdout]   35:     0x562e2602f928 - std::panic::catch_unwind::hb01a0b5e7c8cd43b
[INFO] [stdout]                                at /rustc/a178d0322ce20e33eac124758e837cbd80a6f633/library/std/src/panic.rs:434:14
[INFO] [stdout]   36:     0x562e2602f928 - std::thread::Builder::spawn_unchecked::{{closure}}::h5bde48cc887e0d1e
[INFO] [stdout]                                at /rustc/a178d0322ce20e33eac124758e837cbd80a6f633/library/std/src/thread/mod.rs:480:30
[INFO] [stdout]   37:     0x562e2602f928 - core::ops::function::FnOnce::call_once{{vtable.shim}}::h745ea30807a29e55
[INFO] [stdout]                                at /rustc/a178d0322ce20e33eac124758e837cbd80a6f633/library/core/src/ops/function.rs:227:5
[INFO] [stderr] error: test failed, to rerun pass '--test no_logger'
[INFO] [stdout]   38:     0x562e260bb957 - <alloc::boxed::Box<F,A> as core::ops::function::FnOnce<Args>>::call_once::h7ece6cfefaff1005
[INFO] [stdout]                                at /rustc/a178d0322ce20e33eac124758e837cbd80a6f633/library/alloc/src/boxed.rs:1575:9
[INFO] [stdout]   39:     0x562e260bb957 - <alloc::boxed::Box<F,A> as core::ops::function::FnOnce<Args>>::call_once::hb8b48e55c21f193e
[INFO] [stdout]                                at /rustc/a178d0322ce20e33eac124758e837cbd80a6f633/library/alloc/src/boxed.rs:1575:9
[INFO] [stdout]   40:     0x562e260bb957 - std::sys::unix::thread::Thread::new::thread_start::h8c7c4450dba62914
[INFO] [stdout]                                at /rustc/a178d0322ce20e33eac124758e837cbd80a6f633/library/std/src/sys/unix/thread.rs:71:17
[INFO] [stdout]   41:     0x7f18bf38a609 - start_thread
[INFO] [stdout]   42:     0x7f18bf162293 - clone
[INFO] [stdout]   43:                0x0 - <unknown>
[INFO] [stdout] 
[INFO] [stdout] 
[INFO] [stdout] failures:
[INFO] [stdout]     list_files_with_no_logger
[INFO] [stdout] 
[INFO] [stdout] test result: FAILED. 0 passed; 1 failed; 0 ignored; 0 measured; 0 filtered out; finished in 0.03s
[INFO] [stdout] 
[INFO] running `Command { std: "docker" "inspect" "ddfc3464601281c24f20b421f4f663ee431ea3175c2cf80518b7306db89fede3", kill_on_drop: false }`
[INFO] running `Command { std: "docker" "rm" "-f" "ddfc3464601281c24f20b421f4f663ee431ea3175c2cf80518b7306db89fede3", kill_on_drop: false }`
[INFO] [stdout] ddfc3464601281c24f20b421f4f663ee431ea3175c2cf80518b7306db89fede3
