[INFO] fetching crate persistence 0.0.5...
[INFO] testing persistence-0.0.5 against 1.54.0 for beta-1.55-1
[INFO] extracting crate persistence 0.0.5 into /workspace/builds/worker-4/source
[INFO] validating manifest of crates.io crate persistence 0.0.5 on toolchain 1.54.0
[INFO] running `Command { std: "/workspace/cargo-home/bin/cargo" "+1.54.0" "metadata" "--manifest-path" "Cargo.toml" "--no-deps", kill_on_drop: false }`
[INFO] started tweaking crates.io crate persistence 0.0.5
[INFO] finished tweaking crates.io crate persistence 0.0.5
[INFO] tweaked toml for crates.io crate persistence 0.0.5 written to /workspace/builds/worker-4/source/Cargo.toml
[INFO] running `Command { std: "/workspace/cargo-home/bin/cargo" "+1.54.0" "generate-lockfile" "--manifest-path" "Cargo.toml" "-Zno-index-update", kill_on_drop: false }`
[INFO] running `Command { std: "/workspace/cargo-home/bin/cargo" "+1.54.0" "fetch" "--manifest-path" "Cargo.toml", kill_on_drop: false }`
[INFO] running `Command { std: "docker" "create" "-v" "/var/lib/crater-agent-workspace/builds/worker-4/target:/opt/rustwide/target:rw,Z" "-v" "/var/lib/crater-agent-workspace/builds/worker-4/source:/opt/rustwide/workdir:ro,Z" "-v" "/var/lib/crater-agent-workspace/cargo-home:/opt/rustwide/cargo-home:ro,Z" "-v" "/var/lib/crater-agent-workspace/rustup-home:/opt/rustwide/rustup-home:ro,Z" "-e" "SOURCE_DIR=/opt/rustwide/workdir" "-e" "CARGO_TARGET_DIR=/opt/rustwide/target" "-e" "CARGO_HOME=/opt/rustwide/cargo-home" "-e" "RUSTUP_HOME=/opt/rustwide/rustup-home" "-w" "/opt/rustwide/workdir" "-m" "1610612736" "--user" "0:0" "--network" "none" "ghcr.io/rust-lang/crates-build-env/linux@sha256:34b6a614d2c27851fe6cbf88fbd1137609cefab8b10d0615aaeb6fd47975d74e" "/opt/rustwide/cargo-home/bin/cargo" "+1.54.0" "metadata" "--no-deps" "--format-version=1", kill_on_drop: false }`
[INFO] [stdout] 6197925dc288c57ef6a4386788e2a664b052d24b91b971c7504a4c4eba8b0105
[INFO] [stderr] WARNING: Your kernel does not support swap limit capabilities or the cgroup is not mounted. Memory limited without swap.
[INFO] running `Command { std: "docker" "start" "-a" "6197925dc288c57ef6a4386788e2a664b052d24b91b971c7504a4c4eba8b0105", kill_on_drop: false }`
[INFO] running `Command { std: "docker" "inspect" "6197925dc288c57ef6a4386788e2a664b052d24b91b971c7504a4c4eba8b0105", kill_on_drop: false }`
[INFO] running `Command { std: "docker" "rm" "-f" "6197925dc288c57ef6a4386788e2a664b052d24b91b971c7504a4c4eba8b0105", kill_on_drop: false }`
[INFO] [stdout] 6197925dc288c57ef6a4386788e2a664b052d24b91b971c7504a4c4eba8b0105
[INFO] running `Command { std: "docker" "create" "-v" "/var/lib/crater-agent-workspace/builds/worker-4/target:/opt/rustwide/target:rw,Z" "-v" "/var/lib/crater-agent-workspace/builds/worker-4/source:/opt/rustwide/workdir:ro,Z" "-v" "/var/lib/crater-agent-workspace/cargo-home:/opt/rustwide/cargo-home:ro,Z" "-v" "/var/lib/crater-agent-workspace/rustup-home:/opt/rustwide/rustup-home:ro,Z" "-e" "SOURCE_DIR=/opt/rustwide/workdir" "-e" "CARGO_TARGET_DIR=/opt/rustwide/target" "-e" "CARGO_INCREMENTAL=0" "-e" "RUST_BACKTRACE=full" "-e" "RUSTFLAGS=--cap-lints=warn" "-e" "CARGO_HOME=/opt/rustwide/cargo-home" "-e" "RUSTUP_HOME=/opt/rustwide/rustup-home" "-w" "/opt/rustwide/workdir" "-m" "1610612736" "--user" "0:0" "--network" "none" "ghcr.io/rust-lang/crates-build-env/linux@sha256:34b6a614d2c27851fe6cbf88fbd1137609cefab8b10d0615aaeb6fd47975d74e" "/opt/rustwide/cargo-home/bin/cargo" "+1.54.0" "build" "--frozen" "--message-format=json", kill_on_drop: false }`
[INFO] [stderr] WARNING: Your kernel does not support swap limit capabilities or the cgroup is not mounted. Memory limited without swap.
[INFO] [stdout] 8099a011dde2a3cfec3651b230428b0e6ba543b51f37fadf365c6071bd49495b
[INFO] running `Command { std: "docker" "start" "-a" "8099a011dde2a3cfec3651b230428b0e6ba543b51f37fadf365c6071bd49495b", kill_on_drop: false }`
[INFO] [stderr]    Compiling persistence v0.0.5 (/opt/rustwide/workdir)
[INFO] [stdout] warning: variable does not need to be mutable
[INFO] [stdout]    --> src/lib.rs:258:9
[INFO] [stdout]     |
[INFO] [stdout] 258 |     let mut mm = unsafe { MmapMut::map_mut(&file)? };
[INFO] [stdout]     |         ----^^
[INFO] [stdout]     |         |
[INFO] [stdout]     |         help: remove this `mut`
[INFO] [stdout]     |
[INFO] [stdout]     = note: `#[warn(unused_mut)]` on by default
[INFO] [stdout] 
[INFO] [stdout] 
[INFO] [stdout] warning: field is never read: `file`
[INFO] [stdout]    --> src/lib.rs:146:3
[INFO] [stdout]     |
[INFO] [stdout] 146 |   file: File,
[INFO] [stdout]     |   ^^^^^^^^^^
[INFO] [stdout]     |
[INFO] [stdout]     = note: `#[warn(dead_code)]` on by default
[INFO] [stdout] 
[INFO] [stdout] 
[INFO] [stdout] warning: field is never read: `mm`
[INFO] [stdout]    --> src/lib.rs:147:3
[INFO] [stdout]     |
[INFO] [stdout] 147 |   mm: MmapMut,
[INFO] [stdout]     |   ^^^^^^^^^^^
[INFO] [stdout] 
[INFO] [stdout] 
[INFO] [stdout] warning: 3 warnings emitted
[INFO] [stdout] 
[INFO] [stdout] 
[INFO] [stderr]     Finished dev [unoptimized + debuginfo] target(s) in 0.76s
[INFO] running `Command { std: "docker" "inspect" "8099a011dde2a3cfec3651b230428b0e6ba543b51f37fadf365c6071bd49495b", kill_on_drop: false }`
[INFO] running `Command { std: "docker" "rm" "-f" "8099a011dde2a3cfec3651b230428b0e6ba543b51f37fadf365c6071bd49495b", kill_on_drop: false }`
[INFO] [stdout] 8099a011dde2a3cfec3651b230428b0e6ba543b51f37fadf365c6071bd49495b
[INFO] running `Command { std: "docker" "create" "-v" "/var/lib/crater-agent-workspace/builds/worker-4/target:/opt/rustwide/target:rw,Z" "-v" "/var/lib/crater-agent-workspace/builds/worker-4/source:/opt/rustwide/workdir:ro,Z" "-v" "/var/lib/crater-agent-workspace/cargo-home:/opt/rustwide/cargo-home:ro,Z" "-v" "/var/lib/crater-agent-workspace/rustup-home:/opt/rustwide/rustup-home:ro,Z" "-e" "SOURCE_DIR=/opt/rustwide/workdir" "-e" "CARGO_TARGET_DIR=/opt/rustwide/target" "-e" "CARGO_INCREMENTAL=0" "-e" "RUST_BACKTRACE=full" "-e" "RUSTFLAGS=--cap-lints=warn" "-e" "CARGO_HOME=/opt/rustwide/cargo-home" "-e" "RUSTUP_HOME=/opt/rustwide/rustup-home" "-w" "/opt/rustwide/workdir" "-m" "1610612736" "--user" "0:0" "--network" "none" "ghcr.io/rust-lang/crates-build-env/linux@sha256:34b6a614d2c27851fe6cbf88fbd1137609cefab8b10d0615aaeb6fd47975d74e" "/opt/rustwide/cargo-home/bin/cargo" "+1.54.0" "test" "--frozen" "--no-run" "--message-format=json", kill_on_drop: false }`
[INFO] [stderr] WARNING: Your kernel does not support swap limit capabilities or the cgroup is not mounted. Memory limited without swap.
[INFO] [stdout] 3bba876eb548fc89622fa38f6c13c5fd104b4f98c210318265d946c080416dee
[INFO] running `Command { std: "docker" "start" "-a" "3bba876eb548fc89622fa38f6c13c5fd104b4f98c210318265d946c080416dee", kill_on_drop: false }`
[INFO] [stdout] warning: variable does not need to be mutable
[INFO] [stdout]    --> src/lib.rs:258:9
[INFO] [stdout]     |
[INFO] [stdout] 258 |     let mut mm = unsafe { MmapMut::map_mut(&file)? };
[INFO] [stdout]     |         ----^^
[INFO] [stdout]     |         |
[INFO] [stdout]     |         help: remove this `mut`
[INFO] [stdout]     |
[INFO] [stdout]     = note: `#[warn(unused_mut)]` on by default
[INFO] [stdout] 
[INFO] [stdout] 
[INFO] [stdout] warning: field is never read: `file`
[INFO] [stdout]    --> src/lib.rs:146:3
[INFO] [stdout]     |
[INFO] [stdout] 146 |   file: File,
[INFO] [stdout]     |   ^^^^^^^^^^
[INFO] [stdout]     |
[INFO] [stdout]     = note: `#[warn(dead_code)]` on by default
[INFO] [stdout] 
[INFO] [stdout] 
[INFO] [stderr]    Compiling persistence v0.0.5 (/opt/rustwide/workdir)
[INFO] [stdout] warning: field is never read: `mm`
[INFO] [stdout]    --> src/lib.rs:147:3
[INFO] [stdout]     |
[INFO] [stdout] 147 |   mm: MmapMut,
[INFO] [stdout]     |   ^^^^^^^^^^^
[INFO] [stdout] 
[INFO] [stdout] 
[INFO] [stdout] warning: 3 warnings emitted
[INFO] [stdout] 
[INFO] [stdout] 
[INFO] [stdout] warning: use of deprecated associated function `std::error::Error::description`: use the Display impl or to_string()
[INFO] [stdout]    --> src/lib.rs:400:20
[INFO] [stdout]     |
[INFO] [stdout] 400 |     assert!(mv_err.description().ends_with("Magic bytes mismatch."));
[INFO] [stdout]     |                    ^^^^^^^^^^^
[INFO] [stdout]     |
[INFO] [stdout]     = note: `#[warn(deprecated)]` on by default
[INFO] [stdout] 
[INFO] [stdout] 
[INFO] [stdout] warning: use of deprecated associated function `std::error::Error::description`: use the Display impl or to_string()
[INFO] [stdout]    --> src/lib.rs:418:20
[INFO] [stdout]     |
[INFO] [stdout] 418 |     assert!(mv_err.description().contains("shorter than the expected header size"));
[INFO] [stdout]     |                    ^^^^^^^^^^^
[INFO] [stdout] 
[INFO] [stdout] 
[INFO] [stdout] warning: use of deprecated associated function `std::error::Error::description`: use the Display impl or to_string()
[INFO] [stdout]    --> src/lib.rs:436:20
[INFO] [stdout]     |
[INFO] [stdout] 436 |     assert!(mv_err.description().contains("not an integer multiple of the size of the data type"));
[INFO] [stdout]     |                    ^^^^^^^^^^^
[INFO] [stdout] 
[INFO] [stdout] 
[INFO] [stdout] warning: use of deprecated associated function `std::error::Error::description`: use the Display impl or to_string()
[INFO] [stdout]    --> src/lib.rs:456:20
[INFO] [stdout]     |
[INFO] [stdout] 456 |     assert!(mv_err.description().ends_with("Endianness-marker invalid."));
[INFO] [stdout]     |                    ^^^^^^^^^^^
[INFO] [stdout] 
[INFO] [stdout] 
[INFO] [stdout] warning: use of deprecated associated function `std::error::Error::description`: use the Display impl or to_string()
[INFO] [stdout]    --> src/lib.rs:482:20
[INFO] [stdout]     |
[INFO] [stdout] 482 |     assert!(mv_err.description().ends_with("Wrong endianness."));
[INFO] [stdout]     |                    ^^^^^^^^^^^
[INFO] [stdout] 
[INFO] [stdout] 
[INFO] [stdout] warning: variable does not need to be mutable
[INFO] [stdout]    --> src/lib.rs:258:9
[INFO] [stdout]     |
[INFO] [stdout] 258 |     let mut mm = unsafe { MmapMut::map_mut(&file)? };
[INFO] [stdout]     |         ----^^
[INFO] [stdout]     |         |
[INFO] [stdout]     |         help: remove this `mut`
[INFO] [stdout]     |
[INFO] [stdout]     = note: `#[warn(unused_mut)]` on by default
[INFO] [stdout] 
[INFO] [stdout] 
[INFO] [stdout] warning: reference to packed field is unaligned
[INFO] [stdout]    --> src/lib.rs:448:32
[INFO] [stdout]     |
[INFO] [stdout] 448 |     let offs = SeekFrom::Start(offset_of!(ExampleFileHeader, endianness) as u64);
[INFO] [stdout]     |                                ^^^^^^^^^^^^^^^^^^^^^^^^^^^^^^^^^^^^^^^^^
[INFO] [stdout]     |
[INFO] [stdout]     = note: `#[warn(unaligned_references)]` on by default
[INFO] [stdout]     = warning: this was previously accepted by the compiler but is being phased out; it will become a hard error in a future release!
[INFO] [stdout]     = note: for more information, see issue #82523 <https://github.com/rust-lang/rust/issues/82523>
[INFO] [stdout]     = note: fields of packed structs are not properly aligned, and creating a misaligned reference is undefined behavior (even if that reference is never dereferenced)
[INFO] [stdout]     = note: this warning originates in the macro `_memoffset__raw_const` (in Nightly builds, run with -Z macro-backtrace for more info)
[INFO] [stdout] 
[INFO] [stdout] 
[INFO] [stdout] warning: reference to packed field is unaligned
[INFO] [stdout]    --> src/lib.rs:468:32
[INFO] [stdout]     |
[INFO] [stdout] 468 |     let offs = SeekFrom::Start(offset_of!(ExampleFileHeader, endianness) as u64);
[INFO] [stdout]     |                                ^^^^^^^^^^^^^^^^^^^^^^^^^^^^^^^^^^^^^^^^^
[INFO] [stdout]     |
[INFO] [stdout]     = warning: this was previously accepted by the compiler but is being phased out; it will become a hard error in a future release!
[INFO] [stdout]     = note: for more information, see issue #82523 <https://github.com/rust-lang/rust/issues/82523>
[INFO] [stdout]     = note: fields of packed structs are not properly aligned, and creating a misaligned reference is undefined behavior (even if that reference is never dereferenced)
[INFO] [stdout]     = note: this warning originates in the macro `_memoffset__raw_const` (in Nightly builds, run with -Z macro-backtrace for more info)
[INFO] [stdout] 
[INFO] [stdout] 
[INFO] [stdout] warning: field is never read: `file`
[INFO] [stdout]    --> src/lib.rs:146:3
[INFO] [stdout]     |
[INFO] [stdout] 146 |   file: File,
[INFO] [stdout]     |   ^^^^^^^^^^
[INFO] [stdout]     |
[INFO] [stdout]     = note: `#[warn(dead_code)]` on by default
[INFO] [stdout] 
[INFO] [stdout] 
[INFO] [stdout] warning: field is never read: `mm`
[INFO] [stdout]    --> src/lib.rs:147:3
[INFO] [stdout]     |
[INFO] [stdout] 147 |   mm: MmapMut,
[INFO] [stdout]     |   ^^^^^^^^^^^
[INFO] [stdout] 
[INFO] [stdout] 
[INFO] [stdout] warning: 10 warnings emitted
[INFO] [stdout] 
[INFO] [stdout] 
[INFO] [stderr]     Finished test [unoptimized + debuginfo] target(s) in 1.10s
[INFO] running `Command { std: "docker" "inspect" "3bba876eb548fc89622fa38f6c13c5fd104b4f98c210318265d946c080416dee", kill_on_drop: false }`
[INFO] running `Command { std: "docker" "rm" "-f" "3bba876eb548fc89622fa38f6c13c5fd104b4f98c210318265d946c080416dee", kill_on_drop: false }`
[INFO] [stdout] 3bba876eb548fc89622fa38f6c13c5fd104b4f98c210318265d946c080416dee
[INFO] running `Command { std: "docker" "create" "-v" "/var/lib/crater-agent-workspace/builds/worker-4/target:/opt/rustwide/target:rw,Z" "-v" "/var/lib/crater-agent-workspace/builds/worker-4/source:/opt/rustwide/workdir:ro,Z" "-v" "/var/lib/crater-agent-workspace/cargo-home:/opt/rustwide/cargo-home:ro,Z" "-v" "/var/lib/crater-agent-workspace/rustup-home:/opt/rustwide/rustup-home:ro,Z" "-e" "SOURCE_DIR=/opt/rustwide/workdir" "-e" "CARGO_TARGET_DIR=/opt/rustwide/target" "-e" "CARGO_INCREMENTAL=0" "-e" "RUST_BACKTRACE=full" "-e" "RUSTFLAGS=--cap-lints=warn" "-e" "CARGO_HOME=/opt/rustwide/cargo-home" "-e" "RUSTUP_HOME=/opt/rustwide/rustup-home" "-w" "/opt/rustwide/workdir" "-m" "1610612736" "--user" "0:0" "--network" "none" "ghcr.io/rust-lang/crates-build-env/linux@sha256:34b6a614d2c27851fe6cbf88fbd1137609cefab8b10d0615aaeb6fd47975d74e" "/opt/rustwide/cargo-home/bin/cargo" "+1.54.0" "test" "--frozen", kill_on_drop: false }`
[INFO] [stdout] 1173dad946abb4371e19af7ba60d235cdb763a1e55b0c3422eabd63213be2961
[INFO] [stderr] WARNING: Your kernel does not support swap limit capabilities or the cgroup is not mounted. Memory limited without swap.
[INFO] running `Command { std: "docker" "start" "-a" "1173dad946abb4371e19af7ba60d235cdb763a1e55b0c3422eabd63213be2961", kill_on_drop: false }`
[INFO] [stderr] warning: variable does not need to be mutable
[INFO] [stderr]    --> src/lib.rs:258:9
[INFO] [stderr]     |
[INFO] [stderr] 258 |     let mut mm = unsafe { MmapMut::map_mut(&file)? };
[INFO] [stderr]     |         ----^^
[INFO] [stderr]     |         |
[INFO] [stderr]     |         help: remove this `mut`
[INFO] [stderr]     |
[INFO] [stderr]     = note: `#[warn(unused_mut)]` on by default
[INFO] [stderr] 
[INFO] [stderr] warning: field is never read: `file`
[INFO] [stderr]    --> src/lib.rs:146:3
[INFO] [stderr]     |
[INFO] [stderr] 146 |   file: File,
[INFO] [stderr]     |   ^^^^^^^^^^
[INFO] [stderr]     |
[INFO] [stderr]     = note: `#[warn(dead_code)]` on by default
[INFO] [stderr] 
[INFO] [stderr] warning: field is never read: `mm`
[INFO] [stderr]    --> src/lib.rs:147:3
[INFO] [stderr]     |
[INFO] [stderr] 147 |   mm: MmapMut,
[INFO] [stderr]     |   ^^^^^^^^^^^
[INFO] [stderr] 
[INFO] [stderr] warning: 3 warnings emitted
[INFO] [stderr] 
[INFO] [stderr] warning: use of deprecated associated function `std::error::Error::description`: use the Display impl or to_string()
[INFO] [stderr]    --> src/lib.rs:400:20
[INFO] [stderr]     |
[INFO] [stderr] 400 |     assert!(mv_err.description().ends_with("Magic bytes mismatch."));
[INFO] [stderr]     |                    ^^^^^^^^^^^
[INFO] [stderr]     |
[INFO] [stderr]     = note: `#[warn(deprecated)]` on by default
[INFO] [stderr] 
[INFO] [stderr] warning: use of deprecated associated function `std::error::Error::description`: use the Display impl or to_string()
[INFO] [stderr]    --> src/lib.rs:418:20
[INFO] [stderr]     |
[INFO] [stderr] 418 |     assert!(mv_err.description().contains("shorter than the expected header size"));
[INFO] [stderr]     |                    ^^^^^^^^^^^
[INFO] [stderr] 
[INFO] [stderr] warning: use of deprecated associated function `std::error::Error::description`: use the Display impl or to_string()
[INFO] [stderr]    --> src/lib.rs:436:20
[INFO] [stderr]     |
[INFO] [stderr] 436 |     assert!(mv_err.description().contains("not an integer multiple of the size of the data type"));
[INFO] [stderr]     |                    ^^^^^^^^^^^
[INFO] [stderr] 
[INFO] [stderr] warning: use of deprecated associated function `std::error::Error::description`: use the Display impl or to_string()
[INFO] [stderr]    --> src/lib.rs:456:20
[INFO] [stderr]     |
[INFO] [stderr] 456 |     assert!(mv_err.description().ends_with("Endianness-marker invalid."));
[INFO] [stderr]     |                    ^^^^^^^^^^^
[INFO] [stderr] 
[INFO] [stderr] warning: use of deprecated associated function `std::error::Error::description`: use the Display impl or to_string()
[INFO] [stderr]    --> src/lib.rs:482:20
[INFO] [stderr]     |
[INFO] [stderr] 482 |     assert!(mv_err.description().ends_with("Wrong endianness."));
[INFO] [stderr]     |                    ^^^^^^^^^^^
[INFO] [stderr] 
[INFO] [stderr] warning: variable does not need to be mutable
[INFO] [stderr]    --> src/lib.rs:258:9
[INFO] [stderr]     |
[INFO] [stderr] 258 |     let mut mm = unsafe { MmapMut::map_mut(&file)? };
[INFO] [stderr]     |         ----^^
[INFO] [stderr]     |         |
[INFO] [stderr]     |         help: remove this `mut`
[INFO] [stderr]     |
[INFO] [stderr]     = note: `#[warn(unused_mut)]` on by default
[INFO] [stderr] 
[INFO] [stderr] warning: reference to packed field is unaligned
[INFO] [stderr]    --> src/lib.rs:448:32
[INFO] [stderr]     |
[INFO] [stderr] 448 |     let offs = SeekFrom::Start(offset_of!(ExampleFileHeader, endianness) as u64);
[INFO] [stderr]     |                                ^^^^^^^^^^^^^^^^^^^^^^^^^^^^^^^^^^^^^^^^^
[INFO] [stderr]     |
[INFO] [stderr]     = note: `#[warn(unaligned_references)]` on by default
[INFO] [stderr]     = warning: this was previously accepted by the compiler but is being phased out; it will become a hard error in a future release!
[INFO] [stderr]     = note: for more information, see issue #82523 <https://github.com/rust-lang/rust/issues/82523>
[INFO] [stderr]     = note: fields of packed structs are not properly aligned, and creating a misaligned reference is undefined behavior (even if that reference is never dereferenced)
[INFO] [stderr]     = note: this warning originates in the macro `_memoffset__raw_const` (in Nightly builds, run with -Z macro-backtrace for more info)
[INFO] [stderr] 
[INFO] [stderr] warning: reference to packed field is unaligned
[INFO] [stderr]    --> src/lib.rs:468:32
[INFO] [stderr]     |
[INFO] [stderr] 468 |     let offs = SeekFrom::Start(offset_of!(ExampleFileHeader, endianness) as u64);
[INFO] [stderr]     |                                ^^^^^^^^^^^^^^^^^^^^^^^^^^^^^^^^^^^^^^^^^
[INFO] [stderr]     |
[INFO] [stderr]     = warning: this was previously accepted by the compiler but is being phased out; it will become a hard error in a future release!
[INFO] [stderr]     = note: for more information, see issue #82523 <https://github.com/rust-lang/rust/issues/82523>
[INFO] [stderr]     = note: fields of packed structs are not properly aligned, and creating a misaligned reference is undefined behavior (even if that reference is never dereferenced)
[INFO] [stderr]     = note: this warning originates in the macro `_memoffset__raw_const` (in Nightly builds, run with -Z macro-backtrace for more info)
[INFO] [stderr] 
[INFO] [stderr] warning: field is never read: `file`
[INFO] [stderr]    --> src/lib.rs:146:3
[INFO] [stderr]     |
[INFO] [stderr] 146 |   file: File,
[INFO] [stderr]     |   ^^^^^^^^^^
[INFO] [stderr]     |
[INFO] [stderr]     = note: `#[warn(dead_code)]` on by default
[INFO] [stderr] 
[INFO] [stderr] warning: field is never read: `mm`
[INFO] [stderr]    --> src/lib.rs:147:3
[INFO] [stderr]     |
[INFO] [stderr] 147 |   mm: MmapMut,
[INFO] [stderr]     |   ^^^^^^^^^^^
[INFO] [stderr] 
[INFO] [stderr] warning: 10 warnings emitted
[INFO] [stderr] 
[INFO] [stderr]     Finished test [unoptimized + debuginfo] target(s) in 0.02s
[INFO] [stderr]      Running unittests (/opt/rustwide/target/debug/deps/persistence-ec03c19b998e61dc)
[INFO] [stdout] 
[INFO] [stdout] running 9 tests
[INFO] [stdout] test tests::test_detect_file_corrupt_truncated_to_under_end_of_header ... ok
[INFO] [stdout] test tests::test_create_mmaped_vec_onto_tempfile ... ok
[INFO] [stdout] test tests::test_detect_header_corrupt_magic_bytes ... ok
[INFO] [stdout] test tests::test_detect_file_corrupt_body_not_integer_multiple_of_data_type ... ok
[INFO] [stdout] test tests::test_detect_wrong_endianness ... ok
[INFO] [stdout] test tests::test_detect_endianness_marker_invalid ... FAILED
[INFO] [stdout] test tests::test_file_is_locked_while_fd_is_held ... ok
[INFO] [stdout] test tests::test_existing_file_is_locked_while_fd_is_held ... ok
[INFO] [stdout] test tests::test_file_is_unlocked_after_drop ... ok
[INFO] [stdout] 
[INFO] [stdout] failures:
[INFO] [stdout] 
[INFO] [stdout] ---- tests::test_detect_endianness_marker_invalid stdout ----
[INFO] [stdout] thread 'tests::test_detect_endianness_marker_invalid' panicked at 'assertion failed: mv_err.description().ends_with(\"Endianness-marker invalid.\")', src/lib.rs:456:5
[INFO] [stdout] stack backtrace:
[INFO] [stdout]    0:     0x559e6dc17d10 - std::backtrace_rs::backtrace::libunwind::trace::h34055254b57d8e79
[INFO] [stdout]                                at /rustc/a178d0322ce20e33eac124758e837cbd80a6f633/library/std/src/../../backtrace/src/backtrace/libunwind.rs:90:5
[INFO] [stdout]    1:     0x559e6dc17d10 - std::backtrace_rs::backtrace::trace_unsynchronized::h8f1e3fbd9afff6ec
[INFO] [stdout]                                at /rustc/a178d0322ce20e33eac124758e837cbd80a6f633/library/std/src/../../backtrace/src/backtrace/mod.rs:66:5
[INFO] [stdout]    2:     0x559e6dc17d10 - std::sys_common::backtrace::_print_fmt::h3a99a796b770c360
[INFO] [stdout]                                at /rustc/a178d0322ce20e33eac124758e837cbd80a6f633/library/std/src/sys_common/backtrace.rs:67:5
[INFO] [stdout]    3:     0x559e6dc17d10 - <std::sys_common::backtrace::_print::DisplayBacktrace as core::fmt::Display>::fmt::h32d1f94a80615d18
[INFO] [stdout]                                at /rustc/a178d0322ce20e33eac124758e837cbd80a6f633/library/std/src/sys_common/backtrace.rs:46:22
[INFO] [stdout]    4:     0x559e6dc3b6cc - core::fmt::write::h306731c068f7162c
[INFO] [stdout]                                at /rustc/a178d0322ce20e33eac124758e837cbd80a6f633/library/core/src/fmt/mod.rs:1110:17
[INFO] [stdout]    5:     0x559e6dc14865 - std::io::Write::write_fmt::h87f19b0a2cd190bc
[INFO] [stdout]                                at /rustc/a178d0322ce20e33eac124758e837cbd80a6f633/library/std/src/io/mod.rs:1588:15
[INFO] [stdout]    6:     0x559e6dc1a30b - std::sys_common::backtrace::_print::h5abaa2601a852287
[INFO] [stdout]                                at /rustc/a178d0322ce20e33eac124758e837cbd80a6f633/library/std/src/sys_common/backtrace.rs:49:5
[INFO] [stdout]    7:     0x559e6dc1a30b - std::sys_common::backtrace::print::h8d81445442bb638f
[INFO] [stdout]                                at /rustc/a178d0322ce20e33eac124758e837cbd80a6f633/library/std/src/sys_common/backtrace.rs:36:9
[INFO] [stdout]    8:     0x559e6dc1a30b - std::panicking::default_hook::{{closure}}::hcfe804496a9fa747
[INFO] [stdout]                                at /rustc/a178d0322ce20e33eac124758e837cbd80a6f633/library/std/src/panicking.rs:208:50
[INFO] [stdout]    9:     0x559e6dc19e1c - std::panicking::default_hook::hbea8e3ccf2ba8901
[INFO] [stdout]                                at /rustc/a178d0322ce20e33eac124758e837cbd80a6f633/library/std/src/panicking.rs:222:9
[INFO] [stdout]   10:     0x559e6dc1a9d4 - std::panicking::rust_panic_with_hook::h7ee9e1a2d0f8975a
[INFO] [stdout]                                at /rustc/a178d0322ce20e33eac124758e837cbd80a6f633/library/std/src/panicking.rs:622:17
[INFO] [stdout]   11:     0x559e6dc1a487 - std::panicking::begin_panic_handler::{{closure}}::h8ab3b4491718b2c7
[INFO] [stdout]                                at /rustc/a178d0322ce20e33eac124758e837cbd80a6f633/library/std/src/panicking.rs:517:13
[INFO] [stdout]   12:     0x559e6dc1820c - std::sys_common::backtrace::__rust_end_short_backtrace::hd489062ffa586a9f
[INFO] [stdout]                                at /rustc/a178d0322ce20e33eac124758e837cbd80a6f633/library/std/src/sys_common/backtrace.rs:141:18
[INFO] [stdout]   13:     0x559e6dc1a419 - rust_begin_unwind
[INFO] [stdout]                                at /rustc/a178d0322ce20e33eac124758e837cbd80a6f633/library/std/src/panicking.rs:515:5
[INFO] [stdout]   14:     0x559e6db6fa51 - core::panicking::panic_fmt::hca6330e3e14086b4
[INFO] [stdout]                                at /rustc/a178d0322ce20e33eac124758e837cbd80a6f633/library/core/src/panicking.rs:92:14
[INFO] [stdout]   15:     0x559e6db6f99d - core::panicking::panic::h1a48d878ff3dcd40
[INFO] [stdout]                                at /rustc/a178d0322ce20e33eac124758e837cbd80a6f633/library/core/src/panicking.rs:50:5
[INFO] [stdout]   16:     0x559e6db7b6a8 - persistence::tests::test_detect_endianness_marker_invalid::h8473289a0055ab28
[INFO] [stdout]                                at /opt/rustwide/workdir/src/lib.rs:456:5
[INFO] [stdout]   17:     0x559e6db7af6e - persistence::tests::test_detect_endianness_marker_invalid::{{closure}}::h0c77152f691e9baf
[INFO] [stdout]                                at /opt/rustwide/workdir/src/lib.rs:442:3
[INFO] [stdout]   18:     0x559e6db7d83e - core::ops::function::FnOnce::call_once::he4948451d5bdb905
[INFO] [stdout]                                at /rustc/a178d0322ce20e33eac124758e837cbd80a6f633/library/core/src/ops/function.rs:227:5
[INFO] [stdout]   19:     0x559e6dba7133 - core::ops::function::FnOnce::call_once::h152e7e439ff59e19
[INFO] [stdout]                                at /rustc/a178d0322ce20e33eac124758e837cbd80a6f633/library/core/src/ops/function.rs:227:5
[INFO] [stdout]   20:     0x559e6dba7133 - test::__rust_begin_short_backtrace::h0908f3b1fdbb72ab
[INFO] [stdout]                                at /rustc/a178d0322ce20e33eac124758e837cbd80a6f633/library/test/src/lib.rs:577:5
[INFO] [stdout]   21:     0x559e6dba5bf0 - <alloc::boxed::Box<F,A> as core::ops::function::FnOnce<Args>>::call_once::hf6d2a51e5587546c
[INFO] [stdout]                                at /rustc/a178d0322ce20e33eac124758e837cbd80a6f633/library/alloc/src/boxed.rs:1575:9
[INFO] [stdout]   22:     0x559e6dba5bf0 - <std::panic::AssertUnwindSafe<F> as core::ops::function::FnOnce<()>>::call_once::h8af660f3a89ef593
[INFO] [stdout]                                at /rustc/a178d0322ce20e33eac124758e837cbd80a6f633/library/std/src/panic.rs:347:9
[INFO] [stdout]   23:     0x559e6dba5bf0 - std::panicking::try::do_call::hd36aef60f84b6d36
[INFO] [stdout]                                at /rustc/a178d0322ce20e33eac124758e837cbd80a6f633/library/std/src/panicking.rs:401:40
[INFO] [stdout]   24:     0x559e6dba5bf0 - std::panicking::try::h9932b4480e69817c
[INFO] [stdout]                                at /rustc/a178d0322ce20e33eac124758e837cbd80a6f633/library/std/src/panicking.rs:365:19
[INFO] [stdout]   25:     0x559e6dba5bf0 - std::panic::catch_unwind::h6aa177099cfff5f8
[INFO] [stdout]                                at /rustc/a178d0322ce20e33eac124758e837cbd80a6f633/library/std/src/panic.rs:434:14
[INFO] [stdout]   26:     0x559e6dba5bf0 - test::run_test_in_process::h5884d6f2d99e20c3
[INFO] [stdout]                                at /rustc/a178d0322ce20e33eac124758e837cbd80a6f633/library/test/src/lib.rs:600:18
[INFO] [stdout]   27:     0x559e6dba5bf0 - test::run_test::run_test_inner::{{closure}}::h6fdc58c6d5f5b6e3
[INFO] [stdout]                                at /rustc/a178d0322ce20e33eac124758e837cbd80a6f633/library/test/src/lib.rs:492:39
[INFO] [stdout]   28:     0x559e6db7f2a2 - test::run_test::run_test_inner::{{closure}}::h408365d67a78ade8
[INFO] [stdout]                                at /rustc/a178d0322ce20e33eac124758e837cbd80a6f633/library/test/src/lib.rs:519:37
[INFO] [stdout]   29:     0x559e6db7f2a2 - std::sys_common::backtrace::__rust_begin_short_backtrace::hb560b77c4f701523
[INFO] [stdout]                                at /rustc/a178d0322ce20e33eac124758e837cbd80a6f633/library/std/src/sys_common/backtrace.rs:125:18
[INFO] [stdout]   30:     0x559e6db82e58 - std::thread::Builder::spawn_unchecked::{{closure}}::{{closure}}::hf2e7831dad93c597
[INFO] [stdout]                                at /rustc/a178d0322ce20e33eac124758e837cbd80a6f633/library/std/src/thread/mod.rs:481:17
[INFO] [stdout]   31:     0x559e6db82e58 - <std::panic::AssertUnwindSafe<F> as core::ops::function::FnOnce<()>>::call_once::hd2e08783d8be4d02
[INFO] [stdout]                                at /rustc/a178d0322ce20e33eac124758e837cbd80a6f633/library/std/src/panic.rs:347:9
[INFO] [stdout]   32:     0x559e6db82e58 - std::panicking::try::do_call::h062597b7acfd6b82
[INFO] [stdout]                                at /rustc/a178d0322ce20e33eac124758e837cbd80a6f633/library/std/src/panicking.rs:401:40
[INFO] [stdout]   33:     0x559e6db82e58 - std::panicking::try::h0d7b79db04c14552
[INFO] [stdout]                                at /rustc/a178d0322ce20e33eac124758e837cbd80a6f633/library/std/src/panicking.rs:365:19
[INFO] [stdout]   34:     0x559e6db82e58 - std::panic::catch_unwind::hb01a0b5e7c8cd43b
[INFO] [stdout]                                at /rustc/a178d0322ce20e33eac124758e837cbd80a6f633/library/std/src/panic.rs:434:14
[INFO] [stdout]   35:     0x559e6db82e58 - std::thread::Builder::spawn_unchecked::{{closure}}::h5bde48cc887e0d1e
[INFO] [stdout]                                at /rustc/a178d0322ce20e33eac124758e837cbd80a6f633/library/std/src/thread/mod.rs:480:30
[INFO] [stdout]   36:     0x559e6db82e58 - core::ops::function::FnOnce::call_once{{vtable.shim}}::h745ea30807a29e55
[INFO] [stdout]                                at /rustc/a178d0322ce20e33eac124758e837cbd80a6f633/library/core/src/ops/function.rs:227:5
[INFO] [stdout]   37:     0x559e6dc20177 - <alloc::boxed::Box<F,A> as core::ops::function::FnOnce<Args>>::call_once::h7ece6cfefaff1005
[INFO] [stdout]                                at /rustc/a178d0322ce20e33eac124758e837cbd80a6f633/library/alloc/src/boxed.rs:1575:9
[INFO] [stdout]   38:     0x559e6dc20177 - <alloc::boxed::Box<F,A> as core::ops::function::FnOnce<Args>>::call_once::hb8b48e55c21f193e
[INFO] [stdout]                                at /rustc/a178d0322ce20e33eac124758e837cbd80a6f633/library/alloc/src/boxed.rs:1575:9
[INFO] [stdout]   39:     0x559e6dc20177 - std::sys::unix::thread::Thread::new::thread_start::h8c7c4450dba62914
[INFO] [stdout]                                at /rustc/a178d0322ce20e33eac124758e837cbd80a6f633/library/std/src/sys/unix/thread.rs:71:17
[INFO] [stdout]   40:     0x7fdbefd44609 - start_thread
[INFO] [stdout]   41:     0x7fdbefb16293 - clone
[INFO] [stdout]   42:                0x0 - <unknown>
[INFO] [stdout] 
[INFO] [stdout] 
[INFO] [stdout] failures:
[INFO] [stdout]     tests::test_detect_endianness_marker_invalid
[INFO] [stdout] 
[INFO] [stdout] test result: FAILED. 8 passed; 1 failed; 0 ignored; 0 measured; 0 filtered out; finished in 0.02s
[INFO] [stdout] 
[INFO] [stderr] error: test failed, to rerun pass '--lib'
[INFO] running `Command { std: "docker" "inspect" "1173dad946abb4371e19af7ba60d235cdb763a1e55b0c3422eabd63213be2961", kill_on_drop: false }`
[INFO] running `Command { std: "docker" "rm" "-f" "1173dad946abb4371e19af7ba60d235cdb763a1e55b0c3422eabd63213be2961", kill_on_drop: false }`
[INFO] [stdout] 1173dad946abb4371e19af7ba60d235cdb763a1e55b0c3422eabd63213be2961
