[INFO] fetching crate frs 0.4.2...
[INFO] testing frs-0.4.2 against 1.54.0 for beta-1.55-1
[INFO] extracting crate frs 0.4.2 into /workspace/builds/worker-0/source
[INFO] validating manifest of crates.io crate frs 0.4.2 on toolchain 1.54.0
[INFO] running `Command { std: "/workspace/cargo-home/bin/cargo" "+1.54.0" "metadata" "--manifest-path" "Cargo.toml" "--no-deps", kill_on_drop: false }`
[INFO] removed /workspace/builds/worker-0/source/rust-toolchain
[INFO] started tweaking crates.io crate frs 0.4.2
[INFO] finished tweaking crates.io crate frs 0.4.2
[INFO] tweaked toml for crates.io crate frs 0.4.2 written to /workspace/builds/worker-0/source/Cargo.toml
[INFO] crate crates.io crate frs 0.4.2 already has a lockfile, it will not be regenerated
[INFO] running `Command { std: "/workspace/cargo-home/bin/cargo" "+1.54.0" "fetch" "--manifest-path" "Cargo.toml", kill_on_drop: false }`
[INFO] running `Command { std: "docker" "create" "-v" "/var/lib/crater-agent-workspace/builds/worker-0/target:/opt/rustwide/target:rw,Z" "-v" "/var/lib/crater-agent-workspace/builds/worker-0/source:/opt/rustwide/workdir:ro,Z" "-v" "/var/lib/crater-agent-workspace/cargo-home:/opt/rustwide/cargo-home:ro,Z" "-v" "/var/lib/crater-agent-workspace/rustup-home:/opt/rustwide/rustup-home:ro,Z" "-e" "SOURCE_DIR=/opt/rustwide/workdir" "-e" "CARGO_TARGET_DIR=/opt/rustwide/target" "-e" "CARGO_HOME=/opt/rustwide/cargo-home" "-e" "RUSTUP_HOME=/opt/rustwide/rustup-home" "-w" "/opt/rustwide/workdir" "-m" "1610612736" "--user" "0:0" "--network" "none" "ghcr.io/rust-lang/crates-build-env/linux@sha256:34b6a614d2c27851fe6cbf88fbd1137609cefab8b10d0615aaeb6fd47975d74e" "/opt/rustwide/cargo-home/bin/cargo" "+1.54.0" "metadata" "--no-deps" "--format-version=1", kill_on_drop: false }`
[INFO] [stdout] f2342b0872f3da5f65c528a7700cf778c2f4523a8424f79798f141feb7f08414
[INFO] [stderr] WARNING: Your kernel does not support swap limit capabilities or the cgroup is not mounted. Memory limited without swap.
[INFO] running `Command { std: "docker" "start" "-a" "f2342b0872f3da5f65c528a7700cf778c2f4523a8424f79798f141feb7f08414", kill_on_drop: false }`
[INFO] running `Command { std: "docker" "inspect" "f2342b0872f3da5f65c528a7700cf778c2f4523a8424f79798f141feb7f08414", kill_on_drop: false }`
[INFO] running `Command { std: "docker" "rm" "-f" "f2342b0872f3da5f65c528a7700cf778c2f4523a8424f79798f141feb7f08414", kill_on_drop: false }`
[INFO] [stdout] f2342b0872f3da5f65c528a7700cf778c2f4523a8424f79798f141feb7f08414
[INFO] running `Command { std: "docker" "create" "-v" "/var/lib/crater-agent-workspace/builds/worker-0/target:/opt/rustwide/target:rw,Z" "-v" "/var/lib/crater-agent-workspace/builds/worker-0/source:/opt/rustwide/workdir:ro,Z" "-v" "/var/lib/crater-agent-workspace/cargo-home:/opt/rustwide/cargo-home:ro,Z" "-v" "/var/lib/crater-agent-workspace/rustup-home:/opt/rustwide/rustup-home:ro,Z" "-e" "SOURCE_DIR=/opt/rustwide/workdir" "-e" "CARGO_TARGET_DIR=/opt/rustwide/target" "-e" "CARGO_INCREMENTAL=0" "-e" "RUST_BACKTRACE=full" "-e" "RUSTFLAGS=--cap-lints=warn" "-e" "CARGO_HOME=/opt/rustwide/cargo-home" "-e" "RUSTUP_HOME=/opt/rustwide/rustup-home" "-w" "/opt/rustwide/workdir" "-m" "1610612736" "--user" "0:0" "--network" "none" "ghcr.io/rust-lang/crates-build-env/linux@sha256:34b6a614d2c27851fe6cbf88fbd1137609cefab8b10d0615aaeb6fd47975d74e" "/opt/rustwide/cargo-home/bin/cargo" "+1.54.0" "build" "--frozen" "--message-format=json", kill_on_drop: false }`
[INFO] [stdout] 59a3015575995e0f40f8eba6d3ab1487896361ecbb1b077fa6a3a65a1e90e46f
[INFO] [stderr] WARNING: Your kernel does not support swap limit capabilities or the cgroup is not mounted. Memory limited without swap.
[INFO] running `Command { std: "docker" "start" "-a" "59a3015575995e0f40f8eba6d3ab1487896361ecbb1b077fa6a3a65a1e90e46f", kill_on_drop: false }`
[INFO] [stderr]    Compiling syn v1.0.72
[INFO] [stderr]    Compiling futures-io v0.3.15
[INFO] [stderr]    Compiling pin-project-lite v0.2.6
[INFO] [stderr]    Compiling fastrand v1.4.1
[INFO] [stderr]    Compiling futures-channel v0.3.15
[INFO] [stderr]    Compiling once_cell v1.7.2
[INFO] [stderr]    Compiling futures-sink v0.3.15
[INFO] [stderr]    Compiling unicode-segmentation v1.7.1
[INFO] [stderr]    Compiling bool_ext v0.5.1
[INFO] [stderr]    Compiling human_format v1.0.3
[INFO] [stderr]    Compiling value-bag v1.0.0-alpha.7
[INFO] [stderr]    Compiling futures-util v0.3.15
[INFO] [stderr]    Compiling crossbeam-utils v0.8.4
[INFO] [stderr]    Compiling cli-table v0.4.6
[INFO] [stderr]    Compiling libc v0.2.95
[INFO] [stderr]    Compiling async-channel v1.6.1
[INFO] [stderr]    Compiling proc-macro-error-attr v1.0.4
[INFO] [stderr]    Compiling futures-lite v1.11.3
[INFO] [stderr]    Compiling atty v0.2.14
[INFO] [stderr]    Compiling socket2 v0.4.0
[INFO] [stderr]    Compiling num_cpus v1.13.0
[INFO] [stderr]    Compiling terminal_size v0.1.17
[INFO] [stderr]    Compiling heck v0.3.2
[INFO] [stderr]    Compiling clap v2.33.3
[INFO] [stderr]    Compiling colored v2.0.0
[INFO] [stderr]    Compiling blocking v1.0.2
[INFO] [stderr]    Compiling async-executor v1.4.1
[INFO] [stderr]    Compiling proc-macro-error v1.0.4
[INFO] [stderr]    Compiling ctor v0.1.20
[INFO] [stderr]    Compiling futures-macro v0.3.15
[INFO] [stderr]    Compiling structopt-derive v0.4.14
[INFO] [stderr]    Compiling thiserror-impl v1.0.25
[INFO] [stderr]    Compiling async-attributes v1.1.2
[INFO] [stderr]    Compiling log v0.4.14
[INFO] [stderr]    Compiling thiserror v1.0.25
[INFO] [stderr]    Compiling polling v2.0.3
[INFO] [stderr]    Compiling kv-log-macro v1.0.7
[INFO] [stderr]    Compiling async-io v1.4.1
[INFO] [stderr]    Compiling structopt v0.3.21
[INFO] [stderr]    Compiling async-global-executor v2.0.2
[INFO] [stderr]    Compiling async-std v1.9.0
[INFO] [stderr]    Compiling futures-executor v0.3.15
[INFO] [stderr]    Compiling futures v0.3.15
[INFO] [stderr]    Compiling frs v0.4.2 (/opt/rustwide/workdir)
[INFO] [stderr]     Finished dev [unoptimized + debuginfo] target(s) in 49.50s
[INFO] running `Command { std: "docker" "inspect" "59a3015575995e0f40f8eba6d3ab1487896361ecbb1b077fa6a3a65a1e90e46f", kill_on_drop: false }`
[INFO] running `Command { std: "docker" "rm" "-f" "59a3015575995e0f40f8eba6d3ab1487896361ecbb1b077fa6a3a65a1e90e46f", kill_on_drop: false }`
[INFO] [stdout] 59a3015575995e0f40f8eba6d3ab1487896361ecbb1b077fa6a3a65a1e90e46f
[INFO] running `Command { std: "docker" "create" "-v" "/var/lib/crater-agent-workspace/builds/worker-0/target:/opt/rustwide/target:rw,Z" "-v" "/var/lib/crater-agent-workspace/builds/worker-0/source:/opt/rustwide/workdir:ro,Z" "-v" "/var/lib/crater-agent-workspace/cargo-home:/opt/rustwide/cargo-home:ro,Z" "-v" "/var/lib/crater-agent-workspace/rustup-home:/opt/rustwide/rustup-home:ro,Z" "-e" "SOURCE_DIR=/opt/rustwide/workdir" "-e" "CARGO_TARGET_DIR=/opt/rustwide/target" "-e" "CARGO_INCREMENTAL=0" "-e" "RUST_BACKTRACE=full" "-e" "RUSTFLAGS=--cap-lints=warn" "-e" "CARGO_HOME=/opt/rustwide/cargo-home" "-e" "RUSTUP_HOME=/opt/rustwide/rustup-home" "-w" "/opt/rustwide/workdir" "-m" "1610612736" "--user" "0:0" "--network" "none" "ghcr.io/rust-lang/crates-build-env/linux@sha256:34b6a614d2c27851fe6cbf88fbd1137609cefab8b10d0615aaeb6fd47975d74e" "/opt/rustwide/cargo-home/bin/cargo" "+1.54.0" "test" "--frozen" "--no-run" "--message-format=json", kill_on_drop: false }`
[INFO] [stdout] 3e99c02682c01b7fddd1bbc9d9ddc2dc8ea4d63eff38f525b608f1bd4ba5e8b1
[INFO] [stderr] WARNING: Your kernel does not support swap limit capabilities or the cgroup is not mounted. Memory limited without swap.
[INFO] running `Command { std: "docker" "start" "-a" "3e99c02682c01b7fddd1bbc9d9ddc2dc8ea4d63eff38f525b608f1bd4ba5e8b1", kill_on_drop: false }`
[INFO] [stderr]    Compiling serde v1.0.125
[INFO] [stderr]    Compiling either v1.6.1
[INFO] [stderr]    Compiling serde_derive v1.0.125
[INFO] [stderr]    Compiling plotters-backend v0.3.0
[INFO] [stderr]    Compiling oorandom v11.1.3
[INFO] [stderr]    Compiling maplit v1.0.2
[INFO] [stderr]    Compiling rayon v1.5.0
[INFO] [stderr]    Compiling regex-automata v0.1.9
[INFO] [stderr]    Compiling csv-core v0.1.10
[INFO] [stderr]    Compiling cast v0.2.3
[INFO] [stderr]    Compiling crossbeam-epoch v0.9.3
[INFO] [stderr]    Compiling crossbeam-channel v0.5.0
[INFO] [stderr]    Compiling itertools v0.9.0
[INFO] [stderr]    Compiling itertools v0.10.0
[INFO] [stderr]    Compiling crossbeam-deque v0.8.0
[INFO] [stderr]    Compiling plotters-svg v0.3.0
[INFO] [stderr]    Compiling plotters v0.3.0
[INFO] [stderr]    Compiling rayon-core v1.9.0
[INFO] [stderr]    Compiling criterion-plot v0.4.3
[INFO] [stderr]    Compiling serde_json v1.0.64
[INFO] [stderr]    Compiling bstr v0.2.16
[INFO] [stderr]    Compiling serde_cbor v0.11.1
[INFO] [stderr]    Compiling csv v1.1.6
[INFO] [stderr]    Compiling tinytemplate v1.2.1
[INFO] [stderr]    Compiling criterion v0.3.4
[INFO] [stderr]    Compiling frs v0.4.2 (/opt/rustwide/workdir)
[INFO] [stdout] warning: function is never used: `collected_non_sleeping_double_recursive_stream`
[INFO] [stdout]   --> src/utils/../../test-utils/select_map.rs:59:14
[INFO] [stdout]    |
[INFO] [stdout] 59 | pub async fn collected_non_sleeping_double_recursive_stream(base: u32) -> Vec<u32> {
[INFO] [stdout]    |              ^^^^^^^^^^^^^^^^^^^^^^^^^^^^^^^^^^^^^^^^^^^^^^
[INFO] [stdout]    |
[INFO] [stdout]    = note: `#[warn(dead_code)]` on by default
[INFO] [stdout] 
[INFO] [stdout] 
[INFO] [stdout] warning: function is never used: `collected_non_sleeping_triple_recursive_stream`
[INFO] [stdout]    --> src/utils/../../test-utils/select_map.rs:162:14
[INFO] [stdout]     |
[INFO] [stdout] 162 | pub async fn collected_non_sleeping_triple_recursive_stream(base: u32) -> Vec<u32> {
[INFO] [stdout]     |              ^^^^^^^^^^^^^^^^^^^^^^^^^^^^^^^^^^^^^^^^^^^^^^
[INFO] [stdout] 
[INFO] [stdout] 
[INFO] [stdout] warning: function is never used: `collected_triple_recursive_stream`
[INFO] [stdout]    --> src/utils/../../test-utils/select_map.rs:193:14
[INFO] [stdout]     |
[INFO] [stdout] 193 | pub async fn collected_triple_recursive_stream(base: u32) -> Vec<u32> {
[INFO] [stdout]     |              ^^^^^^^^^^^^^^^^^^^^^^^^^^^^^^^^^
[INFO] [stdout] 
[INFO] [stdout] 
[INFO] [stdout] warning: 3 warnings emitted
[INFO] [stdout] 
[INFO] [stdout] 
[INFO] [stderr]     Finished test [unoptimized + debuginfo] target(s) in 45.64s
[INFO] running `Command { std: "docker" "inspect" "3e99c02682c01b7fddd1bbc9d9ddc2dc8ea4d63eff38f525b608f1bd4ba5e8b1", kill_on_drop: false }`
[INFO] running `Command { std: "docker" "rm" "-f" "3e99c02682c01b7fddd1bbc9d9ddc2dc8ea4d63eff38f525b608f1bd4ba5e8b1", kill_on_drop: false }`
[INFO] [stdout] 3e99c02682c01b7fddd1bbc9d9ddc2dc8ea4d63eff38f525b608f1bd4ba5e8b1
[INFO] running `Command { std: "docker" "create" "-v" "/var/lib/crater-agent-workspace/builds/worker-0/target:/opt/rustwide/target:rw,Z" "-v" "/var/lib/crater-agent-workspace/builds/worker-0/source:/opt/rustwide/workdir:ro,Z" "-v" "/var/lib/crater-agent-workspace/cargo-home:/opt/rustwide/cargo-home:ro,Z" "-v" "/var/lib/crater-agent-workspace/rustup-home:/opt/rustwide/rustup-home:ro,Z" "-e" "SOURCE_DIR=/opt/rustwide/workdir" "-e" "CARGO_TARGET_DIR=/opt/rustwide/target" "-e" "CARGO_INCREMENTAL=0" "-e" "RUST_BACKTRACE=full" "-e" "RUSTFLAGS=--cap-lints=warn" "-e" "CARGO_HOME=/opt/rustwide/cargo-home" "-e" "RUSTUP_HOME=/opt/rustwide/rustup-home" "-w" "/opt/rustwide/workdir" "-m" "1610612736" "--user" "0:0" "--network" "none" "ghcr.io/rust-lang/crates-build-env/linux@sha256:34b6a614d2c27851fe6cbf88fbd1137609cefab8b10d0615aaeb6fd47975d74e" "/opt/rustwide/cargo-home/bin/cargo" "+1.54.0" "test" "--frozen", kill_on_drop: false }`
[INFO] [stdout] 906af57d8fae5902ce7c532b3bfd0e01d43a4cc334fd92c86ff94aa1d22127f8
[INFO] [stderr] WARNING: Your kernel does not support swap limit capabilities or the cgroup is not mounted. Memory limited without swap.
[INFO] running `Command { std: "docker" "start" "-a" "906af57d8fae5902ce7c532b3bfd0e01d43a4cc334fd92c86ff94aa1d22127f8", kill_on_drop: false }`
[INFO] [stderr] warning: function is never used: `collected_non_sleeping_double_recursive_stream`
[INFO] [stderr]   --> src/utils/../../test-utils/select_map.rs:59:14
[INFO] [stderr]    |
[INFO] [stderr] 59 | pub async fn collected_non_sleeping_double_recursive_stream(base: u32) -> Vec<u32> {
[INFO] [stderr]    |              ^^^^^^^^^^^^^^^^^^^^^^^^^^^^^^^^^^^^^^^^^^^^^^
[INFO] [stderr]    |
[INFO] [stderr]    = note: `#[warn(dead_code)]` on by default
[INFO] [stderr] 
[INFO] [stderr] warning: function is never used: `collected_non_sleeping_triple_recursive_stream`
[INFO] [stderr]    --> src/utils/../../test-utils/select_map.rs:162:14
[INFO] [stderr]     |
[INFO] [stderr] 162 | pub async fn collected_non_sleeping_triple_recursive_stream(base: u32) -> Vec<u32> {
[INFO] [stderr]     |              ^^^^^^^^^^^^^^^^^^^^^^^^^^^^^^^^^^^^^^^^^^^^^^
[INFO] [stderr] 
[INFO] [stderr] warning: function is never used: `collected_triple_recursive_stream`
[INFO] [stderr]    --> src/utils/../../test-utils/select_map.rs:193:14
[INFO] [stderr]     |
[INFO] [stderr] 193 | pub async fn collected_triple_recursive_stream(base: u32) -> Vec<u32> {
[INFO] [stderr]     |              ^^^^^^^^^^^^^^^^^^^^^^^^^^^^^^^^^
[INFO] [stderr] 
[INFO] [stderr] warning: 3 warnings emitted
[INFO] [stderr] 
[INFO] [stderr]     Finished test [unoptimized + debuginfo] target(s) in 0.11s
[INFO] [stderr]      Running unittests (/opt/rustwide/target/debug/deps/frs-5af0c17bde476136)
[INFO] [stdout] 
[INFO] [stdout] running 66 tests
[INFO] [stdout] test cli::cli_test::high_verbosity_on_dry_run ... ok
[INFO] [stdout] test cli::cli_test::high_verbosity_on_run ... ok
[INFO] [stdout] test cli::cli_test::invalid_env_var ... ok
[INFO] [stdout] test cli::cli_test::multiple_operation_modes ... ok
[INFO] [stdout] test cli::cli_test::default_operation_run_with_run ... ok
[INFO] [stdout] test cli::cli_test::no_filetype_set ... ok
[INFO] [stdout] test cli::cli_test::no_filetype_set_with_traverse_tree ... ok
[INFO] [stdout] test cli::cli_test::default_operation_dry_run ... ok
[INFO] [stdout] test fs::fs_test::add_to_done ... ok
[INFO] [stdout] test cli::cli_test::not_file_filetypes_set ... ok
[INFO] [stdout] test cli::cli_test::all_filetypes_set ... ok
[INFO] [stdout] test fs::fs_test::already_done_matching_target ... ok
[INFO] [stdout] test cli::cli_test::not_dir_filetypes_set_with_traverse_tree ... ok
[INFO] [stdout] test cli::cli_test::low_verbosity_on_run ... ok
[INFO] [stdout] test cli::cli_test::file_filetype_set ... ok
[INFO] [stdout] test cli::cli_test::dir_filetype_set_with_traverse_tree ... ok
[INFO] [stdout] test fs::fs_test::continue_handle_error_on_error ... ok
[INFO] [stdout] test cli::cli_test::default_operation_run ... ok
[INFO] [stdout] test cli::cli_test::default_operation_dry_run_with_run ... ok
[INFO] [stdout] test cli::cli_test::default_operation_dry_run_with_dry_run ... ok
[INFO] [stdout] test cli::cli_test::all_filetypes_set_with_traverse_tree ... ok
[INFO] [stdout] test fs::fs_test::continue_handle_error_on_ok ... ok
[INFO] [stdout] test fs::fs_test::continue_on_error ... ok
[INFO] [stdout] test fs::fs_test::already_done_not_matching_target ... ok
[INFO] [stdout] test fs::fs_test::check_io_error ... ok
[INFO] [stdout] test replace::replace_test::invalid_regex ... ok
[INFO] [stdout] test fs::fs_test::not_done_matching_target ... ok
[INFO] [stdout] test cli::cli_test::low_verbosity_on_dry_run ... ok
[INFO] [stdout] test fs::fs_test::rename_invalid_filename ... ok
[INFO] [stdout] test replace::replace_test::match_invalid_filenames ... ok
[INFO] [stdout] test replace::replace_test::match_matching_filename ... ok
[INFO] [stdout] test replace::replace_test::replace_invalid_filenames ... ok
[INFO] [stdout] test replace::replace_test::match_non_utf8_filenames ... ok
[INFO] [stdout] test stats::stats_test::cli_0_verbose ... ok
[INFO] [stdout] test stats::stats_test::cli_1_verbose ... ok
[INFO] [stdout] test fs::fs_test::stop_handle_error_on_ok ... ok
[INFO] [stdout] test fs::fs_test::stop_handle_error_on_error ... ok
[INFO] [stdout] test fs::fs_test::stop_on_error ... ok
[INFO] [stdout] test fs::fs_test::pass_matching_error ... ok
[INFO] [stdout] test replace::replace_test::match_non_matching_filenames ... ok
[INFO] [stdout] test stats::stats_test::cli_2_verbose ... ok
[INFO] [stdout] test stats::stats_test::count_error_with_summary ... ok
[INFO] [stdout] test stats::stats_test::has_no_output_as_empty ... ok
[INFO] [stdout] test stats::stats_test::count_file_with_summary ... ok
[INFO] [stdout] test replace::replace_test::replace_non_matching_filenames ... ok
[INFO] [stdout] test stats::stats_test::has_output_as_renames ... ok
[INFO] [stdout] test stats::stats_test::not_count_error_without_summary ... ok
[INFO] [stdout] test stats::stats_test::has_output_as_error ... ok
[INFO] [stdout] test stats::stats_test::not_count_file_without_summary ... ok
[INFO] [stdout] test replace::replace_test::replace_non_utf8_filenames ... ok
[INFO] [stdout] test fs::fs_test::simple_rename ... ok
[INFO] [stdout] test stats::stats_test::has_no_output_as_dont_show_renames ... ok
[INFO] [stdout] test replace::replace_test::replace_matching_filenames ... ok
[INFO] [stdout] test utils::error_handler::error_handler_test::try_wrap_err_of_err ... ok
[INFO] [stdout] test utils::error_handler::error_handler_test::try_wrap_err_of_ok ... ok
[INFO] [stdout] test fs::fs_test::not_done_not_matching_target ... ok
[INFO] [stdout] test replace::replace_test::replace_no_parent ... ok
[INFO] [stdout] test fs::fs_test::rename_without_parent ... ok
[INFO] [stdout] test replace::replace_test::valid_regex ... ok
[INFO] [stdout] test utils::select_map::select_map_test::stream_1_to_99 ... ok
[INFO] [stdout] test cli::cli_test::default_operation_run_with_dry_run ... FAILED
[INFO] [stdout] test utils::select_map::select_map_test::stream_1_to_49 ... ok
[INFO] [stdout] test utils::select_map::select_map_test::stream_1_to_9 ... ok
[INFO] [stdout] test utils::select_map::select_map_test::stream_1_to_999_unbalanced ... ok
[INFO] [stdout] test utils::select_map::select_map_test::stream_1_to_999_balanced ... ok
[INFO] [stdout] test utils::select_map::select_map_test::stream_1_to_999 ... ok
[INFO] [stdout] 
[INFO] [stdout] failures:
[INFO] [stdout] 
[INFO] [stdout] ---- cli::cli_test::default_operation_run_with_dry_run stdout ----
[INFO] [stdout] thread 'cli::cli_test::default_operation_run_with_dry_run' panicked at 'assertion failed: `Err(UnknownEnvVarContent { var_name: "FRS_DEFAULT_OP", content: "INVALID" })` does not match `Ok(())`', src/./cli_test.rs:68:5
[INFO] [stdout] stack backtrace:
[INFO] [stdout]    0:     0x562f64b451f0 - std::backtrace_rs::backtrace::libunwind::trace::h34055254b57d8e79
[INFO] [stdout]                                at /rustc/a178d0322ce20e33eac124758e837cbd80a6f633/library/std/src/../../backtrace/src/backtrace/libunwind.rs:90:5
[INFO] [stdout]    1:     0x562f64b451f0 - std::backtrace_rs::backtrace::trace_unsynchronized::h8f1e3fbd9afff6ec
[INFO] [stdout]                                at /rustc/a178d0322ce20e33eac124758e837cbd80a6f633/library/std/src/../../backtrace/src/backtrace/mod.rs:66:5
[INFO] [stdout]    2:     0x562f64b451f0 - std::sys_common::backtrace::_print_fmt::h3a99a796b770c360
[INFO] [stdout]                                at /rustc/a178d0322ce20e33eac124758e837cbd80a6f633/library/std/src/sys_common/backtrace.rs:67:5
[INFO] [stdout]    3:     0x562f64b451f0 - <std::sys_common::backtrace::_print::DisplayBacktrace as core::fmt::Display>::fmt::h32d1f94a80615d18
[INFO] [stdout]                                at /rustc/a178d0322ce20e33eac124758e837cbd80a6f633/library/std/src/sys_common/backtrace.rs:46:22
[INFO] [stdout]    4:     0x562f64b685cc - core::fmt::write::h306731c068f7162c
[INFO] [stdout]                                at /rustc/a178d0322ce20e33eac124758e837cbd80a6f633/library/core/src/fmt/mod.rs:1110:17
[INFO] [stdout]    5:     0x562f64b41c15 - std::io::Write::write_fmt::h87f19b0a2cd190bc
[INFO] [stdout]                                at /rustc/a178d0322ce20e33eac124758e837cbd80a6f633/library/std/src/io/mod.rs:1588:15
[INFO] [stdout]    6:     0x562f64b4742b - std::sys_common::backtrace::_print::h5abaa2601a852287
[INFO] [stdout]                                at /rustc/a178d0322ce20e33eac124758e837cbd80a6f633/library/std/src/sys_common/backtrace.rs:49:5
[INFO] [stdout]    7:     0x562f64b4742b - std::sys_common::backtrace::print::h8d81445442bb638f
[INFO] [stdout]                                at /rustc/a178d0322ce20e33eac124758e837cbd80a6f633/library/std/src/sys_common/backtrace.rs:36:9
[INFO] [stdout]    8:     0x562f64b4742b - std::panicking::default_hook::{{closure}}::hcfe804496a9fa747
[INFO] [stdout]                                at /rustc/a178d0322ce20e33eac124758e837cbd80a6f633/library/std/src/panicking.rs:208:50
[INFO] [stdout]    9:     0x562f64b46f3c - std::panicking::default_hook::hbea8e3ccf2ba8901
[INFO] [stdout]                                at /rustc/a178d0322ce20e33eac124758e837cbd80a6f633/library/std/src/panicking.rs:222:9
[INFO] [stdout]   10:     0x562f64b47af4 - std::panicking::rust_panic_with_hook::h7ee9e1a2d0f8975a
[INFO] [stdout]                                at /rustc/a178d0322ce20e33eac124758e837cbd80a6f633/library/std/src/panicking.rs:622:17
[INFO] [stdout]   11:     0x562f64b475d7 - std::panicking::begin_panic_handler::{{closure}}::h8ab3b4491718b2c7
[INFO] [stdout]                                at /rustc/a178d0322ce20e33eac124758e837cbd80a6f633/library/std/src/panicking.rs:519:13
[INFO] [stdout]   12:     0x562f64b456ec - std::sys_common::backtrace::__rust_end_short_backtrace::hd489062ffa586a9f
[INFO] [stdout]                                at /rustc/a178d0322ce20e33eac124758e837cbd80a6f633/library/std/src/sys_common/backtrace.rs:141:18
[INFO] [stdout]   13:     0x562f64b47539 - rust_begin_unwind
[INFO] [stdout]                                at /rustc/a178d0322ce20e33eac124758e837cbd80a6f633/library/std/src/panicking.rs:515:5
[INFO] [stdout]   14:     0x562f6472cf3b - std::panicking::begin_panic_fmt::h5479575e112541f8
[INFO] [stdout]                                at /rustc/a178d0322ce20e33eac124758e837cbd80a6f633/library/std/src/panicking.rs:457:5
[INFO] [stdout]   15:     0x562f64757dd8 - frs::cli::cli_test::default_operation_run_with_dry_run::hbe1fd3a01b7cad7e
[INFO] [stdout]                                at /opt/rustwide/workdir/src/./cli_test.rs:68:5
[INFO] [stdout]   16:     0x562f64757bea - frs::cli::cli_test::default_operation_run_with_dry_run::{{closure}}::h76cf10239160ab61
[INFO] [stdout]                                at /opt/rustwide/workdir/src/./cli_test.rs:63:1
[INFO] [stdout]   17:     0x562f647a788e - core::ops::function::FnOnce::call_once::hd7384637d8d6e243
[INFO] [stdout]                                at /rustc/a178d0322ce20e33eac124758e837cbd80a6f633/library/core/src/ops/function.rs:227:5
[INFO] [stdout]   18:     0x562f648685e3 - core::ops::function::FnOnce::call_once::h152e7e439ff59e19
[INFO] [stdout]                                at /rustc/a178d0322ce20e33eac124758e837cbd80a6f633/library/core/src/ops/function.rs:227:5
[INFO] [stdout]   19:     0x562f648685e3 - test::__rust_begin_short_backtrace::h0908f3b1fdbb72ab
[INFO] [stdout]                                at /rustc/a178d0322ce20e33eac124758e837cbd80a6f633/library/test/src/lib.rs:577:5
[INFO] [stdout]   20:     0x562f648670a0 - <alloc::boxed::Box<F,A> as core::ops::function::FnOnce<Args>>::call_once::hf6d2a51e5587546c
[INFO] [stdout]                                at /rustc/a178d0322ce20e33eac124758e837cbd80a6f633/library/alloc/src/boxed.rs:1575:9
[INFO] [stdout]   21:     0x562f648670a0 - <std::panic::AssertUnwindSafe<F> as core::ops::function::FnOnce<()>>::call_once::h8af660f3a89ef593
[INFO] [stdout]                                at /rustc/a178d0322ce20e33eac124758e837cbd80a6f633/library/std/src/panic.rs:347:9
[INFO] [stdout]   22:     0x562f648670a0 - std::panicking::try::do_call::hd36aef60f84b6d36
[INFO] [stdout]                                at /rustc/a178d0322ce20e33eac124758e837cbd80a6f633/library/std/src/panicking.rs:401:40
[INFO] [stdout]   23:     0x562f648670a0 - std::panicking::try::h9932b4480e69817c
[INFO] [stdout]                                at /rustc/a178d0322ce20e33eac124758e837cbd80a6f633/library/std/src/panicking.rs:365:19
[INFO] [stdout]   24:     0x562f648670a0 - std::panic::catch_unwind::h6aa177099cfff5f8
[INFO] [stdout]                                at /rustc/a178d0322ce20e33eac124758e837cbd80a6f633/library/std/src/panic.rs:434:14
[INFO] [stdout]   25:     0x562f648670a0 - test::run_test_in_process::h5884d6f2d99e20c3
[INFO] [stdout]                                at /rustc/a178d0322ce20e33eac124758e837cbd80a6f633/library/test/src/lib.rs:600:18
[INFO] [stdout]   26:     0x562f648670a0 - test::run_test::run_test_inner::{{closure}}::h6fdc58c6d5f5b6e3
[INFO] [stdout]                                at /rustc/a178d0322ce20e33eac124758e837cbd80a6f633/library/test/src/lib.rs:492:39
[INFO] [stdout]   27:     0x562f64840752 - test::run_test::run_test_inner::{{closure}}::h408365d67a78ade8
[INFO] [stdout]                                at /rustc/a178d0322ce20e33eac124758e837cbd80a6f633/library/test/src/lib.rs:519:37
[INFO] [stdout]   28:     0x562f64840752 - std::sys_common::backtrace::__rust_begin_short_backtrace::hb560b77c4f701523
[INFO] [stdout]                                at /rustc/a178d0322ce20e33eac124758e837cbd80a6f633/library/std/src/sys_common/backtrace.rs:125:18
[INFO] [stdout]   29:     0x562f64844308 - std::thread::Builder::spawn_unchecked::{{closure}}::{{closure}}::hf2e7831dad93c597
[INFO] [stdout]                                at /rustc/a178d0322ce20e33eac124758e837cbd80a6f633/library/std/src/thread/mod.rs:481:17
[INFO] [stdout]   30:     0x562f64844308 - <std::panic::AssertUnwindSafe<F> as core::ops::function::FnOnce<()>>::call_once::hd2e08783d8be4d02
[INFO] [stdout]                                at /rustc/a178d0322ce20e33eac124758e837cbd80a6f633/library/std/src/panic.rs:347:9
[INFO] [stdout]   31:     0x562f64844308 - std::panicking::try::do_call::h062597b7acfd6b82
[INFO] [stdout]                                at /rustc/a178d0322ce20e33eac124758e837cbd80a6f633/library/std/src/panicking.rs:401:40
[INFO] [stdout]   32:     0x562f64844308 - std::panicking::try::h0d7b79db04c14552
[INFO] [stdout]                                at /rustc/a178d0322ce20e33eac124758e837cbd80a6f633/library/std/src/panicking.rs:365:19
[INFO] [stdout]   33:     0x562f64844308 - std::panic::catch_unwind::hb01a0b5e7c8cd43b
[INFO] [stdout]                                at /rustc/a178d0322ce20e33eac124758e837cbd80a6f633/library/std/src/panic.rs:434:14
[INFO] [stdout]   34:     0x562f64844308 - std::thread::Builder::spawn_unchecked::{{closure}}::h5bde48cc887e0d1e
[INFO] [stdout]                                at /rustc/a178d0322ce20e33eac124758e837cbd80a6f633/library/std/src/thread/mod.rs:480:30
[INFO] [stdout]   35:     0x562f64844308 - core::ops::function::FnOnce::call_once{{vtable.shim}}::h745ea30807a29e55
[INFO] [stdout]                                at /rustc/a178d0322ce20e33eac124758e837cbd80a6f633/library/core/src/ops/function.rs:227:5
[INFO] [stdout]   36:     0x562f64b4cc97 - <alloc::boxed::Box<F,A> as core::ops::function::FnOnce<Args>>::call_once::h7ece6cfefaff1005
[INFO] [stdout]                                at /rustc/a178d0322ce20e33eac124758e837cbd80a6f633/library/alloc/src/boxed.rs:1575:9
[INFO] [stdout]   37:     0x562f64b4cc97 - <alloc::boxed::Box<F,A> as core::ops::function::FnOnce<Args>>::call_once::hb8b48e55c21f193e
[INFO] [stdout]                                at /rustc/a178d0322ce20e33eac124758e837cbd80a6f633/library/alloc/src/boxed.rs:1575:9
[INFO] [stdout]   38:     0x562f64b4cc97 - std::sys::unix::thread::Thread::new::thread_start::h8c7c4450dba62914
[INFO] [stdout]                                at /rustc/a178d0322ce20e33eac124758e837cbd80a6f633/library/std/src/sys/unix/thread.rs:71:17
[INFO] [stdout]   39:     0x7f311c23a609 - start_thread
[INFO] [stdout]   40:     0x7f311c00c293 - clone
[INFO] [stdout]   41:                0x0 - <unknown>
[INFO] [stdout] 
[INFO] [stdout] 
[INFO] [stdout] failures:
[INFO] [stdout]     cli::cli_test::default_operation_run_with_dry_run
[INFO] [stdout] 
[INFO] [stdout] test result: FAILED. 65 passed; 1 failed; 0 ignored; 0 measured; 0 filtered out; finished in 0.09s
[INFO] [stdout] 
[INFO] [stderr] error: test failed, to rerun pass '--lib'
[INFO] running `Command { std: "docker" "inspect" "906af57d8fae5902ce7c532b3bfd0e01d43a4cc334fd92c86ff94aa1d22127f8", kill_on_drop: false }`
[INFO] running `Command { std: "docker" "rm" "-f" "906af57d8fae5902ce7c532b3bfd0e01d43a4cc334fd92c86ff94aa1d22127f8", kill_on_drop: false }`
[INFO] [stdout] 906af57d8fae5902ce7c532b3bfd0e01d43a4cc334fd92c86ff94aa1d22127f8
