[INFO] fetching crate bupstash 0.10.2...
[INFO] testing bupstash-0.10.2 against 1.54.0 for beta-1.55-1
[INFO] extracting crate bupstash 0.10.2 into /workspace/builds/worker-0/source
[INFO] validating manifest of crates.io crate bupstash 0.10.2 on toolchain 1.54.0
[INFO] running `Command { std: "/workspace/cargo-home/bin/cargo" "+1.54.0" "metadata" "--manifest-path" "Cargo.toml" "--no-deps", kill_on_drop: false }`
[INFO] started tweaking crates.io crate bupstash 0.10.2
[INFO] finished tweaking crates.io crate bupstash 0.10.2
[INFO] tweaked toml for crates.io crate bupstash 0.10.2 written to /workspace/builds/worker-0/source/Cargo.toml
[INFO] crate crates.io crate bupstash 0.10.2 already has a lockfile, it will not be regenerated
[INFO] running `Command { std: "/workspace/cargo-home/bin/cargo" "+1.54.0" "fetch" "--manifest-path" "Cargo.toml", kill_on_drop: false }`
[INFO] [stderr]     Blocking waiting for file lock on package cache
[INFO] running `Command { std: "docker" "create" "-v" "/var/lib/crater-agent-workspace/builds/worker-0/target:/opt/rustwide/target:rw,Z" "-v" "/var/lib/crater-agent-workspace/builds/worker-0/source:/opt/rustwide/workdir:ro,Z" "-v" "/var/lib/crater-agent-workspace/cargo-home:/opt/rustwide/cargo-home:ro,Z" "-v" "/var/lib/crater-agent-workspace/rustup-home:/opt/rustwide/rustup-home:ro,Z" "-e" "SOURCE_DIR=/opt/rustwide/workdir" "-e" "CARGO_TARGET_DIR=/opt/rustwide/target" "-e" "CARGO_HOME=/opt/rustwide/cargo-home" "-e" "RUSTUP_HOME=/opt/rustwide/rustup-home" "-w" "/opt/rustwide/workdir" "-m" "1610612736" "--user" "0:0" "--network" "none" "ghcr.io/rust-lang/crates-build-env/linux@sha256:34b6a614d2c27851fe6cbf88fbd1137609cefab8b10d0615aaeb6fd47975d74e" "/opt/rustwide/cargo-home/bin/cargo" "+1.54.0" "metadata" "--no-deps" "--format-version=1", kill_on_drop: false }`
[INFO] [stdout] 3ad8e6a4cd9c388da6581c5837e259c2aab84859010c3fb7f697031a4206df7c
[INFO] running `Command { std: "docker" "start" "-a" "3ad8e6a4cd9c388da6581c5837e259c2aab84859010c3fb7f697031a4206df7c", kill_on_drop: false }`
[INFO] running `Command { std: "docker" "inspect" "3ad8e6a4cd9c388da6581c5837e259c2aab84859010c3fb7f697031a4206df7c", kill_on_drop: false }`
[INFO] running `Command { std: "docker" "rm" "-f" "3ad8e6a4cd9c388da6581c5837e259c2aab84859010c3fb7f697031a4206df7c", kill_on_drop: false }`
[INFO] [stdout] 3ad8e6a4cd9c388da6581c5837e259c2aab84859010c3fb7f697031a4206df7c
[INFO] running `Command { std: "docker" "create" "-v" "/var/lib/crater-agent-workspace/builds/worker-0/target:/opt/rustwide/target:rw,Z" "-v" "/var/lib/crater-agent-workspace/builds/worker-0/source:/opt/rustwide/workdir:ro,Z" "-v" "/var/lib/crater-agent-workspace/cargo-home:/opt/rustwide/cargo-home:ro,Z" "-v" "/var/lib/crater-agent-workspace/rustup-home:/opt/rustwide/rustup-home:ro,Z" "-e" "SOURCE_DIR=/opt/rustwide/workdir" "-e" "CARGO_TARGET_DIR=/opt/rustwide/target" "-e" "CARGO_INCREMENTAL=0" "-e" "RUST_BACKTRACE=full" "-e" "RUSTFLAGS=--cap-lints=warn" "-e" "CARGO_HOME=/opt/rustwide/cargo-home" "-e" "RUSTUP_HOME=/opt/rustwide/rustup-home" "-w" "/opt/rustwide/workdir" "-m" "1610612736" "--user" "0:0" "--network" "none" "ghcr.io/rust-lang/crates-build-env/linux@sha256:34b6a614d2c27851fe6cbf88fbd1137609cefab8b10d0615aaeb6fd47975d74e" "/opt/rustwide/cargo-home/bin/cargo" "+1.54.0" "build" "--frozen" "--message-format=json", kill_on_drop: false }`
[INFO] [stdout] bb157f4f45f95fe08601ac32aa8dd4be048f059be332bea3bd0041fb3f665a14
[INFO] running `Command { std: "docker" "start" "-a" "bb157f4f45f95fe08601ac32aa8dd4be048f059be332bea3bd0041fb3f665a14", kill_on_drop: false }`
[INFO] [stderr]    Compiling libc v0.2.97
[INFO] [stderr]    Compiling cc v1.0.68
[INFO] [stderr]    Compiling proc-macro2 v1.0.27
[INFO] [stderr]    Compiling cfg-if v1.0.0
[INFO] [stderr]    Compiling version_check v0.9.3
[INFO] [stderr]    Compiling unicode-xid v0.2.2
[INFO] [stderr]    Compiling syn v1.0.73
[INFO] [stderr]    Compiling autocfg v1.0.1
[INFO] [stderr]    Compiling memchr v2.4.0
[INFO] [stderr]    Compiling serde_derive v1.0.126
[INFO] [stderr]    Compiling pkg-config v0.3.19
[INFO] [stderr]    Compiling serde v1.0.126
[INFO] [stderr]    Compiling typenum v1.13.0
[INFO] [stderr]    Compiling bitflags v1.2.1
[INFO] [stderr]    Compiling lazy_static v1.4.0
[INFO] [stderr]    Compiling once_cell v1.8.0
[INFO] [stderr]    Compiling ryu v1.0.5
[INFO] [stderr]    Compiling crossbeam-utils v0.8.5
[INFO] [stderr]    Compiling serde_json v1.0.64
[INFO] [stderr]    Compiling regex-syntax v0.6.25
[INFO] [stderr]    Compiling anyhow v1.0.41
[INFO] [stderr]    Compiling arrayvec v0.7.1
[INFO] [stderr]    Compiling constant_time_eq v0.1.5
[INFO] [stderr]    Compiling termcolor v1.1.2
[INFO] [stderr]    Compiling number_prefix v0.4.0
[INFO] [stderr]    Compiling fallible-iterator v0.2.0
[INFO] [stderr]    Compiling codemap v0.1.3
[INFO] [stderr]    Compiling unicode-width v0.1.8
[INFO] [stderr]    Compiling arrayref v0.3.6
[INFO] [stderr]    Compiling fallible-streaming-iterator v0.1.9
[INFO] [stderr]    Compiling itoa v0.4.7
[INFO] [stderr]    Compiling same-file v1.0.6
[INFO] [stderr]    Compiling smallvec v1.6.1
[INFO] [stderr]    Compiling humantime v2.1.0
[INFO] [stderr]    Compiling cfg-if v0.1.10
[INFO] [stderr]    Compiling glob v0.3.0
[INFO] [stderr]    Compiling shlex v0.1.1
[INFO] [stderr]    Compiling path-clean v0.1.0
[INFO] [stderr]    Compiling rangemap v0.1.11
[INFO] [stderr]    Compiling getopts v0.2.21
[INFO] [stderr]    Compiling walkdir v2.3.2
[INFO] [stderr]    Compiling ahash v0.7.4
[INFO] [stderr]    Compiling generic-array v0.14.4
[INFO] [stderr]    Compiling num-traits v0.2.14
[INFO] [stderr]    Compiling num-integer v0.1.44
[INFO] [stderr]    Compiling crossbeam-channel v0.5.1
[INFO] [stderr]    Compiling aho-corasick v0.7.18
[INFO] [stderr]    Compiling libsqlite3-sys v0.22.2
[INFO] [stderr]    Compiling lz4-sys v1.9.2
[INFO] [stderr]    Compiling blake3 v1.0.0
[INFO] [stderr]    Compiling bupstash v0.10.2 (/opt/rustwide/workdir)
[INFO] [stderr]    Compiling quote v1.0.9
[INFO] [stderr]    Compiling digest v0.9.0
[INFO] [stderr]    Compiling regex v1.5.4
[INFO] [stderr]    Compiling getrandom v0.2.3
[INFO] [stderr]    Compiling terminal_size v0.1.17
[INFO] [stderr]    Compiling atty v0.2.14
[INFO] [stderr]    Compiling time v0.1.43
[INFO] [stderr]    Compiling filetime v0.2.14
[INFO] [stderr]    Compiling xattr v0.2.2
[INFO] [stderr]    Compiling nix v0.20.0
[INFO] [stderr]    Compiling openat v0.1.21
[INFO] [stderr]    Compiling codemap-diagnostic v0.1.1
[INFO] [stderr]    Compiling console v0.14.1
[INFO] [stderr]    Compiling tar v0.4.35
[INFO] [stderr]    Compiling hashbrown v0.11.2
[INFO] [stderr]    Compiling indicatif v0.16.2
[INFO] [stderr]    Compiling hashlink v0.7.0
[INFO] [stderr]    Compiling thiserror-impl v1.0.26
[INFO] [stderr]    Compiling thiserror v1.0.26
[INFO] [stderr]    Compiling rusqlite v0.25.3
[INFO] [stderr]    Compiling lz4 v1.23.2
[INFO] [stderr]    Compiling serde_bare v0.4.0
[INFO] [stderr]    Compiling chrono v0.4.19
[INFO] [stderr]     Finished dev [unoptimized + debuginfo] target(s) in 39.68s
[INFO] running `Command { std: "docker" "inspect" "bb157f4f45f95fe08601ac32aa8dd4be048f059be332bea3bd0041fb3f665a14", kill_on_drop: false }`
[INFO] running `Command { std: "docker" "rm" "-f" "bb157f4f45f95fe08601ac32aa8dd4be048f059be332bea3bd0041fb3f665a14", kill_on_drop: false }`
[INFO] [stdout] bb157f4f45f95fe08601ac32aa8dd4be048f059be332bea3bd0041fb3f665a14
[INFO] running `Command { std: "docker" "create" "-v" "/var/lib/crater-agent-workspace/builds/worker-0/target:/opt/rustwide/target:rw,Z" "-v" "/var/lib/crater-agent-workspace/builds/worker-0/source:/opt/rustwide/workdir:ro,Z" "-v" "/var/lib/crater-agent-workspace/cargo-home:/opt/rustwide/cargo-home:ro,Z" "-v" "/var/lib/crater-agent-workspace/rustup-home:/opt/rustwide/rustup-home:ro,Z" "-e" "SOURCE_DIR=/opt/rustwide/workdir" "-e" "CARGO_TARGET_DIR=/opt/rustwide/target" "-e" "CARGO_INCREMENTAL=0" "-e" "RUST_BACKTRACE=full" "-e" "RUSTFLAGS=--cap-lints=warn" "-e" "CARGO_HOME=/opt/rustwide/cargo-home" "-e" "RUSTUP_HOME=/opt/rustwide/rustup-home" "-w" "/opt/rustwide/workdir" "-m" "1610612736" "--user" "0:0" "--network" "none" "ghcr.io/rust-lang/crates-build-env/linux@sha256:34b6a614d2c27851fe6cbf88fbd1137609cefab8b10d0615aaeb6fd47975d74e" "/opt/rustwide/cargo-home/bin/cargo" "+1.54.0" "test" "--frozen" "--no-run" "--message-format=json", kill_on_drop: false }`
[INFO] [stdout] 8639cb9fdb003986db175b45c373faf47fe15f345fbceec8af7176f8c3390a95
[INFO] running `Command { std: "docker" "start" "-a" "8639cb9fdb003986db175b45c373faf47fe15f345fbceec8af7176f8c3390a95", kill_on_drop: false }`
[INFO] [stderr]     Blocking waiting for file lock on package cache
[INFO] [stderr]    Compiling scopeguard v1.1.0
[INFO] [stderr]    Compiling ppv-lite86 v0.2.10
[INFO] [stderr]    Compiling remove_dir_all v0.5.3
[INFO] [stderr]    Compiling instant v0.1.9
[INFO] [stderr]    Compiling rand_core v0.6.3
[INFO] [stderr]    Compiling serial_test_derive v0.5.1
[INFO] [stderr]    Compiling lock_api v0.4.4
[INFO] [stderr]    Compiling parking_lot_core v0.8.3
[INFO] [stderr]    Compiling rand_chacha v0.3.1
[INFO] [stderr]    Compiling parking_lot v0.11.1
[INFO] [stderr]    Compiling rand v0.8.4
[INFO] [stderr]    Compiling serial_test v0.5.1
[INFO] [stderr]    Compiling tempfile v3.2.0
[INFO] [stderr]    Compiling bupstash v0.10.2 (/opt/rustwide/workdir)
[INFO] [stderr]     Finished test [unoptimized + debuginfo] target(s) in 16.77s
[INFO] running `Command { std: "docker" "inspect" "8639cb9fdb003986db175b45c373faf47fe15f345fbceec8af7176f8c3390a95", kill_on_drop: false }`
[INFO] running `Command { std: "docker" "rm" "-f" "8639cb9fdb003986db175b45c373faf47fe15f345fbceec8af7176f8c3390a95", kill_on_drop: false }`
[INFO] [stdout] 8639cb9fdb003986db175b45c373faf47fe15f345fbceec8af7176f8c3390a95
[INFO] running `Command { std: "docker" "create" "-v" "/var/lib/crater-agent-workspace/builds/worker-0/target:/opt/rustwide/target:rw,Z" "-v" "/var/lib/crater-agent-workspace/builds/worker-0/source:/opt/rustwide/workdir:ro,Z" "-v" "/var/lib/crater-agent-workspace/cargo-home:/opt/rustwide/cargo-home:ro,Z" "-v" "/var/lib/crater-agent-workspace/rustup-home:/opt/rustwide/rustup-home:ro,Z" "-e" "SOURCE_DIR=/opt/rustwide/workdir" "-e" "CARGO_TARGET_DIR=/opt/rustwide/target" "-e" "CARGO_INCREMENTAL=0" "-e" "RUST_BACKTRACE=full" "-e" "RUSTFLAGS=--cap-lints=warn" "-e" "CARGO_HOME=/opt/rustwide/cargo-home" "-e" "RUSTUP_HOME=/opt/rustwide/rustup-home" "-w" "/opt/rustwide/workdir" "-m" "1610612736" "--user" "0:0" "--network" "none" "ghcr.io/rust-lang/crates-build-env/linux@sha256:34b6a614d2c27851fe6cbf88fbd1137609cefab8b10d0615aaeb6fd47975d74e" "/opt/rustwide/cargo-home/bin/cargo" "+1.54.0" "test" "--frozen", kill_on_drop: false }`
[INFO] [stdout] 414eb5ac88d2da08a67df31d988359d2c7e56674bf60e309b2753fd0db9cf372
[INFO] running `Command { std: "docker" "start" "-a" "414eb5ac88d2da08a67df31d988359d2c7e56674bf60e309b2753fd0db9cf372", kill_on_drop: false }`
[INFO] [stderr]     Blocking waiting for file lock on package cache
[INFO] [stderr]     Finished test [unoptimized + debuginfo] target(s) in 1.69s
[INFO] [stderr]      Running unittests (/opt/rustwide/target/debug/deps/bupstash-1ecc70eb90cfc855)
[INFO] [stdout] 
[INFO] [stdout] running 64 tests
[INFO] [stdout] test address::tests::test_addr_to_hex_addr ... ok
[INFO] [stdout] test base64::tests::test_decode ... ok
[INFO] [stdout] test address::tests::test_bytes_to_addresses ... ok
[INFO] [stdout] test base64::tests::test_encode ... ok
[INFO] [stdout] test chunker::tests::test_add_bytes ... ok
[INFO] [stdout] test crypto::tests::random_seed_bytes_size ... ok
[INFO] [stdout] test crypto::tests::data_round_trip ... ok
[INFO] [stdout] test fsutil::tests::no_common_path ... ok
[INFO] [stdout] test hex::tests::test_encode ... ok
[INFO] [stdout] test hex::tests::test_easy_decode_string ... ok
[INFO] [stdout] test address::tests::test_addresses_to_bytes ... ok
[INFO] [stdout] test chunker::tests::test_force_split_bytes ... ok
[INFO] [stdout] test htree::tests::test_tree_reader_walk ... ok
[INFO] [stdout] test fsutil::tests::compare_paths ... ok
[INFO] [stdout] test hex::tests::test_easy_encode_to_string ... ok
[INFO] [stdout] test crypto::tests::box_nonce_inc ... ok
[INFO] [stdout] test index::tests::test_index_path_cmp ... ok
[INFO] [stdout] test index::tests::test_index_mode_bits ... ok
[INFO] [stdout] test query::tests::test_is_id_query ... ok
[INFO] [stdout] test query::tests::test_query_match ... ok
[INFO] [stdout] test sodium::bindgen_test_layout_crypto_generichash_blake2b_state ... ok
[INFO] [stdout] test xid::tests::test_default ... ok
[INFO] [stdout] test sodium::bindgen_test_layout_crypto_aead_aes256gcm_state_ ... ok
[INFO] [stdout] test crypto::tests::box_round_trip ... ok
[INFO] [stdout] test htree::tests::test_write_shape_two_levels ... ok
[INFO] [stdout] test htree::tests::test_write_no_level ... ok
[INFO] [stdout] test sodium::bindgen_test_layout_randombytes_implementation ... ok
[INFO] [stdout] test sodium::bindgen_test_layout_crypto_sign_ed25519ph_state ... ok
[INFO] [stdout] test sodium::bindgen_test_layout_crypto_onetimeauth_poly1305_state ... ok
[INFO] [stdout] test sodium::bindgen_test_layout_crypto_secretstream_xchacha20poly1305_state ... ok
[INFO] [stdout] test htree::tests::test_write_shape_single_level ... ok
[INFO] [stdout] test sodium::bindgen_test_layout_crypto_auth_hmacsha256_state ... ok
[INFO] [stdout] test sodium::bindgen_test_layout_crypto_auth_hmacsha512_state ... ok
[INFO] [stdout] test htree::tests::test_write_shape_single_level_content_split ... ok
[INFO] [stdout] test sodium::bindgen_test_layout_crypto_hash_sha512_state ... ok
[INFO] [stdout] test rollsum::tests::rollsum_rolls ... ok
[INFO] [stdout] test sodium::bindgen_test_layout_crypto_hash_sha256_state ... ok
[INFO] [stdout] test htree::tests::test_write_shape_two_levels_content_split ... ok
[INFO] [stdout] test acache::tests::test_awcache ... ok
[INFO] [stdout] test pem::tests::test_parse_empty_data ... ok
[INFO] [stdout] test pem::tests::test_encode_config_contents ... ok
[INFO] [stdout] test pem::tests::test_parse_invalid_framing ... ok
[INFO] [stdout] test pem::tests::test_parse_invalid_end ... ok
[INFO] [stdout] test dir_chunk_storage::tests::pipelined_get_chunks ... ok
[INFO] [stdout] test pem::tests::test_parse_works ... ok
[INFO] [stdout] test pem::tests::test_parse_invalid_data ... ok
[INFO] [stdout] test pem::tests::test_encode_many ... ok
[INFO] [stdout] test pem::tests::test_encode_empty_contents ... ok
[INFO] [stdout] test pem::tests::test_encode_contents ... ok
[INFO] [stdout] test cksumvfs::tests::test_cksumvfs_can_be_enabled ... ok
[INFO] [stdout] test pem::tests::test_parse_invalid_begin ... ok
[INFO] [stdout] test pem::tests::test_encode_many_config ... ok
[INFO] [stdout] test fstx::tests::test_write_file_rollback ... ok
[INFO] [stdout] test pem::tests::test_parse_many_works ... ok
[INFO] [stdout] test dir_chunk_storage::tests::add_and_get_chunk ... ok
[INFO] [stdout] test abloom::tests::test_abloom ... ok
[INFO] [stdout] test fstx::tests::test_truncate_file_rollback ... ok
[INFO] [stdout] test fstx::tests::test_write_txn ... ok
[INFO] [stdout] test fstx::tests::test_remove_file_rollback ... ok
[INFO] [stdout] test sendlog::tests::cache_checkpoint ... FAILED
[INFO] [stdout] test sendlog::tests::cache_commit_then_checkpoint ... FAILED
[INFO] [stdout] test repository::tests::dir_store_sanity_test ... ok
[INFO] [stdout] test abloom::tests::test_approximate_mem_size ... FAILED
[INFO] [stdout] test sendlog::tests::cache_commit ... ok
[INFO] [stdout] 
[INFO] [stdout] failures:
[INFO] [stdout] 
[INFO] [stdout] ---- sendlog::tests::cache_checkpoint stdout ----
[INFO] [stdout] thread 'sendlog::tests::cache_checkpoint' panicked at 'called `Result::unwrap()` on an `Err` value: disk I/O error
[INFO] [stdout] 
[INFO] [stdout] Caused by:
[INFO] [stdout]     Error code 8202: SQLITE_IOERR_DATA', src/sendlog.rs:470:52
[INFO] [stdout] stack backtrace:
[INFO] [stdout]    0:     0x55c12225dba0 - std::backtrace_rs::backtrace::libunwind::trace::h34055254b57d8e79
[INFO] [stdout]                                at /rustc/a178d0322ce20e33eac124758e837cbd80a6f633/library/std/src/../../backtrace/src/backtrace/libunwind.rs:90:5
[INFO] [stdout]    1:     0x55c12225dba0 - std::backtrace_rs::backtrace::trace_unsynchronized::h8f1e3fbd9afff6ec
[INFO] [stdout]                                at /rustc/a178d0322ce20e33eac124758e837cbd80a6f633/library/std/src/../../backtrace/src/backtrace/mod.rs:66:5
[INFO] [stdout]    2:     0x55c12225dba0 - std::sys_common::backtrace::_print_fmt::h3a99a796b770c360
[INFO] [stdout]                                at /rustc/a178d0322ce20e33eac124758e837cbd80a6f633/library/std/src/sys_common/backtrace.rs:67:5
[INFO] [stdout]    3:     0x55c12225dba0 - <std::sys_common::backtrace::_print::DisplayBacktrace as core::fmt::Display>::fmt::h32d1f94a80615d18
[INFO] [stdout]                                at /rustc/a178d0322ce20e33eac124758e837cbd80a6f633/library/std/src/sys_common/backtrace.rs:46:22
[INFO] [stdout]    4:     0x55c12228292c - core::fmt::write::h306731c068f7162c
[INFO] [stdout]                                at /rustc/a178d0322ce20e33eac124758e837cbd80a6f633/library/core/src/fmt/mod.rs:1110:17
[INFO] [stdout]    5:     0x55c12225a315 - std::io::Write::write_fmt::h87f19b0a2cd190bc
[INFO] [stdout]                                at /rustc/a178d0322ce20e33eac124758e837cbd80a6f633/library/std/src/io/mod.rs:1588:15
[INFO] [stdout]    6:     0x55c12226021b - std::sys_common::backtrace::_print::h5abaa2601a852287
[INFO] [stdout]                                at /rustc/a178d0322ce20e33eac124758e837cbd80a6f633/library/std/src/sys_common/backtrace.rs:49:5
[INFO] [stdout]    7:     0x55c12226021b - std::sys_common::backtrace::print::h8d81445442bb638f
[INFO] [stdout]                                at /rustc/a178d0322ce20e33eac124758e837cbd80a6f633/library/std/src/sys_common/backtrace.rs:36:9
[INFO] [stdout]    8:     0x55c12226021b - std::panicking::default_hook::{{closure}}::hcfe804496a9fa747
[INFO] [stdout]                                at /rustc/a178d0322ce20e33eac124758e837cbd80a6f633/library/std/src/panicking.rs:208:50
[INFO] [stdout]    9:     0x55c12225fd2c - std::panicking::default_hook::hbea8e3ccf2ba8901
[INFO] [stdout]                                at /rustc/a178d0322ce20e33eac124758e837cbd80a6f633/library/std/src/panicking.rs:222:9
[INFO] [stdout]   10:     0x55c1222608e4 - std::panicking::rust_panic_with_hook::h7ee9e1a2d0f8975a
[INFO] [stdout]                                at /rustc/a178d0322ce20e33eac124758e837cbd80a6f633/library/std/src/panicking.rs:622:17
[INFO] [stdout]   11:     0x55c1222603c7 - std::panicking::begin_panic_handler::{{closure}}::h8ab3b4491718b2c7
[INFO] [stdout]                                at /rustc/a178d0322ce20e33eac124758e837cbd80a6f633/library/std/src/panicking.rs:519:13
[INFO] [stdout]   12:     0x55c12225e09c - std::sys_common::backtrace::__rust_end_short_backtrace::hd489062ffa586a9f
[INFO] [stdout]                                at /rustc/a178d0322ce20e33eac124758e837cbd80a6f633/library/std/src/sys_common/backtrace.rs:141:18
[INFO] [stdout]   13:     0x55c122260329 - rust_begin_unwind
[INFO] [stdout]                                at /rustc/a178d0322ce20e33eac124758e837cbd80a6f633/library/std/src/panicking.rs:515:5
[INFO] [stdout]   14:     0x55c121c84ea1 - core::panicking::panic_fmt::hca6330e3e14086b4
[INFO] [stdout]                                at /rustc/a178d0322ce20e33eac124758e837cbd80a6f633/library/core/src/panicking.rs:92:14
[INFO] [stdout]   15:     0x55c121c84f93 - core::result::unwrap_failed::h6160d2b4bfbb0e87
[INFO] [stdout]                                at /rustc/a178d0322ce20e33eac124758e837cbd80a6f633/library/core/src/result.rs:1355:5
[INFO] [stdout]   16:     0x55c121d3791b - core::result::Result<T,E>::unwrap::h20f998c4f39957cb
[INFO] [stdout]                                at /rustc/a178d0322ce20e33eac124758e837cbd80a6f633/library/core/src/result.rs:1037:23
[INFO] [stdout]   17:     0x55c121d92be6 - bupstash::sendlog::tests::cache_checkpoint::h16ba1ecd069c0187
[INFO] [stdout]                                at /opt/rustwide/workdir/src/sendlog.rs:470:27
[INFO] [stdout]   18:     0x55c121d9265a - bupstash::sendlog::tests::cache_checkpoint::{{closure}}::h3ca0b6cdd9eb87e3
[INFO] [stdout]                                at /opt/rustwide/workdir/src/sendlog.rs:439:5
[INFO] [stdout]   19:     0x55c121d9e1fe - core::ops::function::FnOnce::call_once::hf064ddcd80acc860
[INFO] [stdout]                                at /rustc/a178d0322ce20e33eac124758e837cbd80a6f633/library/core/src/ops/function.rs:227:5
[INFO] [stdout]   20:     0x55c122046353 - core::ops::function::FnOnce::call_once::h152e7e439ff59e19
[INFO] [stdout]                                at /rustc/a178d0322ce20e33eac124758e837cbd80a6f633/library/core/src/ops/function.rs:227:5
[INFO] [stdout]   21:     0x55c122046353 - test::__rust_begin_short_backtrace::h0908f3b1fdbb72ab
[INFO] [stdout]                                at /rustc/a178d0322ce20e33eac124758e837cbd80a6f633/library/test/src/lib.rs:577:5
[INFO] [stdout]   22:     0x55c122044e10 - <alloc::boxed::Box<F,A> as core::ops::function::FnOnce<Args>>::call_once::hf6d2a51e5587546c
[INFO] [stdout]                                at /rustc/a178d0322ce20e33eac124758e837cbd80a6f633/library/alloc/src/boxed.rs:1575:9
[INFO] [stdout]   23:     0x55c122044e10 - <std::panic::AssertUnwindSafe<F> as core::ops::function::FnOnce<()>>::call_once::h8af660f3a89ef593
[INFO] [stdout]                                at /rustc/a178d0322ce20e33eac124758e837cbd80a6f633/library/std/src/panic.rs:347:9
[INFO] [stdout]   24:     0x55c122044e10 - std::panicking::try::do_call::hd36aef60f84b6d36
[INFO] [stdout]                                at /rustc/a178d0322ce20e33eac124758e837cbd80a6f633/library/std/src/panicking.rs:401:40
[INFO] [stdout]   25:     0x55c122044e10 - std::panicking::try::h9932b4480e69817c
[INFO] [stdout]                                at /rustc/a178d0322ce20e33eac124758e837cbd80a6f633/library/std/src/panicking.rs:365:19
[INFO] [stdout]   26:     0x55c122044e10 - std::panic::catch_unwind::h6aa177099cfff5f8
[INFO] [stdout]                                at /rustc/a178d0322ce20e33eac124758e837cbd80a6f633/library/std/src/panic.rs:434:14
[INFO] [stdout]   27:     0x55c122044e10 - test::run_test_in_process::h5884d6f2d99e20c3
[INFO] [stdout]                                at /rustc/a178d0322ce20e33eac124758e837cbd80a6f633/library/test/src/lib.rs:600:18
[INFO] [stdout]   28:     0x55c122044e10 - test::run_test::run_test_inner::{{closure}}::h6fdc58c6d5f5b6e3
[INFO] [stdout]                                at /rustc/a178d0322ce20e33eac124758e837cbd80a6f633/library/test/src/lib.rs:492:39
[INFO] [stdout]   29:     0x55c12201e4c2 - test::run_test::run_test_inner::{{closure}}::h408365d67a78ade8
[INFO] [stdout]                                at /rustc/a178d0322ce20e33eac124758e837cbd80a6f633/library/test/src/lib.rs:519:37
[INFO] [stdout]   30:     0x55c12201e4c2 - std::sys_common::backtrace::__rust_begin_short_backtrace::hb560b77c4f701523
[INFO] [stdout]                                at /rustc/a178d0322ce20e33eac124758e837cbd80a6f633/library/std/src/sys_common/backtrace.rs:125:18
[INFO] [stdout]   31:     0x55c122022078 - std::thread::Builder::spawn_unchecked::{{closure}}::{{closure}}::hf2e7831dad93c597
[INFO] [stdout]                                at /rustc/a178d0322ce20e33eac124758e837cbd80a6f633/library/std/src/thread/mod.rs:481:17
[INFO] [stdout]   32:     0x55c122022078 - <std::panic::AssertUnwindSafe<F> as core::ops::function::FnOnce<()>>::call_once::hd2e08783d8be4d02
[INFO] [stdout]                                at /rustc/a178d0322ce20e33eac124758e837cbd80a6f633/library/std/src/panic.rs:347:9
[INFO] [stdout]   33:     0x55c122022078 - std::panicking::try::do_call::h062597b7acfd6b82
[INFO] [stdout]                                at /rustc/a178d0322ce20e33eac124758e837cbd80a6f633/library/std/src/panicking.rs:401:40
[INFO] [stdout]   34:     0x55c122022078 - std::panicking::try::h0d7b79db04c14552
[INFO] [stdout]                                at /rustc/a178d0322ce20e33eac124758e837cbd80a6f633/library/std/src/panicking.rs:365:19
[INFO] [stdout]   35:     0x55c122022078 - std::panic::catch_unwind::hb01a0b5e7c8cd43b
[INFO] [stdout]                                at /rustc/a178d0322ce20e33eac124758e837cbd80a6f633/library/std/src/panic.rs:434:14
[INFO] [stdout]   36:     0x55c122022078 - std::thread::Builder::spawn_unchecked::{{closure}}::h5bde48cc887e0d1e
[INFO] [stdout]                                at /rustc/a178d0322ce20e33eac124758e837cbd80a6f633/library/std/src/thread/mod.rs:480:30
[INFO] [stdout]   37:     0x55c122022078 - core::ops::function::FnOnce::call_once{{vtable.shim}}::h745ea30807a29e55
[INFO] [stdout]                                at /rustc/a178d0322ce20e33eac124758e837cbd80a6f633/library/core/src/ops/function.rs:227:5
[INFO] [stdout]   38:     0x55c122267067 - <alloc::boxed::Box<F,A> as core::ops::function::FnOnce<Args>>::call_once::h7ece6cfefaff1005
[INFO] [stdout]                                at /rustc/a178d0322ce20e33eac124758e837cbd80a6f633/library/alloc/src/boxed.rs:1575:9
[INFO] [stdout]   39:     0x55c122267067 - <alloc::boxed::Box<F,A> as core::ops::function::FnOnce<Args>>::call_once::hb8b48e55c21f193e
[INFO] [stdout]                                at /rustc/a178d0322ce20e33eac124758e837cbd80a6f633/library/alloc/src/boxed.rs:1575:9
[INFO] [stdout]   40:     0x55c122267067 - std::sys::unix::thread::Thread::new::thread_start::h8c7c4450dba62914
[INFO] [stdout]                                at /rustc/a178d0322ce20e33eac124758e837cbd80a6f633/library/std/src/sys/unix/thread.rs:71:17
[INFO] [stdout]   41:     0x7fc3dc4fc609 - start_thread
[INFO] [stdout]   42:     0x7fc3dc2cc293 - clone
[INFO] [stdout]   43:                0x0 - <unknown>
[INFO] [stdout] 
[INFO] [stdout] ---- sendlog::tests::cache_commit_then_checkpoint stdout ----
[INFO] [stdout] thread 'sendlog::tests::cache_commit_then_checkpoint' panicked at 'called `Result::unwrap()` on an `Err` value: disk I/O error
[INFO] [stdout] 
[INFO] [stdout] Caused by:
[INFO] [stdout]     Error code 8202: SQLITE_IOERR_DATA', src/sendlog.rs:536:52
[INFO] [stdout] stack backtrace:
[INFO] [stdout]    0:     0x55c12225dba0 - std::backtrace_rs::backtrace::libunwind::trace::h34055254b57d8e79
[INFO] [stdout]                                at /rustc/a178d0322ce20e33eac124758e837cbd80a6f633/library/std/src/../../backtrace/src/backtrace/libunwind.rs:90:5
[INFO] [stdout]    1:     0x55c12225dba0 - std::backtrace_rs::backtrace::trace_unsynchronized::h8f1e3fbd9afff6ec
[INFO] [stdout]                                at /rustc/a178d0322ce20e33eac124758e837cbd80a6f633/library/std/src/../../backtrace/src/backtrace/mod.rs:66:5
[INFO] [stdout]    2:     0x55c12225dba0 - std::sys_common::backtrace::_print_fmt::h3a99a796b770c360
[INFO] [stdout]                                at /rustc/a178d0322ce20e33eac124758e837cbd80a6f633/library/std/src/sys_common/backtrace.rs:67:5
[INFO] [stdout]    3:     0x55c12225dba0 - <std::sys_common::backtrace::_print::DisplayBacktrace as core::fmt::Display>::fmt::h32d1f94a80615d18
[INFO] [stdout]                                at /rustc/a178d0322ce20e33eac124758e837cbd80a6f633/library/std/src/sys_common/backtrace.rs:46:22
[INFO] [stdout]    4:     0x55c12228292c - core::fmt::write::h306731c068f7162c
[INFO] [stdout]                                at /rustc/a178d0322ce20e33eac124758e837cbd80a6f633/library/core/src/fmt/mod.rs:1110:17
[INFO] [stdout]    5:     0x55c12225a315 - std::io::Write::write_fmt::h87f19b0a2cd190bc
[INFO] [stdout]                                at /rustc/a178d0322ce20e33eac124758e837cbd80a6f633/library/std/src/io/mod.rs:1588:15
[INFO] [stdout]    6:     0x55c12226021b - std::sys_common::backtrace::_print::h5abaa2601a852287
[INFO] [stdout]                                at /rustc/a178d0322ce20e33eac124758e837cbd80a6f633/library/std/src/sys_common/backtrace.rs:49:5
[INFO] [stdout]    7:     0x55c12226021b - std::sys_common::backtrace::print::h8d81445442bb638f
[INFO] [stdout]                                at /rustc/a178d0322ce20e33eac124758e837cbd80a6f633/library/std/src/sys_common/backtrace.rs:36:9
[INFO] [stdout]    8:     0x55c12226021b - std::panicking::default_hook::{{closure}}::hcfe804496a9fa747
[INFO] [stdout]                                at /rustc/a178d0322ce20e33eac124758e837cbd80a6f633/library/std/src/panicking.rs:208:50
[INFO] [stdout]    9:     0x55c12225fd2c - std::panicking::default_hook::hbea8e3ccf2ba8901
[INFO] [stdout]                                at /rustc/a178d0322ce20e33eac124758e837cbd80a6f633/library/std/src/panicking.rs:222:9
[INFO] [stdout]   10:     0x55c1222608e4 - std::panicking::rust_panic_with_hook::h7ee9e1a2d0f8975a
[INFO] [stdout]                                at /rustc/a178d0322ce20e33eac124758e837cbd80a6f633/library/std/src/panicking.rs:622:17
[INFO] [stdout]   11:     0x55c1222603c7 - std::panicking::begin_panic_handler::{{closure}}::h8ab3b4491718b2c7
[INFO] [stdout]                                at /rustc/a178d0322ce20e33eac124758e837cbd80a6f633/library/std/src/panicking.rs:519:13
[INFO] [stdout]   12:     0x55c12225e09c - std::sys_common::backtrace::__rust_end_short_backtrace::hd489062ffa586a9f
[INFO] [stdout]                                at /rustc/a178d0322ce20e33eac124758e837cbd80a6f633/library/std/src/sys_common/backtrace.rs:141:18
[INFO] [stdout]   13:     0x55c122260329 - rust_begin_unwind
[INFO] [stdout]                                at /rustc/a178d0322ce20e33eac124758e837cbd80a6f633/library/std/src/panicking.rs:515:5
[INFO] [stdout]   14:     0x55c121c84ea1 - core::panicking::panic_fmt::hca6330e3e14086b4
[INFO] [stdout]                                at /rustc/a178d0322ce20e33eac124758e837cbd80a6f633/library/core/src/panicking.rs:92:14
[INFO] [stdout]   15:     0x55c121c84f93 - core::result::unwrap_failed::h6160d2b4bfbb0e87
[INFO] [stdout]                                at /rustc/a178d0322ce20e33eac124758e837cbd80a6f633/library/core/src/result.rs:1355:5
[INFO] [stdout]   16:     0x55c121d3791b - core::result::Result<T,E>::unwrap::h20f998c4f39957cb
[INFO] [stdout]                                at /rustc/a178d0322ce20e33eac124758e837cbd80a6f633/library/core/src/result.rs:1037:23
[INFO] [stdout]   17:     0x55c121d93b5d - bupstash::sendlog::tests::cache_commit_then_checkpoint::h2fab5950bea416c0
[INFO] [stdout]                                at /opt/rustwide/workdir/src/sendlog.rs:536:27
[INFO] [stdout]   18:     0x55c121d9351a - bupstash::sendlog::tests::cache_commit_then_checkpoint::{{closure}}::h1dfdc9bb4dce0997
[INFO] [stdout]                                at /opt/rustwide/workdir/src/sendlog.rs:502:5
[INFO] [stdout]   19:     0x55c121d9e43e - core::ops::function::FnOnce::call_once::hfd1b3196367a45bc
[INFO] [stdout]                                at /rustc/a178d0322ce20e33eac124758e837cbd80a6f633/library/core/src/ops/function.rs:227:5
[INFO] [stdout]   20:     0x55c122046353 - core::ops::function::FnOnce::call_once::h152e7e439ff59e19
[INFO] [stdout]                                at /rustc/a178d0322ce20e33eac124758e837cbd80a6f633/library/core/src/ops/function.rs:227:5
[INFO] [stdout]   21:     0x55c122046353 - test::__rust_begin_short_backtrace::h0908f3b1fdbb72ab
[INFO] [stdout]                                at /rustc/a178d0322ce20e33eac124758e837cbd80a6f633/library/test/src/lib.rs:577:5
[INFO] [stdout]   22:     0x55c122044e10 - <alloc::boxed::Box<F,A> as core::ops::function::FnOnce<Args>>::call_once::hf6d2a51e5587546c
[INFO] [stdout]                                at /rustc/a178d0322ce20e33eac124758e837cbd80a6f633/library/alloc/src/boxed.rs:1575:9
[INFO] [stdout]   23:     0x55c122044e10 - <std::panic::AssertUnwindSafe<F> as core::ops::function::FnOnce<()>>::call_once::h8af660f3a89ef593
[INFO] [stdout]                                at /rustc/a178d0322ce20e33eac124758e837cbd80a6f633/library/std/src/panic.rs:347:9
[INFO] [stdout]   24:     0x55c122044e10 - std::panicking::try::do_call::hd36aef60f84b6d36
[INFO] [stdout]                                at /rustc/a178d0322ce20e33eac124758e837cbd80a6f633/library/std/src/panicking.rs:401:40
[INFO] [stdout]   25:     0x55c122044e10 - std::panicking::try::h9932b4480e69817c
[INFO] [stdout]                                at /rustc/a178d0322ce20e33eac124758e837cbd80a6f633/library/std/src/panicking.rs:365:19
[INFO] [stdout]   26:     0x55c122044e10 - std::panic::catch_unwind::h6aa177099cfff5f8
[INFO] [stdout]                                at /rustc/a178d0322ce20e33eac124758e837cbd80a6f633/library/std/src/panic.rs:434:14
[INFO] [stdout]   27:     0x55c122044e10 - test::run_test_in_process::h5884d6f2d99e20c3
[INFO] [stdout]                                at /rustc/a178d0322ce20e33eac124758e837cbd80a6f633/library/test/src/lib.rs:600:18
[INFO] [stdout]   28:     0x55c122044e10 - test::run_test::run_test_inner::{{closure}}::h6fdc58c6d5f5b6e3
[INFO] [stdout]                                at /rustc/a178d0322ce20e33eac124758e837cbd80a6f633/library/test/src/lib.rs:492:39
[INFO] [stdout]   29:     0x55c12201e4c2 - test::run_test::run_test_inner::{{closure}}::h408365d67a78ade8
[INFO] [stdout]                                at /rustc/a178d0322ce20e33eac124758e837cbd80a6f633/library/test/src/lib.rs:519:37
[INFO] [stdout]   30:     0x55c12201e4c2 - std::sys_common::backtrace::__rust_begin_short_backtrace::hb560b77c4f701523
[INFO] [stdout]                                at /rustc/a178d0322ce20e33eac124758e837cbd80a6f633/library/std/src/sys_common/backtrace.rs:125:18
[INFO] [stdout]   31:     0x55c122022078 - std::thread::Builder::spawn_unchecked::{{closure}}::{{closure}}::hf2e7831dad93c597
[INFO] [stdout]                                at /rustc/a178d0322ce20e33eac124758e837cbd80a6f633/library/std/src/thread/mod.rs:481:17
[INFO] [stdout]   32:     0x55c122022078 - <std::panic::AssertUnwindSafe<F> as core::ops::function::FnOnce<()>>::call_once::hd2e08783d8be4d02
[INFO] [stdout]                                at /rustc/a178d0322ce20e33eac124758e837cbd80a6f633/library/std/src/panic.rs:347:9
[INFO] [stdout]   33:     0x55c122022078 - std::panicking::try::do_call::h062597b7acfd6b82
[INFO] [stdout]                                at /rustc/a178d0322ce20e33eac124758e837cbd80a6f633/library/std/src/panicking.rs:401:40
[INFO] [stdout]   34:     0x55c122022078 - std::panicking::try::h0d7b79db04c14552
[INFO] [stdout]                                at /rustc/a178d0322ce20e33eac124758e837cbd80a6f633/library/std/src/panicking.rs:365:19
[INFO] [stdout]   35:     0x55c122022078 - std::panic::catch_unwind::hb01a0b5e7c8cd43b
[INFO] [stdout]                                at /rustc/a178d0322ce20e33eac124758e837cbd80a6f633/library/std/src/panic.rs:434:14
[INFO] [stdout]   36:     0x55c122022078 - std::thread::Builder::spawn_unchecked::{{closure}}::h5bde48cc887e0d1e
[INFO] [stdout]                                at /rustc/a178d0322ce20e33eac124758e837cbd80a6f633/library/std/src/thread/mod.rs:480:30
[INFO] [stdout]   37:     0x55c122022078 - core::ops::function::FnOnce::call_once{{vtable.shim}}::h745ea30807a29e55
[INFO] [stdout]                                at /rustc/a178d0322ce20e33eac124758e837cbd80a6f633/library/core/src/ops/function.rs:227:5
[INFO] [stdout]   38:     0x55c122267067 - <alloc::boxed::Box<F,A> as core::ops::function::FnOnce<Args>>::call_once::h7ece6cfefaff1005
[INFO] [stdout]                                at /rustc/a178d0322ce20e33eac124758e837cbd80a6f633/library/alloc/src/boxed.rs:1575:9
[INFO] [stdout]   39:     0x55c122267067 - <alloc::boxed::Box<F,A> as core::ops::function::FnOnce<Args>>::call_once::hb8b48e55c21f193e
[INFO] [stdout]                                at /rustc/a178d0322ce20e33eac124758e837cbd80a6f633/library/alloc/src/boxed.rs:1575:9
[INFO] [stdout]   40:     0x55c122267067 - std::sys::unix::thread::Thread::new::thread_start::h8c7c4450dba62914
[INFO] [stdout]                                at /rustc/a178d0322ce20e33eac124758e837cbd80a6f633/library/std/src/sys/unix/thread.rs:71:17
[INFO] [stdout]   41:     0x7fc3dc4fc609 - start_thread
[INFO] [stdout]   42:     0x7fc3dc2cc293 - clone
[INFO] [stdout]   43:                0x0 - <unknown>
[INFO] [stdout] 
[INFO] [stdout] ---- abloom::tests::test_approximate_mem_size stdout ----
[INFO] [stdout] n=20000
[INFO] [stdout] p=0.01
[INFO] [stdout] mem_size=26306
[INFO] [stdout] estimated_false_positive_rate=0.0098
[INFO] [stdout] estimated_add_count=19981.325679556707
[INFO] [stdout] utilization=0.31599254922831294
[INFO] [stdout] estimated_utilization=0.31599254922831294
[INFO] [stdout] prediction_delta=0.00020000000000000052
[INFO] [stdout] n=20000
[INFO] [stdout] p=0.05
[INFO] [stdout] mem_size=15617
[INFO] [stdout] estimated_false_positive_rate=0.0509
[INFO] [stdout] estimated_add_count=20019.07736678501
[INFO] [stdout] utilization=0.4732022795671384
[INFO] [stdout] estimated_utilization=0.4732022795671384
[INFO] [stdout] prediction_delta=-0.000899999999999998
[INFO] [stdout] n=20000
[INFO] [stdout] p=0.1
[INFO] [stdout] mem_size=12101
[INFO] [stdout] estimated_false_positive_rate=0.0977
[INFO] [stdout] estimated_add_count=20006.98911561125
[INFO] [stdout] utilization=0.5624948351375919
[INFO] [stdout] estimated_utilization=0.5624948351375919
[INFO] [stdout] prediction_delta=0.0023000000000000104
[INFO] [stdout] n=20000
[INFO] [stdout] p=0.5
[INFO] [stdout] mem_size=5440
[INFO] [stdout] estimated_false_positive_rate=0.49
[INFO] [stdout] estimated_add_count=19977.932747521405
[INFO] [stdout] utilization=0.8405790441176471
[INFO] [stdout] estimated_utilization=0.8405790441176471
[INFO] [stdout] prediction_delta=0.010000000000000009
[INFO] [stdout] n=100000
[INFO] [stdout] p=0.01
[INFO] [stdout] mem_size=131533
[INFO] [stdout] estimated_false_positive_rate=0.009
[INFO] [stdout] estimated_add_count=100025.67743659747
[INFO] [stdout] utilization=0.3162961005983289
[INFO] [stdout] estimated_utilization=0.3162961005983289
[INFO] [stdout] prediction_delta=0.0010000000000000009
[INFO] [stdout] n=100000
[INFO] [stdout] p=0.05
[INFO] [stdout] mem_size=78087
[INFO] [stdout] estimated_false_positive_rate=0.0491
[INFO] [stdout] estimated_add_count=99855.83888336498
[INFO] [stdout] utilization=0.47238496804845875
[INFO] [stdout] estimated_utilization=0.47238496804845875
[INFO] [stdout] prediction_delta=0.000900000000000005
[INFO] [stdout] n=100000
[INFO] [stdout] p=0.1
[INFO] [stdout] mem_size=60509
[INFO] [stdout] estimated_false_positive_rate=0.1019
[INFO] [stdout] estimated_add_count=100030.70247893118
[INFO] [stdout] utilization=0.562455585119569
[INFO] [stdout] estimated_utilization=0.562455585119569
[INFO] [stdout] prediction_delta=-0.001899999999999999
[INFO] [stdout] n=100000
[INFO] [stdout] p=0.5
[INFO] [stdout] mem_size=27200
[INFO] [stdout] estimated_false_positive_rate=0.4846
[INFO] [stdout] estimated_add_count=99797.21998777271
[INFO] [stdout] utilization=0.8403079044117647
[INFO] [stdout] estimated_utilization=0.8403079044117647
[INFO] [stdout] prediction_delta=0.015400000000000025
[INFO] [stdout] thread 'abloom::tests::test_approximate_mem_size' panicked at 'assertion failed: prediction_delta < 0.015', src/abloom.rs:179:17
[INFO] [stdout] stack backtrace:
[INFO] [stdout]    0:     0x55c12225dba0 - std::backtrace_rs::backtrace::libunwind::trace::h34055254b57d8e79
[INFO] [stdout]                                at /rustc/a178d0322ce20e33eac124758e837cbd80a6f633/library/std/src/../../backtrace/src/backtrace/libunwind.rs:90:5
[INFO] [stdout]    1:     0x55c12225dba0 - std::backtrace_rs::backtrace::trace_unsynchronized::h8f1e3fbd9afff6ec
[INFO] [stdout]                                at /rustc/a178d0322ce20e33eac124758e837cbd80a6f633/library/std/src/../../backtrace/src/backtrace/mod.rs:66:5
[INFO] [stdout]    2:     0x55c12225dba0 - std::sys_common::backtrace::_print_fmt::h3a99a796b770c360
[INFO] [stdout]                                at /rustc/a178d0322ce20e33eac124758e837cbd80a6f633/library/std/src/sys_common/backtrace.rs:67:5
[INFO] [stdout]    3:     0x55c12225dba0 - <std::sys_common::backtrace::_print::DisplayBacktrace as core::fmt::Display>::fmt::h32d1f94a80615d18
[INFO] [stdout]                                at /rustc/a178d0322ce20e33eac124758e837cbd80a6f633/library/std/src/sys_common/backtrace.rs:46:22
[INFO] [stdout]    4:     0x55c12228292c - core::fmt::write::h306731c068f7162c
[INFO] [stdout]                                at /rustc/a178d0322ce20e33eac124758e837cbd80a6f633/library/core/src/fmt/mod.rs:1110:17
[INFO] [stdout]    5:     0x55c12225a315 - std::io::Write::write_fmt::h87f19b0a2cd190bc
[INFO] [stdout]                                at /rustc/a178d0322ce20e33eac124758e837cbd80a6f633/library/std/src/io/mod.rs:1588:15
[INFO] [stdout]    6:     0x55c12226021b - std::sys_common::backtrace::_print::h5abaa2601a852287
[INFO] [stdout]                                at /rustc/a178d0322ce20e33eac124758e837cbd80a6f633/library/std/src/sys_common/backtrace.rs:49:5
[INFO] [stdout]    7:     0x55c12226021b - std::sys_common::backtrace::print::h8d81445442bb638f
[INFO] [stdout]                                at /rustc/a178d0322ce20e33eac124758e837cbd80a6f633/library/std/src/sys_common/backtrace.rs:36:9
[INFO] [stdout]    8:     0x55c12226021b - std::panicking::default_hook::{{closure}}::hcfe804496a9fa747
[INFO] [stdout]                                at /rustc/a178d0322ce20e33eac124758e837cbd80a6f633/library/std/src/panicking.rs:208:50
[INFO] [stdout]    9:     0x55c12225fd2c - std::panicking::default_hook::hbea8e3ccf2ba8901
[INFO] [stdout]                                at /rustc/a178d0322ce20e33eac124758e837cbd80a6f633/library/std/src/panicking.rs:222:9
[INFO] [stdout]   10:     0x55c1222608e4 - std::panicking::rust_panic_with_hook::h7ee9e1a2d0f8975a
[INFO] [stdout]                                at /rustc/a178d0322ce20e33eac124758e837cbd80a6f633/library/std/src/panicking.rs:622:17
[INFO] [stdout]   11:     0x55c122260397 - std::panicking::begin_panic_handler::{{closure}}::h8ab3b4491718b2c7
[INFO] [stdout]                                at /rustc/a178d0322ce20e33eac124758e837cbd80a6f633/library/std/src/panicking.rs:517:13
[INFO] [stdout]   12:     0x55c12225e09c - std::sys_common::backtrace::__rust_end_short_backtrace::hd489062ffa586a9f
[INFO] [stdout]                                at /rustc/a178d0322ce20e33eac124758e837cbd80a6f633/library/std/src/sys_common/backtrace.rs:141:18
[INFO] [stdout]   13:     0x55c122260329 - rust_begin_unwind
[INFO] [stdout]                                at /rustc/a178d0322ce20e33eac124758e837cbd80a6f633/library/std/src/panicking.rs:515:5
[INFO] [stdout]   14:     0x55c121c84ea1 - core::panicking::panic_fmt::hca6330e3e14086b4
[INFO] [stdout]                                at /rustc/a178d0322ce20e33eac124758e837cbd80a6f633/library/core/src/panicking.rs:92:14
[INFO] [stdout]   15:     0x55c121c84ded - core::panicking::panic::h1a48d878ff3dcd40
[INFO] [stdout]                                at /rustc/a178d0322ce20e33eac124758e837cbd80a6f633/library/core/src/panicking.rs:50:5
[INFO] [stdout]   16:     0x55c121cd7044 - bupstash::abloom::tests::test_approximate_mem_size::h66e8c97354247271
[INFO] [stdout]                                at /opt/rustwide/workdir/src/abloom.rs:179:17
[INFO] [stdout]   17:     0x55c121cd66ea - bupstash::abloom::tests::test_approximate_mem_size::{{closure}}::h3a257aeb05fd47b6
[INFO] [stdout]                                at /opt/rustwide/workdir/src/abloom.rs:152:5
[INFO] [stdout]   18:     0x55c121d9d75e - core::ops::function::FnOnce::call_once::h81fbbbc970e8d7d5
[INFO] [stdout]                                at /rustc/a178d0322ce20e33eac124758e837cbd80a6f633/library/core/src/ops/function.rs:227:5
[INFO] [stdout]   19:     0x55c122046353 - core::ops::function::FnOnce::call_once::h152e7e439ff59e19
[INFO] [stdout]                                at /rustc/a178d0322ce20e33eac124758e837cbd80a6f633/library/core/src/ops/function.rs:227:5
[INFO] [stdout]   20:     0x55c122046353 - test::__rust_begin_short_backtrace::h0908f3b1fdbb72ab
[INFO] [stdout]                                at /rustc/a178d0322ce20e33eac124758e837cbd80a6f633/library/test/src/lib.rs:577:5
[INFO] [stdout]   21:     0x55c122044e10 - <alloc::boxed::Box<F,A> as core::ops::function::FnOnce<Args>>::call_once::hf6d2a51e5587546c
[INFO] [stdout]                                at /rustc/a178d0322ce20e33eac124758e837cbd80a6f633/library/alloc/src/boxed.rs:1575:9
[INFO] [stdout]   22:     0x55c122044e10 - <std::panic::AssertUnwindSafe<F> as core::ops::function::FnOnce<()>>::call_once::h8af660f3a89ef593
[INFO] [stdout]                                at /rustc/a178d0322ce20e33eac124758e837cbd80a6f633/library/std/src/panic.rs:347:9
[INFO] [stdout]   23:     0x55c122044e10 - std::panicking::try::do_call::hd36aef60f84b6d36
[INFO] [stdout]                                at /rustc/a178d0322ce20e33eac124758e837cbd80a6f633/library/std/src/panicking.rs:401:40
[INFO] [stdout]   24:     0x55c122044e10 - std::panicking::try::h9932b4480e69817c
[INFO] [stdout]                                at /rustc/a178d0322ce20e33eac124758e837cbd80a6f633/library/std/src/panicking.rs:365:19
[INFO] [stdout]   25:     0x55c122044e10 - std::panic::catch_unwind::h6aa177099cfff5f8
[INFO] [stdout]                                at /rustc/a178d0322ce20e33eac124758e837cbd80a6f633/library/std/src/panic.rs:434:14
[INFO] [stdout]   26:     0x55c122044e10 - test::run_test_in_process::h5884d6f2d99e20c3
[INFO] [stdout]                                at /rustc/a178d0322ce20e33eac124758e837cbd80a6f633/library/test/src/lib.rs:600:18
[INFO] [stdout]   27:     0x55c122044e10 - test::run_test::run_test_inner::{{closure}}::h6fdc58c6d5f5b6e3
[INFO] [stdout]                                at /rustc/a178d0322ce20e33eac124758e837cbd80a6f633/library/test/src/lib.rs:492:39
[INFO] [stdout]   28:     0x55c12201e4c2 - test::run_test::run_test_inner::{{closure}}::h408365d67a78ade8
[INFO] [stdout]                                at /rustc/a178d0322ce20e33eac124758e837cbd80a6f633/library/test/src/lib.rs:519:37
[INFO] [stdout]   29:     0x55c12201e4c2 - std::sys_common::backtrace::__rust_begin_short_backtrace::hb560b77c4f701523
[INFO] [stdout]                                at /rustc/a178d0322ce20e33eac124758e837cbd80a6f633/library/std/src/sys_common/backtrace.rs:125:18
[INFO] [stdout]   30:     0x55c122022078 - std::thread::Builder::spawn_unchecked::{{closure}}::{{closure}}::hf2e7831dad93c597
[INFO] [stdout]                                at /rustc/a178d0322ce20e33eac124758e837cbd80a6f633/library/std/src/thread/mod.rs:481:17
[INFO] [stdout]   31:     0x55c122022078 - <std::panic::AssertUnwindSafe<F> as core::ops::function::FnOnce<()>>::call_once::hd2e08783d8be4d02
[INFO] [stdout]                                at /rustc/a178d0322ce20e33eac124758e837cbd80a6f633/library/std/src/panic.rs:347:9
[INFO] [stdout]   32:     0x55c122022078 - std::panicking::try::do_call::h062597b7acfd6b82
[INFO] [stdout]                                at /rustc/a178d0322ce20e33eac124758e837cbd80a6f633/library/std/src/panicking.rs:401:40
[INFO] [stdout]   33:     0x55c122022078 - std::panicking::try::h0d7b79db04c14552
[INFO] [stdout]                                at /rustc/a178d0322ce20e33eac124758e837cbd80a6f633/library/std/src/panicking.rs:365:19
[INFO] [stdout]   34:     0x55c122022078 - std::panic::catch_unwind::hb01a0b5e7c8cd43b
[INFO] [stdout]                                at /rustc/a178d0322ce20e33eac124758e837cbd80a6f633/library/std/src/panic.rs:434:14
[INFO] [stdout]   35:     0x55c122022078 - std::thread::Builder::spawn_unchecked::{{closure}}::h5bde48cc887e0d1e
[INFO] [stdout]                                at /rustc/a178d0322ce20e33eac124758e837cbd80a6f633/library/std/src/thread/mod.rs:480:30
[INFO] [stdout]   36:     0x55c122022078 - core::ops::function::FnOnce::call_once{{vtable.shim}}::h745ea30807a29e55
[INFO] [stdout]                                at /rustc/a178d0322ce20e33eac124758e837cbd80a6f633/library/core/src/ops/function.rs:227:5
[INFO] [stdout]   37:     0x55c122267067 - <alloc::boxed::Box<F,A> as core::ops::function::FnOnce<Args>>::call_once::h7ece6cfefaff1005
[INFO] [stdout]                                at /rustc/a178d0322ce20e33eac124758e837cbd80a6f633/library/alloc/src/boxed.rs:1575:9
[INFO] [stdout]   38:     0x55c122267067 - <alloc::boxed::Box<F,A> as core::ops::function::FnOnce<Args>>::call_once::hb8b48e55c21f193e
[INFO] [stdout]                                at /rustc/a178d0322ce20e33eac124758e837cbd80a6f633/library/alloc/src/boxed.rs:1575:9
[INFO] [stdout]   39:     0x55c122267067 - std::sys::unix::thread::Thread::new::thread_start::h8c7c4450dba62914
[INFO] [stdout]                                at /rustc/a178d0322ce20e33eac124758e837cbd80a6f633/library/std/src/sys/unix/thread.rs:71:17
[INFO] [stdout]   40:     0x7fc3dc4fc609 - start_thread
[INFO] [stdout]   41:     0x7fc3dc2cc293 - clone
[INFO] [stdout]   42:                0x0 - <unknown>
[INFO] [stdout] 
[INFO] [stdout] 
[INFO] [stdout] failures:
[INFO] [stdout]     abloom::tests::test_approximate_mem_size
[INFO] [stdout]     sendlog::tests::cache_checkpoint
[INFO] [stdout]     sendlog::tests::cache_commit_then_checkpoint
[INFO] [stdout] 
[INFO] [stdout] test result: FAILED. 61 passed; 3 failed; 0 ignored; 0 measured; 0 filtered out; finished in 3.09s
[INFO] [stdout] 
[INFO] [stderr] error: test failed, to rerun pass '--bin bupstash'
[INFO] running `Command { std: "docker" "inspect" "414eb5ac88d2da08a67df31d988359d2c7e56674bf60e309b2753fd0db9cf372", kill_on_drop: false }`
[INFO] running `Command { std: "docker" "rm" "-f" "414eb5ac88d2da08a67df31d988359d2c7e56674bf60e309b2753fd0db9cf372", kill_on_drop: false }`
[INFO] [stdout] 414eb5ac88d2da08a67df31d988359d2c7e56674bf60e309b2753fd0db9cf372
