[INFO] cloning repository https://github.com/fu8uk1/RustScan
[INFO] running `Command { std: "git" "-c" "credential.helper=" "-c" "credential.helper=/workspace/cargo-home/bin/git-credential-null" "clone" "--bare" "https://github.com/fu8uk1/RustScan" "/workspace/cache/git-repos/https%3A%2F%2Fgithub.com%2Ffu8uk1%2FRustScan", kill_on_drop: false }`
[INFO] [stderr] Cloning into bare repository '/workspace/cache/git-repos/https%3A%2F%2Fgithub.com%2Ffu8uk1%2FRustScan'...
[INFO] running `Command { std: "git" "rev-parse" "HEAD", kill_on_drop: false }`
[INFO] [stdout] 3aa0728128a411c84958cabb028db67dc2a8054e
[INFO] testing fu8uk1/RustScan against 1.54.0 for beta-1.55-1
[INFO] running `Command { std: "git" "clone" "/workspace/cache/git-repos/https%3A%2F%2Fgithub.com%2Ffu8uk1%2FRustScan" "/workspace/builds/worker-2/source", kill_on_drop: false }`
[INFO] [stderr] Cloning into '/workspace/builds/worker-2/source'...
[INFO] [stderr] done.
[INFO] validating manifest of git repo https://github.com/fu8uk1/RustScan on toolchain 1.54.0
[INFO] running `Command { std: "/workspace/cargo-home/bin/cargo" "+1.54.0" "metadata" "--manifest-path" "Cargo.toml" "--no-deps", kill_on_drop: false }`
[INFO] started tweaking git repo https://github.com/fu8uk1/RustScan
[INFO] finished tweaking git repo https://github.com/fu8uk1/RustScan
[INFO] tweaked toml for git repo https://github.com/fu8uk1/RustScan written to /workspace/builds/worker-2/source/Cargo.toml
[INFO] crate git repo https://github.com/fu8uk1/RustScan already has a lockfile, it will not be regenerated
[INFO] running `Command { std: "/workspace/cargo-home/bin/cargo" "+1.54.0" "fetch" "--manifest-path" "Cargo.toml", kill_on_drop: false }`
[INFO] running `Command { std: "docker" "create" "-v" "/var/lib/crater-agent-workspace/builds/worker-2/target:/opt/rustwide/target:rw,Z" "-v" "/var/lib/crater-agent-workspace/builds/worker-2/source:/opt/rustwide/workdir:ro,Z" "-v" "/var/lib/crater-agent-workspace/cargo-home:/opt/rustwide/cargo-home:ro,Z" "-v" "/var/lib/crater-agent-workspace/rustup-home:/opt/rustwide/rustup-home:ro,Z" "-e" "SOURCE_DIR=/opt/rustwide/workdir" "-e" "CARGO_TARGET_DIR=/opt/rustwide/target" "-e" "CARGO_HOME=/opt/rustwide/cargo-home" "-e" "RUSTUP_HOME=/opt/rustwide/rustup-home" "-w" "/opt/rustwide/workdir" "-m" "1610612736" "--user" "0:0" "--network" "none" "ghcr.io/rust-lang/crates-build-env/linux@sha256:34b6a614d2c27851fe6cbf88fbd1137609cefab8b10d0615aaeb6fd47975d74e" "/opt/rustwide/cargo-home/bin/cargo" "+1.54.0" "metadata" "--no-deps" "--format-version=1", kill_on_drop: false }`
[INFO] [stdout] 454fe1263d73fd295d4d82588b33a97d2c37fe5fd2e8918ab4147d6a45617c5b
[INFO] [stderr] WARNING: Your kernel does not support swap limit capabilities or the cgroup is not mounted. Memory limited without swap.
[INFO] running `Command { std: "docker" "start" "-a" "454fe1263d73fd295d4d82588b33a97d2c37fe5fd2e8918ab4147d6a45617c5b", kill_on_drop: false }`
[INFO] running `Command { std: "docker" "inspect" "454fe1263d73fd295d4d82588b33a97d2c37fe5fd2e8918ab4147d6a45617c5b", kill_on_drop: false }`
[INFO] running `Command { std: "docker" "rm" "-f" "454fe1263d73fd295d4d82588b33a97d2c37fe5fd2e8918ab4147d6a45617c5b", kill_on_drop: false }`
[INFO] [stdout] 454fe1263d73fd295d4d82588b33a97d2c37fe5fd2e8918ab4147d6a45617c5b
[INFO] running `Command { std: "docker" "create" "-v" "/var/lib/crater-agent-workspace/builds/worker-2/target:/opt/rustwide/target:rw,Z" "-v" "/var/lib/crater-agent-workspace/builds/worker-2/source:/opt/rustwide/workdir:ro,Z" "-v" "/var/lib/crater-agent-workspace/cargo-home:/opt/rustwide/cargo-home:ro,Z" "-v" "/var/lib/crater-agent-workspace/rustup-home:/opt/rustwide/rustup-home:ro,Z" "-e" "SOURCE_DIR=/opt/rustwide/workdir" "-e" "CARGO_TARGET_DIR=/opt/rustwide/target" "-e" "CARGO_INCREMENTAL=0" "-e" "RUST_BACKTRACE=full" "-e" "RUSTFLAGS=--cap-lints=warn" "-e" "CARGO_HOME=/opt/rustwide/cargo-home" "-e" "RUSTUP_HOME=/opt/rustwide/rustup-home" "-w" "/opt/rustwide/workdir" "-m" "1610612736" "--user" "0:0" "--network" "none" "ghcr.io/rust-lang/crates-build-env/linux@sha256:34b6a614d2c27851fe6cbf88fbd1137609cefab8b10d0615aaeb6fd47975d74e" "/opt/rustwide/cargo-home/bin/cargo" "+1.54.0" "build" "--frozen" "--message-format=json", kill_on_drop: false }`
[INFO] [stdout] 9e060398aabfbbeeb8a1f21dc9f1a09c8212571864d6cde82fef02fd223aaee7
[INFO] [stderr] WARNING: Your kernel does not support swap limit capabilities or the cgroup is not mounted. Memory limited without swap.
[INFO] running `Command { std: "docker" "start" "-a" "9e060398aabfbbeeb8a1f21dc9f1a09c8212571864d6cde82fef02fd223aaee7", kill_on_drop: false }`
[INFO] [stderr]    Compiling syn v1.0.38
[INFO] [stderr]    Compiling log v0.4.11
[INFO] [stderr]    Compiling event-listener v2.3.0
[INFO] [stderr]    Compiling parking v1.0.6
[INFO] [stderr]    Compiling fastrand v1.3.3
[INFO] [stderr]    Compiling shell-words v1.0.0
[INFO] [stderr]    Compiling concurrent-queue v1.2.1
[INFO] [stderr]    Compiling atty v0.2.14
[INFO] [stderr]    Compiling socket2 v0.3.12
[INFO] [stderr]    Compiling dirs-sys v0.3.5
[INFO] [stderr]    Compiling rlimit v0.3.0
[INFO] [stderr]    Compiling proc-macro-error-attr v1.0.4
[INFO] [stderr]    Compiling clap v2.33.1
[INFO] [stderr]    Compiling colored v2.0.0
[INFO] [stderr]    Compiling dirs v3.0.1
[INFO] [stderr]    Compiling async-channel v1.4.0
[INFO] [stderr]    Compiling futures-lite v0.1.10
[INFO] [stderr]    Compiling kv-log-macro v1.0.7
[INFO] [stderr]    Compiling env_logger v0.7.1
[INFO] [stderr]    Compiling blocking v0.4.7
[INFO] [stderr]    Compiling proc-macro-error v1.0.4
[INFO] [stderr]    Compiling pin-project-internal v0.4.23
[INFO] [stderr]    Compiling futures-macro v0.3.5
[INFO] [stderr]    Compiling structopt-derive v0.4.8
[INFO] [stderr]    Compiling pin-project v0.4.23
[INFO] [stderr]    Compiling futures-util v0.3.5
[INFO] [stderr]    Compiling structopt v0.3.15
[INFO] [stderr]    Compiling smol v0.1.18
[INFO] [stderr]    Compiling futures-executor v0.3.5
[INFO] [stderr]    Compiling futures v0.3.5
[INFO] [stderr]    Compiling async-std v1.6.2
[INFO] [stderr]    Compiling rustscan v1.6.0 (/opt/rustwide/workdir)
[INFO] [stderr]     Finished dev [unoptimized + debuginfo] target(s) in 43.12s
[INFO] running `Command { std: "docker" "inspect" "9e060398aabfbbeeb8a1f21dc9f1a09c8212571864d6cde82fef02fd223aaee7", kill_on_drop: false }`
[INFO] running `Command { std: "docker" "rm" "-f" "9e060398aabfbbeeb8a1f21dc9f1a09c8212571864d6cde82fef02fd223aaee7", kill_on_drop: false }`
[INFO] [stdout] 9e060398aabfbbeeb8a1f21dc9f1a09c8212571864d6cde82fef02fd223aaee7
[INFO] running `Command { std: "docker" "create" "-v" "/var/lib/crater-agent-workspace/builds/worker-2/target:/opt/rustwide/target:rw,Z" "-v" "/var/lib/crater-agent-workspace/builds/worker-2/source:/opt/rustwide/workdir:ro,Z" "-v" "/var/lib/crater-agent-workspace/cargo-home:/opt/rustwide/cargo-home:ro,Z" "-v" "/var/lib/crater-agent-workspace/rustup-home:/opt/rustwide/rustup-home:ro,Z" "-e" "SOURCE_DIR=/opt/rustwide/workdir" "-e" "CARGO_TARGET_DIR=/opt/rustwide/target" "-e" "CARGO_INCREMENTAL=0" "-e" "RUST_BACKTRACE=full" "-e" "RUSTFLAGS=--cap-lints=warn" "-e" "CARGO_HOME=/opt/rustwide/cargo-home" "-e" "RUSTUP_HOME=/opt/rustwide/rustup-home" "-w" "/opt/rustwide/workdir" "-m" "1610612736" "--user" "0:0" "--network" "none" "ghcr.io/rust-lang/crates-build-env/linux@sha256:34b6a614d2c27851fe6cbf88fbd1137609cefab8b10d0615aaeb6fd47975d74e" "/opt/rustwide/cargo-home/bin/cargo" "+1.54.0" "test" "--frozen" "--no-run" "--message-format=json", kill_on_drop: false }`
[INFO] [stdout] 63b429aab21185c62a57c3739df9dc4bba9bb1a0b37b8b88a08669a93035ad5d
[INFO] [stderr] WARNING: Your kernel does not support swap limit capabilities or the cgroup is not mounted. Memory limited without swap.
[INFO] running `Command { std: "docker" "start" "-a" "63b429aab21185c62a57c3739df9dc4bba9bb1a0b37b8b88a08669a93035ad5d", kill_on_drop: false }`
[INFO] [stderr]    Compiling rustscan v1.6.0 (/opt/rustwide/workdir)
[INFO] [stderr]     Finished test [unoptimized + debuginfo] target(s) in 3.52s
[INFO] running `Command { std: "docker" "inspect" "63b429aab21185c62a57c3739df9dc4bba9bb1a0b37b8b88a08669a93035ad5d", kill_on_drop: false }`
[INFO] running `Command { std: "docker" "rm" "-f" "63b429aab21185c62a57c3739df9dc4bba9bb1a0b37b8b88a08669a93035ad5d", kill_on_drop: false }`
[INFO] [stdout] 63b429aab21185c62a57c3739df9dc4bba9bb1a0b37b8b88a08669a93035ad5d
[INFO] running `Command { std: "docker" "create" "-v" "/var/lib/crater-agent-workspace/builds/worker-2/target:/opt/rustwide/target:rw,Z" "-v" "/var/lib/crater-agent-workspace/builds/worker-2/source:/opt/rustwide/workdir:ro,Z" "-v" "/var/lib/crater-agent-workspace/cargo-home:/opt/rustwide/cargo-home:ro,Z" "-v" "/var/lib/crater-agent-workspace/rustup-home:/opt/rustwide/rustup-home:ro,Z" "-e" "SOURCE_DIR=/opt/rustwide/workdir" "-e" "CARGO_TARGET_DIR=/opt/rustwide/target" "-e" "CARGO_INCREMENTAL=0" "-e" "RUST_BACKTRACE=full" "-e" "RUSTFLAGS=--cap-lints=warn" "-e" "CARGO_HOME=/opt/rustwide/cargo-home" "-e" "RUSTUP_HOME=/opt/rustwide/rustup-home" "-w" "/opt/rustwide/workdir" "-m" "1610612736" "--user" "0:0" "--network" "none" "ghcr.io/rust-lang/crates-build-env/linux@sha256:34b6a614d2c27851fe6cbf88fbd1137609cefab8b10d0615aaeb6fd47975d74e" "/opt/rustwide/cargo-home/bin/cargo" "+1.54.0" "test" "--frozen", kill_on_drop: false }`
[INFO] [stderr] WARNING: Your kernel does not support swap limit capabilities or the cgroup is not mounted. Memory limited without swap.
[INFO] [stdout] a1a146acbb785263d8069f45c62f050cc239c5eb06b4f3af5e488452d78173eb
[INFO] running `Command { std: "docker" "start" "-a" "a1a146acbb785263d8069f45c62f050cc239c5eb06b4f3af5e488452d78173eb", kill_on_drop: false }`
[INFO] [stderr]     Finished test [unoptimized + debuginfo] target(s) in 0.07s
[INFO] [stderr]      Running unittests (/opt/rustwide/target/debug/deps/rustscan-db733ee1476fbf37)
[INFO] [stdout] 
[INFO] [stdout] running 13 tests
[INFO] [stdout] test tests::test_high_ulimit_no_quiet_mode ... ok
[INFO] [stdout] test tests::test_print_opening_no_panic ... ok
[INFO] [stdout] test tests::batch_size_adjusted_2000 ... ok
[INFO] [stdout] test tests::batch_size_lowered ... ok
[INFO] [stdout] test tests::batch_size_lowered_average_size ... ok
[INFO] [stdout] test tests::batch_size_equals_ulimit_lowered ... ok
[INFO] [stdout] test tests::backwards_ports_scanner_runs ... ok
[INFO] [stdout] test tests::zero_ports_no_return_no_panic ... ok
[INFO] [stdout] test tests::infer_ulimit_lowering_no_panic ... FAILED
[INFO] [stdout] test tests::google_dns_runs ... FAILED
[INFO] [stdout] test tests::quad_zero_scanner_runs ... ok
[INFO] [stdout] test tests::ipv6_scanner_runs ... ok
[INFO] [stderr] error: test failed, to rerun pass '--bin rustscan'
[INFO] [stdout] test tests::scanner_runs ... ok
[INFO] [stdout] 
[INFO] [stdout] failures:
[INFO] [stdout] 
[INFO] [stdout] ---- tests::infer_ulimit_lowering_no_panic stdout ----
[INFO] [stdout] thread 'tests::infer_ulimit_lowering_no_panic' panicked at 'Too many open files. Please reduce batch size. The default is 5000. Try -b 2500.', src/scanner.rs:115:21
[INFO] [stdout] stack backtrace:
[INFO] [stdout]    0:     0x5619415e4210 - std::backtrace_rs::backtrace::libunwind::trace::h34055254b57d8e79
[INFO] [stdout]                                at /rustc/a178d0322ce20e33eac124758e837cbd80a6f633/library/std/src/../../backtrace/src/backtrace/libunwind.rs:90:5
[INFO] [stdout]    1:     0x5619415e4210 - std::backtrace_rs::backtrace::trace_unsynchronized::h8f1e3fbd9afff6ec
[INFO] [stdout]                                at /rustc/a178d0322ce20e33eac124758e837cbd80a6f633/library/std/src/../../backtrace/src/backtrace/mod.rs:66:5
[INFO] [stdout]    2:     0x5619415e4210 - std::sys_common::backtrace::_print_fmt::h3a99a796b770c360
[INFO] [stdout]                                at /rustc/a178d0322ce20e33eac124758e837cbd80a6f633/library/std/src/sys_common/backtrace.rs:67:5
[INFO] [stdout]    3:     0x5619415e4210 - <std::sys_common::backtrace::_print::DisplayBacktrace as core::fmt::Display>::fmt::h32d1f94a80615d18
[INFO] [stdout]                                at /rustc/a178d0322ce20e33eac124758e837cbd80a6f633/library/std/src/sys_common/backtrace.rs:46:22
[INFO] [stdout]    4:     0x56194160737c - core::fmt::write::h306731c068f7162c
[INFO] [stdout]                                at /rustc/a178d0322ce20e33eac124758e837cbd80a6f633/library/core/src/fmt/mod.rs:1110:17
[INFO] [stdout]    5:     0x5619415ddba5 - std::io::Write::write_fmt::h87f19b0a2cd190bc
[INFO] [stdout]                                at /rustc/a178d0322ce20e33eac124758e837cbd80a6f633/library/std/src/io/mod.rs:1588:15
[INFO] [stdout]    6:     0x5619415e645b - std::sys_common::backtrace::_print::h5abaa2601a852287
[INFO] [stdout]                                at /rustc/a178d0322ce20e33eac124758e837cbd80a6f633/library/std/src/sys_common/backtrace.rs:49:5
[INFO] [stdout]    7:     0x5619415e645b - std::sys_common::backtrace::print::h8d81445442bb638f
[INFO] [stdout]                                at /rustc/a178d0322ce20e33eac124758e837cbd80a6f633/library/std/src/sys_common/backtrace.rs:36:9
[INFO] [stdout]    8:     0x5619415e645b - std::panicking::default_hook::{{closure}}::hcfe804496a9fa747
[INFO] [stdout]                                at /rustc/a178d0322ce20e33eac124758e837cbd80a6f633/library/std/src/panicking.rs:208:50
[INFO] [stdout]    9:     0x5619415e5f6c - std::panicking::default_hook::hbea8e3ccf2ba8901
[INFO] [stdout]                                at /rustc/a178d0322ce20e33eac124758e837cbd80a6f633/library/std/src/panicking.rs:222:9
[INFO] [stdout]   10:     0x5619415e6b24 - std::panicking::rust_panic_with_hook::h7ee9e1a2d0f8975a
[INFO] [stdout]                                at /rustc/a178d0322ce20e33eac124758e837cbd80a6f633/library/std/src/panicking.rs:622:17
[INFO] [stdout]   11:     0x5619415b36b3 - std::panicking::begin_panic::{{closure}}::h00b05d54e1c3039e
[INFO] [stdout]                                at /rustc/a178d0322ce20e33eac124758e837cbd80a6f633/library/std/src/panicking.rs:542:9
[INFO] [stdout]   12:     0x5619415b3a99 - std::sys_common::backtrace::__rust_end_short_backtrace::h6e7d06af6062c5ad
[INFO] [stdout]                                at /rustc/a178d0322ce20e33eac124758e837cbd80a6f633/library/std/src/sys_common/backtrace.rs:141:18
[INFO] [stdout]   13:     0x5619415b35e9 - std::panicking::begin_panic::h0aee11e6545947de
[INFO] [stdout]                                at /rustc/a178d0322ce20e33eac124758e837cbd80a6f633/library/std/src/panicking.rs:541:12
[INFO] [stdout]   14:     0x5619414e3c54 - rustscan::scanner::Scanner::scan_port::{{closure}}::he0a59793e59b94b0
[INFO] [stdout]                                at /opt/rustwide/workdir/src/scanner.rs:115:21
[INFO] [stdout]   15:     0x5619414d54c3 - <core::future::from_generator::GenFuture<T> as core::future::future::Future>::poll::h52149c1cccc430f9
[INFO] [stdout]                                at /rustc/a178d0322ce20e33eac124758e837cbd80a6f633/library/core/src/future/mod.rs:80:19
[INFO] [stdout]   16:     0x5619414d636d - <futures_util::stream::futures_unordered::FuturesUnordered<Fut> as futures_core::stream::Stream>::poll_next::h9dea0462e923bb85
[INFO] [stdout]                                at /opt/rustwide/cargo-home/registry/src/github.com-1ecc6299db9ec823/futures-util-0.3.5/src/stream/futures_unordered/mod.rs:542:17
[INFO] [stdout]   17:     0x5619414ce021 - <async_std::stream::stream::next::NextFuture<T> as core::future::future::Future>::poll::h35edb5c0c76f4728
[INFO] [stdout]                                at /opt/rustwide/cargo-home/registry/src/github.com-1ecc6299db9ec823/async-std-1.6.2/src/stream/stream/next.rs:17:9
[INFO] [stdout]   18:     0x5619414e363a - rustscan::scanner::Scanner::scan_range::{{closure}}::h5ed394946ff60448
[INFO] [stdout]                                at /opt/rustwide/workdir/src/scanner.rs:73:34
[INFO] [stdout]   19:     0x5619414d5283 - <core::future::from_generator::GenFuture<T> as core::future::future::Future>::poll::h0825420fe76e3e08
[INFO] [stdout]                                at /rustc/a178d0322ce20e33eac124758e837cbd80a6f633/library/core/src/future/mod.rs:80:19
[INFO] [stdout]   20:     0x5619414e31d2 - rustscan::scanner::Scanner::run::{{closure}}::h215ed801dec2df16
[INFO] [stdout]                                at /opt/rustwide/workdir/src/scanner.rs:57:29
[INFO] [stdout]   21:     0x5619414d5703 - <core::future::from_generator::GenFuture<T> as core::future::future::Future>::poll::h689ba8e0cd825bf7
[INFO] [stdout]                                at /rustc/a178d0322ce20e33eac124758e837cbd80a6f633/library/core/src/future/mod.rs:80:19
[INFO] [stdout]   22:     0x5619414ce0e3 - <async_std::task::builder::SupportTaskLocals<F> as core::future::future::Future>::poll::{{closure}}::hb52015b0f028a66b
[INFO] [stdout]                                at /opt/rustwide/cargo-home/registry/src/github.com-1ecc6299db9ec823/async-std-1.6.2/src/task/builder.rs:198:17
[INFO] [stdout]   23:     0x5619414de783 - async_std::task::task_locals_wrapper::TaskLocalsWrapper::set_current::{{closure}}::h742243b94a291a23
[INFO] [stdout]                                at /opt/rustwide/cargo-home/registry/src/github.com-1ecc6299db9ec823/async-std-1.6.2/src/task/task_locals_wrapper.rs:60:13
[INFO] [stdout]   24:     0x5619414d92e5 - std::thread::local::LocalKey<T>::try_with::h6a2b60fc2cdac66b
[INFO] [stdout]                                at /rustc/a178d0322ce20e33eac124758e837cbd80a6f633/library/std/src/thread/local.rs:400:16
[INFO] [stdout]   25:     0x5619414d8d9c - std::thread::local::LocalKey<T>::with::hd4c2f1706d0f0c82
[INFO] [stdout]                                at /rustc/a178d0322ce20e33eac124758e837cbd80a6f633/library/std/src/thread/local.rs:376:9
[INFO] [stdout]   26:     0x5619414de6cf - async_std::task::task_locals_wrapper::TaskLocalsWrapper::set_current::hed2639d63e9377c4
[INFO] [stdout]                                at /opt/rustwide/cargo-home/registry/src/github.com-1ecc6299db9ec823/async-std-1.6.2/src/task/task_locals_wrapper.rs:55:9
[INFO] [stdout]   27:     0x5619414ce082 - <async_std::task::builder::SupportTaskLocals<F> as core::future::future::Future>::poll::h60a7f6e106fcb69e
[INFO] [stdout]                                at /opt/rustwide/cargo-home/registry/src/github.com-1ecc6299db9ec823/async-std-1.6.2/src/task/builder.rs:196:13
[INFO] [stdout]   28:     0x5619414cefb3 - smol::run::run::{{closure}}::{{closure}}::h9740004f67e598df
[INFO] [stdout]                                at /opt/rustwide/cargo-home/registry/src/github.com-1ecc6299db9ec823/smol-0.1.18/src/run.rs:119:43
[INFO] [stdout]   29:     0x5619414ce74c - scoped_tls::ScopedKey<T>::set::h8fdf56559a3ba1cb
[INFO] [stdout]                                at /opt/rustwide/cargo-home/registry/src/github.com-1ecc6299db9ec823/scoped-tls-1.0.0/src/lib.rs:137:9
[INFO] [stdout]   30:     0x5619414cef45 - smol::run::run::{{closure}}::hbcb0eff7ec64cd3a
[INFO] [stdout]                                at /opt/rustwide/cargo-home/registry/src/github.com-1ecc6299db9ec823/smol-0.1.18/src/run.rs:116:9
[INFO] [stdout]   31:     0x5619414e0a48 - smol::context::enter::h43b2c81d61a9fdbe
[INFO] [stdout]                                at /opt/rustwide/cargo-home/registry/src/github.com-1ecc6299db9ec823/smol-0.1.18/src/context.rs:8:12
[INFO] [stdout]   32:     0x5619414cee2f - smol::run::run::heea65aa2fbe3c383
[INFO] [stdout]                                at /opt/rustwide/cargo-home/registry/src/github.com-1ecc6299db9ec823/smol-0.1.18/src/run.rs:115:5
[INFO] [stdout]   33:     0x5619414d0064 - async_std::task::builder::Builder::blocking::{{closure}}::{{closure}}::h70b9f5f4bb5f731a
[INFO] [stdout]                                at /opt/rustwide/cargo-home/registry/src/github.com-1ecc6299db9ec823/async-std-1.6.2/src/task/builder.rs:170:25
[INFO] [stdout]   34:     0x5619414de8aa - async_std::task::task_locals_wrapper::TaskLocalsWrapper::set_current::{{closure}}::hf3c2c054ca3d9504
[INFO] [stdout]                                at /opt/rustwide/cargo-home/registry/src/github.com-1ecc6299db9ec823/async-std-1.6.2/src/task/task_locals_wrapper.rs:60:13
[INFO] [stdout]   35:     0x5619414d959c - std::thread::local::LocalKey<T>::try_with::hf1e3fd75f8dae1c8
[INFO] [stdout]                                at /rustc/a178d0322ce20e33eac124758e837cbd80a6f633/library/std/src/thread/local.rs:400:16
[INFO] [stdout]   36:     0x5619414d8c0c - std::thread::local::LocalKey<T>::with::h5c4e202ef618f2db
[INFO] [stdout]                                at /rustc/a178d0322ce20e33eac124758e837cbd80a6f633/library/std/src/thread/local.rs:376:9
[INFO] [stdout]   37:     0x5619414de674 - async_std::task::task_locals_wrapper::TaskLocalsWrapper::set_current::hbe7159a4b19496ed
[INFO] [stdout]                                at /opt/rustwide/cargo-home/registry/src/github.com-1ecc6299db9ec823/async-std-1.6.2/src/task/task_locals_wrapper.rs:55:9
[INFO] [stdout]   38:     0x5619414cffa6 - async_std::task::builder::Builder::blocking::{{closure}}::h5bf47c1768af3071
[INFO] [stdout]                                at /opt/rustwide/cargo-home/registry/src/github.com-1ecc6299db9ec823/async-std-1.6.2/src/task/builder.rs:167:17
[INFO] [stdout]   39:     0x5619414d917a - std::thread::local::LocalKey<T>::try_with::h69fe4dc20c3c9592
[INFO] [stdout]                                at /rustc/a178d0322ce20e33eac124758e837cbd80a6f633/library/std/src/thread/local.rs:400:16
[INFO] [stdout]   40:     0x5619414d8d2e - std::thread::local::LocalKey<T>::with::ha13a8183a8e1c799
[INFO] [stdout]                                at /rustc/a178d0322ce20e33eac124758e837cbd80a6f633/library/std/src/thread/local.rs:376:9
[INFO] [stdout]   41:     0x5619414cfe0f - async_std::task::builder::Builder::blocking::h0884657edddfa72a
[INFO] [stdout]                                at /opt/rustwide/cargo-home/registry/src/github.com-1ecc6299db9ec823/async-std-1.6.2/src/task/builder.rs:160:9
[INFO] [stdout]   42:     0x5619414d0189 - async_std::task::block_on::block_on::hd66cc4f07894734e
[INFO] [stdout]                                at /opt/rustwide/cargo-home/registry/src/github.com-1ecc6299db9ec823/async-std-1.6.2/src/task/block_on.rs:33:5
[INFO] [stdout]   43:     0x5619414d2a7f - rustscan::tests::infer_ulimit_lowering_no_panic::heac14c004444b74f
[INFO] [stdout]                                at /opt/rustwide/workdir/src/main.rs:345:9
[INFO] [stdout]   44:     0x5619414d294a - rustscan::tests::infer_ulimit_lowering_no_panic::{{closure}}::h85e8d1e9c82ffa92
[INFO] [stdout]                                at /opt/rustwide/workdir/src/main.rs:337:5
[INFO] [stdout]   45:     0x5619414db7fe - core::ops::function::FnOnce::call_once::h969e26b644a27814
[INFO] [stdout]                                at /rustc/a178d0322ce20e33eac124758e837cbd80a6f633/library/core/src/ops/function.rs:227:5
[INFO] [stdout]   46:     0x561941511753 - core::ops::function::FnOnce::call_once::h152e7e439ff59e19
[INFO] [stdout]                                at /rustc/a178d0322ce20e33eac124758e837cbd80a6f633/library/core/src/ops/function.rs:227:5
[INFO] [stdout]   47:     0x561941511753 - test::__rust_begin_short_backtrace::h0908f3b1fdbb72ab
[INFO] [stdout]                                at /rustc/a178d0322ce20e33eac124758e837cbd80a6f633/library/test/src/lib.rs:577:5
[INFO] [stdout]   48:     0x561941510210 - <alloc::boxed::Box<F,A> as core::ops::function::FnOnce<Args>>::call_once::hf6d2a51e5587546c
[INFO] [stdout]                                at /rustc/a178d0322ce20e33eac124758e837cbd80a6f633/library/alloc/src/boxed.rs:1575:9
[INFO] [stdout]   49:     0x561941510210 - <std::panic::AssertUnwindSafe<F> as core::ops::function::FnOnce<()>>::call_once::h8af660f3a89ef593
[INFO] [stdout]                                at /rustc/a178d0322ce20e33eac124758e837cbd80a6f633/library/std/src/panic.rs:347:9
[INFO] [stdout]   50:     0x561941510210 - std::panicking::try::do_call::hd36aef60f84b6d36
[INFO] [stdout]                                at /rustc/a178d0322ce20e33eac124758e837cbd80a6f633/library/std/src/panicking.rs:401:40
[INFO] [stdout]   51:     0x561941510210 - std::panicking::try::h9932b4480e69817c
[INFO] [stdout]                                at /rustc/a178d0322ce20e33eac124758e837cbd80a6f633/library/std/src/panicking.rs:365:19
[INFO] [stdout]   52:     0x561941510210 - std::panic::catch_unwind::h6aa177099cfff5f8
[INFO] [stdout]                                at /rustc/a178d0322ce20e33eac124758e837cbd80a6f633/library/std/src/panic.rs:434:14
[INFO] [stdout]   53:     0x561941510210 - test::run_test_in_process::h5884d6f2d99e20c3
[INFO] [stdout]                                at /rustc/a178d0322ce20e33eac124758e837cbd80a6f633/library/test/src/lib.rs:600:18
[INFO] [stdout]   54:     0x561941510210 - test::run_test::run_test_inner::{{closure}}::h6fdc58c6d5f5b6e3
[INFO] [stdout]                                at /rustc/a178d0322ce20e33eac124758e837cbd80a6f633/library/test/src/lib.rs:492:39
[INFO] [stdout]   55:     0x5619414e98c2 - test::run_test::run_test_inner::{{closure}}::h408365d67a78ade8
[INFO] [stdout]                                at /rustc/a178d0322ce20e33eac124758e837cbd80a6f633/library/test/src/lib.rs:519:37
[INFO] [stdout]   56:     0x5619414e98c2 - std::sys_common::backtrace::__rust_begin_short_backtrace::hb560b77c4f701523
[INFO] [stdout]                                at /rustc/a178d0322ce20e33eac124758e837cbd80a6f633/library/std/src/sys_common/backtrace.rs:125:18
[INFO] [stdout]   57:     0x5619414ed478 - std::thread::Builder::spawn_unchecked::{{closure}}::{{closure}}::hf2e7831dad93c597
[INFO] [stdout]                                at /rustc/a178d0322ce20e33eac124758e837cbd80a6f633/library/std/src/thread/mod.rs:481:17
[INFO] [stdout]   58:     0x5619414ed478 - <std::panic::AssertUnwindSafe<F> as core::ops::function::FnOnce<()>>::call_once::hd2e08783d8be4d02
[INFO] [stdout]                                at /rustc/a178d0322ce20e33eac124758e837cbd80a6f633/library/std/src/panic.rs:347:9
[INFO] [stdout]   59:     0x5619414ed478 - std::panicking::try::do_call::h062597b7acfd6b82
[INFO] [stdout]                                at /rustc/a178d0322ce20e33eac124758e837cbd80a6f633/library/std/src/panicking.rs:401:40
[INFO] [stdout]   60:     0x5619414ed478 - std::panicking::try::h0d7b79db04c14552
[INFO] [stdout]                                at /rustc/a178d0322ce20e33eac124758e837cbd80a6f633/library/std/src/panicking.rs:365:19
[INFO] [stdout]   61:     0x5619414ed478 - std::panic::catch_unwind::hb01a0b5e7c8cd43b
[INFO] [stdout]                                at /rustc/a178d0322ce20e33eac124758e837cbd80a6f633/library/std/src/panic.rs:434:14
[INFO] [stdout]   62:     0x5619414ed478 - std::thread::Builder::spawn_unchecked::{{closure}}::h5bde48cc887e0d1e
[INFO] [stdout]                                at /rustc/a178d0322ce20e33eac124758e837cbd80a6f633/library/std/src/thread/mod.rs:480:30
[INFO] [stdout]   63:     0x5619414ed478 - core::ops::function::FnOnce::call_once{{vtable.shim}}::h745ea30807a29e55
[INFO] [stdout]                                at /rustc/a178d0322ce20e33eac124758e837cbd80a6f633/library/core/src/ops/function.rs:227:5
[INFO] [stdout]   64:     0x5619415ebdb7 - <alloc::boxed::Box<F,A> as core::ops::function::FnOnce<Args>>::call_once::h7ece6cfefaff1005
[INFO] [stdout]                                at /rustc/a178d0322ce20e33eac124758e837cbd80a6f633/library/alloc/src/boxed.rs:1575:9
[INFO] [stdout]   65:     0x5619415ebdb7 - <alloc::boxed::Box<F,A> as core::ops::function::FnOnce<Args>>::call_once::hb8b48e55c21f193e
[INFO] [stdout]                                at /rustc/a178d0322ce20e33eac124758e837cbd80a6f633/library/alloc/src/boxed.rs:1575:9
[INFO] [stdout]   66:     0x5619415ebdb7 - std::sys::unix::thread::Thread::new::thread_start::h8c7c4450dba62914
[INFO] [stdout]                                at /rustc/a178d0322ce20e33eac124758e837cbd80a6f633/library/std/src/sys/unix/thread.rs:71:17
[INFO] [stdout]   67:     0x7fb7d3bef609 - start_thread
[INFO] [stdout]   68:     0x7fb7d39c7293 - clone
[INFO] [stdout]   69:                0x0 - <unknown>
[INFO] [stdout] 
[INFO] [stdout] ---- tests::google_dns_runs stdout ----
[INFO] [stdout] thread 'tests::google_dns_runs' panicked at 'Too many open files. Please reduce batch size. The default is 5000. Try -b 2500.', src/scanner.rs:115:21
[INFO] [stdout] stack backtrace:
[INFO] [stdout]    0:     0x5619415e4210 - std::backtrace_rs::backtrace::libunwind::trace::h34055254b57d8e79
[INFO] [stdout]                                at /rustc/a178d0322ce20e33eac124758e837cbd80a6f633/library/std/src/../../backtrace/src/backtrace/libunwind.rs:90:5
[INFO] [stdout]    1:     0x5619415e4210 - std::backtrace_rs::backtrace::trace_unsynchronized::h8f1e3fbd9afff6ec
[INFO] [stdout]                                at /rustc/a178d0322ce20e33eac124758e837cbd80a6f633/library/std/src/../../backtrace/src/backtrace/mod.rs:66:5
[INFO] [stdout]    2:     0x5619415e4210 - std::sys_common::backtrace::_print_fmt::h3a99a796b770c360
[INFO] [stdout]                                at /rustc/a178d0322ce20e33eac124758e837cbd80a6f633/library/std/src/sys_common/backtrace.rs:67:5
[INFO] [stdout]    3:     0x5619415e4210 - <std::sys_common::backtrace::_print::DisplayBacktrace as core::fmt::Display>::fmt::h32d1f94a80615d18
[INFO] [stdout]                                at /rustc/a178d0322ce20e33eac124758e837cbd80a6f633/library/std/src/sys_common/backtrace.rs:46:22
[INFO] [stdout]    4:     0x56194160737c - core::fmt::write::h306731c068f7162c
[INFO] [stdout]                                at /rustc/a178d0322ce20e33eac124758e837cbd80a6f633/library/core/src/fmt/mod.rs:1110:17
[INFO] [stdout]    5:     0x5619415ddba5 - std::io::Write::write_fmt::h87f19b0a2cd190bc
[INFO] [stdout]                                at /rustc/a178d0322ce20e33eac124758e837cbd80a6f633/library/std/src/io/mod.rs:1588:15
[INFO] [stdout]    6:     0x5619415e645b - std::sys_common::backtrace::_print::h5abaa2601a852287
[INFO] [stdout]                                at /rustc/a178d0322ce20e33eac124758e837cbd80a6f633/library/std/src/sys_common/backtrace.rs:49:5
[INFO] [stdout]    7:     0x5619415e645b - std::sys_common::backtrace::print::h8d81445442bb638f
[INFO] [stdout]                                at /rustc/a178d0322ce20e33eac124758e837cbd80a6f633/library/std/src/sys_common/backtrace.rs:36:9
[INFO] [stdout]    8:     0x5619415e645b - std::panicking::default_hook::{{closure}}::hcfe804496a9fa747
[INFO] [stdout]                                at /rustc/a178d0322ce20e33eac124758e837cbd80a6f633/library/std/src/panicking.rs:208:50
[INFO] [stdout]    9:     0x5619415e5f6c - std::panicking::default_hook::hbea8e3ccf2ba8901
[INFO] [stdout]                                at /rustc/a178d0322ce20e33eac124758e837cbd80a6f633/library/std/src/panicking.rs:222:9
[INFO] [stdout]   10:     0x5619415e6b24 - std::panicking::rust_panic_with_hook::h7ee9e1a2d0f8975a
[INFO] [stdout]                                at /rustc/a178d0322ce20e33eac124758e837cbd80a6f633/library/std/src/panicking.rs:622:17
[INFO] [stdout]   11:     0x5619415b36b3 - std::panicking::begin_panic::{{closure}}::h00b05d54e1c3039e
[INFO] [stdout]                                at /rustc/a178d0322ce20e33eac124758e837cbd80a6f633/library/std/src/panicking.rs:542:9
[INFO] [stdout]   12:     0x5619415b3a99 - std::sys_common::backtrace::__rust_end_short_backtrace::h6e7d06af6062c5ad
[INFO] [stdout]                                at /rustc/a178d0322ce20e33eac124758e837cbd80a6f633/library/std/src/sys_common/backtrace.rs:141:18
[INFO] [stdout]   13:     0x5619415b35e9 - std::panicking::begin_panic::h0aee11e6545947de
[INFO] [stdout]                                at /rustc/a178d0322ce20e33eac124758e837cbd80a6f633/library/std/src/panicking.rs:541:12
[INFO] [stdout]   14:     0x5619414e3c54 - rustscan::scanner::Scanner::scan_port::{{closure}}::he0a59793e59b94b0
[INFO] [stdout]                                at /opt/rustwide/workdir/src/scanner.rs:115:21
[INFO] [stdout]   15:     0x5619414d54c3 - <core::future::from_generator::GenFuture<T> as core::future::future::Future>::poll::h52149c1cccc430f9
[INFO] [stdout]                                at /rustc/a178d0322ce20e33eac124758e837cbd80a6f633/library/core/src/future/mod.rs:80:19
[INFO] [stdout]   16:     0x5619414d636d - <futures_util::stream::futures_unordered::FuturesUnordered<Fut> as futures_core::stream::Stream>::poll_next::h9dea0462e923bb85
[INFO] [stdout]                                at /opt/rustwide/cargo-home/registry/src/github.com-1ecc6299db9ec823/futures-util-0.3.5/src/stream/futures_unordered/mod.rs:542:17
[INFO] [stdout]   17:     0x5619414ce021 - <async_std::stream::stream::next::NextFuture<T> as core::future::future::Future>::poll::h35edb5c0c76f4728
[INFO] [stdout]                                at /opt/rustwide/cargo-home/registry/src/github.com-1ecc6299db9ec823/async-std-1.6.2/src/stream/stream/next.rs:17:9
[INFO] [stdout]   18:     0x5619414e363a - rustscan::scanner::Scanner::scan_range::{{closure}}::h5ed394946ff60448
[INFO] [stdout]                                at /opt/rustwide/workdir/src/scanner.rs:73:34
[INFO] [stdout]   19:     0x5619414d5283 - <core::future::from_generator::GenFuture<T> as core::future::future::Future>::poll::h0825420fe76e3e08
[INFO] [stdout]                                at /rustc/a178d0322ce20e33eac124758e837cbd80a6f633/library/core/src/future/mod.rs:80:19
[INFO] [stdout]   20:     0x5619414e31d2 - rustscan::scanner::Scanner::run::{{closure}}::h215ed801dec2df16
[INFO] [stdout]                                at /opt/rustwide/workdir/src/scanner.rs:57:29
[INFO] [stdout]   21:     0x5619414d5703 - <core::future::from_generator::GenFuture<T> as core::future::future::Future>::poll::h689ba8e0cd825bf7
[INFO] [stdout]                                at /rustc/a178d0322ce20e33eac124758e837cbd80a6f633/library/core/src/future/mod.rs:80:19
[INFO] [stdout]   22:     0x5619414ce0e3 - <async_std::task::builder::SupportTaskLocals<F> as core::future::future::Future>::poll::{{closure}}::hb52015b0f028a66b
[INFO] [stdout]                                at /opt/rustwide/cargo-home/registry/src/github.com-1ecc6299db9ec823/async-std-1.6.2/src/task/builder.rs:198:17
[INFO] [stdout]   23:     0x5619414de783 - async_std::task::task_locals_wrapper::TaskLocalsWrapper::set_current::{{closure}}::h742243b94a291a23
[INFO] [stdout]                                at /opt/rustwide/cargo-home/registry/src/github.com-1ecc6299db9ec823/async-std-1.6.2/src/task/task_locals_wrapper.rs:60:13
[INFO] [stdout]   24:     0x5619414d92e5 - std::thread::local::LocalKey<T>::try_with::h6a2b60fc2cdac66b
[INFO] [stdout]                                at /rustc/a178d0322ce20e33eac124758e837cbd80a6f633/library/std/src/thread/local.rs:400:16
[INFO] [stdout]   25:     0x5619414d8d9c - std::thread::local::LocalKey<T>::with::hd4c2f1706d0f0c82
[INFO] [stdout]                                at /rustc/a178d0322ce20e33eac124758e837cbd80a6f633/library/std/src/thread/local.rs:376:9
[INFO] [stdout]   26:     0x5619414de6cf - async_std::task::task_locals_wrapper::TaskLocalsWrapper::set_current::hed2639d63e9377c4
[INFO] [stdout]                                at /opt/rustwide/cargo-home/registry/src/github.com-1ecc6299db9ec823/async-std-1.6.2/src/task/task_locals_wrapper.rs:55:9
[INFO] [stdout]   27:     0x5619414ce082 - <async_std::task::builder::SupportTaskLocals<F> as core::future::future::Future>::poll::h60a7f6e106fcb69e
[INFO] [stdout]                                at /opt/rustwide/cargo-home/registry/src/github.com-1ecc6299db9ec823/async-std-1.6.2/src/task/builder.rs:196:13
[INFO] [stdout]   28:     0x5619414cefb3 - smol::run::run::{{closure}}::{{closure}}::h9740004f67e598df
[INFO] [stdout]                                at /opt/rustwide/cargo-home/registry/src/github.com-1ecc6299db9ec823/smol-0.1.18/src/run.rs:119:43
[INFO] [stdout]   29:     0x5619414ce74c - scoped_tls::ScopedKey<T>::set::h8fdf56559a3ba1cb
[INFO] [stdout]                                at /opt/rustwide/cargo-home/registry/src/github.com-1ecc6299db9ec823/scoped-tls-1.0.0/src/lib.rs:137:9
[INFO] [stdout]   30:     0x5619414cef45 - smol::run::run::{{closure}}::hbcb0eff7ec64cd3a
[INFO] [stdout]                                at /opt/rustwide/cargo-home/registry/src/github.com-1ecc6299db9ec823/smol-0.1.18/src/run.rs:116:9
[INFO] [stdout]   31:     0x5619414e0a48 - smol::context::enter::h43b2c81d61a9fdbe
[INFO] [stdout]                                at /opt/rustwide/cargo-home/registry/src/github.com-1ecc6299db9ec823/smol-0.1.18/src/context.rs:8:12
[INFO] [stdout]   32:     0x5619414cee2f - smol::run::run::heea65aa2fbe3c383
[INFO] [stdout]                                at /opt/rustwide/cargo-home/registry/src/github.com-1ecc6299db9ec823/smol-0.1.18/src/run.rs:115:5
[INFO] [stdout]   33:     0x5619414d0064 - async_std::task::builder::Builder::blocking::{{closure}}::{{closure}}::h70b9f5f4bb5f731a
[INFO] [stdout]                                at /opt/rustwide/cargo-home/registry/src/github.com-1ecc6299db9ec823/async-std-1.6.2/src/task/builder.rs:170:25
[INFO] [stdout]   34:     0x5619414de8aa - async_std::task::task_locals_wrapper::TaskLocalsWrapper::set_current::{{closure}}::hf3c2c054ca3d9504
[INFO] [stdout]                                at /opt/rustwide/cargo-home/registry/src/github.com-1ecc6299db9ec823/async-std-1.6.2/src/task/task_locals_wrapper.rs:60:13
[INFO] [stdout]   35:     0x5619414d959c - std::thread::local::LocalKey<T>::try_with::hf1e3fd75f8dae1c8
[INFO] [stdout]                                at /rustc/a178d0322ce20e33eac124758e837cbd80a6f633/library/std/src/thread/local.rs:400:16
[INFO] [stdout]   36:     0x5619414d8c0c - std::thread::local::LocalKey<T>::with::h5c4e202ef618f2db
[INFO] [stdout]                                at /rustc/a178d0322ce20e33eac124758e837cbd80a6f633/library/std/src/thread/local.rs:376:9
[INFO] [stdout]   37:     0x5619414de674 - async_std::task::task_locals_wrapper::TaskLocalsWrapper::set_current::hbe7159a4b19496ed
[INFO] [stdout]                                at /opt/rustwide/cargo-home/registry/src/github.com-1ecc6299db9ec823/async-std-1.6.2/src/task/task_locals_wrapper.rs:55:9
[INFO] [stdout]   38:     0x5619414cffa6 - async_std::task::builder::Builder::blocking::{{closure}}::h5bf47c1768af3071
[INFO] [stdout]                                at /opt/rustwide/cargo-home/registry/src/github.com-1ecc6299db9ec823/async-std-1.6.2/src/task/builder.rs:167:17
[INFO] [stdout]   39:     0x5619414d917a - std::thread::local::LocalKey<T>::try_with::h69fe4dc20c3c9592
[INFO] [stdout]                                at /rustc/a178d0322ce20e33eac124758e837cbd80a6f633/library/std/src/thread/local.rs:400:16
[INFO] [stdout]   40:     0x5619414d8d2e - std::thread::local::LocalKey<T>::with::ha13a8183a8e1c799
[INFO] [stdout]                                at /rustc/a178d0322ce20e33eac124758e837cbd80a6f633/library/std/src/thread/local.rs:376:9
[INFO] [stdout]   41:     0x5619414cfe0f - async_std::task::builder::Builder::blocking::h0884657edddfa72a
[INFO] [stdout]                                at /opt/rustwide/cargo-home/registry/src/github.com-1ecc6299db9ec823/async-std-1.6.2/src/task/builder.rs:160:9
[INFO] [stdout]   42:     0x5619414d0189 - async_std::task::block_on::block_on::hd66cc4f07894734e
[INFO] [stdout]                                at /opt/rustwide/cargo-home/registry/src/github.com-1ecc6299db9ec823/async-std-1.6.2/src/task/block_on.rs:33:5
[INFO] [stdout]   43:     0x5619414d28df - rustscan::tests::google_dns_runs::h27a8f29b8923468e
[INFO] [stdout]                                at /opt/rustwide/workdir/src/main.rs:333:9
[INFO] [stdout]   44:     0x5619414d27aa - rustscan::tests::google_dns_runs::{{closure}}::h1e58af40d220b4c7
[INFO] [stdout]                                at /opt/rustwide/workdir/src/main.rs:327:5
[INFO] [stdout]   45:     0x5619414db5ae - core::ops::function::FnOnce::call_once::h0a7f7a68e8815705
[INFO] [stdout]                                at /rustc/a178d0322ce20e33eac124758e837cbd80a6f633/library/core/src/ops/function.rs:227:5
[INFO] [stdout]   46:     0x561941511753 - core::ops::function::FnOnce::call_once::h152e7e439ff59e19
[INFO] [stdout]                                at /rustc/a178d0322ce20e33eac124758e837cbd80a6f633/library/core/src/ops/function.rs:227:5
[INFO] [stdout]   47:     0x561941511753 - test::__rust_begin_short_backtrace::h0908f3b1fdbb72ab
[INFO] [stdout]                                at /rustc/a178d0322ce20e33eac124758e837cbd80a6f633/library/test/src/lib.rs:577:5
[INFO] [stdout]   48:     0x561941510210 - <alloc::boxed::Box<F,A> as core::ops::function::FnOnce<Args>>::call_once::hf6d2a51e5587546c
[INFO] [stdout]                                at /rustc/a178d0322ce20e33eac124758e837cbd80a6f633/library/alloc/src/boxed.rs:1575:9
[INFO] [stdout]   49:     0x561941510210 - <std::panic::AssertUnwindSafe<F> as core::ops::function::FnOnce<()>>::call_once::h8af660f3a89ef593
[INFO] [stdout]                                at /rustc/a178d0322ce20e33eac124758e837cbd80a6f633/library/std/src/panic.rs:347:9
[INFO] [stdout]   50:     0x561941510210 - std::panicking::try::do_call::hd36aef60f84b6d36
[INFO] [stdout]                                at /rustc/a178d0322ce20e33eac124758e837cbd80a6f633/library/std/src/panicking.rs:401:40
[INFO] [stdout]   51:     0x561941510210 - std::panicking::try::h9932b4480e69817c
[INFO] [stdout]                                at /rustc/a178d0322ce20e33eac124758e837cbd80a6f633/library/std/src/panicking.rs:365:19
[INFO] [stdout]   52:     0x561941510210 - std::panic::catch_unwind::h6aa177099cfff5f8
[INFO] [stdout]                                at /rustc/a178d0322ce20e33eac124758e837cbd80a6f633/library/std/src/panic.rs:434:14
[INFO] [stdout]   53:     0x561941510210 - test::run_test_in_process::h5884d6f2d99e20c3
[INFO] [stdout]                                at /rustc/a178d0322ce20e33eac124758e837cbd80a6f633/library/test/src/lib.rs:600:18
[INFO] [stdout]   54:     0x561941510210 - test::run_test::run_test_inner::{{closure}}::h6fdc58c6d5f5b6e3
[INFO] [stdout]                                at /rustc/a178d0322ce20e33eac124758e837cbd80a6f633/library/test/src/lib.rs:492:39
[INFO] [stdout]   55:     0x5619414e98c2 - test::run_test::run_test_inner::{{closure}}::h408365d67a78ade8
[INFO] [stdout]                                at /rustc/a178d0322ce20e33eac124758e837cbd80a6f633/library/test/src/lib.rs:519:37
[INFO] [stdout]   56:     0x5619414e98c2 - std::sys_common::backtrace::__rust_begin_short_backtrace::hb560b77c4f701523
[INFO] [stdout]                                at /rustc/a178d0322ce20e33eac124758e837cbd80a6f633/library/std/src/sys_common/backtrace.rs:125:18
[INFO] [stdout]   57:     0x5619414ed478 - std::thread::Builder::spawn_unchecked::{{closure}}::{{closure}}::hf2e7831dad93c597
[INFO] [stdout]                                at /rustc/a178d0322ce20e33eac124758e837cbd80a6f633/library/std/src/thread/mod.rs:481:17
[INFO] [stdout]   58:     0x5619414ed478 - <std::panic::AssertUnwindSafe<F> as core::ops::function::FnOnce<()>>::call_once::hd2e08783d8be4d02
[INFO] [stdout]                                at /rustc/a178d0322ce20e33eac124758e837cbd80a6f633/library/std/src/panic.rs:347:9
[INFO] [stdout]   59:     0x5619414ed478 - std::panicking::try::do_call::h062597b7acfd6b82
[INFO] [stdout]                                at /rustc/a178d0322ce20e33eac124758e837cbd80a6f633/library/std/src/panicking.rs:401:40
[INFO] [stdout]   60:     0x5619414ed478 - std::panicking::try::h0d7b79db04c14552
[INFO] [stdout]                                at /rustc/a178d0322ce20e33eac124758e837cbd80a6f633/library/std/src/panicking.rs:365:19
[INFO] [stdout]   61:     0x5619414ed478 - std::panic::catch_unwind::hb01a0b5e7c8cd43b
[INFO] [stdout]                                at /rustc/a178d0322ce20e33eac124758e837cbd80a6f633/library/std/src/panic.rs:434:14
[INFO] [stdout]   62:     0x5619414ed478 - std::thread::Builder::spawn_unchecked::{{closure}}::h5bde48cc887e0d1e
[INFO] [stdout]                                at /rustc/a178d0322ce20e33eac124758e837cbd80a6f633/library/std/src/thread/mod.rs:480:30
[INFO] [stdout]   63:     0x5619414ed478 - core::ops::function::FnOnce::call_once{{vtable.shim}}::h745ea30807a29e55
[INFO] [stdout]                                at /rustc/a178d0322ce20e33eac124758e837cbd80a6f633/library/core/src/ops/function.rs:227:5
[INFO] [stdout]   64:     0x5619415ebdb7 - <alloc::boxed::Box<F,A> as core::ops::function::FnOnce<Args>>::call_once::h7ece6cfefaff1005
[INFO] [stdout]                                at /rustc/a178d0322ce20e33eac124758e837cbd80a6f633/library/alloc/src/boxed.rs:1575:9
[INFO] [stdout]   65:     0x5619415ebdb7 - <alloc::boxed::Box<F,A> as core::ops::function::FnOnce<Args>>::call_once::hb8b48e55c21f193e
[INFO] [stdout]                                at /rustc/a178d0322ce20e33eac124758e837cbd80a6f633/library/alloc/src/boxed.rs:1575:9
[INFO] [stdout]   66:     0x5619415ebdb7 - std::sys::unix::thread::Thread::new::thread_start::h8c7c4450dba62914
[INFO] [stdout]                                at /rustc/a178d0322ce20e33eac124758e837cbd80a6f633/library/std/src/sys/unix/thread.rs:71:17
[INFO] [stdout]   67:     0x7fb7d3bef609 - start_thread
[INFO] [stdout]   68:     0x7fb7d39c7293 - clone
[INFO] [stdout]   69:                0x0 - <unknown>
[INFO] [stdout] 
[INFO] [stdout] 
[INFO] [stdout] failures:
[INFO] [stdout]     tests::google_dns_runs
[INFO] [stdout]     tests::infer_ulimit_lowering_no_panic
[INFO] [stdout] 
[INFO] [stdout] test result: FAILED. 11 passed; 2 failed; 0 ignored; 0 measured; 0 filtered out; finished in 18.10s
[INFO] [stdout] 
[INFO] running `Command { std: "docker" "inspect" "a1a146acbb785263d8069f45c62f050cc239c5eb06b4f3af5e488452d78173eb", kill_on_drop: false }`
[INFO] running `Command { std: "docker" "rm" "-f" "a1a146acbb785263d8069f45c62f050cc239c5eb06b4f3af5e488452d78173eb", kill_on_drop: false }`
[INFO] [stdout] a1a146acbb785263d8069f45c62f050cc239c5eb06b4f3af5e488452d78173eb
