[INFO] cloning repository https://github.com/doy/matasano
[INFO] running `Command { std: "git" "-c" "credential.helper=" "-c" "credential.helper=/workspace/cargo-home/bin/git-credential-null" "clone" "--bare" "https://github.com/doy/matasano" "/workspace/cache/git-repos/https%3A%2F%2Fgithub.com%2Fdoy%2Fmatasano", kill_on_drop: false }`
[INFO] [stderr] Cloning into bare repository '/workspace/cache/git-repos/https%3A%2F%2Fgithub.com%2Fdoy%2Fmatasano'...
[INFO] running `Command { std: "git" "rev-parse" "HEAD", kill_on_drop: false }`
[INFO] [stdout] 5a35ab9eee8d070cbc6a0f073e131cd6e567ed4d
[INFO] testing doy/matasano against 1.54.0 for beta-1.55-1
[INFO] running `Command { std: "git" "clone" "/workspace/cache/git-repos/https%3A%2F%2Fgithub.com%2Fdoy%2Fmatasano" "/workspace/builds/worker-3/source", kill_on_drop: false }`
[INFO] [stderr] Cloning into '/workspace/builds/worker-3/source'...
[INFO] [stderr] done.
[INFO] validating manifest of git repo https://github.com/doy/matasano on toolchain 1.54.0
[INFO] running `Command { std: "/workspace/cargo-home/bin/cargo" "+1.54.0" "metadata" "--manifest-path" "Cargo.toml" "--no-deps", kill_on_drop: false }`
[INFO] started tweaking git repo https://github.com/doy/matasano
[INFO] removed 0 missing tests
[INFO] finished tweaking git repo https://github.com/doy/matasano
[INFO] tweaked toml for git repo https://github.com/doy/matasano written to /workspace/builds/worker-3/source/Cargo.toml
[INFO] crate git repo https://github.com/doy/matasano already has a lockfile, it will not be regenerated
[INFO] running `Command { std: "/workspace/cargo-home/bin/cargo" "+1.54.0" "fetch" "--manifest-path" "Cargo.toml", kill_on_drop: false }`
[INFO] running `Command { std: "docker" "create" "-v" "/var/lib/crater-agent-workspace/builds/worker-3/target:/opt/rustwide/target:rw,Z" "-v" "/var/lib/crater-agent-workspace/builds/worker-3/source:/opt/rustwide/workdir:ro,Z" "-v" "/var/lib/crater-agent-workspace/cargo-home:/opt/rustwide/cargo-home:ro,Z" "-v" "/var/lib/crater-agent-workspace/rustup-home:/opt/rustwide/rustup-home:ro,Z" "-e" "SOURCE_DIR=/opt/rustwide/workdir" "-e" "CARGO_TARGET_DIR=/opt/rustwide/target" "-e" "CARGO_HOME=/opt/rustwide/cargo-home" "-e" "RUSTUP_HOME=/opt/rustwide/rustup-home" "-w" "/opt/rustwide/workdir" "-m" "1610612736" "--user" "0:0" "--network" "none" "ghcr.io/rust-lang/crates-build-env/linux@sha256:34b6a614d2c27851fe6cbf88fbd1137609cefab8b10d0615aaeb6fd47975d74e" "/opt/rustwide/cargo-home/bin/cargo" "+1.54.0" "metadata" "--no-deps" "--format-version=1", kill_on_drop: false }`
[INFO] [stdout] 2dcfae6076aa7a521d0d709f054b9966962b11730e6bc3ff5ef46855d6977b83
[INFO] running `Command { std: "docker" "start" "-a" "2dcfae6076aa7a521d0d709f054b9966962b11730e6bc3ff5ef46855d6977b83", kill_on_drop: false }`
[INFO] running `Command { std: "docker" "inspect" "2dcfae6076aa7a521d0d709f054b9966962b11730e6bc3ff5ef46855d6977b83", kill_on_drop: false }`
[INFO] running `Command { std: "docker" "rm" "-f" "2dcfae6076aa7a521d0d709f054b9966962b11730e6bc3ff5ef46855d6977b83", kill_on_drop: false }`
[INFO] [stdout] 2dcfae6076aa7a521d0d709f054b9966962b11730e6bc3ff5ef46855d6977b83
[INFO] running `Command { std: "docker" "create" "-v" "/var/lib/crater-agent-workspace/builds/worker-3/target:/opt/rustwide/target:rw,Z" "-v" "/var/lib/crater-agent-workspace/builds/worker-3/source:/opt/rustwide/workdir:ro,Z" "-v" "/var/lib/crater-agent-workspace/cargo-home:/opt/rustwide/cargo-home:ro,Z" "-v" "/var/lib/crater-agent-workspace/rustup-home:/opt/rustwide/rustup-home:ro,Z" "-e" "SOURCE_DIR=/opt/rustwide/workdir" "-e" "CARGO_TARGET_DIR=/opt/rustwide/target" "-e" "CARGO_INCREMENTAL=0" "-e" "RUST_BACKTRACE=full" "-e" "RUSTFLAGS=--cap-lints=warn" "-e" "CARGO_HOME=/opt/rustwide/cargo-home" "-e" "RUSTUP_HOME=/opt/rustwide/rustup-home" "-w" "/opt/rustwide/workdir" "-m" "1610612736" "--user" "0:0" "--network" "none" "ghcr.io/rust-lang/crates-build-env/linux@sha256:34b6a614d2c27851fe6cbf88fbd1137609cefab8b10d0615aaeb6fd47975d74e" "/opt/rustwide/cargo-home/bin/cargo" "+1.54.0" "build" "--frozen" "--message-format=json", kill_on_drop: false }`
[INFO] [stdout] 90d5a99a3b6e93facee391c59cf344bd9cd05de72cb32795ddcf10d031a8fb68
[INFO] running `Command { std: "docker" "start" "-a" "90d5a99a3b6e93facee391c59cf344bd9cd05de72cb32795ddcf10d031a8fb68", kill_on_drop: false }`
[INFO] [stderr]    Compiling syn v0.15.30
[INFO] [stderr]    Compiling regex v1.1.5
[INFO] [stderr]    Compiling arc-swap v0.3.9
[INFO] [stderr]    Compiling num-traits v0.2.6
[INFO] [stderr]    Compiling num-bigint v0.2.2
[INFO] [stderr]    Compiling rand_core v0.3.1
[INFO] [stderr]    Compiling v_escape v0.7.2
[INFO] [stderr]    Compiling ring v0.13.5
[INFO] [stderr]    Compiling brotli-sys v0.3.2
[INFO] [stderr]    Compiling actix-web v0.7.19
[INFO] [stderr]    Compiling tower-service v0.1.0
[INFO] [stderr]    Compiling crossbeam-channel v0.3.8
[INFO] [stderr]    Compiling want v0.0.6
[INFO] [stderr]    Compiling socket2 v0.3.8
[INFO] [stderr]    Compiling hostname v0.1.5
[INFO] [stderr]    Compiling mio v0.6.16
[INFO] [stderr]    Compiling backtrace-sys v0.1.28
[INFO] [stderr]    Compiling url v1.7.2
[INFO] [stderr]    Compiling tokio-io v0.1.12
[INFO] [stderr]    Compiling nom v4.2.3
[INFO] [stderr]    Compiling serde_json v1.0.39
[INFO] [stderr]    Compiling openssl v0.10.20
[INFO] [stderr]    Compiling flate2 v1.0.7
[INFO] [stderr]    Compiling rayon v1.0.3
[INFO] [stderr]    Compiling rand_xorshift v0.1.1
[INFO] [stderr]    Compiling rand_chacha v0.1.1
[INFO] [stderr]    Compiling rand_isaac v0.1.1
[INFO] [stderr]    Compiling rand_hc v0.1.0
[INFO] [stderr]    Compiling rand v0.5.6
[INFO] [stderr]    Compiling resolv-conf v0.6.2
[INFO] [stderr]    Compiling backtrace v0.3.15
[INFO] [stderr]    Compiling signal-hook v0.1.8
[INFO] [stderr]    Compiling rand v0.6.5
[INFO] [stderr]    Compiling error-chain v0.12.0
[INFO] [stderr]    Compiling crossbeam v0.7.1
[INFO] [stderr]    Compiling mio-uds v0.6.7
[INFO] [stderr]    Compiling tokio-codec v0.1.1
[INFO] [stderr]    Compiling h2 v0.1.17
[INFO] [stderr]    Compiling parking_lot_core v0.4.0
[INFO] [stderr]    Compiling tokio-threadpool v0.1.13
[INFO] [stderr]    Compiling phf_generator v0.7.24
[INFO] [stderr]    Compiling uuid v0.7.4
[INFO] [stderr]    Compiling phf_codegen v0.7.24
[INFO] [stderr]    Compiling serde_urlencoded v0.5.4
[INFO] [stderr]    Compiling num-integer v0.1.39
[INFO] [stderr]    Compiling native-tls v0.2.2
[INFO] [stderr]    Compiling parking_lot v0.7.1
[INFO] [stderr]    Compiling mime_guess v2.0.0-alpha.6
[INFO] [stderr]    Compiling tokio-reactor v0.1.9
[INFO] [stderr]    Compiling publicsuffix v1.5.2
[INFO] [stderr]    Compiling tokio-fs v0.1.6
[INFO] [stderr]    Compiling tokio-tcp v0.1.3
[INFO] [stderr]    Compiling tokio-udp v0.1.3
[INFO] [stderr]    Compiling tokio-uds v0.2.5
[INFO] [stderr]    Compiling tokio-signal v0.2.7
[INFO] [stderr]    Compiling tokio v0.1.18
[INFO] [stderr]    Compiling hyper v0.12.26
[INFO] [stderr]    Compiling cookie v0.11.0
[INFO] [stderr]    Compiling synstructure v0.10.1
[INFO] [stderr]    Compiling brotli2 v0.3.2
[INFO] [stderr]    Compiling hyper-tls v0.3.2
[INFO] [stderr]    Compiling failure_derive v0.1.5
[INFO] [stderr]    Compiling v_escape_derive v0.5.3
[INFO] [stderr]    Compiling actix_derive v0.3.2
[INFO] [stderr]    Compiling serde_derive v1.0.90
[INFO] [stderr]    Compiling failure v0.1.5
[INFO] [stderr]    Compiling v_htmlescape v0.4.3
[INFO] [stderr]    Compiling trust-dns-proto v0.6.3
[INFO] [stderr]    Compiling trust-dns-proto v0.5.0
[INFO] [stderr]    Compiling trust-dns-resolver v0.10.3
[INFO] [stderr]    Compiling actix v0.7.9
[INFO] [stderr]    Compiling actix-net v0.2.6
[INFO] [stderr]    Compiling cookie_store v0.5.1
[INFO] [stderr]    Compiling reqwest v0.9.14
[INFO] [stderr]    Compiling matasano v0.0.1 (/opt/rustwide/workdir)
[INFO] [stdout] warning: unnecessary trailing semicolon
[INFO] [stdout]    --> src/crack.rs:200:6
[INFO] [stdout]     |
[INFO] [stdout] 200 |     };
[INFO] [stdout]     |      ^ help: remove this semicolon
[INFO] [stdout]     |
[INFO] [stdout]     = note: `#[warn(redundant_semicolons)]` on by default
[INFO] [stdout] 
[INFO] [stdout] 
[INFO] [stdout] warning: `...` range patterns are deprecated
[INFO] [stdout]   --> src/sha1.rs:47:18
[INFO] [stdout]    |
[INFO] [stdout] 47 |                 0...19 => ((b & c) | (!b & d), 0x5A827999),
[INFO] [stdout]    |                  ^^^ help: use `..=` for an inclusive range
[INFO] [stdout]    |
[INFO] [stdout]    = note: `#[warn(ellipsis_inclusive_range_patterns)]` on by default
[INFO] [stdout]    = warning: this was previously accepted by the compiler but is being phased out; it will become a hard error in the 2021 edition!
[INFO] [stdout]    = note: for more information, see issue #80165 <https://github.com/rust-lang/rust/issues/80165>
[INFO] [stdout] 
[INFO] [stdout] 
[INFO] [stdout] warning: `...` range patterns are deprecated
[INFO] [stdout]   --> src/sha1.rs:48:19
[INFO] [stdout]    |
[INFO] [stdout] 48 |                 20...39 => (b ^ c ^ d, 0x6ED9EBA1),
[INFO] [stdout]    |                   ^^^ help: use `..=` for an inclusive range
[INFO] [stdout]    |
[INFO] [stdout]    = warning: this was previously accepted by the compiler but is being phased out; it will become a hard error in the 2021 edition!
[INFO] [stdout]    = note: for more information, see issue #80165 <https://github.com/rust-lang/rust/issues/80165>
[INFO] [stdout] 
[INFO] [stdout] 
[INFO] [stdout] warning: `...` range patterns are deprecated
[INFO] [stdout]   --> src/sha1.rs:49:19
[INFO] [stdout]    |
[INFO] [stdout] 49 |                 40...59 => ((b & c) | (b & d) | (c & d), 0x8F1BBCDC),
[INFO] [stdout]    |                   ^^^ help: use `..=` for an inclusive range
[INFO] [stdout]    |
[INFO] [stdout]    = warning: this was previously accepted by the compiler but is being phased out; it will become a hard error in the 2021 edition!
[INFO] [stdout]    = note: for more information, see issue #80165 <https://github.com/rust-lang/rust/issues/80165>
[INFO] [stdout] 
[INFO] [stdout] 
[INFO] [stdout] warning: `...` range patterns are deprecated
[INFO] [stdout]   --> src/sha1.rs:50:19
[INFO] [stdout]    |
[INFO] [stdout] 50 |                 60...79 => (b ^ c ^ d, 0xCA62C1D6),
[INFO] [stdout]    |                   ^^^ help: use `..=` for an inclusive range
[INFO] [stdout]    |
[INFO] [stdout]    = warning: this was previously accepted by the compiler but is being phased out; it will become a hard error in the 2021 edition!
[INFO] [stdout]    = note: for more information, see issue #80165 <https://github.com/rust-lang/rust/issues/80165>
[INFO] [stdout] 
[INFO] [stdout] 
[INFO] [stdout] warning: use of deprecated function `std::mem::uninitialized`: use `mem::MaybeUninit` instead
[INFO] [stdout]   --> src/md4.rs:66:41
[INFO] [stdout]    |
[INFO] [stdout] 66 |         let mut x: [u32; 16] = unsafe { std::mem::uninitialized() };
[INFO] [stdout]    |                                         ^^^^^^^^^^^^^^^^^^^^^^^
[INFO] [stdout]    |
[INFO] [stdout]    = note: `#[warn(deprecated)]` on by default
[INFO] [stdout] 
[INFO] [stdout] 
[INFO] [stdout] warning: use of deprecated function `std::mem::uninitialized`: use `mem::MaybeUninit` instead
[INFO] [stdout]   --> src/sha1.rs:30:41
[INFO] [stdout]    |
[INFO] [stdout] 30 |         let mut w: [u32; 80] = unsafe { std::mem::uninitialized() };
[INFO] [stdout]    |                                         ^^^^^^^^^^^^^^^^^^^^^^^
[INFO] [stdout] 
[INFO] [stdout] 
[INFO] [stdout] warning: 7 warnings emitted
[INFO] [stdout] 
[INFO] [stdout] 
[INFO] [stderr]     Finished dev [unoptimized + debuginfo] target(s) in 1m 22s
[INFO] running `Command { std: "docker" "inspect" "90d5a99a3b6e93facee391c59cf344bd9cd05de72cb32795ddcf10d031a8fb68", kill_on_drop: false }`
[INFO] running `Command { std: "docker" "rm" "-f" "90d5a99a3b6e93facee391c59cf344bd9cd05de72cb32795ddcf10d031a8fb68", kill_on_drop: false }`
[INFO] [stdout] 90d5a99a3b6e93facee391c59cf344bd9cd05de72cb32795ddcf10d031a8fb68
[INFO] running `Command { std: "docker" "create" "-v" "/var/lib/crater-agent-workspace/builds/worker-3/target:/opt/rustwide/target:rw,Z" "-v" "/var/lib/crater-agent-workspace/builds/worker-3/source:/opt/rustwide/workdir:ro,Z" "-v" "/var/lib/crater-agent-workspace/cargo-home:/opt/rustwide/cargo-home:ro,Z" "-v" "/var/lib/crater-agent-workspace/rustup-home:/opt/rustwide/rustup-home:ro,Z" "-e" "SOURCE_DIR=/opt/rustwide/workdir" "-e" "CARGO_TARGET_DIR=/opt/rustwide/target" "-e" "CARGO_INCREMENTAL=0" "-e" "RUST_BACKTRACE=full" "-e" "RUSTFLAGS=--cap-lints=warn" "-e" "CARGO_HOME=/opt/rustwide/cargo-home" "-e" "RUSTUP_HOME=/opt/rustwide/rustup-home" "-w" "/opt/rustwide/workdir" "-m" "1610612736" "--user" "0:0" "--network" "none" "ghcr.io/rust-lang/crates-build-env/linux@sha256:34b6a614d2c27851fe6cbf88fbd1137609cefab8b10d0615aaeb6fd47975d74e" "/opt/rustwide/cargo-home/bin/cargo" "+1.54.0" "test" "--frozen" "--no-run" "--message-format=json", kill_on_drop: false }`
[INFO] [stdout] 54031ed7672c226d119923392eda4c5ca1ff8832b2decb6b36979f456de86c24
[INFO] running `Command { std: "docker" "start" "-a" "54031ed7672c226d119923392eda4c5ca1ff8832b2decb6b36979f456de86c24", kill_on_drop: false }`
[INFO] [stdout] warning: unnecessary trailing semicolon
[INFO] [stdout]    --> src/crack.rs:200:6
[INFO] [stdout]     |
[INFO] [stdout] 200 |     };
[INFO] [stdout]     |      ^ help: remove this semicolon
[INFO] [stdout]     |
[INFO] [stdout]     = note: `#[warn(redundant_semicolons)]` on by default
[INFO] [stdout] 
[INFO] [stdout] 
[INFO] [stdout] warning: `...` range patterns are deprecated
[INFO] [stdout]   --> src/sha1.rs:47:18
[INFO] [stdout]    |
[INFO] [stdout] 47 |                 0...19 => ((b & c) | (!b & d), 0x5A827999),
[INFO] [stdout]    |                  ^^^ help: use `..=` for an inclusive range
[INFO] [stdout]    |
[INFO] [stdout]    = note: `#[warn(ellipsis_inclusive_range_patterns)]` on by default
[INFO] [stdout]    = warning: this was previously accepted by the compiler but is being phased out; it will become a hard error in the 2021 edition!
[INFO] [stdout]    = note: for more information, see issue #80165 <https://github.com/rust-lang/rust/issues/80165>
[INFO] [stdout] 
[INFO] [stdout] 
[INFO] [stdout] warning: `...` range patterns are deprecated
[INFO] [stdout]   --> src/sha1.rs:48:19
[INFO] [stdout]    |
[INFO] [stdout] 48 |                 20...39 => (b ^ c ^ d, 0x6ED9EBA1),
[INFO] [stdout]    |                   ^^^ help: use `..=` for an inclusive range
[INFO] [stdout]    |
[INFO] [stdout]    = warning: this was previously accepted by the compiler but is being phased out; it will become a hard error in the 2021 edition!
[INFO] [stdout]    = note: for more information, see issue #80165 <https://github.com/rust-lang/rust/issues/80165>
[INFO] [stdout] 
[INFO] [stdout] 
[INFO] [stderr]    Compiling matasano v0.0.1 (/opt/rustwide/workdir)
[INFO] [stdout] warning: `...` range patterns are deprecated
[INFO] [stdout]   --> src/sha1.rs:49:19
[INFO] [stdout]    |
[INFO] [stdout] 49 |                 40...59 => ((b & c) | (b & d) | (c & d), 0x8F1BBCDC),
[INFO] [stdout]    |                   ^^^ help: use `..=` for an inclusive range
[INFO] [stdout]    |
[INFO] [stdout]    = warning: this was previously accepted by the compiler but is being phased out; it will become a hard error in the 2021 edition!
[INFO] [stdout]    = note: for more information, see issue #80165 <https://github.com/rust-lang/rust/issues/80165>
[INFO] [stdout] 
[INFO] [stdout] 
[INFO] [stdout] warning: `...` range patterns are deprecated
[INFO] [stdout]   --> src/sha1.rs:50:19
[INFO] [stdout]    |
[INFO] [stdout] 50 |                 60...79 => (b ^ c ^ d, 0xCA62C1D6),
[INFO] [stdout]    |                   ^^^ help: use `..=` for an inclusive range
[INFO] [stdout]    |
[INFO] [stdout]    = warning: this was previously accepted by the compiler but is being phased out; it will become a hard error in the 2021 edition!
[INFO] [stdout]    = note: for more information, see issue #80165 <https://github.com/rust-lang/rust/issues/80165>
[INFO] [stdout] 
[INFO] [stdout] 
[INFO] [stdout] warning: use of deprecated function `std::mem::uninitialized`: use `mem::MaybeUninit` instead
[INFO] [stdout]   --> src/md4.rs:66:41
[INFO] [stdout]    |
[INFO] [stdout] 66 |         let mut x: [u32; 16] = unsafe { std::mem::uninitialized() };
[INFO] [stdout]    |                                         ^^^^^^^^^^^^^^^^^^^^^^^
[INFO] [stdout]    |
[INFO] [stdout]    = note: `#[warn(deprecated)]` on by default
[INFO] [stdout] 
[INFO] [stdout] 
[INFO] [stdout] warning: use of deprecated function `std::mem::uninitialized`: use `mem::MaybeUninit` instead
[INFO] [stdout]   --> src/sha1.rs:30:41
[INFO] [stdout]    |
[INFO] [stdout] 30 |         let mut w: [u32; 80] = unsafe { std::mem::uninitialized() };
[INFO] [stdout]    |                                         ^^^^^^^^^^^^^^^^^^^^^^^
[INFO] [stdout] 
[INFO] [stdout] 
[INFO] [stdout] warning: 7 warnings emitted
[INFO] [stdout] 
[INFO] [stdout] 
[INFO] [stdout] warning: unnecessary trailing semicolon
[INFO] [stdout]    --> src/crack.rs:200:6
[INFO] [stdout]     |
[INFO] [stdout] 200 |     };
[INFO] [stdout]     |      ^ help: remove this semicolon
[INFO] [stdout]     |
[INFO] [stdout]     = note: `#[warn(redundant_semicolons)]` on by default
[INFO] [stdout] 
[INFO] [stdout] 
[INFO] [stdout] warning: `...` range patterns are deprecated
[INFO] [stdout]   --> src/sha1.rs:47:18
[INFO] [stdout]    |
[INFO] [stdout] 47 |                 0...19 => ((b & c) | (!b & d), 0x5A827999),
[INFO] [stdout]    |                  ^^^ help: use `..=` for an inclusive range
[INFO] [stdout]    |
[INFO] [stdout]    = note: `#[warn(ellipsis_inclusive_range_patterns)]` on by default
[INFO] [stdout]    = warning: this was previously accepted by the compiler but is being phased out; it will become a hard error in the 2021 edition!
[INFO] [stdout]    = note: for more information, see issue #80165 <https://github.com/rust-lang/rust/issues/80165>
[INFO] [stdout] 
[INFO] [stdout] 
[INFO] [stdout] warning: `...` range patterns are deprecated
[INFO] [stdout]   --> src/sha1.rs:48:19
[INFO] [stdout]    |
[INFO] [stdout] 48 |                 20...39 => (b ^ c ^ d, 0x6ED9EBA1),
[INFO] [stdout]    |                   ^^^ help: use `..=` for an inclusive range
[INFO] [stdout]    |
[INFO] [stdout]    = warning: this was previously accepted by the compiler but is being phased out; it will become a hard error in the 2021 edition!
[INFO] [stdout]    = note: for more information, see issue #80165 <https://github.com/rust-lang/rust/issues/80165>
[INFO] [stdout] 
[INFO] [stdout] 
[INFO] [stdout] warning: `...` range patterns are deprecated
[INFO] [stdout]   --> src/sha1.rs:49:19
[INFO] [stdout]    |
[INFO] [stdout] 49 |                 40...59 => ((b & c) | (b & d) | (c & d), 0x8F1BBCDC),
[INFO] [stdout]    |                   ^^^ help: use `..=` for an inclusive range
[INFO] [stdout]    |
[INFO] [stdout]    = warning: this was previously accepted by the compiler but is being phased out; it will become a hard error in the 2021 edition!
[INFO] [stdout]    = note: for more information, see issue #80165 <https://github.com/rust-lang/rust/issues/80165>
[INFO] [stdout] 
[INFO] [stdout] 
[INFO] [stdout] warning: `...` range patterns are deprecated
[INFO] [stdout]   --> src/sha1.rs:50:19
[INFO] [stdout]    |
[INFO] [stdout] 50 |                 60...79 => (b ^ c ^ d, 0xCA62C1D6),
[INFO] [stdout]    |                   ^^^ help: use `..=` for an inclusive range
[INFO] [stdout]    |
[INFO] [stdout]    = warning: this was previously accepted by the compiler but is being phased out; it will become a hard error in the 2021 edition!
[INFO] [stdout]    = note: for more information, see issue #80165 <https://github.com/rust-lang/rust/issues/80165>
[INFO] [stdout] 
[INFO] [stdout] 
[INFO] [stdout] warning: use of deprecated function `std::mem::uninitialized`: use `mem::MaybeUninit` instead
[INFO] [stdout]   --> src/md4.rs:66:41
[INFO] [stdout]    |
[INFO] [stdout] 66 |         let mut x: [u32; 16] = unsafe { std::mem::uninitialized() };
[INFO] [stdout]    |                                         ^^^^^^^^^^^^^^^^^^^^^^^
[INFO] [stdout]    |
[INFO] [stdout]    = note: `#[warn(deprecated)]` on by default
[INFO] [stdout] 
[INFO] [stdout] 
[INFO] [stdout] warning: use of deprecated function `std::mem::uninitialized`: use `mem::MaybeUninit` instead
[INFO] [stdout]   --> src/sha1.rs:30:41
[INFO] [stdout]    |
[INFO] [stdout] 30 |         let mut w: [u32; 80] = unsafe { std::mem::uninitialized() };
[INFO] [stdout]    |                                         ^^^^^^^^^^^^^^^^^^^^^^^
[INFO] [stdout] 
[INFO] [stdout] 
[INFO] [stdout] warning: 7 warnings emitted
[INFO] [stdout] 
[INFO] [stdout] 
[INFO] [stderr]     Finished test [unoptimized + debuginfo] target(s) in 5.48s
[INFO] running `Command { std: "docker" "inspect" "54031ed7672c226d119923392eda4c5ca1ff8832b2decb6b36979f456de86c24", kill_on_drop: false }`
[INFO] running `Command { std: "docker" "rm" "-f" "54031ed7672c226d119923392eda4c5ca1ff8832b2decb6b36979f456de86c24", kill_on_drop: false }`
[INFO] [stdout] 54031ed7672c226d119923392eda4c5ca1ff8832b2decb6b36979f456de86c24
[INFO] running `Command { std: "docker" "create" "-v" "/var/lib/crater-agent-workspace/builds/worker-3/target:/opt/rustwide/target:rw,Z" "-v" "/var/lib/crater-agent-workspace/builds/worker-3/source:/opt/rustwide/workdir:ro,Z" "-v" "/var/lib/crater-agent-workspace/cargo-home:/opt/rustwide/cargo-home:ro,Z" "-v" "/var/lib/crater-agent-workspace/rustup-home:/opt/rustwide/rustup-home:ro,Z" "-e" "SOURCE_DIR=/opt/rustwide/workdir" "-e" "CARGO_TARGET_DIR=/opt/rustwide/target" "-e" "CARGO_INCREMENTAL=0" "-e" "RUST_BACKTRACE=full" "-e" "RUSTFLAGS=--cap-lints=warn" "-e" "CARGO_HOME=/opt/rustwide/cargo-home" "-e" "RUSTUP_HOME=/opt/rustwide/rustup-home" "-w" "/opt/rustwide/workdir" "-m" "1610612736" "--user" "0:0" "--network" "none" "ghcr.io/rust-lang/crates-build-env/linux@sha256:34b6a614d2c27851fe6cbf88fbd1137609cefab8b10d0615aaeb6fd47975d74e" "/opt/rustwide/cargo-home/bin/cargo" "+1.54.0" "test" "--frozen", kill_on_drop: false }`
[INFO] [stdout] fd3b50431694ea24494c8cb3582c785e3aa9acaaf8984e7e6f6e5195f9f422e5
[INFO] running `Command { std: "docker" "start" "-a" "fd3b50431694ea24494c8cb3582c785e3aa9acaaf8984e7e6f6e5195f9f422e5", kill_on_drop: false }`
[INFO] [stderr] warning: unnecessary trailing semicolon
[INFO] [stderr]    --> src/crack.rs:200:6
[INFO] [stderr]     |
[INFO] [stderr] 200 |     };
[INFO] [stderr]     |      ^ help: remove this semicolon
[INFO] [stderr]     |
[INFO] [stderr]     = note: `#[warn(redundant_semicolons)]` on by default
[INFO] [stderr] 
[INFO] [stderr] warning: `...` range patterns are deprecated
[INFO] [stderr]   --> src/sha1.rs:47:18
[INFO] [stderr]    |
[INFO] [stderr] 47 |                 0...19 => ((b & c) | (!b & d), 0x5A827999),
[INFO] [stderr]    |                  ^^^ help: use `..=` for an inclusive range
[INFO] [stderr]    |
[INFO] [stderr]    = note: `#[warn(ellipsis_inclusive_range_patterns)]` on by default
[INFO] [stderr]    = warning: this was previously accepted by the compiler but is being phased out; it will become a hard error in the 2021 edition!
[INFO] [stderr]    = note: for more information, see issue #80165 <https://github.com/rust-lang/rust/issues/80165>
[INFO] [stderr] 
[INFO] [stderr] warning: `...` range patterns are deprecated
[INFO] [stderr]   --> src/sha1.rs:48:19
[INFO] [stderr]    |
[INFO] [stderr] 48 |                 20...39 => (b ^ c ^ d, 0x6ED9EBA1),
[INFO] [stderr]    |                   ^^^ help: use `..=` for an inclusive range
[INFO] [stderr]    |
[INFO] [stderr]    = warning: this was previously accepted by the compiler but is being phased out; it will become a hard error in the 2021 edition!
[INFO] [stderr]    = note: for more information, see issue #80165 <https://github.com/rust-lang/rust/issues/80165>
[INFO] [stderr] 
[INFO] [stderr] warning: `...` range patterns are deprecated
[INFO] [stderr]   --> src/sha1.rs:49:19
[INFO] [stderr]    |
[INFO] [stderr] 49 |                 40...59 => ((b & c) | (b & d) | (c & d), 0x8F1BBCDC),
[INFO] [stderr]    |                   ^^^ help: use `..=` for an inclusive range
[INFO] [stderr]    |
[INFO] [stderr]    = warning: this was previously accepted by the compiler but is being phased out; it will become a hard error in the 2021 edition!
[INFO] [stderr]    = note: for more information, see issue #80165 <https://github.com/rust-lang/rust/issues/80165>
[INFO] [stderr] 
[INFO] [stderr] warning: `...` range patterns are deprecated
[INFO] [stderr]   --> src/sha1.rs:50:19
[INFO] [stderr]    |
[INFO] [stderr] 50 |                 60...79 => (b ^ c ^ d, 0xCA62C1D6),
[INFO] [stderr]    |                   ^^^ help: use `..=` for an inclusive range
[INFO] [stderr]    |
[INFO] [stderr]    = warning: this was previously accepted by the compiler but is being phased out; it will become a hard error in the 2021 edition!
[INFO] [stderr]    = note: for more information, see issue #80165 <https://github.com/rust-lang/rust/issues/80165>
[INFO] [stderr] 
[INFO] [stderr] warning: use of deprecated function `std::mem::uninitialized`: use `mem::MaybeUninit` instead
[INFO] [stderr]   --> src/md4.rs:66:41
[INFO] [stderr]    |
[INFO] [stderr] 66 |         let mut x: [u32; 16] = unsafe { std::mem::uninitialized() };
[INFO] [stderr]    |                                         ^^^^^^^^^^^^^^^^^^^^^^^
[INFO] [stderr]    |
[INFO] [stderr]    = note: `#[warn(deprecated)]` on by default
[INFO] [stderr] 
[INFO] [stderr] warning: use of deprecated function `std::mem::uninitialized`: use `mem::MaybeUninit` instead
[INFO] [stderr]   --> src/sha1.rs:30:41
[INFO] [stderr]    |
[INFO] [stderr] 30 |         let mut w: [u32; 80] = unsafe { std::mem::uninitialized() };
[INFO] [stderr]    |                                         ^^^^^^^^^^^^^^^^^^^^^^^
[INFO] [stderr] 
[INFO] [stderr] warning: 7 warnings emitted
[INFO] [stderr] 
[INFO] [stderr] warning: unnecessary trailing semicolon
[INFO] [stderr]    --> src/crack.rs:200:6
[INFO] [stderr]     |
[INFO] [stderr] 200 |     };
[INFO] [stderr]     |      ^ help: remove this semicolon
[INFO] [stderr]     |
[INFO] [stderr]     = note: `#[warn(redundant_semicolons)]` on by default
[INFO] [stderr] 
[INFO] [stderr] warning: `...` range patterns are deprecated
[INFO] [stderr]   --> src/sha1.rs:47:18
[INFO] [stderr]    |
[INFO] [stderr] 47 |                 0...19 => ((b & c) | (!b & d), 0x5A827999),
[INFO] [stderr]    |                  ^^^ help: use `..=` for an inclusive range
[INFO] [stderr]    |
[INFO] [stderr]    = note: `#[warn(ellipsis_inclusive_range_patterns)]` on by default
[INFO] [stderr]    = warning: this was previously accepted by the compiler but is being phased out; it will become a hard error in the 2021 edition!
[INFO] [stderr]    = note: for more information, see issue #80165 <https://github.com/rust-lang/rust/issues/80165>
[INFO] [stderr] 
[INFO] [stderr] warning: `...` range patterns are deprecated
[INFO] [stderr]   --> src/sha1.rs:48:19
[INFO] [stderr]    |
[INFO] [stderr] 48 |                 20...39 => (b ^ c ^ d, 0x6ED9EBA1),
[INFO] [stderr]    |                   ^^^ help: use `..=` for an inclusive range
[INFO] [stderr]    |
[INFO] [stderr]    = warning: this was previously accepted by the compiler but is being phased out; it will become a hard error in the 2021 edition!
[INFO] [stderr]    = note: for more information, see issue #80165 <https://github.com/rust-lang/rust/issues/80165>
[INFO] [stderr] 
[INFO] [stderr] warning: `...` range patterns are deprecated
[INFO] [stderr]   --> src/sha1.rs:49:19
[INFO] [stderr]    |
[INFO] [stderr] 49 |                 40...59 => ((b & c) | (b & d) | (c & d), 0x8F1BBCDC),
[INFO] [stderr]    |                   ^^^ help: use `..=` for an inclusive range
[INFO] [stderr]    |
[INFO] [stderr]    = warning: this was previously accepted by the compiler but is being phased out; it will become a hard error in the 2021 edition!
[INFO] [stderr]    = note: for more information, see issue #80165 <https://github.com/rust-lang/rust/issues/80165>
[INFO] [stderr] 
[INFO] [stderr] warning: `...` range patterns are deprecated
[INFO] [stderr]   --> src/sha1.rs:50:19
[INFO] [stderr]    |
[INFO] [stderr] 50 |                 60...79 => (b ^ c ^ d, 0xCA62C1D6),
[INFO] [stderr]    |                   ^^^ help: use `..=` for an inclusive range
[INFO] [stderr]    |
[INFO] [stderr]    = warning: this was previously accepted by the compiler but is being phased out; it will become a hard error in the 2021 edition!
[INFO] [stderr]    = note: for more information, see issue #80165 <https://github.com/rust-lang/rust/issues/80165>
[INFO] [stderr] 
[INFO] [stderr] warning: use of deprecated function `std::mem::uninitialized`: use `mem::MaybeUninit` instead
[INFO] [stderr]   --> src/md4.rs:66:41
[INFO] [stderr]    |
[INFO] [stderr] 66 |         let mut x: [u32; 16] = unsafe { std::mem::uninitialized() };
[INFO] [stderr]    |                                         ^^^^^^^^^^^^^^^^^^^^^^^
[INFO] [stderr]    |
[INFO] [stderr]    = note: `#[warn(deprecated)]` on by default
[INFO] [stderr] 
[INFO] [stderr] warning: use of deprecated function `std::mem::uninitialized`: use `mem::MaybeUninit` instead
[INFO] [stderr]   --> src/sha1.rs:30:41
[INFO] [stderr]    |
[INFO] [stderr] 30 |         let mut w: [u32; 80] = unsafe { std::mem::uninitialized() };
[INFO] [stderr]    |                                         ^^^^^^^^^^^^^^^^^^^^^^^
[INFO] [stderr] 
[INFO] [stderr] warning: 7 warnings emitted
[INFO] [stderr] 
[INFO] [stderr]     Finished test [unoptimized + debuginfo] target(s) in 0.14s
[INFO] [stderr]      Running unittests (/opt/rustwide/target/debug/deps/matasano-9b813e348c0733a9)
[INFO] [stdout] 
[INFO] [stdout] running 9 tests
[INFO] [stdout] test http::test_create_query_string ... ok
[INFO] [stdout] test http::test_create_query_string_malicious ... ok
[INFO] [stdout] test http::test_parse_query_string ... ok
[INFO] [stdout] test primitives::test_hamming ... ok
[INFO] [stdout] test md4::test_md4 ... ok
[INFO] [stdout] test sha1::test_sha1 ... ok
[INFO] [stdout] test sha1::test_sha1_hmac ... ok
[INFO] [stdout] test aes::test_encrypt_decrypt ... ok
[INFO] [stdout] test random::test_mt19937_stream_cipher ... ok
[INFO] [stdout] 
[INFO] [stdout] test result: ok. 9 passed; 0 failed; 0 ignored; 0 measured; 0 filtered out; finished in 0.00s
[INFO] [stdout] 
[INFO] [stderr]      Running unittests (/opt/rustwide/target/debug/deps/timing_attack-b66c85c39552af52)
[INFO] [stdout] 
[INFO] [stdout] running 0 tests
[INFO] [stdout] 
[INFO] [stdout] test result: ok. 0 passed; 0 failed; 0 ignored; 0 measured; 0 filtered out; finished in 0.00s
[INFO] [stdout] 
[INFO] [stderr]      Running tests/set1.rs (/opt/rustwide/target/debug/deps/set1-de6a9dcea74c5d79)
[INFO] [stdout] 
[INFO] [stdout] running 8 tests
[INFO] [stdout] test problem_1 ... ok
[INFO] [stdout] test problem_2 ... ok
[INFO] [stdout] test problem_5 ... ok
[INFO] [stdout] test problem_3 ... ok
[INFO] [stdout] test problem_7 ... ok
[INFO] [stdout] test problem_8 ... ok
[INFO] [stdout] test problem_6 ... ok
[INFO] [stderr]      Running tests/set2.rs (/opt/rustwide/target/debug/deps/set2-5d15c7d0fcf70d7f)
[INFO] [stdout] test problem_4 ... ok
[INFO] [stdout] 
[INFO] [stdout] test result: ok. 8 passed; 0 failed; 0 ignored; 0 measured; 0 filtered out; finished in 0.44s
[INFO] [stdout] 
[INFO] [stdout] 
[INFO] [stdout] running 8 tests
[INFO] [stdout] test problem_15 ... ok
[INFO] [stdout] test problem_9 ... ok
[INFO] [stdout] test problem_16 ... ok
[INFO] [stdout] test problem_10 ... ok
[INFO] [stdout] test problem_13 ... ok
[INFO] [stdout] test problem_12 ... FAILED
[INFO] [stdout] test problem_11 ... ok
[INFO] [stderr] error: test failed, to rerun pass '--test set2'
[INFO] [stdout] test problem_14 ... ok
[INFO] [stdout] 
[INFO] [stdout] failures:
[INFO] [stdout] 
[INFO] [stdout] ---- problem_12 stdout ----
[INFO] [stdout] thread 'problem_12' panicked at 'attempt to subtract with overflow', /opt/rustwide/workdir/src/crack.rs:1162:33
[INFO] [stdout] stack backtrace:
[INFO] [stdout]    0:     0x55e48ba0d070 - std::backtrace_rs::backtrace::libunwind::trace::h34055254b57d8e79
[INFO] [stdout]                                at /rustc/a178d0322ce20e33eac124758e837cbd80a6f633/library/std/src/../../backtrace/src/backtrace/libunwind.rs:90:5
[INFO] [stdout]    1:     0x55e48ba0d070 - std::backtrace_rs::backtrace::trace_unsynchronized::h8f1e3fbd9afff6ec
[INFO] [stdout]                                at /rustc/a178d0322ce20e33eac124758e837cbd80a6f633/library/std/src/../../backtrace/src/backtrace/mod.rs:66:5
[INFO] [stdout]    2:     0x55e48ba0d070 - std::sys_common::backtrace::_print_fmt::h3a99a796b770c360
[INFO] [stdout]                                at /rustc/a178d0322ce20e33eac124758e837cbd80a6f633/library/std/src/sys_common/backtrace.rs:67:5
[INFO] [stdout]    3:     0x55e48ba0d070 - <std::sys_common::backtrace::_print::DisplayBacktrace as core::fmt::Display>::fmt::h32d1f94a80615d18
[INFO] [stdout]                                at /rustc/a178d0322ce20e33eac124758e837cbd80a6f633/library/std/src/sys_common/backtrace.rs:46:22
[INFO] [stdout]    4:     0x55e48ba2f8fc - core::fmt::write::h306731c068f7162c
[INFO] [stdout]                                at /rustc/a178d0322ce20e33eac124758e837cbd80a6f633/library/core/src/fmt/mod.rs:1110:17
[INFO] [stdout]    5:     0x55e48ba09eb5 - std::io::Write::write_fmt::h87f19b0a2cd190bc
[INFO] [stdout]                                at /rustc/a178d0322ce20e33eac124758e837cbd80a6f633/library/std/src/io/mod.rs:1588:15
[INFO] [stdout]    6:     0x55e48ba0f1db - std::sys_common::backtrace::_print::h5abaa2601a852287
[INFO] [stdout]                                at /rustc/a178d0322ce20e33eac124758e837cbd80a6f633/library/std/src/sys_common/backtrace.rs:49:5
[INFO] [stdout]    7:     0x55e48ba0f1db - std::sys_common::backtrace::print::h8d81445442bb638f
[INFO] [stdout]                                at /rustc/a178d0322ce20e33eac124758e837cbd80a6f633/library/std/src/sys_common/backtrace.rs:36:9
[INFO] [stdout]    8:     0x55e48ba0f1db - std::panicking::default_hook::{{closure}}::hcfe804496a9fa747
[INFO] [stdout]                                at /rustc/a178d0322ce20e33eac124758e837cbd80a6f633/library/std/src/panicking.rs:208:50
[INFO] [stdout]    9:     0x55e48ba0ecec - std::panicking::default_hook::hbea8e3ccf2ba8901
[INFO] [stdout]                                at /rustc/a178d0322ce20e33eac124758e837cbd80a6f633/library/std/src/panicking.rs:222:9
[INFO] [stdout]   10:     0x55e48ba0f8a4 - std::panicking::rust_panic_with_hook::h7ee9e1a2d0f8975a
[INFO] [stdout]                                at /rustc/a178d0322ce20e33eac124758e837cbd80a6f633/library/std/src/panicking.rs:622:17
[INFO] [stdout]   11:     0x55e48ba0f357 - std::panicking::begin_panic_handler::{{closure}}::h8ab3b4491718b2c7
[INFO] [stdout]                                at /rustc/a178d0322ce20e33eac124758e837cbd80a6f633/library/std/src/panicking.rs:517:13
[INFO] [stdout]   12:     0x55e48ba0d56c - std::sys_common::backtrace::__rust_end_short_backtrace::hd489062ffa586a9f
[INFO] [stdout]                                at /rustc/a178d0322ce20e33eac124758e837cbd80a6f633/library/std/src/sys_common/backtrace.rs:141:18
[INFO] [stdout]   13:     0x55e48ba0f2e9 - rust_begin_unwind
[INFO] [stdout]                                at /rustc/a178d0322ce20e33eac124758e837cbd80a6f633/library/std/src/panicking.rs:515:5
[INFO] [stdout]   14:     0x55e48b9286e1 - core::panicking::panic_fmt::hca6330e3e14086b4
[INFO] [stdout]                                at /rustc/a178d0322ce20e33eac124758e837cbd80a6f633/library/core/src/panicking.rs:92:14
[INFO] [stdout]   15:     0x55e48b92862d - core::panicking::panic::h1a48d878ff3dcd40
[INFO] [stdout]                                at /rustc/a178d0322ce20e33eac124758e837cbd80a6f633/library/core/src/panicking.rs:50:5
[INFO] [stdout]   16:     0x55e48b94cea4 - matasano::crack::find_block_size_and_fixed_prefix_len::hc7c412c6e8191020
[INFO] [stdout]                                at /opt/rustwide/workdir/src/crack.rs:1162:33
[INFO] [stdout]   17:     0x55e48b94877e - matasano::crack::find_block_size::hd36276b0d93ce69b
[INFO] [stdout]                                at /opt/rustwide/workdir/src/crack.rs:1143:27
[INFO] [stdout]   18:     0x55e48b94926c - matasano::crack::crack_padded_aes_128_ecb::hb00033f4e4a4cc89
[INFO] [stdout]                                at /opt/rustwide/workdir/src/crack.rs:122:22
[INFO] [stdout]   19:     0x55e48b939e7b - set2::problem_12::h5913fc8fc79b9c3b
[INFO] [stdout]                                at /opt/rustwide/workdir/tests/set2.rs:97:15
[INFO] [stdout]   20:     0x55e48b939d9a - set2::problem_12::{{closure}}::h60c477e3ec9d129b
[INFO] [stdout]                                at /opt/rustwide/workdir/tests/set2.rs:78:1
[INFO] [stdout]   21:     0x55e48b953cbe - core::ops::function::FnOnce::call_once::hdf6b0e75a26dc743
[INFO] [stdout]                                at /rustc/a178d0322ce20e33eac124758e837cbd80a6f633/library/core/src/ops/function.rs:227:5
[INFO] [stdout]   22:     0x55e48b9b9073 - core::ops::function::FnOnce::call_once::h152e7e439ff59e19
[INFO] [stdout]                                at /rustc/a178d0322ce20e33eac124758e837cbd80a6f633/library/core/src/ops/function.rs:227:5
[INFO] [stdout]   23:     0x55e48b9b9073 - test::__rust_begin_short_backtrace::h0908f3b1fdbb72ab
[INFO] [stdout]                                at /rustc/a178d0322ce20e33eac124758e837cbd80a6f633/library/test/src/lib.rs:577:5
[INFO] [stdout]   24:     0x55e48b9b7b30 - <alloc::boxed::Box<F,A> as core::ops::function::FnOnce<Args>>::call_once::hf6d2a51e5587546c
[INFO] [stdout]                                at /rustc/a178d0322ce20e33eac124758e837cbd80a6f633/library/alloc/src/boxed.rs:1575:9
[INFO] [stdout]   25:     0x55e48b9b7b30 - <std::panic::AssertUnwindSafe<F> as core::ops::function::FnOnce<()>>::call_once::h8af660f3a89ef593
[INFO] [stdout]                                at /rustc/a178d0322ce20e33eac124758e837cbd80a6f633/library/std/src/panic.rs:347:9
[INFO] [stdout]   26:     0x55e48b9b7b30 - std::panicking::try::do_call::hd36aef60f84b6d36
[INFO] [stdout]                                at /rustc/a178d0322ce20e33eac124758e837cbd80a6f633/library/std/src/panicking.rs:401:40
[INFO] [stdout]   27:     0x55e48b9b7b30 - std::panicking::try::h9932b4480e69817c
[INFO] [stdout]                                at /rustc/a178d0322ce20e33eac124758e837cbd80a6f633/library/std/src/panicking.rs:365:19
[INFO] [stdout]   28:     0x55e48b9b7b30 - std::panic::catch_unwind::h6aa177099cfff5f8
[INFO] [stdout]                                at /rustc/a178d0322ce20e33eac124758e837cbd80a6f633/library/std/src/panic.rs:434:14
[INFO] [stdout]   29:     0x55e48b9b7b30 - test::run_test_in_process::h5884d6f2d99e20c3
[INFO] [stdout]                                at /rustc/a178d0322ce20e33eac124758e837cbd80a6f633/library/test/src/lib.rs:600:18
[INFO] [stdout]   30:     0x55e48b9b7b30 - test::run_test::run_test_inner::{{closure}}::h6fdc58c6d5f5b6e3
[INFO] [stdout]                                at /rustc/a178d0322ce20e33eac124758e837cbd80a6f633/library/test/src/lib.rs:492:39
[INFO] [stdout]   31:     0x55e48b9911e2 - test::run_test::run_test_inner::{{closure}}::h408365d67a78ade8
[INFO] [stdout]                                at /rustc/a178d0322ce20e33eac124758e837cbd80a6f633/library/test/src/lib.rs:519:37
[INFO] [stdout]   32:     0x55e48b9911e2 - std::sys_common::backtrace::__rust_begin_short_backtrace::hb560b77c4f701523
[INFO] [stdout]                                at /rustc/a178d0322ce20e33eac124758e837cbd80a6f633/library/std/src/sys_common/backtrace.rs:125:18
[INFO] [stdout]   33:     0x55e48b994d98 - std::thread::Builder::spawn_unchecked::{{closure}}::{{closure}}::hf2e7831dad93c597
[INFO] [stdout]                                at /rustc/a178d0322ce20e33eac124758e837cbd80a6f633/library/std/src/thread/mod.rs:481:17
[INFO] [stdout]   34:     0x55e48b994d98 - <std::panic::AssertUnwindSafe<F> as core::ops::function::FnOnce<()>>::call_once::hd2e08783d8be4d02
[INFO] [stdout]                                at /rustc/a178d0322ce20e33eac124758e837cbd80a6f633/library/std/src/panic.rs:347:9
[INFO] [stdout]   35:     0x55e48b994d98 - std::panicking::try::do_call::h062597b7acfd6b82
[INFO] [stdout]                                at /rustc/a178d0322ce20e33eac124758e837cbd80a6f633/library/std/src/panicking.rs:401:40
[INFO] [stdout]   36:     0x55e48b994d98 - std::panicking::try::h0d7b79db04c14552
[INFO] [stdout]                                at /rustc/a178d0322ce20e33eac124758e837cbd80a6f633/library/std/src/panicking.rs:365:19
[INFO] [stdout]   37:     0x55e48b994d98 - std::panic::catch_unwind::hb01a0b5e7c8cd43b
[INFO] [stdout]                                at /rustc/a178d0322ce20e33eac124758e837cbd80a6f633/library/std/src/panic.rs:434:14
[INFO] [stdout]   38:     0x55e48b994d98 - std::thread::Builder::spawn_unchecked::{{closure}}::h5bde48cc887e0d1e
[INFO] [stdout]                                at /rustc/a178d0322ce20e33eac124758e837cbd80a6f633/library/std/src/thread/mod.rs:480:30
[INFO] [stdout]   39:     0x55e48b994d98 - core::ops::function::FnOnce::call_once{{vtable.shim}}::h745ea30807a29e55
[INFO] [stdout]                                at /rustc/a178d0322ce20e33eac124758e837cbd80a6f633/library/core/src/ops/function.rs:227:5
[INFO] [stdout]   40:     0x55e48ba143f7 - <alloc::boxed::Box<F,A> as core::ops::function::FnOnce<Args>>::call_once::h7ece6cfefaff1005
[INFO] [stdout]                                at /rustc/a178d0322ce20e33eac124758e837cbd80a6f633/library/alloc/src/boxed.rs:1575:9
[INFO] [stdout]   41:     0x55e48ba143f7 - <alloc::boxed::Box<F,A> as core::ops::function::FnOnce<Args>>::call_once::hb8b48e55c21f193e
[INFO] [stdout]                                at /rustc/a178d0322ce20e33eac124758e837cbd80a6f633/library/alloc/src/boxed.rs:1575:9
[INFO] [stdout]   42:     0x55e48ba143f7 - std::sys::unix::thread::Thread::new::thread_start::h8c7c4450dba62914
[INFO] [stdout]                                at /rustc/a178d0322ce20e33eac124758e837cbd80a6f633/library/std/src/sys/unix/thread.rs:71:17
[INFO] [stdout]   43:     0x7fde11cfb609 - start_thread
[INFO] [stdout]   44:     0x7fde11acb293 - clone
[INFO] [stdout]   45:                0x0 - <unknown>
[INFO] [stdout] 
[INFO] [stdout] 
[INFO] [stdout] failures:
[INFO] [stdout]     problem_12
[INFO] [stdout] 
[INFO] [stdout] test result: FAILED. 7 passed; 1 failed; 0 ignored; 0 measured; 0 filtered out; finished in 2.22s
[INFO] [stdout] 
[INFO] running `Command { std: "docker" "inspect" "fd3b50431694ea24494c8cb3582c785e3aa9acaaf8984e7e6f6e5195f9f422e5", kill_on_drop: false }`
[INFO] running `Command { std: "docker" "rm" "-f" "fd3b50431694ea24494c8cb3582c785e3aa9acaaf8984e7e6f6e5195f9f422e5", kill_on_drop: false }`
[INFO] [stdout] fd3b50431694ea24494c8cb3582c785e3aa9acaaf8984e7e6f6e5195f9f422e5
