[INFO] cloning repository https://github.com/ccbrown/razer-chroma-rs
[INFO] running `Command { std: "git" "-c" "credential.helper=" "-c" "credential.helper=/workspace/cargo-home/bin/git-credential-null" "clone" "--bare" "https://github.com/ccbrown/razer-chroma-rs" "/workspace/cache/git-repos/https%3A%2F%2Fgithub.com%2Fccbrown%2Frazer-chroma-rs", kill_on_drop: false }`
[INFO] [stderr] Cloning into bare repository '/workspace/cache/git-repos/https%3A%2F%2Fgithub.com%2Fccbrown%2Frazer-chroma-rs'...
[INFO] running `Command { std: "git" "rev-parse" "HEAD", kill_on_drop: false }`
[INFO] [stdout] 9d0781745c76dc3bebaa43c8552a247a25777b44
[INFO] testing ccbrown/razer-chroma-rs against 1.54.0 for beta-1.55-1
[INFO] running `Command { std: "git" "clone" "/workspace/cache/git-repos/https%3A%2F%2Fgithub.com%2Fccbrown%2Frazer-chroma-rs" "/workspace/builds/worker-86/source", kill_on_drop: false }`
[INFO] [stderr] Cloning into '/workspace/builds/worker-86/source'...
[INFO] [stderr] done.
[INFO] validating manifest of git repo https://github.com/ccbrown/razer-chroma-rs on toolchain 1.54.0
[INFO] running `Command { std: "/workspace/cargo-home/bin/cargo" "+1.54.0" "metadata" "--manifest-path" "Cargo.toml" "--no-deps", kill_on_drop: false }`
[INFO] started tweaking git repo https://github.com/ccbrown/razer-chroma-rs
[INFO] finished tweaking git repo https://github.com/ccbrown/razer-chroma-rs
[INFO] tweaked toml for git repo https://github.com/ccbrown/razer-chroma-rs written to /workspace/builds/worker-86/source/Cargo.toml
[INFO] crate git repo https://github.com/ccbrown/razer-chroma-rs already has a lockfile, it will not be regenerated
[INFO] running `Command { std: "/workspace/cargo-home/bin/cargo" "+1.54.0" "fetch" "--manifest-path" "Cargo.toml", kill_on_drop: false }`
[INFO] [stderr]     Blocking waiting for file lock on package cache
[INFO] [stderr]  Downloading crates ...
[INFO] [stderr]   Downloaded clang-sys v0.28.0
[INFO] [stderr]   Downloaded arraymap v0.1.1
[INFO] [stderr]   Downloaded bindgen v0.49.0
[INFO] running `Command { std: "docker" "create" "-v" "/var/lib/crater-agent-workspace/builds/worker-86/target:/opt/rustwide/target:rw,Z" "-v" "/var/lib/crater-agent-workspace/builds/worker-86/source:/opt/rustwide/workdir:ro,Z" "-v" "/var/lib/crater-agent-workspace/cargo-home:/opt/rustwide/cargo-home:ro,Z" "-v" "/var/lib/crater-agent-workspace/rustup-home:/opt/rustwide/rustup-home:ro,Z" "-e" "SOURCE_DIR=/opt/rustwide/workdir" "-e" "CARGO_TARGET_DIR=/opt/rustwide/target" "-e" "CARGO_HOME=/opt/rustwide/cargo-home" "-e" "RUSTUP_HOME=/opt/rustwide/rustup-home" "-w" "/opt/rustwide/workdir" "-m" "1610612736" "--user" "0:0" "--network" "none" "ghcr.io/rust-lang/crates-build-env/linux@sha256:34b6a614d2c27851fe6cbf88fbd1137609cefab8b10d0615aaeb6fd47975d74e" "/opt/rustwide/cargo-home/bin/cargo" "+1.54.0" "metadata" "--no-deps" "--format-version=1", kill_on_drop: false }`
[INFO] [stdout] 2591bb564f952a9b339df283674405ab534875517b8a5e82e38034435ae423f0
[INFO] running `Command { std: "docker" "start" "-a" "2591bb564f952a9b339df283674405ab534875517b8a5e82e38034435ae423f0", kill_on_drop: false }`
[INFO] running `Command { std: "docker" "inspect" "2591bb564f952a9b339df283674405ab534875517b8a5e82e38034435ae423f0", kill_on_drop: false }`
[INFO] running `Command { std: "docker" "rm" "-f" "2591bb564f952a9b339df283674405ab534875517b8a5e82e38034435ae423f0", kill_on_drop: false }`
[INFO] [stdout] 2591bb564f952a9b339df283674405ab534875517b8a5e82e38034435ae423f0
[INFO] running `Command { std: "docker" "create" "-v" "/var/lib/crater-agent-workspace/builds/worker-86/target:/opt/rustwide/target:rw,Z" "-v" "/var/lib/crater-agent-workspace/builds/worker-86/source:/opt/rustwide/workdir:ro,Z" "-v" "/var/lib/crater-agent-workspace/cargo-home:/opt/rustwide/cargo-home:ro,Z" "-v" "/var/lib/crater-agent-workspace/rustup-home:/opt/rustwide/rustup-home:ro,Z" "-e" "SOURCE_DIR=/opt/rustwide/workdir" "-e" "CARGO_TARGET_DIR=/opt/rustwide/target" "-e" "CARGO_INCREMENTAL=0" "-e" "RUST_BACKTRACE=full" "-e" "RUSTFLAGS=--cap-lints=warn" "-e" "CARGO_HOME=/opt/rustwide/cargo-home" "-e" "RUSTUP_HOME=/opt/rustwide/rustup-home" "-w" "/opt/rustwide/workdir" "-m" "1610612736" "--user" "0:0" "--network" "none" "ghcr.io/rust-lang/crates-build-env/linux@sha256:34b6a614d2c27851fe6cbf88fbd1137609cefab8b10d0615aaeb6fd47975d74e" "/opt/rustwide/cargo-home/bin/cargo" "+1.54.0" "build" "--frozen" "--message-format=json", kill_on_drop: false }`
[INFO] [stdout] d6b06bb8611474f971fe1566e024e5c484cb484ff2887371746d1ce8626f19a4
[INFO] running `Command { std: "docker" "start" "-a" "d6b06bb8611474f971fe1566e024e5c484cb484ff2887371746d1ce8626f19a4", kill_on_drop: false }`
[INFO] [stderr]    Compiling cc v1.0.36
[INFO] [stderr]    Compiling libc v0.2.54
[INFO] [stderr]    Compiling memchr v2.2.0
[INFO] [stderr]    Compiling glob v0.2.11
[INFO] [stderr]    Compiling ucd-util v0.1.3
[INFO] [stderr]    Compiling byteorder v1.3.1
[INFO] [stderr]    Compiling proc-macro2 v0.4.30
[INFO] [stderr]    Compiling rustc-demangle v0.1.14
[INFO] [stderr]    Compiling regex v1.1.6
[INFO] [stderr]    Compiling utf8-ranges v1.0.2
[INFO] [stderr]    Compiling quick-error v1.2.2
[INFO] [stderr]    Compiling bindgen v0.49.0
[INFO] [stderr]    Compiling termcolor v1.0.4
[INFO] [stderr]    Compiling scopeguard v0.3.3
[INFO] [stderr]    Compiling arraymap v0.1.1
[INFO] [stderr]    Compiling backtrace v0.3.15
[INFO] [stderr]    Compiling thread_local v0.3.6
[INFO] [stderr]    Compiling log v0.4.6
[INFO] [stderr]    Compiling textwrap v0.11.0
[INFO] [stderr]    Compiling nom v4.2.3
[INFO] [stderr]    Compiling humantime v1.2.0
[INFO] [stderr]    Compiling regex-syntax v0.6.6
[INFO] [stderr]    Compiling clang-sys v0.28.0
[INFO] [stderr]    Compiling backtrace-sys v0.1.28
[INFO] [stderr]    Compiling libloading v0.5.0
[INFO] [stderr]    Compiling atty v0.2.11
[INFO] [stderr]    Compiling clap v2.33.0
[INFO] [stderr]    Compiling quote v0.6.12
[INFO] [stderr]    Compiling aho-corasick v0.7.3
[INFO] [stderr]    Compiling cexpr v0.3.5
[INFO] [stderr]    Compiling env_logger v0.6.1
[INFO] [stderr]    Compiling hashbrown v0.1.8
[INFO] [stderr]    Compiling failure v0.1.5
[INFO] [stderr]    Compiling which v2.0.1
[INFO] [stderr]    Compiling razer_chroma v0.1.0 (/opt/rustwide/workdir)
[INFO] [stdout] error[E0658]: use of unstable library feature 'array_map'
[INFO] [stdout]   --> src/lib.rs:97:87
[INFO] [stdout]    |
[INFO] [stdout] 97 |                     let mut param = bindings::ChromaSDK::ChromaLink::CUSTOM_EFFECT_TYPE{Color: color.map(|v| v.0)};
[INFO] [stdout]    |                                                                                                      ^^^
[INFO] [stdout]    |
[INFO] [stdout]    = note: see issue #75243 <https://github.com/rust-lang/rust/issues/75243> for more information
[INFO] [stdout] 
[INFO] [stdout] 
[INFO] [stdout] error[E0658]: use of unstable library feature 'array_map'
[INFO] [stdout]    --> src/lib.rs:118:84
[INFO] [stdout]     |
[INFO] [stdout] 118 |                     let mut param = bindings::ChromaSDK::Headset::CUSTOM_EFFECT_TYPE{Color: color.map(|v| v.0)};
[INFO] [stdout]     |                                                                                                   ^^^
[INFO] [stdout]     |
[INFO] [stdout]     = note: see issue #75243 <https://github.com/rust-lang/rust/issues/75243> for more information
[INFO] [stdout] 
[INFO] [stdout] 
[INFO] [stdout] error[E0658]: use of unstable library feature 'array_map'
[INFO] [stdout]    --> src/lib.rs:139:85
[INFO] [stdout]     |
[INFO] [stdout] 139 |                     let mut param = bindings::ChromaSDK::Keyboard::CUSTOM_EFFECT_TYPE{Color: color.map(|v| v.map(|v| v.0))};
[INFO] [stdout]     |                                                                                                    ^^^
[INFO] [stdout]     |
[INFO] [stdout]     = note: see issue #75243 <https://github.com/rust-lang/rust/issues/75243> for more information
[INFO] [stdout] 
[INFO] [stdout] 
[INFO] [stdout] error[E0658]: use of unstable library feature 'array_map'
[INFO] [stdout]    --> src/lib.rs:139:95
[INFO] [stdout]     |
[INFO] [stdout] 139 |                     let mut param = bindings::ChromaSDK::Keyboard::CUSTOM_EFFECT_TYPE{Color: color.map(|v| v.map(|v| v.0))};
[INFO] [stdout]     |                                                                                                              ^^^
[INFO] [stdout]     |
[INFO] [stdout]     = note: see issue #75243 <https://github.com/rust-lang/rust/issues/75243> for more information
[INFO] [stdout] 
[INFO] [stdout] 
[INFO] [stdout] error[E0658]: use of unstable library feature 'array_map'
[INFO] [stdout]    --> src/lib.rs:160:83
[INFO] [stdout]     |
[INFO] [stdout] 160 |                     let mut param = bindings::ChromaSDK::Keypad::CUSTOM_EFFECT_TYPE{Color: color.map(|v| v.map(|v| v.0))};
[INFO] [stdout]     |                                                                                                  ^^^
[INFO] [stdout]     |
[INFO] [stdout]     = note: see issue #75243 <https://github.com/rust-lang/rust/issues/75243> for more information
[INFO] [stdout] 
[INFO] [stdout] 
[INFO] [stdout] error[E0658]: use of unstable library feature 'array_map'
[INFO] [stdout]    --> src/lib.rs:160:93
[INFO] [stdout]     |
[INFO] [stdout] 160 |                     let mut param = bindings::ChromaSDK::Keypad::CUSTOM_EFFECT_TYPE{Color: color.map(|v| v.map(|v| v.0))};
[INFO] [stdout]     |                                                                                                            ^^^
[INFO] [stdout]     |
[INFO] [stdout]     = note: see issue #75243 <https://github.com/rust-lang/rust/issues/75243> for more information
[INFO] [stdout] 
[INFO] [stdout] 
[INFO] [stdout] error[E0658]: use of unstable library feature 'array_map'
[INFO] [stdout]    --> src/lib.rs:181:83
[INFO] [stdout]     |
[INFO] [stdout] 181 |                     let mut param = bindings::ChromaSDK::Mouse::CUSTOM_EFFECT_TYPE2{Color: color.map(|v| v.map(|v| v.0))};
[INFO] [stdout]     |                                                                                                  ^^^
[INFO] [stdout]     |
[INFO] [stdout]     = note: see issue #75243 <https://github.com/rust-lang/rust/issues/75243> for more information
[INFO] [stdout] 
[INFO] [stdout] 
[INFO] [stdout] error[E0658]: use of unstable library feature 'array_map'
[INFO] [stdout]    --> src/lib.rs:181:93
[INFO] [stdout]     |
[INFO] [stdout] 181 |                     let mut param = bindings::ChromaSDK::Mouse::CUSTOM_EFFECT_TYPE2{Color: color.map(|v| v.map(|v| v.0))};
[INFO] [stdout]     |                                                                                                            ^^^
[INFO] [stdout]     |
[INFO] [stdout]     = note: see issue #75243 <https://github.com/rust-lang/rust/issues/75243> for more information
[INFO] [stdout] 
[INFO] [stdout] 
[INFO] [stdout] error[E0658]: use of unstable library feature 'array_map'
[INFO] [stdout]    --> src/lib.rs:202:85
[INFO] [stdout]     |
[INFO] [stdout] 202 |                     let mut param = bindings::ChromaSDK::Mousepad::CUSTOM_EFFECT_TYPE{Color: color.map(|v| v.0)};
[INFO] [stdout]     |                                                                                                    ^^^
[INFO] [stdout]     |
[INFO] [stdout]     = note: see issue #75243 <https://github.com/rust-lang/rust/issues/75243> for more information
[INFO] [stdout] 
[INFO] [stdout] 
[INFO] [stdout] warning: unused import: `arraymap::ArrayMap`
[INFO] [stdout]  --> src/lib.rs:3:5
[INFO] [stdout]   |
[INFO] [stdout] 3 | use arraymap::ArrayMap;
[INFO] [stdout]   |     ^^^^^^^^^^^^^^^^^^
[INFO] [stdout]   |
[INFO] [stdout]   = note: `#[warn(unused_imports)]` on by default
[INFO] [stdout] 
[INFO] [stdout] 
[INFO] [stdout] error: aborting due to 9 previous errors; 1 warning emitted
[INFO] [stdout] 
[INFO] [stdout] 
[INFO] [stdout] For more information about this error, try `rustc --explain E0658`.
[INFO] [stdout] 
[INFO] [stderr] error: could not compile `razer_chroma`
[INFO] [stderr] 
[INFO] [stderr] To learn more, run the command again with --verbose.
[INFO] running `Command { std: "docker" "inspect" "d6b06bb8611474f971fe1566e024e5c484cb484ff2887371746d1ce8626f19a4", kill_on_drop: false }`
[INFO] running `Command { std: "docker" "rm" "-f" "d6b06bb8611474f971fe1566e024e5c484cb484ff2887371746d1ce8626f19a4", kill_on_drop: false }`
[INFO] [stdout] d6b06bb8611474f971fe1566e024e5c484cb484ff2887371746d1ce8626f19a4
