[INFO] cloning repository https://github.com/alepez/popoplot
[INFO] running `Command { std: "git" "-c" "credential.helper=" "-c" "credential.helper=/workspace/cargo-home/bin/git-credential-null" "clone" "--bare" "https://github.com/alepez/popoplot" "/workspace/cache/git-repos/https%3A%2F%2Fgithub.com%2Falepez%2Fpopoplot", kill_on_drop: false }`
[INFO] [stderr] Cloning into bare repository '/workspace/cache/git-repos/https%3A%2F%2Fgithub.com%2Falepez%2Fpopoplot'...
[INFO] running `Command { std: "git" "rev-parse" "HEAD", kill_on_drop: false }`
[INFO] [stdout] 8fb4405f109b80bae72152a45d0c1f759f2dcc88
[INFO] testing alepez/popoplot against 1.54.0 for beta-1.55-1
[INFO] running `Command { std: "git" "clone" "/workspace/cache/git-repos/https%3A%2F%2Fgithub.com%2Falepez%2Fpopoplot" "/workspace/builds/worker-40/source", kill_on_drop: false }`
[INFO] [stderr] Cloning into '/workspace/builds/worker-40/source'...
[INFO] [stderr] done.
[INFO] validating manifest of git repo https://github.com/alepez/popoplot on toolchain 1.54.0
[INFO] running `Command { std: "/workspace/cargo-home/bin/cargo" "+1.54.0" "metadata" "--manifest-path" "Cargo.toml" "--no-deps", kill_on_drop: false }`
[INFO] started tweaking git repo https://github.com/alepez/popoplot
[INFO] finished tweaking git repo https://github.com/alepez/popoplot
[INFO] tweaked toml for git repo https://github.com/alepez/popoplot written to /workspace/builds/worker-40/source/Cargo.toml
[INFO] crate git repo https://github.com/alepez/popoplot already has a lockfile, it will not be regenerated
[INFO] running `Command { std: "/workspace/cargo-home/bin/cargo" "+1.54.0" "fetch" "--manifest-path" "Cargo.toml", kill_on_drop: false }`
[INFO] [stderr]     Blocking waiting for file lock on package cache
[INFO] [stderr]     Blocking waiting for file lock on package cache
[INFO] [stderr]  Downloading crates ...
[INFO] [stderr]   Downloaded insta v1.7.1
[INFO] running `Command { std: "docker" "create" "-v" "/var/lib/crater-agent-workspace/builds/worker-40/target:/opt/rustwide/target:rw,Z" "-v" "/var/lib/crater-agent-workspace/builds/worker-40/source:/opt/rustwide/workdir:ro,Z" "-v" "/var/lib/crater-agent-workspace/cargo-home:/opt/rustwide/cargo-home:ro,Z" "-v" "/var/lib/crater-agent-workspace/rustup-home:/opt/rustwide/rustup-home:ro,Z" "-e" "SOURCE_DIR=/opt/rustwide/workdir" "-e" "CARGO_TARGET_DIR=/opt/rustwide/target" "-e" "CARGO_HOME=/opt/rustwide/cargo-home" "-e" "RUSTUP_HOME=/opt/rustwide/rustup-home" "-w" "/opt/rustwide/workdir" "-m" "1610612736" "--user" "0:0" "--network" "none" "ghcr.io/rust-lang/crates-build-env/linux@sha256:34b6a614d2c27851fe6cbf88fbd1137609cefab8b10d0615aaeb6fd47975d74e" "/opt/rustwide/cargo-home/bin/cargo" "+1.54.0" "metadata" "--no-deps" "--format-version=1", kill_on_drop: false }`
[INFO] [stdout] 5f136707439dacd2f909b8aed588fc838241755f1c32b01dcb44c558713e8b17
[INFO] running `Command { std: "docker" "start" "-a" "5f136707439dacd2f909b8aed588fc838241755f1c32b01dcb44c558713e8b17", kill_on_drop: false }`
[INFO] running `Command { std: "docker" "inspect" "5f136707439dacd2f909b8aed588fc838241755f1c32b01dcb44c558713e8b17", kill_on_drop: false }`
[INFO] running `Command { std: "docker" "rm" "-f" "5f136707439dacd2f909b8aed588fc838241755f1c32b01dcb44c558713e8b17", kill_on_drop: false }`
[INFO] [stdout] 5f136707439dacd2f909b8aed588fc838241755f1c32b01dcb44c558713e8b17
[INFO] running `Command { std: "docker" "create" "-v" "/var/lib/crater-agent-workspace/builds/worker-40/target:/opt/rustwide/target:rw,Z" "-v" "/var/lib/crater-agent-workspace/builds/worker-40/source:/opt/rustwide/workdir:ro,Z" "-v" "/var/lib/crater-agent-workspace/cargo-home:/opt/rustwide/cargo-home:ro,Z" "-v" "/var/lib/crater-agent-workspace/rustup-home:/opt/rustwide/rustup-home:ro,Z" "-e" "SOURCE_DIR=/opt/rustwide/workdir" "-e" "CARGO_TARGET_DIR=/opt/rustwide/target" "-e" "CARGO_INCREMENTAL=0" "-e" "RUST_BACKTRACE=full" "-e" "RUSTFLAGS=--cap-lints=warn" "-e" "CARGO_HOME=/opt/rustwide/cargo-home" "-e" "RUSTUP_HOME=/opt/rustwide/rustup-home" "-w" "/opt/rustwide/workdir" "-m" "1610612736" "--user" "0:0" "--network" "none" "ghcr.io/rust-lang/crates-build-env/linux@sha256:34b6a614d2c27851fe6cbf88fbd1137609cefab8b10d0615aaeb6fd47975d74e" "/opt/rustwide/cargo-home/bin/cargo" "+1.54.0" "build" "--frozen" "--message-format=json", kill_on_drop: false }`
[INFO] [stdout] c4d2741cec914a80c9f081d71395f6a29851c5ccb93c6925b68f69e370e4bbf3
[INFO] running `Command { std: "docker" "start" "-a" "c4d2741cec914a80c9f081d71395f6a29851c5ccb93c6925b68f69e370e4bbf3", kill_on_drop: false }`
[INFO] [stderr]    Compiling libc v0.2.93
[INFO] [stderr]    Compiling cc v1.0.67
[INFO] [stderr]    Compiling unicode-xid v0.2.1
[INFO] [stderr]    Compiling adler32 v1.2.0
[INFO] [stderr]    Compiling syn v1.0.70
[INFO] [stderr]    Compiling log v0.4.14
[INFO] [stderr]    Compiling semver-parser v0.7.0
[INFO] [stderr]    Compiling crc32fast v1.2.1
[INFO] [stderr]    Compiling memchr v2.3.4
[INFO] [stderr]    Compiling jpeg-decoder v0.1.22
[INFO] [stderr]    Compiling color_quant v1.1.0
[INFO] [stderr]    Compiling plotters-backend v0.3.0
[INFO] [stderr]    Compiling lzw v0.10.0
[INFO] [stderr]    Compiling bytes v1.0.1
[INFO] [stderr]    Compiling once_cell v1.7.2
[INFO] [stderr]    Compiling pin-project-lite v0.2.6
[INFO] [stderr]    Compiling float-ord v0.2.0
[INFO] [stderr]    Compiling bytemuck v1.5.1
[INFO] [stderr]    Compiling futures-core v0.3.14
[INFO] [stderr]    Compiling futures-sink v0.3.14
[INFO] [stderr]    Compiling num-integer v0.1.44
[INFO] [stderr]    Compiling num-iter v0.1.42
[INFO] [stderr]    Compiling num-rational v0.2.4
[INFO] [stderr]    Compiling tokio v1.5.0
[INFO] [stderr]    Compiling num-rational v0.3.2
[INFO] [stderr]    Compiling instant v0.1.9
[INFO] [stderr]    Compiling servo-fontconfig-sys v4.0.9
[INFO] [stderr]    Compiling lock_api v0.4.3
[INFO] [stderr]    Compiling stb_truetype v0.3.1
[INFO] [stderr]    Compiling approx v0.3.2
[INFO] [stderr]    Compiling ordered-float v1.1.1
[INFO] [stderr]    Compiling proc-macro2 v1.0.26
[INFO] [stderr]    Compiling cmake v0.1.45
[INFO] [stderr]    Compiling semver v0.9.0
[INFO] [stderr]    Compiling gif v0.10.3
[INFO] [stderr]    Compiling plotters-svg v0.3.0
[INFO] [stderr]    Compiling inflate v0.4.5
[INFO] [stderr]    Compiling deflate v0.7.20
[INFO] [stderr]    Compiling miniz_oxide v0.3.7
[INFO] [stderr]    Compiling deflate v0.8.6
[INFO] [stderr]    Compiling rusttype v0.8.3
[INFO] [stderr]    Compiling quote v1.0.9
[INFO] [stderr]    Compiling rustc_version v0.2.3
[INFO] [stderr]    Compiling servo-freetype-sys v4.0.5
[INFO] [stderr]    Compiling expat-sys v2.1.6
[INFO] [stderr]    Compiling proc-macro-error-attr v1.0.4
[INFO] [stderr]    Compiling pathfinder_simd v0.5.0
[INFO] [stderr]    Compiling png v0.15.3
[INFO] [stderr]    Compiling png v0.16.8
[INFO] [stderr]    Compiling parking_lot_core v0.8.3
[INFO] [stderr]    Compiling signal-hook-registry v1.3.0
[INFO] [stderr]    Compiling mio v0.7.11
[INFO] [stderr]    Compiling dirs-sys v0.3.6
[INFO] [stderr]    Compiling num_cpus v1.13.0
[INFO] [stderr]    Compiling time v0.1.43
[INFO] [stderr]    Compiling atty v0.2.14
[INFO] [stderr]    Compiling clap v2.33.3
[INFO] [stderr]    Compiling freetype v0.4.1
[INFO] [stderr]    Compiling dirs v2.0.2
[INFO] [stderr]    Compiling parking_lot v0.11.1
[INFO] [stderr]    Compiling servo-fontconfig v0.4.0
[INFO] [stderr]    Compiling image v0.22.5
[INFO] [stderr]    Compiling chrono v0.4.19
[INFO] [stderr]    Compiling image v0.23.14
[INFO] [stderr]    Compiling pathfinder_geometry v0.5.1
[INFO] [stderr]    Compiling font-kit v0.7.1
[INFO] [stderr]    Compiling plotters-bitmap v0.3.0
[INFO] [stderr]    Compiling plotters v0.3.0
[INFO] [stderr]    Compiling proc-macro-error v1.0.4
[INFO] [stderr]    Compiling tokio-macros v1.1.0
[INFO] [stderr]    Compiling structopt-derive v0.4.14
[INFO] [stderr]    Compiling structopt v0.3.21
[INFO] [stderr]    Compiling tokio-stream v0.1.5
[INFO] [stderr]    Compiling tokio-util v0.6.6
[INFO] [stderr]    Compiling popoplot v0.7.0 (/opt/rustwide/workdir)
[INFO] [stdout] warning: unused `Result` that must be used
[INFO] [stdout]    --> src/terminal_plotter.rs:121:9
[INFO] [stdout]     |
[INFO] [stdout] 121 |         self.output.write(b"\x1B[2J\x1B[1;1H");
[INFO] [stdout]     |         ^^^^^^^^^^^^^^^^^^^^^^^^^^^^^^^^^^^^^^^
[INFO] [stdout]     |
[INFO] [stdout]     = note: `#[warn(unused_must_use)]` on by default
[INFO] [stdout]     = note: this `Result` may be an `Err` variant, which should be handled
[INFO] [stdout] 
[INFO] [stdout] 
[INFO] [stdout] warning: 1 warning emitted
[INFO] [stdout] 
[INFO] [stdout] 
[INFO] [stderr]     Finished dev [unoptimized + debuginfo] target(s) in 46.48s
[INFO] running `Command { std: "docker" "inspect" "c4d2741cec914a80c9f081d71395f6a29851c5ccb93c6925b68f69e370e4bbf3", kill_on_drop: false }`
[INFO] running `Command { std: "docker" "rm" "-f" "c4d2741cec914a80c9f081d71395f6a29851c5ccb93c6925b68f69e370e4bbf3", kill_on_drop: false }`
[INFO] [stdout] c4d2741cec914a80c9f081d71395f6a29851c5ccb93c6925b68f69e370e4bbf3
[INFO] running `Command { std: "docker" "create" "-v" "/var/lib/crater-agent-workspace/builds/worker-40/target:/opt/rustwide/target:rw,Z" "-v" "/var/lib/crater-agent-workspace/builds/worker-40/source:/opt/rustwide/workdir:ro,Z" "-v" "/var/lib/crater-agent-workspace/cargo-home:/opt/rustwide/cargo-home:ro,Z" "-v" "/var/lib/crater-agent-workspace/rustup-home:/opt/rustwide/rustup-home:ro,Z" "-e" "SOURCE_DIR=/opt/rustwide/workdir" "-e" "CARGO_TARGET_DIR=/opt/rustwide/target" "-e" "CARGO_INCREMENTAL=0" "-e" "RUST_BACKTRACE=full" "-e" "RUSTFLAGS=--cap-lints=warn" "-e" "CARGO_HOME=/opt/rustwide/cargo-home" "-e" "RUSTUP_HOME=/opt/rustwide/rustup-home" "-w" "/opt/rustwide/workdir" "-m" "1610612736" "--user" "0:0" "--network" "none" "ghcr.io/rust-lang/crates-build-env/linux@sha256:34b6a614d2c27851fe6cbf88fbd1137609cefab8b10d0615aaeb6fd47975d74e" "/opt/rustwide/cargo-home/bin/cargo" "+1.54.0" "test" "--frozen" "--no-run" "--message-format=json", kill_on_drop: false }`
[INFO] [stdout] 0f33f5c991a38351b56b9e89126b99b15c13b0d53306fda35bcd60bfb796012e
[INFO] running `Command { std: "docker" "start" "-a" "0f33f5c991a38351b56b9e89126b99b15c13b0d53306fda35bcd60bfb796012e", kill_on_drop: false }`
[INFO] [stderr]    Compiling serde_derive v1.0.126
[INFO] [stderr]    Compiling serde v1.0.126
[INFO] [stderr]    Compiling linked-hash-map v0.5.4
[INFO] [stderr]    Compiling dtoa v0.4.8
[INFO] [stderr]    Compiling similar v1.3.0
[INFO] [stderr]    Compiling uuid v0.8.2
[INFO] [stderr]    Compiling terminal_size v0.1.17
[INFO] [stderr]    Compiling console v0.14.1
[INFO] [stderr]    Compiling yaml-rust v0.4.5
[INFO] [stderr]    Compiling serde_json v1.0.64
[INFO] [stderr]    Compiling serde_yaml v0.8.17
[INFO] [stderr]    Compiling insta v1.7.1
[INFO] [stderr]    Compiling popoplot v0.7.0 (/opt/rustwide/workdir)
[INFO] [stdout] warning: unused `Result` that must be used
[INFO] [stdout]    --> src/terminal_plotter.rs:121:9
[INFO] [stdout]     |
[INFO] [stdout] 121 |         self.output.write(b"\x1B[2J\x1B[1;1H");
[INFO] [stdout]     |         ^^^^^^^^^^^^^^^^^^^^^^^^^^^^^^^^^^^^^^^
[INFO] [stdout]     |
[INFO] [stdout]     = note: `#[warn(unused_must_use)]` on by default
[INFO] [stdout]     = note: this `Result` may be an `Err` variant, which should be handled
[INFO] [stdout] 
[INFO] [stdout] 
[INFO] [stdout] warning: 1 warning emitted
[INFO] [stdout] 
[INFO] [stdout] 
[INFO] [stderr]     Finished test [unoptimized + debuginfo] target(s) in 27.45s
[INFO] running `Command { std: "docker" "inspect" "0f33f5c991a38351b56b9e89126b99b15c13b0d53306fda35bcd60bfb796012e", kill_on_drop: false }`
[INFO] running `Command { std: "docker" "rm" "-f" "0f33f5c991a38351b56b9e89126b99b15c13b0d53306fda35bcd60bfb796012e", kill_on_drop: false }`
[INFO] [stdout] 0f33f5c991a38351b56b9e89126b99b15c13b0d53306fda35bcd60bfb796012e
[INFO] running `Command { std: "docker" "create" "-v" "/var/lib/crater-agent-workspace/builds/worker-40/target:/opt/rustwide/target:rw,Z" "-v" "/var/lib/crater-agent-workspace/builds/worker-40/source:/opt/rustwide/workdir:ro,Z" "-v" "/var/lib/crater-agent-workspace/cargo-home:/opt/rustwide/cargo-home:ro,Z" "-v" "/var/lib/crater-agent-workspace/rustup-home:/opt/rustwide/rustup-home:ro,Z" "-e" "SOURCE_DIR=/opt/rustwide/workdir" "-e" "CARGO_TARGET_DIR=/opt/rustwide/target" "-e" "CARGO_INCREMENTAL=0" "-e" "RUST_BACKTRACE=full" "-e" "RUSTFLAGS=--cap-lints=warn" "-e" "CARGO_HOME=/opt/rustwide/cargo-home" "-e" "RUSTUP_HOME=/opt/rustwide/rustup-home" "-w" "/opt/rustwide/workdir" "-m" "1610612736" "--user" "0:0" "--network" "none" "ghcr.io/rust-lang/crates-build-env/linux@sha256:34b6a614d2c27851fe6cbf88fbd1137609cefab8b10d0615aaeb6fd47975d74e" "/opt/rustwide/cargo-home/bin/cargo" "+1.54.0" "test" "--frozen", kill_on_drop: false }`
[INFO] [stdout] 5c54159033aea76e2f84d2fc4f7892a82db0c92beeb4f4e10898a24ed7742a17
[INFO] running `Command { std: "docker" "start" "-a" "5c54159033aea76e2f84d2fc4f7892a82db0c92beeb4f4e10898a24ed7742a17", kill_on_drop: false }`
[INFO] [stderr]     Blocking waiting for file lock on package cache
[INFO] [stderr] warning: unused `Result` that must be used
[INFO] [stderr]    --> src/terminal_plotter.rs:121:9
[INFO] [stderr]     |
[INFO] [stderr] 121 |         self.output.write(b"\x1B[2J\x1B[1;1H");
[INFO] [stderr]     |         ^^^^^^^^^^^^^^^^^^^^^^^^^^^^^^^^^^^^^^^
[INFO] [stderr]     |
[INFO] [stderr]     = note: `#[warn(unused_must_use)]` on by default
[INFO] [stderr]     = note: this `Result` may be an `Err` variant, which should be handled
[INFO] [stderr] 
[INFO] [stderr] warning: 1 warning emitted
[INFO] [stderr] 
[INFO] [stderr]     Finished test [unoptimized + debuginfo] target(s) in 1.16s
[INFO] [stdout] 
[INFO] [stderr]      Running unittests (/opt/rustwide/target/debug/deps/popoplot-d1748083c11db130)
[INFO] [stdout] running 3 tests
[INFO] [stdout] test text_plotter::tests::calculate_bar_width_test ... ok
[INFO] [stdout] test text_plotter::tests::text_plotter_test ... ok
[INFO] [stderr] error: test failed, to rerun pass '--bin popoplot'
[INFO] [stdout] test terminal_plotter::tests::worker_test ... FAILED
[INFO] [stdout] 
[INFO] [stdout] failures:
[INFO] [stdout] 
[INFO] [stdout] ---- terminal_plotter::tests::worker_test stdout ----
[INFO] [stdout] ━━━━━━━━━━━━━━━━━━━━━━━━━━━━━ Snapshot Differences ━━━━━━━━━━━━━━━━━━━━━━━━━━━━━
[INFO] [stdout] Snapshot file: src/snapshots/popoplot__terminal_plotter__tests__worker_test.snap
[INFO] [stdout] Snapshot: worker_test
[INFO] [stdout] Source: src/terminal_plotter.rs:403
[INFO] [stdout] -old snapshot
[INFO] [stdout] +new results
[INFO] [stdout] ────────────────────────────────────────────────────────────────────────────────
[INFO] [stdout] String::from(output)
[INFO] [stdout] ────────────┬───────────────────────────────────────────────────────────────────
[INFO] [stdout]     2     2 │  9.0-|                                                                                         ...  
[INFO] [stdout]     3     3 │      |                                                                                       ...    
[INFO] [stdout]     4     4 │      |                                                                                     ...      
[INFO] [stdout]     5     5 │  8.0-|                                                                                   ...        
[INFO] [stdout]     6       │-     |                                                                                  ..          
[INFO] [stdout]     7       │- 7.0-|                                                                                ..            
[INFO] [stdout]     8       │-     |                                                                              ..              
[INFO] [stdout]     9       │-     |                                                                            ...               
[INFO] [stdout]    10       │- 6.0-|                                                                          ...                 
[INFO] [stdout]    11       │-     |                                                                        ...                   
[INFO] [stdout]    12       │- 5.0-|                                                                      ...                     
[INFO] [stdout]    13       │-     |                                                                    ...                       
[INFO] [stdout]    14       │-     |                                                                  ...                         
[INFO] [stdout]    15       │- 4.0-|                                                                ...                           
[INFO] [stdout]    16       │-     |                                                              ...                             
[INFO] [stdout]           6 │+     |                                                                                 ...          
[INFO] [stdout]           7 │+ 7.0-|                                                                               ...            
[INFO] [stdout]           8 │+     |                                                                             ...              
[INFO] [stdout]           9 │+     |                                                                           ...                
[INFO] [stdout]          10 │+ 6.0-|                                                                          ..                  
[INFO] [stdout]          11 │+     |                                                                        ..                    
[INFO] [stdout]          12 │+ 5.0-|                                                                      ..                      
[INFO] [stdout]          13 │+     |                                                                    ..                        
[INFO] [stdout]          14 │+     |                                                                  ..                          
[INFO] [stdout]          15 │+ 4.0-|                                                                ..                            
[INFO] [stdout]          16 │+     |                                                              ..                              
[INFO] [stdout]    17    17 │  3.0-|                                                            ...                               
[INFO] [stdout]    18       │-     |                                                           ..                                 
[INFO] [stdout]    19       │-     |                                                         ..                                   
[INFO] [stdout]    20       │- 2.0-|                                                       ..                                     
[INFO] [stdout]    21       │-     |                                                     ...                                      
[INFO] [stdout]    22       │- 1.0-|                                                   ...                                        
[INFO] [stdout]    23       │-     |                                                 ...                                          
[INFO] [stdout]    24       │-     |                                               ...                                            
[INFO] [stdout]    25       │-     |                                              ..                                              
[INFO] [stdout]          18 │+     |                                                          ...                                 
[INFO] [stdout]          19 │+     |                                                        ...                                   
[INFO] [stdout]          20 │+ 2.0-|                                                      ...                                     
[INFO] [stdout]          21 │+     |                                                    ...                                       
[INFO] [stdout]          22 │+ 1.0-|                                                  ...                                         
[INFO] [stdout]          23 │+     |                                                ...                                           
[INFO] [stdout]          24 │+     |                                              ...                                             
[INFO] [stdout]          25 │+     |                                             ..                                               
[INFO] [stdout]    26    26 │       ---------+--------+--------+---------+--------+--------+---------+--------+--------+---------|
[INFO] [stdout]    27    27 │                                                                                                     
[INFO] [stdout]    28    28 │              -90.0    -80.0    -70.0     -60.0    -50.0    -40.0     -30.0    -20.0    -10.0      0.
[INFO] [stdout]    29    29 │ 0                                                                                                   
[INFO] [stdout] ────────────┴───────────────────────────────────────────────────────────────────
[INFO] [stdout] thread 'terminal_plotter::tests::worker_test' panicked at 'called `Result::unwrap()` on an `Err` value: Os { code: 30, kind: Other, message: "Read-only file system" }', src/terminal_plotter.rs:403:9
[INFO] [stdout] stack backtrace:
[INFO] [stdout]    0:     0x556c48fceac0 - std::backtrace_rs::backtrace::libunwind::trace::h34055254b57d8e79
[INFO] [stdout]                                at /rustc/a178d0322ce20e33eac124758e837cbd80a6f633/library/std/src/../../backtrace/src/backtrace/libunwind.rs:90:5
[INFO] [stdout]    1:     0x556c48fceac0 - std::backtrace_rs::backtrace::trace_unsynchronized::h8f1e3fbd9afff6ec
[INFO] [stdout]                                at /rustc/a178d0322ce20e33eac124758e837cbd80a6f633/library/std/src/../../backtrace/src/backtrace/mod.rs:66:5
[INFO] [stdout]    2:     0x556c48fceac0 - std::sys_common::backtrace::_print_fmt::h3a99a796b770c360
[INFO] [stdout]                                at /rustc/a178d0322ce20e33eac124758e837cbd80a6f633/library/std/src/sys_common/backtrace.rs:67:5
[INFO] [stdout]    3:     0x556c48fceac0 - <std::sys_common::backtrace::_print::DisplayBacktrace as core::fmt::Display>::fmt::h32d1f94a80615d18
[INFO] [stdout]                                at /rustc/a178d0322ce20e33eac124758e837cbd80a6f633/library/std/src/sys_common/backtrace.rs:46:22
[INFO] [stdout]    4:     0x556c48ff377c - core::fmt::write::h306731c068f7162c
[INFO] [stdout]                                at /rustc/a178d0322ce20e33eac124758e837cbd80a6f633/library/core/src/fmt/mod.rs:1110:17
[INFO] [stdout]    5:     0x556c48fcb035 - std::io::Write::write_fmt::h87f19b0a2cd190bc
[INFO] [stdout]                                at /rustc/a178d0322ce20e33eac124758e837cbd80a6f633/library/std/src/io/mod.rs:1588:15
[INFO] [stdout]    6:     0x556c48fd0cab - std::sys_common::backtrace::_print::h5abaa2601a852287
[INFO] [stdout]                                at /rustc/a178d0322ce20e33eac124758e837cbd80a6f633/library/std/src/sys_common/backtrace.rs:49:5
[INFO] [stdout]    7:     0x556c48fd0cab - std::sys_common::backtrace::print::h8d81445442bb638f
[INFO] [stdout]                                at /rustc/a178d0322ce20e33eac124758e837cbd80a6f633/library/std/src/sys_common/backtrace.rs:36:9
[INFO] [stdout]    8:     0x556c48fd0cab - std::panicking::default_hook::{{closure}}::hcfe804496a9fa747
[INFO] [stdout]                                at /rustc/a178d0322ce20e33eac124758e837cbd80a6f633/library/std/src/panicking.rs:208:50
[INFO] [stdout]    9:     0x556c48fd07bc - std::panicking::default_hook::hbea8e3ccf2ba8901
[INFO] [stdout]                                at /rustc/a178d0322ce20e33eac124758e837cbd80a6f633/library/std/src/panicking.rs:222:9
[INFO] [stdout]   10:     0x556c48fd1374 - std::panicking::rust_panic_with_hook::h7ee9e1a2d0f8975a
[INFO] [stdout]                                at /rustc/a178d0322ce20e33eac124758e837cbd80a6f633/library/std/src/panicking.rs:622:17
[INFO] [stdout]   11:     0x556c48fd0e57 - std::panicking::begin_panic_handler::{{closure}}::h8ab3b4491718b2c7
[INFO] [stdout]                                at /rustc/a178d0322ce20e33eac124758e837cbd80a6f633/library/std/src/panicking.rs:519:13
[INFO] [stdout]   12:     0x556c48fcefbc - std::sys_common::backtrace::__rust_end_short_backtrace::hd489062ffa586a9f
[INFO] [stdout]                                at /rustc/a178d0322ce20e33eac124758e837cbd80a6f633/library/std/src/sys_common/backtrace.rs:141:18
[INFO] [stdout]   13:     0x556c48fd0db9 - rust_begin_unwind
[INFO] [stdout]                                at /rustc/a178d0322ce20e33eac124758e837cbd80a6f633/library/std/src/panicking.rs:515:5
[INFO] [stdout]   14:     0x556c48d48751 - core::panicking::panic_fmt::hca6330e3e14086b4
[INFO] [stdout]                                at /rustc/a178d0322ce20e33eac124758e837cbd80a6f633/library/core/src/panicking.rs:92:14
[INFO] [stdout]   15:     0x556c48d48843 - core::result::unwrap_failed::h6160d2b4bfbb0e87
[INFO] [stdout]                                at /rustc/a178d0322ce20e33eac124758e837cbd80a6f633/library/core/src/result.rs:1355:5
[INFO] [stdout]   16:     0x556c48d5e399 - core::result::Result<T,E>::unwrap::h1509057ce3ada41a
[INFO] [stdout]                                at /rustc/a178d0322ce20e33eac124758e837cbd80a6f633/library/core/src/result.rs:1037:23
[INFO] [stdout]   17:     0x556c48d990c9 - popoplot::terminal_plotter::tests::worker_test::h3b73369b39f69bc2
[INFO] [stdout]                                at /opt/rustwide/workdir/src/terminal_plotter.rs:403:9
[INFO] [stdout]   18:     0x556c48d98afa - popoplot::terminal_plotter::tests::worker_test::{{closure}}::hf0d4982f19acea2a
[INFO] [stdout]                                at /opt/rustwide/workdir/src/terminal_plotter.rs:371:5
[INFO] [stdout]   19:     0x556c48d5bd5e - core::ops::function::FnOnce::call_once::h49f37098c4e0d27c
[INFO] [stdout]                                at /rustc/a178d0322ce20e33eac124758e837cbd80a6f633/library/core/src/ops/function.rs:227:5
[INFO] [stdout]   20:     0x556c48f46b43 - core::ops::function::FnOnce::call_once::h152e7e439ff59e19
[INFO] [stdout]                                at /rustc/a178d0322ce20e33eac124758e837cbd80a6f633/library/core/src/ops/function.rs:227:5
[INFO] [stdout]   21:     0x556c48f46b43 - test::__rust_begin_short_backtrace::h0908f3b1fdbb72ab
[INFO] [stdout]                                at /rustc/a178d0322ce20e33eac124758e837cbd80a6f633/library/test/src/lib.rs:577:5
[INFO] [stdout]   22:     0x556c48f45600 - <alloc::boxed::Box<F,A> as core::ops::function::FnOnce<Args>>::call_once::hf6d2a51e5587546c
[INFO] [stdout]                                at /rustc/a178d0322ce20e33eac124758e837cbd80a6f633/library/alloc/src/boxed.rs:1575:9
[INFO] [stdout]   23:     0x556c48f45600 - <std::panic::AssertUnwindSafe<F> as core::ops::function::FnOnce<()>>::call_once::h8af660f3a89ef593
[INFO] [stdout]                                at /rustc/a178d0322ce20e33eac124758e837cbd80a6f633/library/std/src/panic.rs:347:9
[INFO] [stdout]   24:     0x556c48f45600 - std::panicking::try::do_call::hd36aef60f84b6d36
[INFO] [stdout]                                at /rustc/a178d0322ce20e33eac124758e837cbd80a6f633/library/std/src/panicking.rs:401:40
[INFO] [stdout]   25:     0x556c48f45600 - std::panicking::try::h9932b4480e69817c
[INFO] [stdout]                                at /rustc/a178d0322ce20e33eac124758e837cbd80a6f633/library/std/src/panicking.rs:365:19
[INFO] [stdout]   26:     0x556c48f45600 - std::panic::catch_unwind::h6aa177099cfff5f8
[INFO] [stdout]                                at /rustc/a178d0322ce20e33eac124758e837cbd80a6f633/library/std/src/panic.rs:434:14
[INFO] [stdout]   27:     0x556c48f45600 - test::run_test_in_process::h5884d6f2d99e20c3
[INFO] [stdout]                                at /rustc/a178d0322ce20e33eac124758e837cbd80a6f633/library/test/src/lib.rs:600:18
[INFO] [stdout]   28:     0x556c48f45600 - test::run_test::run_test_inner::{{closure}}::h6fdc58c6d5f5b6e3
[INFO] [stdout]                                at /rustc/a178d0322ce20e33eac124758e837cbd80a6f633/library/test/src/lib.rs:492:39
[INFO] [stdout]   29:     0x556c48f1ecb2 - test::run_test::run_test_inner::{{closure}}::h408365d67a78ade8
[INFO] [stdout]                                at /rustc/a178d0322ce20e33eac124758e837cbd80a6f633/library/test/src/lib.rs:519:37
[INFO] [stdout]   30:     0x556c48f1ecb2 - std::sys_common::backtrace::__rust_begin_short_backtrace::hb560b77c4f701523
[INFO] [stdout]                                at /rustc/a178d0322ce20e33eac124758e837cbd80a6f633/library/std/src/sys_common/backtrace.rs:125:18
[INFO] [stdout]   31:     0x556c48f22868 - std::thread::Builder::spawn_unchecked::{{closure}}::{{closure}}::hf2e7831dad93c597
[INFO] [stdout]                                at /rustc/a178d0322ce20e33eac124758e837cbd80a6f633/library/std/src/thread/mod.rs:481:17
[INFO] [stdout]   32:     0x556c48f22868 - <std::panic::AssertUnwindSafe<F> as core::ops::function::FnOnce<()>>::call_once::hd2e08783d8be4d02
[INFO] [stdout]                                at /rustc/a178d0322ce20e33eac124758e837cbd80a6f633/library/std/src/panic.rs:347:9
[INFO] [stdout]   33:     0x556c48f22868 - std::panicking::try::do_call::h062597b7acfd6b82
[INFO] [stdout]                                at /rustc/a178d0322ce20e33eac124758e837cbd80a6f633/library/std/src/panicking.rs:401:40
[INFO] [stdout]   34:     0x556c48f22868 - std::panicking::try::h0d7b79db04c14552
[INFO] [stdout]                                at /rustc/a178d0322ce20e33eac124758e837cbd80a6f633/library/std/src/panicking.rs:365:19
[INFO] [stdout]   35:     0x556c48f22868 - std::panic::catch_unwind::hb01a0b5e7c8cd43b
[INFO] [stdout]                                at /rustc/a178d0322ce20e33eac124758e837cbd80a6f633/library/std/src/panic.rs:434:14
[INFO] [stdout]   36:     0x556c48f22868 - std::thread::Builder::spawn_unchecked::{{closure}}::h5bde48cc887e0d1e
[INFO] [stdout]                                at /rustc/a178d0322ce20e33eac124758e837cbd80a6f633/library/std/src/thread/mod.rs:480:30
[INFO] [stdout]   37:     0x556c48f22868 - core::ops::function::FnOnce::call_once{{vtable.shim}}::h745ea30807a29e55
[INFO] [stdout]                                at /rustc/a178d0322ce20e33eac124758e837cbd80a6f633/library/core/src/ops/function.rs:227:5
[INFO] [stdout]   38:     0x556c48fd65c7 - <alloc::boxed::Box<F,A> as core::ops::function::FnOnce<Args>>::call_once::h7ece6cfefaff1005
[INFO] [stdout]                                at /rustc/a178d0322ce20e33eac124758e837cbd80a6f633/library/alloc/src/boxed.rs:1575:9
[INFO] [stdout]   39:     0x556c48fd65c7 - <alloc::boxed::Box<F,A> as core::ops::function::FnOnce<Args>>::call_once::hb8b48e55c21f193e
[INFO] [stdout]                                at /rustc/a178d0322ce20e33eac124758e837cbd80a6f633/library/alloc/src/boxed.rs:1575:9
[INFO] [stdout]   40:     0x556c48fd65c7 - std::sys::unix::thread::Thread::new::thread_start::h8c7c4450dba62914
[INFO] [stdout]                                at /rustc/a178d0322ce20e33eac124758e837cbd80a6f633/library/std/src/sys/unix/thread.rs:71:17
[INFO] [stdout]   41:     0x7fbd03986609 - start_thread
[INFO] [stdout]   42:     0x7fbd03756293 - clone
[INFO] [stdout]   43:                0x0 - <unknown>
[INFO] [stdout] 
[INFO] [stdout] 
[INFO] [stdout] failures:
[INFO] [stdout]     terminal_plotter::tests::worker_test
[INFO] [stdout] 
[INFO] [stdout] test result: FAILED. 2 passed; 1 failed; 0 ignored; 0 measured; 0 filtered out; finished in 1.96s
[INFO] [stdout] 
[INFO] running `Command { std: "docker" "inspect" "5c54159033aea76e2f84d2fc4f7892a82db0c92beeb4f4e10898a24ed7742a17", kill_on_drop: false }`
[INFO] running `Command { std: "docker" "rm" "-f" "5c54159033aea76e2f84d2fc4f7892a82db0c92beeb4f4e10898a24ed7742a17", kill_on_drop: false }`
[INFO] [stdout] 5c54159033aea76e2f84d2fc4f7892a82db0c92beeb4f4e10898a24ed7742a17
