[INFO] fetching crate xswag-syntax-java 0.3.0...
[INFO] testing xswag-syntax-java-0.3.0 against 1.54.0 for beta-1.55-1
[INFO] extracting crate xswag-syntax-java 0.3.0 into /workspace/builds/worker-3/source
[INFO] validating manifest of crates.io crate xswag-syntax-java 0.3.0 on toolchain 1.54.0
[INFO] running `Command { std: "/workspace/cargo-home/bin/cargo" "+1.54.0" "metadata" "--manifest-path" "Cargo.toml" "--no-deps", kill_on_drop: false }`
[INFO] started tweaking crates.io crate xswag-syntax-java 0.3.0
[INFO] finished tweaking crates.io crate xswag-syntax-java 0.3.0
[INFO] tweaked toml for crates.io crate xswag-syntax-java 0.3.0 written to /workspace/builds/worker-3/source/Cargo.toml
[INFO] running `Command { std: "/workspace/cargo-home/bin/cargo" "+1.54.0" "generate-lockfile" "--manifest-path" "Cargo.toml" "-Zno-index-update", kill_on_drop: false }`
[INFO] running `Command { std: "/workspace/cargo-home/bin/cargo" "+1.54.0" "fetch" "--manifest-path" "Cargo.toml", kill_on_drop: false }`
[INFO] [stderr]     Blocking waiting for file lock on package cache
[INFO] [stderr]  Downloading crates ...
[INFO] [stderr]   Downloaded petgraph v0.1.18
[INFO] [stderr]   Downloaded xswag-base v0.3.1
[INFO] [stderr]   Downloaded atty v0.1.2
[INFO] [stderr]   Downloaded lalrpop-intern v0.11.0
[INFO] [stderr]   Downloaded lalrpop-util v0.11.0
[INFO] [stderr]   Downloaded lalrpop-snap v0.11.0
[INFO] [stderr]   Downloaded lalrpop v0.11.0
[INFO] running `Command { std: "docker" "create" "-v" "/var/lib/crater-agent-workspace/builds/worker-3/target:/opt/rustwide/target:rw,Z" "-v" "/var/lib/crater-agent-workspace/builds/worker-3/source:/opt/rustwide/workdir:ro,Z" "-v" "/var/lib/crater-agent-workspace/cargo-home:/opt/rustwide/cargo-home:ro,Z" "-v" "/var/lib/crater-agent-workspace/rustup-home:/opt/rustwide/rustup-home:ro,Z" "-e" "SOURCE_DIR=/opt/rustwide/workdir" "-e" "CARGO_TARGET_DIR=/opt/rustwide/target" "-e" "CARGO_HOME=/opt/rustwide/cargo-home" "-e" "RUSTUP_HOME=/opt/rustwide/rustup-home" "-w" "/opt/rustwide/workdir" "-m" "1610612736" "--user" "0:0" "--network" "none" "ghcr.io/rust-lang/crates-build-env/linux@sha256:34b6a614d2c27851fe6cbf88fbd1137609cefab8b10d0615aaeb6fd47975d74e" "/opt/rustwide/cargo-home/bin/cargo" "+1.54.0" "metadata" "--no-deps" "--format-version=1", kill_on_drop: false }`
[INFO] [stderr] WARNING: Your kernel does not support swap limit capabilities or the cgroup is not mounted. Memory limited without swap.
[INFO] [stdout] 0302967491af6ffebc0229c103f5d2b68fe4a31ebf632c7ea6d070f1e4287a52
[INFO] running `Command { std: "docker" "start" "-a" "0302967491af6ffebc0229c103f5d2b68fe4a31ebf632c7ea6d070f1e4287a52", kill_on_drop: false }`
[INFO] running `Command { std: "docker" "inspect" "0302967491af6ffebc0229c103f5d2b68fe4a31ebf632c7ea6d070f1e4287a52", kill_on_drop: false }`
[INFO] running `Command { std: "docker" "rm" "-f" "0302967491af6ffebc0229c103f5d2b68fe4a31ebf632c7ea6d070f1e4287a52", kill_on_drop: false }`
[INFO] [stdout] 0302967491af6ffebc0229c103f5d2b68fe4a31ebf632c7ea6d070f1e4287a52
[INFO] running `Command { std: "docker" "create" "-v" "/var/lib/crater-agent-workspace/builds/worker-3/target:/opt/rustwide/target:rw,Z" "-v" "/var/lib/crater-agent-workspace/builds/worker-3/source:/opt/rustwide/workdir:ro,Z" "-v" "/var/lib/crater-agent-workspace/cargo-home:/opt/rustwide/cargo-home:ro,Z" "-v" "/var/lib/crater-agent-workspace/rustup-home:/opt/rustwide/rustup-home:ro,Z" "-e" "SOURCE_DIR=/opt/rustwide/workdir" "-e" "CARGO_TARGET_DIR=/opt/rustwide/target" "-e" "CARGO_INCREMENTAL=0" "-e" "RUST_BACKTRACE=full" "-e" "RUSTFLAGS=--cap-lints=warn" "-e" "CARGO_HOME=/opt/rustwide/cargo-home" "-e" "RUSTUP_HOME=/opt/rustwide/rustup-home" "-w" "/opt/rustwide/workdir" "-m" "1610612736" "--user" "0:0" "--network" "none" "ghcr.io/rust-lang/crates-build-env/linux@sha256:34b6a614d2c27851fe6cbf88fbd1137609cefab8b10d0615aaeb6fd47975d74e" "/opt/rustwide/cargo-home/bin/cargo" "+1.54.0" "build" "--frozen" "--message-format=json", kill_on_drop: false }`
[INFO] [stdout] 65adf8bf9466e727b174ea47f744f9d6e31a06dcdc8a00d4a39a1308a81d33fd
[INFO] [stderr] WARNING: Your kernel does not support swap limit capabilities or the cgroup is not mounted. Memory limited without swap.
[INFO] running `Command { std: "docker" "start" "-a" "65adf8bf9466e727b174ea47f744f9d6e31a06dcdc8a00d4a39a1308a81d33fd", kill_on_drop: false }`
[INFO] [stderr]    Compiling winapi-build v0.1.1
[INFO] [stderr]    Compiling winapi v0.2.8
[INFO] [stderr]    Compiling regex-syntax v0.3.9
[INFO] [stderr]    Compiling utf8-ranges v0.1.3
[INFO] [stderr]    Compiling lalrpop-intern v0.11.0
[INFO] [stderr]    Compiling itertools v0.3.25
[INFO] [stderr]    Compiling unicode-xid v0.0.2
[INFO] [stderr]    Compiling lalrpop-util v0.11.0
[INFO] [stderr]    Compiling term v0.4.6
[INFO] [stderr]    Compiling bit-vec v0.6.3
[INFO] [stderr]    Compiling regex-syntax v0.2.6
[INFO] [stderr]    Compiling petgraph v0.1.18
[INFO] [stderr]    Compiling memchr v0.1.11
[INFO] [stderr]    Compiling aho-corasick v0.5.3
[INFO] [stderr]    Compiling kernel32-sys v0.2.2
[INFO] [stderr]    Compiling bit-set v0.3.0
[INFO] [stdout] error[E0034]: multiple applicable items in scope
[INFO] [stdout]    --> /opt/rustwide/cargo-home/registry/src/github.com-1ecc6299db9ec823/petgraph-0.1.18/src/graph.rs:404:21
[INFO] [stdout]     |
[INFO] [stdout] 404 |         assert!(Ix::max().index() == !0 || NodeIndex::end() != node_idx);
[INFO] [stdout]     |                     ^^^ multiple `max` found
[INFO] [stdout]     |
[INFO] [stdout] note: candidate #1 is defined in the trait `IndexType`
[INFO] [stdout]    --> /opt/rustwide/cargo-home/registry/src/github.com-1ecc6299db9ec823/petgraph-0.1.18/src/graph.rs:28:5
[INFO] [stdout]     |
[INFO] [stdout] 28  |     fn max() -> Self;
[INFO] [stdout]     |     ^^^^^^^^^^^^^^^^^
[INFO] [stdout] note: candidate #2 is defined in the trait `Ord`
[INFO] [stdout] help: disambiguate the associated function for candidate #1
[INFO] [stdout]     |
[INFO] [stdout] 404 |         assert!(IndexType::max().index() == !0 || NodeIndex::end() != node_idx);
[INFO] [stdout]     |                 ^^^^^^^^^^^^^^
[INFO] [stdout] help: disambiguate the associated function for candidate #2
[INFO] [stdout]     |
[INFO] [stdout] 404 |         assert!(Ord::max().index() == !0 || NodeIndex::end() != node_idx);
[INFO] [stdout]     |                 ^^^^^^^^
[INFO] [stdout] 
[INFO] [stdout] 
[INFO] [stdout] error[E0308]: mismatched types
[INFO] [stdout]    --> /opt/rustwide/cargo-home/registry/src/github.com-1ecc6299db9ec823/petgraph-0.1.18/src/graph.rs:404:38
[INFO] [stdout]     |
[INFO] [stdout] 352 | impl<N, E, Ty=Directed, Ix=DefIndex> Graph<N, E, Ty, Ix>
[INFO] [stdout]     |                         -- this type parameter
[INFO] [stdout] ...
[INFO] [stdout] 404 |         assert!(Ix::max().index() == !0 || NodeIndex::end() != node_idx);
[INFO] [stdout]     |                                      ^^ expected type parameter `Ix`, found integer
[INFO] [stdout]     |
[INFO] [stdout]     = note: expected type parameter `Ix`
[INFO] [stdout]                          found type `{integer}`
[INFO] [stdout] 
[INFO] [stdout] 
[INFO] [stdout] error[E0034]: multiple applicable items in scope
[INFO] [stdout]    --> /opt/rustwide/cargo-home/registry/src/github.com-1ecc6299db9ec823/petgraph-0.1.18/src/graph.rs:438:21
[INFO] [stdout]     |
[INFO] [stdout] 438 |         assert!(Ix::max().index() == !0 || EdgeIndex::end() != edge_idx);
[INFO] [stdout]     |                     ^^^ multiple `max` found
[INFO] [stdout]     |
[INFO] [stdout] note: candidate #1 is defined in the trait `IndexType`
[INFO] [stdout]    --> /opt/rustwide/cargo-home/registry/src/github.com-1ecc6299db9ec823/petgraph-0.1.18/src/graph.rs:28:5
[INFO] [stdout]     |
[INFO] [stdout] 28  |     fn max() -> Self;
[INFO] [stdout]     |     ^^^^^^^^^^^^^^^^^
[INFO] [stdout] note: candidate #2 is defined in the trait `Ord`
[INFO] [stdout] help: disambiguate the associated function for candidate #1
[INFO] [stdout]     |
[INFO] [stdout] 438 |         assert!(IndexType::max().index() == !0 || EdgeIndex::end() != edge_idx);
[INFO] [stdout]     |                 ^^^^^^^^^^^^^^
[INFO] [stdout] help: disambiguate the associated function for candidate #2
[INFO] [stdout]     |
[INFO] [stdout] 438 |         assert!(Ord::max().index() == !0 || EdgeIndex::end() != edge_idx);
[INFO] [stdout]     |                 ^^^^^^^^
[INFO] [stdout] 
[INFO] [stdout] 
[INFO] [stdout] error[E0308]: mismatched types
[INFO] [stdout]    --> /opt/rustwide/cargo-home/registry/src/github.com-1ecc6299db9ec823/petgraph-0.1.18/src/graph.rs:438:38
[INFO] [stdout]     |
[INFO] [stdout] 352 | impl<N, E, Ty=Directed, Ix=DefIndex> Graph<N, E, Ty, Ix>
[INFO] [stdout]     |                         -- this type parameter
[INFO] [stdout] ...
[INFO] [stdout] 438 |         assert!(Ix::max().index() == !0 || EdgeIndex::end() != edge_idx);
[INFO] [stdout]     |                                      ^^ expected type parameter `Ix`, found integer
[INFO] [stdout]     |
[INFO] [stdout]     = note: expected type parameter `Ix`
[INFO] [stdout]                          found type `{integer}`
[INFO] [stdout] 
[INFO] [stdout] 
[INFO] [stderr]    Compiling term-painter v0.2.4
[INFO] [stdout] error: aborting due to 4 previous errors
[INFO] [stdout] 
[INFO] [stdout] 
[INFO] [stderr] error: could not compile `petgraph`
[INFO] [stdout] Some errors have detailed explanations: E0034, E0308.
[INFO] [stdout] 
[INFO] [stderr] 
[INFO] [stdout] For more information about an error, try `rustc --explain E0034`.
[INFO] [stdout] 
[INFO] [stderr] To learn more, run the command again with --verbose.
[INFO] [stderr] warning: build failed, waiting for other jobs to finish...
[INFO] [stderr] error: build failed
[INFO] running `Command { std: "docker" "inspect" "65adf8bf9466e727b174ea47f744f9d6e31a06dcdc8a00d4a39a1308a81d33fd", kill_on_drop: false }`
[INFO] running `Command { std: "docker" "rm" "-f" "65adf8bf9466e727b174ea47f744f9d6e31a06dcdc8a00d4a39a1308a81d33fd", kill_on_drop: false }`
[INFO] [stdout] 65adf8bf9466e727b174ea47f744f9d6e31a06dcdc8a00d4a39a1308a81d33fd
