[INFO] fetching crate smith_waterman 0.1.1...
[INFO] testing smith_waterman-0.1.1 against 1.54.0 for beta-1.55-1
[INFO] extracting crate smith_waterman 0.1.1 into /workspace/builds/worker-12/source
[INFO] validating manifest of crates.io crate smith_waterman 0.1.1 on toolchain 1.54.0
[INFO] running `Command { std: "/workspace/cargo-home/bin/cargo" "+1.54.0" "metadata" "--manifest-path" "Cargo.toml" "--no-deps", kill_on_drop: false }`
[INFO] started tweaking crates.io crate smith_waterman 0.1.1
[INFO] finished tweaking crates.io crate smith_waterman 0.1.1
[INFO] tweaked toml for crates.io crate smith_waterman 0.1.1 written to /workspace/builds/worker-12/source/Cargo.toml
[INFO] running `Command { std: "/workspace/cargo-home/bin/cargo" "+1.54.0" "generate-lockfile" "--manifest-path" "Cargo.toml" "-Zno-index-update", kill_on_drop: false }`
[INFO] [stderr]     Blocking waiting for file lock on package cache
[INFO] running `Command { std: "/workspace/cargo-home/bin/cargo" "+1.54.0" "fetch" "--manifest-path" "Cargo.toml", kill_on_drop: false }`
[INFO] [stderr] warning: only one of `license` or `license-file` is necessary
[INFO] [stderr]     Blocking waiting for file lock on package cache
[INFO] running `Command { std: "docker" "create" "-v" "/var/lib/crater-agent-workspace/builds/worker-12/target:/opt/rustwide/target:rw,Z" "-v" "/var/lib/crater-agent-workspace/builds/worker-12/source:/opt/rustwide/workdir:ro,Z" "-v" "/var/lib/crater-agent-workspace/cargo-home:/opt/rustwide/cargo-home:ro,Z" "-v" "/var/lib/crater-agent-workspace/rustup-home:/opt/rustwide/rustup-home:ro,Z" "-e" "SOURCE_DIR=/opt/rustwide/workdir" "-e" "CARGO_TARGET_DIR=/opt/rustwide/target" "-e" "CARGO_HOME=/opt/rustwide/cargo-home" "-e" "RUSTUP_HOME=/opt/rustwide/rustup-home" "-w" "/opt/rustwide/workdir" "-m" "1610612736" "--user" "0:0" "--network" "none" "ghcr.io/rust-lang/crates-build-env/linux@sha256:34b6a614d2c27851fe6cbf88fbd1137609cefab8b10d0615aaeb6fd47975d74e" "/opt/rustwide/cargo-home/bin/cargo" "+1.54.0" "metadata" "--no-deps" "--format-version=1", kill_on_drop: false }`
[INFO] [stdout] 239d3e9e901bec8cdc415374c80a57b34a165cd31baa8f4e90896f55ed47121c
[INFO] running `Command { std: "docker" "start" "-a" "239d3e9e901bec8cdc415374c80a57b34a165cd31baa8f4e90896f55ed47121c", kill_on_drop: false }`
[INFO] running `Command { std: "docker" "inspect" "239d3e9e901bec8cdc415374c80a57b34a165cd31baa8f4e90896f55ed47121c", kill_on_drop: false }`
[INFO] running `Command { std: "docker" "rm" "-f" "239d3e9e901bec8cdc415374c80a57b34a165cd31baa8f4e90896f55ed47121c", kill_on_drop: false }`
[INFO] [stdout] 239d3e9e901bec8cdc415374c80a57b34a165cd31baa8f4e90896f55ed47121c
[INFO] running `Command { std: "docker" "create" "-v" "/var/lib/crater-agent-workspace/builds/worker-12/target:/opt/rustwide/target:rw,Z" "-v" "/var/lib/crater-agent-workspace/builds/worker-12/source:/opt/rustwide/workdir:ro,Z" "-v" "/var/lib/crater-agent-workspace/cargo-home:/opt/rustwide/cargo-home:ro,Z" "-v" "/var/lib/crater-agent-workspace/rustup-home:/opt/rustwide/rustup-home:ro,Z" "-e" "SOURCE_DIR=/opt/rustwide/workdir" "-e" "CARGO_TARGET_DIR=/opt/rustwide/target" "-e" "CARGO_INCREMENTAL=0" "-e" "RUST_BACKTRACE=full" "-e" "RUSTFLAGS=--cap-lints=warn" "-e" "CARGO_HOME=/opt/rustwide/cargo-home" "-e" "RUSTUP_HOME=/opt/rustwide/rustup-home" "-w" "/opt/rustwide/workdir" "-m" "1610612736" "--user" "0:0" "--network" "none" "ghcr.io/rust-lang/crates-build-env/linux@sha256:34b6a614d2c27851fe6cbf88fbd1137609cefab8b10d0615aaeb6fd47975d74e" "/opt/rustwide/cargo-home/bin/cargo" "+1.54.0" "build" "--frozen" "--message-format=json", kill_on_drop: false }`
[INFO] [stdout] 5edd26379d5d0c2cfb67c23ccce02ccdf60b1be0b536bc7abfe2264568734834
[INFO] running `Command { std: "docker" "start" "-a" "5edd26379d5d0c2cfb67c23ccce02ccdf60b1be0b536bc7abfe2264568734834", kill_on_drop: false }`
[INFO] [stderr] warning: only one of `license` or `license-file` is necessary
[INFO] [stderr]    Compiling cfg-if v1.0.0
[INFO] [stderr]    Compiling ppv-lite86 v0.2.10
[INFO] [stderr]    Compiling rustc-serialize v0.3.24
[INFO] [stderr]    Compiling num-traits v0.2.14
[INFO] [stderr]    Compiling num-integer v0.1.44
[INFO] [stderr]    Compiling num-bigint v0.4.0
[INFO] [stderr]    Compiling num-rational v0.4.0
[INFO] [stderr]    Compiling libc v0.2.98
[INFO] [stderr]    Compiling getrandom v0.2.3
[INFO] [stderr]    Compiling rand_core v0.6.3
[INFO] [stderr]    Compiling rand_chacha v0.3.1
[INFO] [stderr]    Compiling rand v0.8.4
[INFO] [stderr]    Compiling num-complex v0.4.0
[INFO] [stderr]    Compiling num-iter v0.1.42
[INFO] [stderr]    Compiling num v0.4.0
[INFO] [stderr]    Compiling nalgebra v0.2.23
[INFO] [stdout] error[E0432]: unresolved import `rand::Rand`
[INFO] [stdout]  --> /opt/rustwide/cargo-home/registry/src/github.com-1ecc6299db9ec823/nalgebra-0.2.23/src/structs/dmat.rs:9:18
[INFO] [stdout]   |
[INFO] [stdout] 9 | use rand::{self, Rand};
[INFO] [stdout]   |                  ^^^^ no `Rand` in the root
[INFO] [stdout] 
[INFO] [stdout] 
[INFO] [stdout] error[E0432]: unresolved import `rand::Rand`
[INFO] [stdout]  --> /opt/rustwide/cargo-home/registry/src/github.com-1ecc6299db9ec823/nalgebra-0.2.23/src/structs/dvec.rs:9:18
[INFO] [stdout]   |
[INFO] [stdout] 9 | use rand::{self, Rand};
[INFO] [stdout]   |                  ^^^^ no `Rand` in the root
[INFO] [stdout] 
[INFO] [stdout] 
[INFO] [stdout] error[E0432]: unresolved import `rand::Rand`
[INFO] [stdout]   --> /opt/rustwide/cargo-home/registry/src/github.com-1ecc6299db9ec823/nalgebra-0.2.23/src/structs/vec.rs:10:12
[INFO] [stdout]    |
[INFO] [stdout] 10 | use rand::{Rand, Rng};
[INFO] [stdout]    |            ^^^^ no `Rand` in the root
[INFO] [stdout] 
[INFO] [stdout] 
[INFO] [stdout] error[E0432]: unresolved import `rand::Rand`
[INFO] [stdout]   --> /opt/rustwide/cargo-home/registry/src/github.com-1ecc6299db9ec823/nalgebra-0.2.23/src/structs/pnt.rs:10:12
[INFO] [stdout]    |
[INFO] [stdout] 10 | use rand::{Rand, Rng};
[INFO] [stdout]    |            ^^^^ no `Rand` in the root
[INFO] [stdout] 
[INFO] [stdout] 
[INFO] [stdout] error[E0432]: unresolved import `rand::Rand`
[INFO] [stdout]  --> /opt/rustwide/cargo-home/registry/src/github.com-1ecc6299db9ec823/nalgebra-0.2.23/src/structs/quat.rs:9:12
[INFO] [stdout]   |
[INFO] [stdout] 9 | use rand::{Rand, Rng};
[INFO] [stdout]   |            ^^^^ no `Rand` in the root
[INFO] [stdout] 
[INFO] [stdout] 
[INFO] [stdout] error[E0432]: unresolved import `rand::Rand`
[INFO] [stdout]  --> /opt/rustwide/cargo-home/registry/src/github.com-1ecc6299db9ec823/nalgebra-0.2.23/src/structs/mat.rs:8:12
[INFO] [stdout]   |
[INFO] [stdout] 8 | use rand::{Rand, Rng};
[INFO] [stdout]   |            ^^^^ no `Rand` in the root
[INFO] [stdout] 
[INFO] [stdout] 
[INFO] [stdout] error[E0432]: unresolved import `rand::Rand`
[INFO] [stdout]  --> /opt/rustwide/cargo-home/registry/src/github.com-1ecc6299db9ec823/nalgebra-0.2.23/src/structs/rot.rs:6:12
[INFO] [stdout]   |
[INFO] [stdout] 6 | use rand::{Rand, Rng};
[INFO] [stdout]   |            ^^^^ no `Rand` in the root
[INFO] [stdout] 
[INFO] [stdout] 
[INFO] [stdout] error[E0432]: unresolved import `rand::Rand`
[INFO] [stdout]  --> /opt/rustwide/cargo-home/registry/src/github.com-1ecc6299db9ec823/nalgebra-0.2.23/src/structs/iso.rs:7:12
[INFO] [stdout]   |
[INFO] [stdout] 7 | use rand::{Rand, Rng};
[INFO] [stdout]   |            ^^^^ no `Rand` in the root
[INFO] [stdout] 
[INFO] [stdout] 
[INFO] [stdout] error[E0432]: unresolved import `rand::Rand`
[INFO] [stdout]  --> /opt/rustwide/cargo-home/registry/src/github.com-1ecc6299db9ec823/nalgebra-0.2.23/src/structs/spec/vec0.rs:6:12
[INFO] [stdout]   |
[INFO] [stdout] 6 | use rand::{Rand, Rng};
[INFO] [stdout]   |            ^^^^ no `Rand` in the root
[INFO] [stdout] 
[INFO] [stdout] 
[INFO] [stdout] error: aborting due to 9 previous errors
[INFO] [stdout] 
[INFO] [stdout] 
[INFO] [stdout] For more information about this error, try `rustc --explain E0432`.
[INFO] [stdout] 
[INFO] [stderr] error: could not compile `nalgebra`
[INFO] [stderr] 
[INFO] [stderr] To learn more, run the command again with --verbose.
[INFO] [stderr] warning: build failed, waiting for other jobs to finish...
[INFO] [stderr] error: build failed
[INFO] running `Command { std: "docker" "inspect" "5edd26379d5d0c2cfb67c23ccce02ccdf60b1be0b536bc7abfe2264568734834", kill_on_drop: false }`
[INFO] running `Command { std: "docker" "rm" "-f" "5edd26379d5d0c2cfb67c23ccce02ccdf60b1be0b536bc7abfe2264568734834", kill_on_drop: false }`
[INFO] [stdout] 5edd26379d5d0c2cfb67c23ccce02ccdf60b1be0b536bc7abfe2264568734834
