[INFO] fetching crate kitsune_p2p_transport_quic 0.0.2...
[INFO] testing kitsune_p2p_transport_quic-0.0.2 against 1.54.0 for beta-1.55-1
[INFO] extracting crate kitsune_p2p_transport_quic 0.0.2 into /workspace/builds/worker-5/source
[INFO] validating manifest of crates.io crate kitsune_p2p_transport_quic 0.0.2 on toolchain 1.54.0
[INFO] running `Command { std: "/workspace/cargo-home/bin/cargo" "+1.54.0" "metadata" "--manifest-path" "Cargo.toml" "--no-deps", kill_on_drop: false }`
[INFO] started tweaking crates.io crate kitsune_p2p_transport_quic 0.0.2
[INFO] finished tweaking crates.io crate kitsune_p2p_transport_quic 0.0.2
[INFO] tweaked toml for crates.io crate kitsune_p2p_transport_quic 0.0.2 written to /workspace/builds/worker-5/source/Cargo.toml
[INFO] running `Command { std: "/workspace/cargo-home/bin/cargo" "+1.54.0" "generate-lockfile" "--manifest-path" "Cargo.toml" "-Zno-index-update", kill_on_drop: false }`
[INFO] running `Command { std: "/workspace/cargo-home/bin/cargo" "+1.54.0" "fetch" "--manifest-path" "Cargo.toml", kill_on_drop: false }`
[INFO] [stderr]     Blocking waiting for file lock on package cache
[INFO] [stderr]  Downloading crates ...
[INFO] [stderr]   Downloaded socket2 v0.3.19
[INFO] [stderr]   Downloaded ct-logs v0.8.0
[INFO] [stderr]   Downloaded rand_chacha v0.3.1
[INFO] [stderr]   Downloaded kitsune_p2p_types v0.0.2
[INFO] [stderr]   Downloaded sharded-slab v0.1.3
[INFO] [stderr]   Downloaded schannel v0.1.19
[INFO] [stderr]   Downloaded rand_hc v0.3.1
[INFO] [stderr]   Downloaded if-addrs-sys v0.3.2
[INFO] [stderr]   Downloaded curve25519-dalek v3.2.0
[INFO] [stderr]   Downloaded rand v0.8.4
[INFO] [stderr]   Downloaded rand_core v0.6.3
[INFO] [stderr]   Downloaded security-framework v2.3.1
[INFO] [stderr]   Downloaded if-addrs v0.6.5
[INFO] [stderr]   Downloaded security-framework-sys v2.3.0
[INFO] [stderr]   Downloaded quinn-proto v0.7.3
[INFO] [stderr]   Downloaded quinn v0.7.2
[INFO] [stderr]   Downloaded openssl-probe v0.1.4
[INFO] [stderr]   Downloaded rcgen v0.8.5
[INFO] [stderr]   Downloaded yasna v0.3.2
[INFO] [stderr]   Downloaded core-foundation v0.9.1
[INFO] [stderr]   Downloaded rustls-native-certs v0.5.0
[INFO] [stderr]   Downloaded redox_syscall v0.2.10
[INFO] running `Command { std: "docker" "create" "-v" "/var/lib/crater-agent-workspace/builds/worker-5/target:/opt/rustwide/target:rw,Z" "-v" "/var/lib/crater-agent-workspace/builds/worker-5/source:/opt/rustwide/workdir:ro,Z" "-v" "/var/lib/crater-agent-workspace/cargo-home:/opt/rustwide/cargo-home:ro,Z" "-v" "/var/lib/crater-agent-workspace/rustup-home:/opt/rustwide/rustup-home:ro,Z" "-e" "SOURCE_DIR=/opt/rustwide/workdir" "-e" "CARGO_TARGET_DIR=/opt/rustwide/target" "-e" "CARGO_HOME=/opt/rustwide/cargo-home" "-e" "RUSTUP_HOME=/opt/rustwide/rustup-home" "-w" "/opt/rustwide/workdir" "-m" "1610612736" "--user" "0:0" "--network" "none" "ghcr.io/rust-lang/crates-build-env/linux@sha256:34b6a614d2c27851fe6cbf88fbd1137609cefab8b10d0615aaeb6fd47975d74e" "/opt/rustwide/cargo-home/bin/cargo" "+1.54.0" "metadata" "--no-deps" "--format-version=1", kill_on_drop: false }`
[INFO] [stdout] ea800d7ba2fe497df4a7fdf24f00f2c5a3a1b210eda65c39bca7ad77e8dc4118
[INFO] [stderr] WARNING: Your kernel does not support swap limit capabilities or the cgroup is not mounted. Memory limited without swap.
[INFO] running `Command { std: "docker" "start" "-a" "ea800d7ba2fe497df4a7fdf24f00f2c5a3a1b210eda65c39bca7ad77e8dc4118", kill_on_drop: false }`
[INFO] running `Command { std: "docker" "inspect" "ea800d7ba2fe497df4a7fdf24f00f2c5a3a1b210eda65c39bca7ad77e8dc4118", kill_on_drop: false }`
[INFO] running `Command { std: "docker" "rm" "-f" "ea800d7ba2fe497df4a7fdf24f00f2c5a3a1b210eda65c39bca7ad77e8dc4118", kill_on_drop: false }`
[INFO] [stdout] ea800d7ba2fe497df4a7fdf24f00f2c5a3a1b210eda65c39bca7ad77e8dc4118
[INFO] running `Command { std: "docker" "create" "-v" "/var/lib/crater-agent-workspace/builds/worker-5/target:/opt/rustwide/target:rw,Z" "-v" "/var/lib/crater-agent-workspace/builds/worker-5/source:/opt/rustwide/workdir:ro,Z" "-v" "/var/lib/crater-agent-workspace/cargo-home:/opt/rustwide/cargo-home:ro,Z" "-v" "/var/lib/crater-agent-workspace/rustup-home:/opt/rustwide/rustup-home:ro,Z" "-e" "SOURCE_DIR=/opt/rustwide/workdir" "-e" "CARGO_TARGET_DIR=/opt/rustwide/target" "-e" "CARGO_INCREMENTAL=0" "-e" "RUST_BACKTRACE=full" "-e" "RUSTFLAGS=--cap-lints=warn" "-e" "CARGO_HOME=/opt/rustwide/cargo-home" "-e" "RUSTUP_HOME=/opt/rustwide/rustup-home" "-w" "/opt/rustwide/workdir" "-m" "1610612736" "--user" "0:0" "--network" "none" "ghcr.io/rust-lang/crates-build-env/linux@sha256:34b6a614d2c27851fe6cbf88fbd1137609cefab8b10d0615aaeb6fd47975d74e" "/opt/rustwide/cargo-home/bin/cargo" "+1.54.0" "build" "--frozen" "--message-format=json", kill_on_drop: false }`
[INFO] [stderr] WARNING: Your kernel does not support swap limit capabilities or the cgroup is not mounted. Memory limited without swap.
[INFO] [stdout] 69c2ebdf370d7cc11ad19349b82d0e5dc252f208f6a72cfeb3ee34343f7f12af
[INFO] running `Command { std: "docker" "start" "-a" "69c2ebdf370d7cc11ad19349b82d0e5dc252f208f6a72cfeb3ee34343f7f12af", kill_on_drop: false }`
[INFO] [stderr]     Blocking waiting for file lock on package cache
[INFO] [stderr]    Compiling itoa v0.4.7
[INFO] [stderr]    Compiling serde_json v1.0.66
[INFO] [stderr]    Compiling subtle v2.4.1
[INFO] [stderr]    Compiling str_stack v0.1.0
[INFO] [stderr]    Compiling bit-vec v0.6.3
[INFO] [stderr]    Compiling trilean v1.1.0
[INFO] [stderr]    Compiling constant_time_eq v0.1.5
[INFO] [stderr]    Compiling ahash v0.6.3
[INFO] [stderr]    Compiling sharded-slab v0.1.3
[INFO] [stderr]    Compiling thread_local v1.1.3
[INFO] [stderr]    Compiling sysinfo v0.15.9
[INFO] [stderr]    Compiling rgb v0.8.27
[INFO] [stderr]    Compiling pem v0.8.3
[INFO] [stderr]    Compiling getrandom v0.2.3
[INFO] [stderr]    Compiling dirs-sys v0.3.6
[INFO] [stderr]    Compiling if-addrs v0.6.5
[INFO] [stderr]    Compiling tracing-log v0.1.2
[INFO] [stderr]    Compiling mio v0.7.13
[INFO] [stderr]    Compiling env_logger v0.8.4
[INFO] [stderr]    Compiling quick-xml v0.20.0
[INFO] [stderr]    Compiling ring v0.16.20
[INFO] [stderr]    Compiling rmp v0.8.10
[INFO] [stderr]    Compiling blake2b_simd v0.5.11
[INFO] [stderr]    Compiling directories v3.0.2
[INFO] [stderr]    Compiling num-format v0.4.0
[INFO] [stderr]    Compiling ahash v0.7.4
[INFO] [stderr]    Compiling rand_core v0.6.3
[INFO] [stderr]    Compiling bit-set v0.2.0
[INFO] [stderr]    Compiling universal-hash v0.4.1
[INFO] [stderr]    Compiling digest v0.9.0
[INFO] [stderr]    Compiling rand v0.6.5
[INFO] [stderr]    Compiling holochain_serialized_bytes_derive v0.0.51
[INFO] [stderr]    Compiling shrinkwraprs v0.3.0
[INFO] [stderr]    Compiling chrono v0.4.19
[INFO] [stderr]    Compiling num-bigint v0.1.44
[INFO] [stderr]    Compiling const-random-macro v0.1.13
[INFO] [stderr]    Compiling zeroize_derive v1.1.0
[INFO] [stderr]    Compiling tracing v0.1.26
[INFO] [stderr]    Compiling poly1305 v0.6.2
[INFO] [stderr]    Compiling hashbrown v0.11.2
[INFO] [stderr]    Compiling structopt-derive v0.4.15
[INFO] [stderr]    Compiling rand_chacha v0.3.1
[INFO] [stderr]    Compiling tokio v1.9.0
[INFO] [stderr]    Compiling rayon-core v1.9.1
[INFO] [stderr]    Compiling bincode v1.3.3
[INFO] [stderr]    Compiling tracing-serde v0.1.2
[INFO] [stderr]    Compiling serde_bytes v0.11.5
[INFO] [stderr]    Compiling serde-transcode v1.1.1
[INFO] [stderr]    Compiling rmp-serde v0.15.5
[INFO] [stderr]    Compiling url v2.2.2
[INFO] [stderr]    Compiling tracing-futures v0.2.5
[INFO] [stderr]    Compiling rand v0.8.4
[INFO] [stderr]    Compiling num-rational v0.1.42
[INFO] [stderr]    Compiling yasna v0.3.2
[INFO] [stderr]    Compiling const-random v0.1.13
[INFO] [stderr]    Compiling nanoid v0.3.0
[INFO] [stderr]    Compiling sct v0.6.1
[INFO] [stderr]    Compiling webpki v0.21.4
[INFO] [stderr]    Compiling indexmap v1.7.0
[INFO] [stderr]    Compiling lru v0.6.6
[INFO] [stderr]    Compiling lair_keystore_api v0.0.1-alpha.12
[INFO] [stderr]    Compiling rayon v1.5.1
[INFO] [stderr]    Compiling zeroize v1.4.1
[INFO] [stderr]    Compiling ahash v0.3.8
[INFO] [stderr]    Compiling num v0.1.42
[INFO] [stderr]    Compiling ct-logs v0.8.0
[INFO] [stderr]    Compiling opentelemetry v0.8.0
[INFO] [stderr]    Compiling must_future v0.1.2
[INFO] [stderr]    Compiling url2 v0.0.6
[INFO] [stderr]    Compiling rustls v0.19.1
[INFO] [stderr]    Compiling curve25519-dalek v3.2.0
[INFO] [stderr]    Compiling chacha20 v0.6.0
[INFO] [stderr]    Compiling salsa20 v0.7.2
[INFO] [stderr]    Compiling gcollections v1.4.0
[INFO] [stderr]    Compiling dashmap v3.11.10
[INFO] [stderr]    Compiling rcgen v0.8.5
[INFO] [stderr]    Compiling chacha20poly1305 v0.7.1
[INFO] [stderr]    Compiling xsalsa20poly1305 v0.6.0
[INFO] [stderr]    Compiling intervallum v1.3.0
[INFO] [stderr]    Compiling x25519-dalek v1.1.1
[INFO] [stderr]    Compiling crypto_box v0.5.0
[INFO] [stderr]    Compiling kitsune_p2p_dht_arc v0.0.1
[INFO] [stderr]    Compiling tracing-subscriber v0.2.19
[INFO] [stderr]    Compiling holochain_serialized_bytes v0.0.51
[INFO] [stderr]    Compiling structopt v0.3.22
[INFO] [stderr]    Compiling inferno v0.10.6
[INFO] [stderr]    Compiling rustls-native-certs v0.5.0
[INFO] [stderr]    Compiling quinn-proto v0.7.3
[INFO] [stderr]    Compiling tokio-util v0.6.7
[INFO] [stderr]    Compiling tracing-opentelemetry v0.8.0
[INFO] [stderr]    Compiling tokio-stream v0.1.7
[INFO] [stderr]    Compiling observability v0.1.3
[INFO] [stderr]    Compiling ghost_actor v0.3.0-alpha.2
[INFO] [stderr]    Compiling quinn v0.7.2
[INFO] [stderr]    Compiling kitsune_p2p_types v0.0.2
[INFO] [stderr]    Compiling kitsune_p2p_transport_quic v0.0.2 (/opt/rustwide/workdir)
[INFO] [stderr]     Finished dev [unoptimized + debuginfo] target(s) in 1m 23s
[INFO] running `Command { std: "docker" "inspect" "69c2ebdf370d7cc11ad19349b82d0e5dc252f208f6a72cfeb3ee34343f7f12af", kill_on_drop: false }`
[INFO] running `Command { std: "docker" "rm" "-f" "69c2ebdf370d7cc11ad19349b82d0e5dc252f208f6a72cfeb3ee34343f7f12af", kill_on_drop: false }`
[INFO] [stdout] 69c2ebdf370d7cc11ad19349b82d0e5dc252f208f6a72cfeb3ee34343f7f12af
[INFO] running `Command { std: "docker" "create" "-v" "/var/lib/crater-agent-workspace/builds/worker-5/target:/opt/rustwide/target:rw,Z" "-v" "/var/lib/crater-agent-workspace/builds/worker-5/source:/opt/rustwide/workdir:ro,Z" "-v" "/var/lib/crater-agent-workspace/cargo-home:/opt/rustwide/cargo-home:ro,Z" "-v" "/var/lib/crater-agent-workspace/rustup-home:/opt/rustwide/rustup-home:ro,Z" "-e" "SOURCE_DIR=/opt/rustwide/workdir" "-e" "CARGO_TARGET_DIR=/opt/rustwide/target" "-e" "CARGO_INCREMENTAL=0" "-e" "RUST_BACKTRACE=full" "-e" "RUSTFLAGS=--cap-lints=warn" "-e" "CARGO_HOME=/opt/rustwide/cargo-home" "-e" "RUSTUP_HOME=/opt/rustwide/rustup-home" "-w" "/opt/rustwide/workdir" "-m" "1610612736" "--user" "0:0" "--network" "none" "ghcr.io/rust-lang/crates-build-env/linux@sha256:34b6a614d2c27851fe6cbf88fbd1137609cefab8b10d0615aaeb6fd47975d74e" "/opt/rustwide/cargo-home/bin/cargo" "+1.54.0" "test" "--frozen" "--no-run" "--message-format=json", kill_on_drop: false }`
[INFO] [stdout] 0be0e9a4d59d93a39750c5c212806ceb8d96a727145ac6f697b80c090f2e7222
[INFO] [stderr] WARNING: Your kernel does not support swap limit capabilities or the cgroup is not mounted. Memory limited without swap.
[INFO] running `Command { std: "docker" "start" "-a" "0be0e9a4d59d93a39750c5c212806ceb8d96a727145ac6f697b80c090f2e7222", kill_on_drop: false }`
[INFO] [stderr]    Compiling kitsune_p2p_transport_quic v0.0.2 (/opt/rustwide/workdir)
[INFO] [stderr]     Finished test [unoptimized + debuginfo] target(s) in 16.54s
[INFO] running `Command { std: "docker" "inspect" "0be0e9a4d59d93a39750c5c212806ceb8d96a727145ac6f697b80c090f2e7222", kill_on_drop: false }`
[INFO] running `Command { std: "docker" "rm" "-f" "0be0e9a4d59d93a39750c5c212806ceb8d96a727145ac6f697b80c090f2e7222", kill_on_drop: false }`
[INFO] [stdout] 0be0e9a4d59d93a39750c5c212806ceb8d96a727145ac6f697b80c090f2e7222
[INFO] running `Command { std: "docker" "create" "-v" "/var/lib/crater-agent-workspace/builds/worker-5/target:/opt/rustwide/target:rw,Z" "-v" "/var/lib/crater-agent-workspace/builds/worker-5/source:/opt/rustwide/workdir:ro,Z" "-v" "/var/lib/crater-agent-workspace/cargo-home:/opt/rustwide/cargo-home:ro,Z" "-v" "/var/lib/crater-agent-workspace/rustup-home:/opt/rustwide/rustup-home:ro,Z" "-e" "SOURCE_DIR=/opt/rustwide/workdir" "-e" "CARGO_TARGET_DIR=/opt/rustwide/target" "-e" "CARGO_INCREMENTAL=0" "-e" "RUST_BACKTRACE=full" "-e" "RUSTFLAGS=--cap-lints=warn" "-e" "CARGO_HOME=/opt/rustwide/cargo-home" "-e" "RUSTUP_HOME=/opt/rustwide/rustup-home" "-w" "/opt/rustwide/workdir" "-m" "1610612736" "--user" "0:0" "--network" "none" "ghcr.io/rust-lang/crates-build-env/linux@sha256:34b6a614d2c27851fe6cbf88fbd1137609cefab8b10d0615aaeb6fd47975d74e" "/opt/rustwide/cargo-home/bin/cargo" "+1.54.0" "test" "--frozen", kill_on_drop: false }`
[INFO] [stderr] WARNING: Your kernel does not support swap limit capabilities or the cgroup is not mounted. Memory limited without swap.
[INFO] [stdout] 1785d229bc0ec41851758035ae9c4447cacda8559f22cc3d7b37c14ae83016ac
[INFO] running `Command { std: "docker" "start" "-a" "1785d229bc0ec41851758035ae9c4447cacda8559f22cc3d7b37c14ae83016ac", kill_on_drop: false }`
[INFO] [stderr]     Finished test [unoptimized + debuginfo] target(s) in 0.26s
[INFO] [stderr]      Running unittests (/opt/rustwide/target/debug/deps/kitsune_p2p_transport_quic-f5c1da1b35a02a3a)
[INFO] [stdout] 
[INFO] [stdout] running 3 tests
[INFO] [stdout] test tx2::tests::test_quic_tx2 ... FAILED
[INFO] [stdout] test test::tests::test_message ... FAILED
[INFO] [stdout] test test::tests::test_large_message ... FAILED
[INFO] [stdout] 
[INFO] [stdout] failures:
[INFO] [stdout] 
[INFO] [stdout] ---- tx2::tests::test_quic_tx2 stdout ----
[INFO] [stdout] addr2: kitsune-quic://0.0.0.0:40168
[INFO] [stdout] thread 'tx2::tests::test_quic_tx2' panicked at 'called `Result::unwrap()` on an `Err` value: KitsuneError(TimedOut)', src/tx2.rs:505:54
[INFO] [stdout] stack backtrace:
[INFO] [stdout]    0:     0x562cfb37dcc0 - std::backtrace_rs::backtrace::libunwind::trace::h34055254b57d8e79
[INFO] [stdout]                                at /rustc/a178d0322ce20e33eac124758e837cbd80a6f633/library/std/src/../../backtrace/src/backtrace/libunwind.rs:90:5
[INFO] [stdout]    1:     0x562cfb37dcc0 - std::backtrace_rs::backtrace::trace_unsynchronized::h8f1e3fbd9afff6ec
[INFO] [stdout]                                at /rustc/a178d0322ce20e33eac124758e837cbd80a6f633/library/std/src/../../backtrace/src/backtrace/mod.rs:66:5
[INFO] [stdout]    2:     0x562cfb37dcc0 - std::sys_common::backtrace::_print_fmt::h3a99a796b770c360
[INFO] [stdout]                                at /rustc/a178d0322ce20e33eac124758e837cbd80a6f633/library/std/src/sys_common/backtrace.rs:67:5
[INFO] [stdout]    3:     0x562cfb37dcc0 - <std::sys_common::backtrace::_print::DisplayBacktrace as core::fmt::Display>::fmt::h32d1f94a80615d18
[INFO] [stdout]                                at /rustc/a178d0322ce20e33eac124758e837cbd80a6f633/library/std/src/sys_common/backtrace.rs:46:22
[INFO] [stdout]    4:     0x562cfb3a35fc - core::fmt::write::h306731c068f7162c
[INFO] [stdout]                                at /rustc/a178d0322ce20e33eac124758e837cbd80a6f633/library/core/src/fmt/mod.rs:1110:17
[INFO] [stdout]    5:     0x562cfb377135 - std::io::Write::write_fmt::h87f19b0a2cd190bc
[INFO] [stdout]                                at /rustc/a178d0322ce20e33eac124758e837cbd80a6f633/library/std/src/io/mod.rs:1588:15
[INFO] [stdout]    6:     0x562cfb38001b - std::sys_common::backtrace::_print::h5abaa2601a852287
[INFO] [stdout]                                at /rustc/a178d0322ce20e33eac124758e837cbd80a6f633/library/std/src/sys_common/backtrace.rs:49:5
[INFO] [stdout]    7:     0x562cfb38001b - std::sys_common::backtrace::print::h8d81445442bb638f
[INFO] [stdout]                                at /rustc/a178d0322ce20e33eac124758e837cbd80a6f633/library/std/src/sys_common/backtrace.rs:36:9
[INFO] [stdout]    8:     0x562cfb38001b - std::panicking::default_hook::{{closure}}::hcfe804496a9fa747
[INFO] [stdout]                                at /rustc/a178d0322ce20e33eac124758e837cbd80a6f633/library/std/src/panicking.rs:208:50
[INFO] [stdout]    9:     0x562cfb37fb2c - std::panicking::default_hook::hbea8e3ccf2ba8901
[INFO] [stdout]                                at /rustc/a178d0322ce20e33eac124758e837cbd80a6f633/library/std/src/panicking.rs:222:9
[INFO] [stdout]   10:     0x562cfb3806e4 - std::panicking::rust_panic_with_hook::h7ee9e1a2d0f8975a
[INFO] [stdout]                                at /rustc/a178d0322ce20e33eac124758e837cbd80a6f633/library/std/src/panicking.rs:622:17
[INFO] [stdout]   11:     0x562cfb3801c7 - std::panicking::begin_panic_handler::{{closure}}::h8ab3b4491718b2c7
[INFO] [stdout]                                at /rustc/a178d0322ce20e33eac124758e837cbd80a6f633/library/std/src/panicking.rs:519:13
[INFO] [stdout]   12:     0x562cfb37e1bc - std::sys_common::backtrace::__rust_end_short_backtrace::hd489062ffa586a9f
[INFO] [stdout]                                at /rustc/a178d0322ce20e33eac124758e837cbd80a6f633/library/std/src/sys_common/backtrace.rs:141:18
[INFO] [stdout]   13:     0x562cfb380129 - rust_begin_unwind
[INFO] [stdout]                                at /rustc/a178d0322ce20e33eac124758e837cbd80a6f633/library/std/src/panicking.rs:515:5
[INFO] [stdout]   14:     0x562cfa90fd31 - core::panicking::panic_fmt::hca6330e3e14086b4
[INFO] [stdout]                                at /rustc/a178d0322ce20e33eac124758e837cbd80a6f633/library/core/src/panicking.rs:92:14
[INFO] [stdout]   15:     0x562cfa90fe23 - core::result::unwrap_failed::h6160d2b4bfbb0e87
[INFO] [stdout]                                at /rustc/a178d0322ce20e33eac124758e837cbd80a6f633/library/core/src/result.rs:1355:5
[INFO] [stdout]   16:     0x562cfaa8e92c - core::result::Result<T,E>::unwrap::h9ab907766aa50472
[INFO] [stdout]                                at /rustc/a178d0322ce20e33eac124758e837cbd80a6f633/library/core/src/result.rs:1037:23
[INFO] [stdout]   17:     0x562cfa97fdf4 - kitsune_p2p_transport_quic::tx2::tests::test_quic_tx2::{{closure}}::ha8bf8c8113700b3d
[INFO] [stdout]                                at /opt/rustwide/workdir/src/tx2.rs:505:26
[INFO] [stdout]   18:     0x562cfa9b05db - <core::future::from_generator::GenFuture<T> as core::future::future::Future>::poll::h1cf141b9cafdb1c1
[INFO] [stdout]                                at /rustc/a178d0322ce20e33eac124758e837cbd80a6f633/library/core/src/future/mod.rs:80:19
[INFO] [stdout]   19:     0x562cfa9966f0 - tokio::park::thread::CachedParkThread::block_on::{{closure}}::h87e6502252b6f0f1
[INFO] [stdout]                                at /opt/rustwide/cargo-home/registry/src/github.com-1ecc6299db9ec823/tokio-1.9.0/src/park/thread.rs:263:54
[INFO] [stdout]   20:     0x562cfa9f19cc - tokio::coop::with_budget::{{closure}}::hfe08478f38f8cf4a
[INFO] [stdout]                                at /opt/rustwide/cargo-home/registry/src/github.com-1ecc6299db9ec823/tokio-1.9.0/src/coop.rs:106:9
[INFO] [stdout]   21:     0x562cfaa7cc91 - std::thread::local::LocalKey<T>::try_with::h190a18d8ecc20fdb
[INFO] [stdout]                                at /rustc/a178d0322ce20e33eac124758e837cbd80a6f633/library/std/src/thread/local.rs:400:16
[INFO] [stdout]   22:     0x562cfaa7c89d - std::thread::local::LocalKey<T>::with::hbc8cbdda841ac8ea
[INFO] [stdout]                                at /rustc/a178d0322ce20e33eac124758e837cbd80a6f633/library/std/src/thread/local.rs:376:9
[INFO] [stdout]   23:     0x562cfa995c8a - tokio::coop::with_budget::hc09a5abb11754ade
[INFO] [stdout]                                at /opt/rustwide/cargo-home/registry/src/github.com-1ecc6299db9ec823/tokio-1.9.0/src/coop.rs:99:5
[INFO] [stdout]   24:     0x562cfa995c8a - tokio::coop::budget::h2c8aae4762ecf4ce
[INFO] [stdout]                                at /opt/rustwide/cargo-home/registry/src/github.com-1ecc6299db9ec823/tokio-1.9.0/src/coop.rs:76:5
[INFO] [stdout]   25:     0x562cfa995c8a - tokio::park::thread::CachedParkThread::block_on::h80501affaf35fdf2
[INFO] [stdout]                                at /opt/rustwide/cargo-home/registry/src/github.com-1ecc6299db9ec823/tokio-1.9.0/src/park/thread.rs:263:31
[INFO] [stdout]   26:     0x562cfaa288d1 - tokio::runtime::enter::Enter::block_on::ha0920109446d07bc
[INFO] [stdout]                                at /opt/rustwide/cargo-home/registry/src/github.com-1ecc6299db9ec823/tokio-1.9.0/src/runtime/enter.rs:151:13
[INFO] [stdout]   27:     0x562cfa949306 - tokio::runtime::thread_pool::ThreadPool::block_on::h4c7593e7693c2a65
[INFO] [stdout]                                at /opt/rustwide/cargo-home/registry/src/github.com-1ecc6299db9ec823/tokio-1.9.0/src/runtime/thread_pool/mod.rs:71:9
[INFO] [stdout]   28:     0x562cfa9dfac0 - tokio::runtime::Runtime::block_on::h50e8677500902bca
[INFO] [stdout]                                at /opt/rustwide/cargo-home/registry/src/github.com-1ecc6299db9ec823/tokio-1.9.0/src/runtime/mod.rs:452:43
[INFO] [stdout]   29:     0x562cfa97dc97 - kitsune_p2p_transport_quic::tx2::tests::test_quic_tx2::hacf6bdc40dc981c4
[INFO] [stdout]                                at /opt/rustwide/workdir/src/tx2.rs:520:9
[INFO] [stdout]   30:     0x562cfa97dbba - kitsune_p2p_transport_quic::tx2::tests::test_quic_tx2::{{closure}}::h59fe5da193469e12
[INFO] [stdout]                                at /opt/rustwide/workdir/src/tx2.rs:467:11
[INFO] [stdout]   31:     0x562cfa983eee - core::ops::function::FnOnce::call_once::hcb57c75607831df4
[INFO] [stdout]                                at /rustc/a178d0322ce20e33eac124758e837cbd80a6f633/library/core/src/ops/function.rs:227:5
[INFO] [stdout]   32:     0x562cfaac7083 - core::ops::function::FnOnce::call_once::h152e7e439ff59e19
[INFO] [stdout]                                at /rustc/a178d0322ce20e33eac124758e837cbd80a6f633/library/core/src/ops/function.rs:227:5
[INFO] [stdout]   33:     0x562cfaac7083 - test::__rust_begin_short_backtrace::h0908f3b1fdbb72ab
[INFO] [stdout]                                at /rustc/a178d0322ce20e33eac124758e837cbd80a6f633/library/test/src/lib.rs:577:5
[INFO] [stdout]   34:     0x562cfaac5b40 - <alloc::boxed::Box<F,A> as core::ops::function::FnOnce<Args>>::call_once::hf6d2a51e5587546c
[INFO] [stdout]                                at /rustc/a178d0322ce20e33eac124758e837cbd80a6f633/library/alloc/src/boxed.rs:1575:9
[INFO] [stdout]   35:     0x562cfaac5b40 - <std::panic::AssertUnwindSafe<F> as core::ops::function::FnOnce<()>>::call_once::h8af660f3a89ef593
[INFO] [stdout]                                at /rustc/a178d0322ce20e33eac124758e837cbd80a6f633/library/std/src/panic.rs:347:9
[INFO] [stdout]   36:     0x562cfaac5b40 - std::panicking::try::do_call::hd36aef60f84b6d36
[INFO] [stdout]                                at /rustc/a178d0322ce20e33eac124758e837cbd80a6f633/library/std/src/panicking.rs:401:40
[INFO] [stdout]   37:     0x562cfaac5b40 - std::panicking::try::h9932b4480e69817c
[INFO] [stdout]                                at /rustc/a178d0322ce20e33eac124758e837cbd80a6f633/library/std/src/panicking.rs:365:19
[INFO] [stdout]   38:     0x562cfaac5b40 - std::panic::catch_unwind::h6aa177099cfff5f8
[INFO] [stdout]                                at /rustc/a178d0322ce20e33eac124758e837cbd80a6f633/library/std/src/panic.rs:434:14
[INFO] [stdout]   39:     0x562cfaac5b40 - test::run_test_in_process::h5884d6f2d99e20c3
[INFO] [stdout]                                at /rustc/a178d0322ce20e33eac124758e837cbd80a6f633/library/test/src/lib.rs:600:18
[INFO] [stdout]   40:     0x562cfaac5b40 - test::run_test::run_test_inner::{{closure}}::h6fdc58c6d5f5b6e3
[INFO] [stdout]                                at /rustc/a178d0322ce20e33eac124758e837cbd80a6f633/library/test/src/lib.rs:492:39
[INFO] [stdout]   41:     0x562cfaa9f1f2 - test::run_test::run_test_inner::{{closure}}::h408365d67a78ade8
[INFO] [stdout]                                at /rustc/a178d0322ce20e33eac124758e837cbd80a6f633/library/test/src/lib.rs:519:37
[INFO] [stdout]   42:     0x562cfaa9f1f2 - std::sys_common::backtrace::__rust_begin_short_backtrace::hb560b77c4f701523
[INFO] [stdout]                                at /rustc/a178d0322ce20e33eac124758e837cbd80a6f633/library/std/src/sys_common/backtrace.rs:125:18
[INFO] [stdout]   43:     0x562cfaaa2da8 - std::thread::Builder::spawn_unchecked::{{closure}}::{{closure}}::hf2e7831dad93c597
[INFO] [stdout]                                at /rustc/a178d0322ce20e33eac124758e837cbd80a6f633/library/std/src/thread/mod.rs:481:17
[INFO] [stdout]   44:     0x562cfaaa2da8 - <std::panic::AssertUnwindSafe<F> as core::ops::function::FnOnce<()>>::call_once::hd2e08783d8be4d02
[INFO] [stdout]                                at /rustc/a178d0322ce20e33eac124758e837cbd80a6f633/library/std/src/panic.rs:347:9
[INFO] [stdout]   45:     0x562cfaaa2da8 - std::panicking::try::do_call::h062597b7acfd6b82
[INFO] [stdout]                                at /rustc/a178d0322ce20e33eac124758e837cbd80a6f633/library/std/src/panicking.rs:401:40
[INFO] [stdout]   46:     0x562cfaaa2da8 - std::panicking::try::h0d7b79db04c14552
[INFO] [stdout]                                at /rustc/a178d0322ce20e33eac124758e837cbd80a6f633/library/std/src/panicking.rs:365:19
[INFO] [stdout]   47:     0x562cfaaa2da8 - std::panic::catch_unwind::hb01a0b5e7c8cd43b
[INFO] [stdout]                                at /rustc/a178d0322ce20e33eac124758e837cbd80a6f633/library/std/src/panic.rs:434:14
[INFO] [stdout]   48:     0x562cfaaa2da8 - std::thread::Builder::spawn_unchecked::{{closure}}::h5bde48cc887e0d1e
[INFO] [stdout]                                at /rustc/a178d0322ce20e33eac124758e837cbd80a6f633/library/std/src/thread/mod.rs:480:30
[INFO] [stdout]   49:     0x562cfaaa2da8 - core::ops::function::FnOnce::call_once{{vtable.shim}}::h745ea30807a29e55
[INFO] [stdout]                                at /rustc/a178d0322ce20e33eac124758e837cbd80a6f633/library/core/src/ops/function.rs:227:5
[INFO] [stdout]   50:     0x562cfb385c57 - <alloc::boxed::Box<F,A> as core::ops::function::FnOnce<Args>>::call_once::h7ece6cfefaff1005
[INFO] [stdout]                                at /rustc/a178d0322ce20e33eac124758e837cbd80a6f633/library/alloc/src/boxed.rs:1575:9
[INFO] [stdout]   51:     0x562cfb385c57 - <alloc::boxed::Box<F,A> as core::ops::function::FnOnce<Args>>::call_once::hb8b48e55c21f193e
[INFO] [stdout]                                at /rustc/a178d0322ce20e33eac124758e837cbd80a6f633/library/alloc/src/boxed.rs:1575:9
[INFO] [stdout]   52:     0x562cfb385c57 - std::sys::unix::thread::Thread::new::thread_start::h8c7c4450dba62914
[INFO] [stdout]                                at /rustc/a178d0322ce20e33eac124758e837cbd80a6f633/library/std/src/sys/unix/thread.rs:71:17
[INFO] [stdout]   53:     0x7f949d0d7609 - start_thread
[INFO] [stdout]   54:     0x7f949cea9293 - clone
[INFO] [stdout]   55:                0x0 - <unknown>
[INFO] [stdout] thread 'tokio-runtime-worker' panicked at 'called `Result::unwrap()` on an `Err` value: KitsuneError(Other(ConnectionClosed(ConnectionClose { error_code: APPLICATION_ERROR, frame_type: None, reason: b"" })))', src/tx2.rs:493:49
[INFO] [stdout] stack backtrace:
[INFO] [stdout]    0:     0x562cfb37dcc0 - std::backtrace_rs::backtrace::libunwind::trace::h34055254b57d8e79
[INFO] [stdout]                                at /rustc/a178d0322ce20e33eac124758e837cbd80a6f633/library/std/src/../../backtrace/src/backtrace/libunwind.rs:90:5
[INFO] [stdout]    1:     0x562cfb37dcc0 - std::backtrace_rs::backtrace::trace_unsynchronized::h8f1e3fbd9afff6ec
[INFO] [stdout]                                at /rustc/a178d0322ce20e33eac124758e837cbd80a6f633/library/std/src/../../backtrace/src/backtrace/mod.rs:66:5
[INFO] [stdout]    2:     0x562cfb37dcc0 - std::sys_common::backtrace::_print_fmt::h3a99a796b770c360
[INFO] [stdout]                                at /rustc/a178d0322ce20e33eac124758e837cbd80a6f633/library/std/src/sys_common/backtrace.rs:67:5
[INFO] [stdout]    3:     0x562cfb37dcc0 - <std::sys_common::backtrace::_print::DisplayBacktrace as core::fmt::Display>::fmt::h32d1f94a80615d18
[INFO] [stdout]                                at /rustc/a178d0322ce20e33eac124758e837cbd80a6f633/library/std/src/sys_common/backtrace.rs:46:22
[INFO] [stdout]    4:     0x562cfb3a35fc - core::fmt::write::h306731c068f7162c
[INFO] [stdout]                                at /rustc/a178d0322ce20e33eac124758e837cbd80a6f633/library/core/src/fmt/mod.rs:1110:17
[INFO] [stdout]    5:     0x562cfb377135 - std::io::Write::write_fmt::h87f19b0a2cd190bc
[INFO] [stdout]                                at /rustc/a178d0322ce20e33eac124758e837cbd80a6f633/library/std/src/io/mod.rs:1588:15
[INFO] [stdout]    6:     0x562cfb38001b - std::sys_common::backtrace::_print::h5abaa2601a852287
[INFO] [stdout]                                at /rustc/a178d0322ce20e33eac124758e837cbd80a6f633/library/std/src/sys_common/backtrace.rs:49:5
[INFO] [stdout]    7:     0x562cfb38001b - std::sys_common::backtrace::print::h8d81445442bb638f
[INFO] [stdout]                                at /rustc/a178d0322ce20e33eac124758e837cbd80a6f633/library/std/src/sys_common/backtrace.rs:36:9
[INFO] [stdout]    8:     0x562cfb38001b - std::panicking::default_hook::{{closure}}::hcfe804496a9fa747
[INFO] [stdout]                                at /rustc/a178d0322ce20e33eac124758e837cbd80a6f633/library/std/src/panicking.rs:208:50
[INFO] [stdout]    9:     0x562cfb37fb2c - std::panicking::default_hook::hbea8e3ccf2ba8901
[INFO] [stdout]                                at /rustc/a178d0322ce20e33eac124758e837cbd80a6f633/library/std/src/panicking.rs:222:9
[INFO] [stdout]   10:     0x562cfb3806e4 - std::panicking::rust_panic_with_hook::h7ee9e1a2d0f8975a
[INFO] [stdout]                                at /rustc/a178d0322ce20e33eac124758e837cbd80a6f633/library/std/src/panicking.rs:622:17
[INFO] [stdout]   11:     0x562cfb3801c7 - std::panicking::begin_panic_handler::{{closure}}::h8ab3b4491718b2c7
[INFO] [stdout]                                at /rustc/a178d0322ce20e33eac124758e837cbd80a6f633/library/std/src/panicking.rs:519:13
[INFO] [stdout]   12:     0x562cfb37e1bc - std::sys_common::backtrace::__rust_end_short_backtrace::hd489062ffa586a9f
[INFO] [stdout]                                at /rustc/a178d0322ce20e33eac124758e837cbd80a6f633/library/std/src/sys_common/backtrace.rs:141:18
[INFO] [stdout]   13:     0x562cfb380129 - rust_begin_unwind
[INFO] [stdout]                                at /rustc/a178d0322ce20e33eac124758e837cbd80a6f633/library/std/src/panicking.rs:515:5
[INFO] [stdout]   14:     0x562cfa90fd31 - core::panicking::panic_fmt::hca6330e3e14086b4
[INFO] [stdout]                                at /rustc/a178d0322ce20e33eac124758e837cbd80a6f633/library/core/src/panicking.rs:92:14
[INFO] [stdout]   15:     0x562cfa90fe23 - core::result::unwrap_failed::h6160d2b4bfbb0e87
[INFO] [stdout]                                at /rustc/a178d0322ce20e33eac124758e837cbd80a6f633/library/core/src/result.rs:1355:5
[INFO] [stdout]   16:     0x562cfaa8e92c - core::result::Result<T,E>::unwrap::h9ab907766aa50472
[INFO] [stdout]                                at /rustc/a178d0322ce20e33eac124758e837cbd80a6f633/library/core/src/result.rs:1037:23
[INFO] [stdout]   17:     0x562cfa97e1df - kitsune_p2p_transport_quic::tx2::tests::test_quic_tx2::{{closure}}::{{closure}}::h77887f5ea2459f63
[INFO] [stdout]                                at /opt/rustwide/workdir/src/tx2.rs:493:40
[INFO] [stdout]   18:     0x562cfa9b1f39 - <core::future::from_generator::GenFuture<T> as core::future::future::Future>::poll::h810cd67676523f9c
[INFO] [stdout]                                at /rustc/a178d0322ce20e33eac124758e837cbd80a6f633/library/core/src/future/mod.rs:80:19
[INFO] [stdout]   19:     0x562cfa9725ff - kitsune_p2p_types::metrics::metric_task::{{closure}}::hfd0242fbcd3bf6bb
[INFO] [stdout]                                at /opt/rustwide/cargo-home/registry/src/github.com-1ecc6299db9ec823/kitsune_p2p_types-0.0.2/src/metrics.rs:147:19
[INFO] [stdout]   20:     0x562cfa9b1e89 - <core::future::from_generator::GenFuture<T> as core::future::future::Future>::poll::h79545c2a56c0cffb
[INFO] [stdout]                                at /rustc/a178d0322ce20e33eac124758e837cbd80a6f633/library/core/src/future/mod.rs:80:19
[INFO] [stdout]   21:     0x562cfaa27c69 - tokio::runtime::task::core::CoreStage<T>::poll::{{closure}}::hf52eb8b636e0eede
[INFO] [stdout]                                at /opt/rustwide/cargo-home/registry/src/github.com-1ecc6299db9ec823/tokio-1.9.0/src/runtime/task/core.rs:147:17
[INFO] [stdout]   22:     0x562cfa9219d5 - tokio::loom::std::unsafe_cell::UnsafeCell<T>::with_mut::h33bb4d6aada8fb4e
[INFO] [stdout]                                at /opt/rustwide/cargo-home/registry/src/github.com-1ecc6299db9ec823/tokio-1.9.0/src/loom/std/unsafe_cell.rs:14:9
[INFO] [stdout]   23:     0x562cfaa27077 - tokio::runtime::task::core::CoreStage<T>::poll::hd75c270b2e413ed1
[INFO] [stdout]                                at /opt/rustwide/cargo-home/registry/src/github.com-1ecc6299db9ec823/tokio-1.9.0/src/runtime/task/core.rs:137:13
[INFO] [stdout]   24:     0x562cfa9f57ca - tokio::runtime::task::harness::poll_future::{{closure}}::h1f6645c11d0a4b2b
[INFO] [stdout]                                at /opt/rustwide/cargo-home/registry/src/github.com-1ecc6299db9ec823/tokio-1.9.0/src/runtime/task/harness.rs:437:23
[INFO] [stdout]   25:     0x562cfaa5d8d3 - <std::panic::AssertUnwindSafe<F> as core::ops::function::FnOnce<()>>::call_once::h67bb9fda4cfd3ca6
[INFO] [stdout]                                at /rustc/a178d0322ce20e33eac124758e837cbd80a6f633/library/std/src/panic.rs:347:9
[INFO] [stdout]   26:     0x562cfa962f03 - std::panicking::try::do_call::h37bd1cc4e6312586
[INFO] [stdout]                                at /rustc/a178d0322ce20e33eac124758e837cbd80a6f633/library/std/src/panicking.rs:401:40
[INFO] [stdout]   27:     0x562cfa9665cd - __rust_try
[INFO] [stdout]   28:     0x562cfa9626b0 - std::panicking::try::heb1576d7266563dd
[INFO] [stdout]                                at /rustc/a178d0322ce20e33eac124758e837cbd80a6f633/library/std/src/panicking.rs:365:19
[INFO] [stdout]   29:     0x562cfaa62b1a - std::panic::catch_unwind::hfb46dc60bbb81dd1
[INFO] [stdout]                                at /rustc/a178d0322ce20e33eac124758e837cbd80a6f633/library/std/src/panic.rs:434:14
[INFO] [stdout]   30:     0x562cfa9f2a50 - tokio::runtime::task::harness::poll_future::h26239b66b7fec300
[INFO] [stdout]                                at /opt/rustwide/cargo-home/registry/src/github.com-1ecc6299db9ec823/tokio-1.9.0/src/runtime/task/harness.rs:424:19
[INFO] [stdout]   31:     0x562cfa9f6d97 - tokio::runtime::task::harness::Harness<T,S>::poll_inner::hc02e26cc508d98e9
[INFO] [stdout]                                at /opt/rustwide/cargo-home/registry/src/github.com-1ecc6299db9ec823/tokio-1.9.0/src/runtime/task/harness.rs:89:9
[INFO] [stdout]   32:     0x562cfa9ff4cb - tokio::runtime::task::harness::Harness<T,S>::poll::h9e652f36a33d99b4
[INFO] [stdout]                                at /opt/rustwide/cargo-home/registry/src/github.com-1ecc6299db9ec823/tokio-1.9.0/src/runtime/task/harness.rs:59:15
[INFO] [stdout]   33:     0x562cfa997890 - tokio::runtime::task::raw::poll::hb4d256ac3e8f914e
[INFO] [stdout]                                at /opt/rustwide/cargo-home/registry/src/github.com-1ecc6299db9ec823/tokio-1.9.0/src/runtime/task/raw.rs:113:5
[INFO] [stdout]   34:     0x562cfaf8ff6f - tokio::runtime::task::raw::RawTask::poll::hc44f68035e86eb70
[INFO] [stdout]                                at /opt/rustwide/cargo-home/registry/src/github.com-1ecc6299db9ec823/tokio-1.9.0/src/runtime/task/raw.rs:70:18
[INFO] [stdout]   35:     0x562cfaf43761 - tokio::runtime::task::Notified<S>::run::h1bb782aeeab9b21a
[INFO] [stdout]                                at /opt/rustwide/cargo-home/registry/src/github.com-1ecc6299db9ec823/tokio-1.9.0/src/runtime/task/mod.rs:166:9
[INFO] [stdout]   36:     0x562cfafb56f3 - tokio::runtime::thread_pool::worker::Context::run_task::{{closure}}::h906f34cea80ab78d
[INFO] [stdout]                                at /opt/rustwide/cargo-home/registry/src/github.com-1ecc6299db9ec823/tokio-1.9.0/src/runtime/thread_pool/worker.rs:417:21
[INFO] [stdout]   37:     0x562cfaf83e0c - tokio::coop::with_budget::{{closure}}::hc4558f342a72a278
[INFO] [stdout]                                at /opt/rustwide/cargo-home/registry/src/github.com-1ecc6299db9ec823/tokio-1.9.0/src/coop.rs:106:9
[INFO] [stdout]   38:     0x562cfaf49e03 - std::thread::local::LocalKey<T>::try_with::hdb788ad80f3963ef
[INFO] [stdout]                                at /rustc/a178d0322ce20e33eac124758e837cbd80a6f633/library/std/src/thread/local.rs:400:16
[INFO] [stdout]   39:     0x562cfaf4851e - std::thread::local::LocalKey<T>::with::h64dc68383bfcb6fa
[INFO] [stdout]                                at /rustc/a178d0322ce20e33eac124758e837cbd80a6f633/library/std/src/thread/local.rs:376:9
[INFO] [stdout]   40:     0x562cfafb527c - tokio::coop::with_budget::h9aaff8d18f340232
[INFO] [stdout]                                at /opt/rustwide/cargo-home/registry/src/github.com-1ecc6299db9ec823/tokio-1.9.0/src/coop.rs:99:5
[INFO] [stdout]   41:     0x562cfafb527c - tokio::coop::budget::h7a59d6340a8cf900
[INFO] [stdout]                                at /opt/rustwide/cargo-home/registry/src/github.com-1ecc6299db9ec823/tokio-1.9.0/src/coop.rs:76:5
[INFO] [stdout]   42:     0x562cfafb527c - tokio::runtime::thread_pool::worker::Context::run_task::h67845869291e4d18
[INFO] [stdout]                                at /opt/rustwide/cargo-home/registry/src/github.com-1ecc6299db9ec823/tokio-1.9.0/src/runtime/thread_pool/worker.rs:395:9
[INFO] [stdout]   43:     0x562cfafb4be2 - tokio::runtime::thread_pool::worker::Context::run::h1d99cb6cb59a4237
[INFO] [stdout]                                at /opt/rustwide/cargo-home/registry/src/github.com-1ecc6299db9ec823/tokio-1.9.0/src/runtime/thread_pool/worker.rs:365:24
[INFO] [stdout]   44:     0x562cfafb49d3 - tokio::runtime::thread_pool::worker::run::{{closure}}::h49edd9d2f006bcd1
[INFO] [stdout]                                at /opt/rustwide/cargo-home/registry/src/github.com-1ecc6299db9ec823/tokio-1.9.0/src/runtime/thread_pool/worker.rs:350:17
[INFO] [stdout]   45:     0x562cfaf769cd - tokio::macros::scoped_tls::ScopedKey<T>::set::ha94648849d4ffe01
[INFO] [stdout]                                at /opt/rustwide/cargo-home/registry/src/github.com-1ecc6299db9ec823/tokio-1.9.0/src/macros/scoped_tls.rs:61:9
[INFO] [stdout]   46:     0x562cfafb48ff - tokio::runtime::thread_pool::worker::run::hbc12ebeb12bac1da
[INFO] [stdout]                                at /opt/rustwide/cargo-home/registry/src/github.com-1ecc6299db9ec823/tokio-1.9.0/src/runtime/thread_pool/worker.rs:347:5
[INFO] [stdout]   47:     0x562cfafb474b - tokio::runtime::thread_pool::worker::Launch::launch::{{closure}}::ha923f41b27f4b399
[INFO] [stdout]                                at /opt/rustwide/cargo-home/registry/src/github.com-1ecc6299db9ec823/tokio-1.9.0/src/runtime/thread_pool/worker.rs:326:45
[INFO] [stdout]   48:     0x562cfaf92d8f - <tokio::runtime::blocking::task::BlockingTask<T> as core::future::future::Future>::poll::hc46b3360395ae3d6
[INFO] [stdout]                                at /opt/rustwide/cargo-home/registry/src/github.com-1ecc6299db9ec823/tokio-1.9.0/src/runtime/blocking/task.rs:42:21
[INFO] [stdout]   49:     0x562cfaf8664e - tokio::runtime::task::core::CoreStage<T>::poll::{{closure}}::ha935d03b7e01786c
[INFO] [stdout]                                at /opt/rustwide/cargo-home/registry/src/github.com-1ecc6299db9ec823/tokio-1.9.0/src/runtime/task/core.rs:147:17
[INFO] [stdout]   50:     0x562cfaf78375 - tokio::loom::std::unsafe_cell::UnsafeCell<T>::with_mut::h82fa8d2ba180f0a6
[INFO] [stdout]                                at /opt/rustwide/cargo-home/registry/src/github.com-1ecc6299db9ec823/tokio-1.9.0/src/loom/std/unsafe_cell.rs:14:9
[INFO] [stdout]   51:     0x562cfaf86338 - tokio::runtime::task::core::CoreStage<T>::poll::h9fe050089365f9a8
[INFO] [stdout]                                at /opt/rustwide/cargo-home/registry/src/github.com-1ecc6299db9ec823/tokio-1.9.0/src/runtime/task/core.rs:137:13
[INFO] [stdout]   52:     0x562cfafb2d7e - tokio::runtime::task::harness::poll_future::{{closure}}::h093b9676d37413f4
[INFO] [stdout]                                at /opt/rustwide/cargo-home/registry/src/github.com-1ecc6299db9ec823/tokio-1.9.0/src/runtime/task/harness.rs:437:23
[INFO] [stdout]   53:     0x562cfafa6133 - <std::panic::AssertUnwindSafe<F> as core::ops::function::FnOnce<()>>::call_once::h125e8139e565b61f
[INFO] [stdout]                                at /rustc/a178d0322ce20e33eac124758e837cbd80a6f633/library/std/src/panic.rs:347:9
[INFO] [stdout]   54:     0x562cfaf6fad2 - std::panicking::try::do_call::ha02aac2b8b3861f4
[INFO] [stdout]                                at /rustc/a178d0322ce20e33eac124758e837cbd80a6f633/library/std/src/panicking.rs:401:40
[INFO] [stdout]   55:     0x562cfaf7019d - __rust_try
[INFO] [stdout]   56:     0x562cfaf6f49a - std::panicking::try::h23c03c1bedaa99e8
[INFO] [stdout]                                at /rustc/a178d0322ce20e33eac124758e837cbd80a6f633/library/std/src/panicking.rs:365:19
[INFO] [stdout]   57:     0x562cfafa73bb - std::panic::catch_unwind::h082036bdb3cf3229
[INFO] [stdout]                                at /rustc/a178d0322ce20e33eac124758e837cbd80a6f633/library/std/src/panic.rs:434:14
[INFO] [stdout]   58:     0x562cfafb29e1 - tokio::runtime::task::harness::poll_future::h476eb8026527565b
[INFO] [stdout]                                at /opt/rustwide/cargo-home/registry/src/github.com-1ecc6299db9ec823/tokio-1.9.0/src/runtime/task/harness.rs:424:19
[INFO] [stdout]   59:     0x562cfafb073f - tokio::runtime::task::harness::Harness<T,S>::poll_inner::hd2bdbb19f430e78d
[INFO] [stdout]                                at /opt/rustwide/cargo-home/registry/src/github.com-1ecc6299db9ec823/tokio-1.9.0/src/runtime/task/harness.rs:89:9
[INFO] [stdout]   60:     0x562cfafb02ac - tokio::runtime::task::harness::Harness<T,S>::poll::h36acd8abb7ab1dc0
[INFO] [stdout]                                at /opt/rustwide/cargo-home/registry/src/github.com-1ecc6299db9ec823/tokio-1.9.0/src/runtime/task/harness.rs:59:15
[INFO] [stdout]   61:     0x562cfaf900f2 - tokio::runtime::task::raw::poll::h4cf375626ed3ef1d
[INFO] [stdout]                                at /opt/rustwide/cargo-home/registry/src/github.com-1ecc6299db9ec823/tokio-1.9.0/src/runtime/task/raw.rs:113:5
[INFO] [stdout]   62:     0x562cfaf8ff6f - tokio::runtime::task::raw::RawTask::poll::hc44f68035e86eb70
[INFO] [stdout]                                at /opt/rustwide/cargo-home/registry/src/github.com-1ecc6299db9ec823/tokio-1.9.0/src/runtime/task/raw.rs:70:18
[INFO] [stdout]   63:     0x562cfaf436f1 - tokio::runtime::task::Notified<S>::run::h166775764dc5cbb3
[INFO] [stdout]                                at /opt/rustwide/cargo-home/registry/src/github.com-1ecc6299db9ec823/tokio-1.9.0/src/runtime/task/mod.rs:166:9
[INFO] [stdout]   64:     0x562cfaf92a9f - tokio::runtime::blocking::pool::Inner::run::h75c68c4076fe3d4f
[INFO] [stdout]                                at /opt/rustwide/cargo-home/registry/src/github.com-1ecc6299db9ec823/tokio-1.9.0/src/runtime/blocking/pool.rs:265:17
[INFO] [stdout]   65:     0x562cfaf91eaf - tokio::runtime::blocking::pool::Spawner::spawn_thread::{{closure}}::h2e2319e6a14a5e3e
[INFO] [stdout]                                at /opt/rustwide/cargo-home/registry/src/github.com-1ecc6299db9ec823/tokio-1.9.0/src/runtime/blocking/pool.rs:245:17
[INFO] [stdout]   66:     0x562cfaf7072c - std::sys_common::backtrace::__rust_begin_short_backtrace::h6cb8d69e0a90c369
[INFO] [stdout]                                at /rustc/a178d0322ce20e33eac124758e837cbd80a6f633/library/std/src/sys_common/backtrace.rs:125:18
[INFO] [stdout]   67:     0x562cfaf620f1 - std::thread::Builder::spawn_unchecked::{{closure}}::{{closure}}::hc73273c113f9b86e
[INFO] [stdout]                                at /rustc/a178d0322ce20e33eac124758e837cbd80a6f633/library/std/src/thread/mod.rs:481:17
[INFO] [stdout]   68:     0x562cfafa6251 - <std::panic::AssertUnwindSafe<F> as core::ops::function::FnOnce<()>>::call_once::hd502176ff493f2c3
[INFO] [stdout]                                at /rustc/a178d0322ce20e33eac124758e837cbd80a6f633/library/std/src/panic.rs:347:9
[INFO] [stdout]   69:     0x562cfaf6f9cc - std::panicking::try::do_call::h6d365098ae96f4a5
[INFO] [stdout]                                at /rustc/a178d0322ce20e33eac124758e837cbd80a6f633/library/std/src/panicking.rs:401:40
[INFO] [stdout]   70:     0x562cfaf7019d - __rust_try
[INFO] [stdout]   71:     0x562cfaf6f801 - std::panicking::try::ha735195351ad3444
[INFO] [stdout]                                at /rustc/a178d0322ce20e33eac124758e837cbd80a6f633/library/std/src/panicking.rs:365:19
[INFO] [stdout]   72:     0x562cfafa7421 - std::panic::catch_unwind::h13b721fafc286388
[INFO] [stdout]                                at /rustc/a178d0322ce20e33eac124758e837cbd80a6f633/library/std/src/panic.rs:434:14
[INFO] [stdout]   73:     0x562cfaf61f00 - std::thread::Builder::spawn_unchecked::{{closure}}::h74467e9e4a1a9587
[INFO] [stdout]                                at /rustc/a178d0322ce20e33eac124758e837cbd80a6f633/library/std/src/thread/mod.rs:480:30
[INFO] [stdout]   74:     0x562cfafc3e1f - core::ops::function::FnOnce::call_once{{vtable.shim}}::hb7f584caf22f82a6
[INFO] [stdout]                                at /rustc/a178d0322ce20e33eac124758e837cbd80a6f633/library/core/src/ops/function.rs:227:5
[INFO] [stdout]   75:     0x562cfb385c57 - <alloc::boxed::Box<F,A> as core::ops::function::FnOnce<Args>>::call_once::h7ece6cfefaff1005
[INFO] [stdout]                                at /rustc/a178d0322ce20e33eac124758e837cbd80a6f633/library/alloc/src/boxed.rs:1575:9
[INFO] [stdout]   76:     0x562cfb385c57 - <alloc::boxed::Box<F,A> as core::ops::function::FnOnce<Args>>::call_once::hb8b48e55c21f193e
[INFO] [stdout]                                at /rustc/a178d0322ce20e33eac124758e837cbd80a6f633/library/alloc/src/boxed.rs:1575:9
[INFO] [stdout]   77:     0x562cfb385c57 - std::sys::unix::thread::Thread::new::thread_start::h8c7c4450dba62914
[INFO] [stdout]                                at /rustc/a178d0322ce20e33eac124758e837cbd80a6f633/library/std/src/sys/unix/thread.rs:71:17
[INFO] [stdout]   78:     0x7f949d0d7609 - start_thread
[INFO] [stdout]   79:     0x7f949cea9293 - clone
[INFO] [stdout]   80:                0x0 - <unknown>
[INFO] [stdout] 
[INFO] [stdout] ---- test::tests::test_message stdout ----
[INFO] [stdout] listener1 bound to: kitsune-quic://127.0.0.1:43187
[INFO] [stdout] listener2 bound to: kitsune-quic://0.0.0.0:43901
[INFO] [stdout] thread 'test::tests::test_message' panicked at 'called `Result::unwrap()` on an `Err` value: Other(TimedOut)', src/test.rs:41:71
[INFO] [stdout] stack backtrace:
[INFO] [stdout]    0:     0x562cfb37dcc0 - std::backtrace_rs::backtrace::libunwind::trace::h34055254b57d8e79
[INFO] [stdout]                                at /rustc/a178d0322ce20e33eac124758e837cbd80a6f633/library/std/src/../../backtrace/src/backtrace/libunwind.rs:90:5
[INFO] [stdout]    1:     0x562cfb37dcc0 - std::backtrace_rs::backtrace::trace_unsynchronized::h8f1e3fbd9afff6ec
[INFO] [stdout]                                at /rustc/a178d0322ce20e33eac124758e837cbd80a6f633/library/std/src/../../backtrace/src/backtrace/mod.rs:66:5
[INFO] [stdout]    2:     0x562cfb37dcc0 - std::sys_common::backtrace::_print_fmt::h3a99a796b770c360
[INFO] [stdout]                                at /rustc/a178d0322ce20e33eac124758e837cbd80a6f633/library/std/src/sys_common/backtrace.rs:67:5
[INFO] [stdout]    3:     0x562cfb37dcc0 - <std::sys_common::backtrace::_print::DisplayBacktrace as core::fmt::Display>::fmt::h32d1f94a80615d18
[INFO] [stdout]                                at /rustc/a178d0322ce20e33eac124758e837cbd80a6f633/library/std/src/sys_common/backtrace.rs:46:22
[INFO] [stdout]    4:     0x562cfb3a35fc - core::fmt::write::h306731c068f7162c
[INFO] [stdout]                                at /rustc/a178d0322ce20e33eac124758e837cbd80a6f633/library/core/src/fmt/mod.rs:1110:17
[INFO] [stdout]    5:     0x562cfb377135 - std::io::Write::write_fmt::h87f19b0a2cd190bc
[INFO] [stdout]                                at /rustc/a178d0322ce20e33eac124758e837cbd80a6f633/library/std/src/io/mod.rs:1588:15
[INFO] [stdout]    6:     0x562cfb38001b - std::sys_common::backtrace::_print::h5abaa2601a852287
[INFO] [stdout]                                at /rustc/a178d0322ce20e33eac124758e837cbd80a6f633/library/std/src/sys_common/backtrace.rs:49:5
[INFO] [stdout]    7:     0x562cfb38001b - std::sys_common::backtrace::print::h8d81445442bb638f
[INFO] [stdout]                                at /rustc/a178d0322ce20e33eac124758e837cbd80a6f633/library/std/src/sys_common/backtrace.rs:36:9
[INFO] [stdout]    8:     0x562cfb38001b - std::panicking::default_hook::{{closure}}::hcfe804496a9fa747
[INFO] [stdout]                                at /rustc/a178d0322ce20e33eac124758e837cbd80a6f633/library/std/src/panicking.rs:208:50
[INFO] [stdout]    9:     0x562cfb37fb2c - std::panicking::default_hook::hbea8e3ccf2ba8901
[INFO] [stdout]                                at /rustc/a178d0322ce20e33eac124758e837cbd80a6f633/library/std/src/panicking.rs:222:9
[INFO] [stdout]   10:     0x562cfb3806e4 - std::panicking::rust_panic_with_hook::h7ee9e1a2d0f8975a
[INFO] [stdout]                                at /rustc/a178d0322ce20e33eac124758e837cbd80a6f633/library/std/src/panicking.rs:622:17
[INFO] [stdout]   11:     0x562cfb3801c7 - std::panicking::begin_panic_handler::{{closure}}::h8ab3b4491718b2c7
[INFO] [stdout]                                at /rustc/a178d0322ce20e33eac124758e837cbd80a6f633/library/std/src/panicking.rs:519:13
[INFO] [stdout]   12:     0x562cfb37e1bc - std::sys_common::backtrace::__rust_end_short_backtrace::hd489062ffa586a9f
[INFO] [stdout]                                at /rustc/a178d0322ce20e33eac124758e837cbd80a6f633/library/std/src/sys_common/backtrace.rs:141:18
[INFO] [stdout]   13:     0x562cfb380129 - rust_begin_unwind
[INFO] [stdout]                                at /rustc/a178d0322ce20e33eac124758e837cbd80a6f633/library/std/src/panicking.rs:515:5
[INFO] [stdout]   14:     0x562cfa90fd31 - core::panicking::panic_fmt::hca6330e3e14086b4
[INFO] [stdout]                                at /rustc/a178d0322ce20e33eac124758e837cbd80a6f633/library/core/src/panicking.rs:92:14
[INFO] [stdout]   15:     0x562cfa90fe23 - core::result::unwrap_failed::h6160d2b4bfbb0e87
[INFO] [stdout]                                at /rustc/a178d0322ce20e33eac124758e837cbd80a6f633/library/core/src/result.rs:1355:5
[INFO] [stdout]   16:     0x562cfaa8e1fd - core::result::Result<T,E>::unwrap::h465d05e718030425
[INFO] [stdout]                                at /rustc/a178d0322ce20e33eac124758e837cbd80a6f633/library/core/src/result.rs:1037:23
[INFO] [stdout]   17:     0x562cfa9e606d - kitsune_p2p_transport_quic::test::tests::test_message::{{closure}}::h9681b28f37e24478
[INFO] [stdout]                                at /opt/rustwide/workdir/src/test.rs:41:20
[INFO] [stdout]   18:     0x562cfa9b2e3b - <core::future::from_generator::GenFuture<T> as core::future::future::Future>::poll::haa6ee5705ce0162f
[INFO] [stdout]                                at /rustc/a178d0322ce20e33eac124758e837cbd80a6f633/library/core/src/future/mod.rs:80:19
[INFO] [stdout]   19:     0x562cfa996750 - tokio::park::thread::CachedParkThread::block_on::{{closure}}::habb9f1d9c7363b1d
[INFO] [stdout]                                at /opt/rustwide/cargo-home/registry/src/github.com-1ecc6299db9ec823/tokio-1.9.0/src/park/thread.rs:263:54
[INFO] [stdout]   20:     0x562cfa9f117c - tokio::coop::with_budget::{{closure}}::h61a1a0d1171082c6
[INFO] [stdout]                                at /opt/rustwide/cargo-home/registry/src/github.com-1ecc6299db9ec823/tokio-1.9.0/src/coop.rs:106:9
[INFO] [stdout]   21:     0x562cfaa7d451 - std::thread::local::LocalKey<T>::try_with::h47974a16f1ea4167
[INFO] [stdout]                                at /rustc/a178d0322ce20e33eac124758e837cbd80a6f633/library/std/src/thread/local.rs:400:16
[INFO] [stdout]   22:     0x562cfaa7c37d - std::thread::local::LocalKey<T>::with::h094d69a1544cbaf6
[INFO] [stdout]                                at /rustc/a178d0322ce20e33eac124758e837cbd80a6f633/library/std/src/thread/local.rs:376:9
[INFO] [stdout]   23:     0x562cfa9953fd - tokio::coop::with_budget::h135a21ae36a6cf23
[INFO] [stdout]                                at /opt/rustwide/cargo-home/registry/src/github.com-1ecc6299db9ec823/tokio-1.9.0/src/coop.rs:99:5
[INFO] [stdout]   24:     0x562cfa9953fd - tokio::coop::budget::h89cb6373330d2bca
[INFO] [stdout]                                at /opt/rustwide/cargo-home/registry/src/github.com-1ecc6299db9ec823/tokio-1.9.0/src/coop.rs:76:5
[INFO] [stdout]   25:     0x562cfa9953fd - tokio::park::thread::CachedParkThread::block_on::h61afd0ab703ae4ef
[INFO] [stdout]                                at /opt/rustwide/cargo-home/registry/src/github.com-1ecc6299db9ec823/tokio-1.9.0/src/park/thread.rs:263:31
[INFO] [stdout]   26:     0x562cfaa28753 - tokio::runtime::enter::Enter::block_on::h2e1f3b4ddd930c6b
[INFO] [stdout]                                at /opt/rustwide/cargo-home/registry/src/github.com-1ecc6299db9ec823/tokio-1.9.0/src/runtime/enter.rs:151:13
[INFO] [stdout]   27:     0x562cfa9491e8 - tokio::runtime::thread_pool::ThreadPool::block_on::h3d33399860dd1c45
[INFO] [stdout]                                at /opt/rustwide/cargo-home/registry/src/github.com-1ecc6299db9ec823/tokio-1.9.0/src/runtime/thread_pool/mod.rs:71:9
[INFO] [stdout]   28:     0x562cfa9df940 - tokio::runtime::Runtime::block_on::h0a1f6feeae109795
[INFO] [stdout]                                at /opt/rustwide/cargo-home/registry/src/github.com-1ecc6299db9ec823/tokio-1.9.0/src/runtime/mod.rs:452:43
[INFO] [stdout]   29:     0x562cfa9e4447 - kitsune_p2p_transport_quic::test::tests::test_message::h21b8a9efa69135e5
[INFO] [stdout]                                at /opt/rustwide/workdir/src/test.rs:45:9
[INFO] [stdout]   30:     0x562cfa9e436a - kitsune_p2p_transport_quic::test::tests::test_message::{{closure}}::h9c45f606fa9e0176
[INFO] [stdout]                                at /opt/rustwide/workdir/src/test.rs:8:11
[INFO] [stdout]   31:     0x562cfa9836be - core::ops::function::FnOnce::call_once::h7254d74e2d7c0909
[INFO] [stdout]                                at /rustc/a178d0322ce20e33eac124758e837cbd80a6f633/library/core/src/ops/function.rs:227:5
[INFO] [stdout]   32:     0x562cfaac7083 - core::ops::function::FnOnce::call_once::h152e7e439ff59e19
[INFO] [stdout]                                at /rustc/a178d0322ce20e33eac124758e837cbd80a6f633/library/core/src/ops/function.rs:227:5
[INFO] [stdout]   33:     0x562cfaac7083 - test::__rust_begin_short_backtrace::h0908f3b1fdbb72ab
[INFO] [stdout]                                at /rustc/a178d0322ce20e33eac124758e837cbd80a6f633/library/test/src/lib.rs:577:5
[INFO] [stdout]   34:     0x562cfaac5b40 - <alloc::boxed::Box<F,A> as core::ops::function::FnOnce<Args>>::call_once::hf6d2a51e5587546c
[INFO] [stdout]                                at /rustc/a178d0322ce20e33eac124758e837cbd80a6f633/library/alloc/src/boxed.rs:1575:9
[INFO] [stdout]   35:     0x562cfaac5b40 - <std::panic::AssertUnwindSafe<F> as core::ops::function::FnOnce<()>>::call_once::h8af660f3a89ef593
[INFO] [stdout]                                at /rustc/a178d0322ce20e33eac124758e837cbd80a6f633/library/std/src/panic.rs:347:9
[INFO] [stdout]   36:     0x562cfaac5b40 - std::panicking::try::do_call::hd36aef60f84b6d36
[INFO] [stdout]                                at /rustc/a178d0322ce20e33eac124758e837cbd80a6f633/library/std/src/panicking.rs:401:40
[INFO] [stdout]   37:     0x562cfaac5b40 - std::panicking::try::h9932b4480e69817c
[INFO] [stdout]                                at /rustc/a178d0322ce20e33eac124758e837cbd80a6f633/library/std/src/panicking.rs:365:19
[INFO] [stdout]   38:     0x562cfaac5b40 - std::panic::catch_unwind::h6aa177099cfff5f8
[INFO] [stdout]                                at /rustc/a178d0322ce20e33eac124758e837cbd80a6f633/library/std/src/panic.rs:434:14
[INFO] [stdout]   39:     0x562cfaac5b40 - test::run_test_in_process::h5884d6f2d99e20c3
[INFO] [stdout]                                at /rustc/a178d0322ce20e33eac124758e837cbd80a6f633/library/test/src/lib.rs:600:18
[INFO] [stdout]   40:     0x562cfaac5b40 - test::run_test::run_test_inner::{{closure}}::h6fdc58c6d5f5b6e3
[INFO] [stdout]                                at /rustc/a178d0322ce20e33eac124758e837cbd80a6f633/library/test/src/lib.rs:492:39
[INFO] [stdout]   41:     0x562cfaa9f1f2 - test::run_test::run_test_inner::{{closure}}::h408365d67a78ade8
[INFO] [stdout]                                at /rustc/a178d0322ce20e33eac124758e837cbd80a6f633/library/test/src/lib.rs:519:37
[INFO] [stdout]   42:     0x562cfaa9f1f2 - std::sys_common::backtrace::__rust_begin_short_backtrace::hb560b77c4f701523
[INFO] [stdout]                                at /rustc/a178d0322ce20e33eac124758e837cbd80a6f633/library/std/src/sys_common/backtrace.rs:125:18
[INFO] [stdout]   43:     0x562cfaaa2da8 - std::thread::Builder::spawn_unchecked::{{closure}}::{{closure}}::hf2e7831dad93c597
[INFO] [stdout]                                at /rustc/a178d0322ce20e33eac124758e837cbd80a6f633/library/std/src/thread/mod.rs:481:17
[INFO] [stdout]   44:     0x562cfaaa2da8 - <std::panic::AssertUnwindSafe<F> as core::ops::function::FnOnce<()>>::call_once::hd2e08783d8be4d02
[INFO] [stdout]                                at /rustc/a178d0322ce20e33eac124758e837cbd80a6f633/library/std/src/panic.rs:347:9
[INFO] [stdout]   45:     0x562cfaaa2da8 - std::panicking::try::do_call::h062597b7acfd6b82
[INFO] [stdout]                                at /rustc/a178d0322ce20e33eac124758e837cbd80a6f633/library/std/src/panicking.rs:401:40
[INFO] [stdout]   46:     0x562cfaaa2da8 - std::panicking::try::h0d7b79db04c14552
[INFO] [stdout]                                at /rustc/a178d0322ce20e33eac124758e837cbd80a6f633/library/std/src/panicking.rs:365:19
[INFO] [stdout]   47:     0x562cfaaa2da8 - std::panic::catch_unwind::hb01a0b5e7c8cd43b
[INFO] [stdout]                                at /rustc/a178d0322ce20e33eac124758e837cbd80a6f633/library/std/src/panic.rs:434:14
[INFO] [stdout]   48:     0x562cfaaa2da8 - std::thread::Builder::spawn_unchecked::{{closure}}::h5bde48cc887e0d1e
[INFO] [stdout]                                at /rustc/a178d0322ce20e33eac124758e837cbd80a6f633/library/std/src/thread/mod.rs:480:30
[INFO] [stdout]   49:     0x562cfaaa2da8 - core::ops::function::FnOnce::call_once{{vtable.shim}}::h745ea30807a29e55
[INFO] [stdout]                                at /rustc/a178d0322ce20e33eac124758e837cbd80a6f633/library/core/src/ops/function.rs:227:5
[INFO] [stdout]   50:     0x562cfb385c57 - <alloc::boxed::Box<F,A> as core::ops::function::FnOnce<Args>>::call_once::h7ece6cfefaff1005
[INFO] [stdout]                                at /rustc/a178d0322ce20e33eac124758e837cbd80a6f633/library/alloc/src/boxed.rs:1575:9
[INFO] [stdout]   51:     0x562cfb385c57 - <alloc::boxed::Box<F,A> as core::ops::function::FnOnce<Args>>::call_once::hb8b48e55c21f193e
[INFO] [stdout]                                at /rustc/a178d0322ce20e33eac124758e837cbd80a6f633/library/alloc/src/boxed.rs:1575:9
[INFO] [stdout]   52:     0x562cfb385c57 - std::sys::unix::thread::Thread::new::thread_start::h8c7c4450dba62914
[INFO] [stdout]                                at /rustc/a178d0322ce20e33eac124758e837cbd80a6f633/library/std/src/sys/unix/thread.rs:71:17
[INFO] [stdout]   53:     0x7f949d0d7609 - start_thread
[INFO] [stdout]   54:     0x7f949cea9293 - clone
[INFO] [stdout]   55:                0x0 - <unknown>
[INFO] [stdout] 
[INFO] [stdout] ---- test::tests::test_large_message stdout ----
[INFO] [stdout] listener1 bound to: kitsune-quic://127.0.0.1:46622
[INFO] [stdout] thread 'test::tests::test_large_message' panicked at 'called `Result::unwrap()` on an `Err` value: Other(TimedOut)', src/test.rs:80:71
[INFO] [stdout] stack backtrace:
[INFO] [stdout]    0:     0x562cfb37dcc0 - std::backtrace_rs::backtrace::libunwind::trace::h34055254b57d8e79
[INFO] [stdout]                                at /rustc/a178d0322ce20e33eac124758e837cbd80a6f633/library/std/src/../../backtrace/src/backtrace/libunwind.rs:90:5
[INFO] [stdout]    1:     0x562cfb37dcc0 - std::backtrace_rs::backtrace::trace_unsynchronized::h8f1e3fbd9afff6ec
[INFO] [stdout]                                at /rustc/a178d0322ce20e33eac124758e837cbd80a6f633/library/std/src/../../backtrace/src/backtrace/mod.rs:66:5
[INFO] [stdout]    2:     0x562cfb37dcc0 - std::sys_common::backtrace::_print_fmt::h3a99a796b770c360
[INFO] [stdout]                                at /rustc/a178d0322ce20e33eac124758e837cbd80a6f633/library/std/src/sys_common/backtrace.rs:67:5
[INFO] [stdout]    3:     0x562cfb37dcc0 - <std::sys_common::backtrace::_print::DisplayBacktrace as core::fmt::Display>::fmt::h32d1f94a80615d18
[INFO] [stdout]                                at /rustc/a178d0322ce20e33eac124758e837cbd80a6f633/library/std/src/sys_common/backtrace.rs:46:22
[INFO] [stdout]    4:     0x562cfb3a35fc - core::fmt::write::h306731c068f7162c
[INFO] [stdout]                                at /rustc/a178d0322ce20e33eac124758e837cbd80a6f633/library/core/src/fmt/mod.rs:1110:17
[INFO] [stdout]    5:     0x562cfb377135 - std::io::Write::write_fmt::h87f19b0a2cd190bc
[INFO] [stdout]                                at /rustc/a178d0322ce20e33eac124758e837cbd80a6f633/library/std/src/io/mod.rs:1588:15
[INFO] [stdout]    6:     0x562cfb38001b - std::sys_common::backtrace::_print::h5abaa2601a852287
[INFO] [stdout]                                at /rustc/a178d0322ce20e33eac124758e837cbd80a6f633/library/std/src/sys_common/backtrace.rs:49:5
[INFO] [stdout]    7:     0x562cfb38001b - std::sys_common::backtrace::print::h8d81445442bb638f
[INFO] [stdout]                                at /rustc/a178d0322ce20e33eac124758e837cbd80a6f633/library/std/src/sys_common/backtrace.rs:36:9
[INFO] [stdout]    8:     0x562cfb38001b - std::panicking::default_hook::{{closure}}::hcfe804496a9fa747
[INFO] [stdout]                                at /rustc/a178d0322ce20e33eac124758e837cbd80a6f633/library/std/src/panicking.rs:208:50
[INFO] [stdout]    9:     0x562cfb37fb2c - std::panicking::default_hook::hbea8e3ccf2ba8901
[INFO] [stdout]                                at /rustc/a178d0322ce20e33eac124758e837cbd80a6f633/library/std/src/panicking.rs:222:9
[INFO] [stdout]   10:     0x562cfb3806e4 - std::panicking::rust_panic_with_hook::h7ee9e1a2d0f8975a
[INFO] [stdout]                                at /rustc/a178d0322ce20e33eac124758e837cbd80a6f633/library/std/src/panicking.rs:622:17
[INFO] [stdout]   11:     0x562cfb3801c7 - std::panicking::begin_panic_handler::{{closure}}::h8ab3b4491718b2c7
[INFO] [stdout]                                at /rustc/a178d0322ce20e33eac124758e837cbd80a6f633/library/std/src/panicking.rs:519:13
[INFO] [stdout]   12:     0x562cfb37e1bc - std::sys_common::backtrace::__rust_end_short_backtrace::hd489062ffa586a9f
[INFO] [stdout]                                at /rustc/a178d0322ce20e33eac124758e837cbd80a6f633/library/std/src/sys_common/backtrace.rs:141:18
[INFO] [stdout]   13:     0x562cfb380129 - rust_begin_unwind
[INFO] [stdout]                                at /rustc/a178d0322ce20e33eac124758e837cbd80a6f633/library/std/src/panicking.rs:515:5
[INFO] [stdout]   14:     0x562cfa90fd31 - core::panicking::panic_fmt::hca6330e3e14086b4
[INFO] [stdout]                                at /rustc/a178d0322ce20e33eac124758e837cbd80a6f633/library/core/src/panicking.rs:92:14
[INFO] [stdout]   15:     0x562cfa90fe23 - core::result::unwrap_failed::h6160d2b4bfbb0e87
[INFO] [stdout]                                at /rustc/a178d0322ce20e33eac124758e837cbd80a6f633/library/core/src/result.rs:1355:5
[INFO] [stdout]   16:     0x562cfaa8e1fd - core::result::Result<T,E>::unwrap::h465d05e718030425
[INFO] [stdout]                                at /rustc/a178d0322ce20e33eac124758e837cbd80a6f633/library/core/src/result.rs:1037:23
[INFO] [stdout]   17:     0x562cfa9e7dcb - kitsune_p2p_transport_quic::test::tests::test_large_message::{{closure}}::h730314d98dadba22
[INFO] [stdout]                                at /opt/rustwide/workdir/src/test.rs:80:20
[INFO] [stdout]   18:     0x562cfa9b039b - <core::future::from_generator::GenFuture<T> as core::future::future::Future>::poll::h09a12274c2d03e52
[INFO] [stdout]                                at /rustc/a178d0322ce20e33eac124758e837cbd80a6f633/library/core/src/future/mod.rs:80:19
[INFO] [stdout]   19:     0x562cfa996800 - tokio::park::thread::CachedParkThread::block_on::{{closure}}::hba7929a7b9700f51
[INFO] [stdout]                                at /opt/rustwide/cargo-home/registry/src/github.com-1ecc6299db9ec823/tokio-1.9.0/src/park/thread.rs:263:54
[INFO] [stdout]   20:     0x562cfa9f150c - tokio::coop::with_budget::{{closure}}::h87d1059f893c7940
[INFO] [stdout]                                at /opt/rustwide/cargo-home/registry/src/github.com-1ecc6299db9ec823/tokio-1.9.0/src/coop.rs:106:9
[INFO] [stdout]   21:     0x562cfaa7ca31 - std::thread::local::LocalKey<T>::try_with::h09eb492f43017868
[INFO] [stdout]                                at /rustc/a178d0322ce20e33eac124758e837cbd80a6f633/library/std/src/thread/local.rs:400:16
[INFO] [stdout]   22:     0x562cfaa7c75d - std::thread::local::LocalKey<T>::with::h7fd35736efbb2df7
[INFO] [stdout]                                at /rustc/a178d0322ce20e33eac124758e837cbd80a6f633/library/std/src/thread/local.rs:376:9
[INFO] [stdout]   23:     0x562cfa99650d - tokio::coop::with_budget::h5d3190015a1c94c2
[INFO] [stdout]                                at /opt/rustwide/cargo-home/registry/src/github.com-1ecc6299db9ec823/tokio-1.9.0/src/coop.rs:99:5
[INFO] [stdout]   24:     0x562cfa99650d - tokio::coop::budget::h2865da784861243a
[INFO] [stdout]                                at /opt/rustwide/cargo-home/registry/src/github.com-1ecc6299db9ec823/tokio-1.9.0/src/coop.rs:76:5
[INFO] [stdout]   25:     0x562cfa99650d - tokio::park::thread::CachedParkThread::block_on::he972eb0215f22b23
[INFO] [stdout]                                at /opt/rustwide/cargo-home/registry/src/github.com-1ecc6299db9ec823/tokio-1.9.0/src/park/thread.rs:263:31
[INFO] [stdout]   26:     0x562cfaa28813 - tokio::runtime::enter::Enter::block_on::h9233099131f0b776
[INFO] [stdout]                                at /opt/rustwide/cargo-home/registry/src/github.com-1ecc6299db9ec823/tokio-1.9.0/src/runtime/enter.rs:151:13
[INFO] [stdout]   27:     0x562cfa949428 - tokio::runtime::thread_pool::ThreadPool::block_on::h72e60651a2cf37f4
[INFO] [stdout]                                at /opt/rustwide/cargo-home/registry/src/github.com-1ecc6299db9ec823/tokio-1.9.0/src/runtime/thread_pool/mod.rs:71:9
[INFO] [stdout]   28:     0x562cfa9dfc40 - tokio::runtime::Runtime::block_on::h7811dfa0b327f51b
[INFO] [stdout]                                at /opt/rustwide/cargo-home/registry/src/github.com-1ecc6299db9ec823/tokio-1.9.0/src/runtime/mod.rs:452:43
[INFO] [stdout]   29:     0x562cfa9e64c7 - kitsune_p2p_transport_quic::test::tests::test_large_message::h3ad8bac00e42bda5
[INFO] [stdout]                                at /opt/rustwide/workdir/src/test.rs:86:9
[INFO] [stdout]   30:     0x562cfa9e63ea - kitsune_p2p_transport_quic::test::tests::test_large_message::{{closure}}::hf6b1a0e9a19a737f
[INFO] [stdout]                                at /opt/rustwide/workdir/src/test.rs:49:11
[INFO] [stdout]   31:     0x562cfa9836fe - core::ops::function::FnOnce::call_once::h76a08abd47407a75
[INFO] [stdout]                                at /rustc/a178d0322ce20e33eac124758e837cbd80a6f633/library/core/src/ops/function.rs:227:5
[INFO] [stdout]   32:     0x562cfaac7083 - core::ops::function::FnOnce::call_once::h152e7e439ff59e19
[INFO] [stdout]                                at /rustc/a178d0322ce20e33eac124758e837cbd80a6f633/library/core/src/ops/function.rs:227:5
[INFO] [stdout]   33:     0x562cfaac7083 - test::__rust_begin_short_backtrace::h0908f3b1fdbb72ab
[INFO] [stdout]                                at /rustc/a178d0322ce20e33eac124758e837cbd80a6f633/library/test/src/lib.rs:577:5
[INFO] [stdout]   34:     0x562cfaac5b40 - <alloc::boxed::Box<F,A> as core::ops::function::FnOnce<Args>>::call_once::hf6d2a51e5587546c
[INFO] [stdout]                                at /rustc/a178d0322ce20e33eac124758e837cbd80a6f633/library/alloc/src/boxed.rs:1575:9
[INFO] [stdout]   35:     0x562cfaac5b40 - <std::panic::AssertUnwindSafe<F> as core::ops::function::FnOnce<()>>::call_once::h8af660f3a89ef593
[INFO] [stdout]                                at /rustc/a178d0322ce20e33eac124758e837cbd80a6f633/library/std/src/panic.rs:347:9
[INFO] [stdout]   36:     0x562cfaac5b40 - std::panicking::try::do_call::hd36aef60f84b6d36
[INFO] [stdout]                                at /rustc/a178d0322ce20e33eac124758e837cbd80a6f633/library/std/src/panicking.rs:401:40
[INFO] [stdout]   37:     0x562cfaac5b40 - std::panicking::try::h9932b4480e69817c
[INFO] [stdout]                                at /rustc/a178d0322ce20e33eac124758e837cbd80a6f633/library/std/src/panicking.rs:365:19
[INFO] [stdout]   38:     0x562cfaac5b40 - std::panic::catch_unwind::h6aa177099cfff5f8
[INFO] [stdout]                                at /rustc/a178d0322ce20e33eac124758e837cbd80a6f633/library/std/src/panic.rs:434:14
[INFO] [stdout]   39:     0x562cfaac5b40 - test::run_test_in_process::h5884d6f2d99e20c3
[INFO] [stdout]                                at /rustc/a178d0322ce20e33eac124758e837cbd80a6f633/library/test/src/lib.rs:600:18
[INFO] [stdout]   40:     0x562cfaac5b40 - test::run_test::run_test_inner::{{closure}}::h6fdc58c6d5f5b6e3
[INFO] [stdout]                                at /rustc/a178d0322ce20e33eac124758e837cbd80a6f633/library/test/src/lib.rs:492:39
[INFO] [stdout]   41:     0x562cfaa9f1f2 - test::run_test::run_test_inner::{{closure}}::h408365d67a78ade8
[INFO] [stdout]                                at /rustc/a178d0322ce20e33eac124758e837cbd80a6f633/library/test/src/lib.rs:519:37
[INFO] [stdout]   42:     0x562cfaa9f1f2 - std::sys_common::backtrace::__rust_begin_short_backtrace::hb560b77c4f701523
[INFO] [stdout]                                at /rustc/a178d0322ce20e33eac124758e837cbd80a6f633/library/std/src/sys_common/backtrace.rs:125:18
[INFO] [stdout]   43:     0x562cfaaa2da8 - std::thread::Builder::spawn_unchecked::{{closure}}::{{closure}}::hf2e7831dad93c597
[INFO] [stdout]                                at /rustc/a178d0322ce20e33eac124758e837cbd80a6f633/library/std/src/thread/mod.rs:481:17
[INFO] [stdout]   44:     0x562cfaaa2da8 - <std::panic::AssertUnwindSafe<F> as core::ops::function::FnOnce<()>>::call_once::hd2e08783d8be4d02
[INFO] [stdout]                                at /rustc/a178d0322ce20e33eac124758e837cbd80a6f633/library/std/src/panic.rs:347:9
[INFO] [stdout]   45:     0x562cfaaa2da8 - std::panicking::try::do_call::h062597b7acfd6b82
[INFO] [stdout]                                at /rustc/a178d0322ce20e33eac124758e837cbd80a6f633/library/std/src/panicking.rs:401:40
[INFO] [stdout]   46:     0x562cfaaa2da8 - std::panicking::try::h0d7b79db04c14552
[INFO] [stdout]                                at /rustc/a178d0322ce20e33eac124758e837cbd80a6f633/library/std/src/panicking.rs:365:19
[INFO] [stdout]   47:     0x562cfaaa2da8 - std::panic::catch_unwind::hb01a0b5e7c8cd43b
[INFO] [stdout]                                at /rustc/a178d0322ce20e33eac124758e837cbd80a6f633/library/std/src/panic.rs:434:14
[INFO] [stdout]   48:     0x562cfaaa2da8 - std::thread::Builder::spawn_unchecked::{{closure}}::h5bde48cc887e0d1e
[INFO] [stdout]                                at /rustc/a178d0322ce20e33eac124758e837cbd80a6f633/library/std/src/thread/mod.rs:480:30
[INFO] [stdout]   49:     0x562cfaaa2da8 - core::ops::function::FnOnce::call_once{{vtable.shim}}::h745ea30807a29e55
[INFO] [stdout]                                at /rustc/a178d0322ce20e33eac124758e837cbd80a6f633/library/core/src/ops/function.rs:227:5
[INFO] [stdout]   50:     0x562cfb385c57 - <alloc::boxed::Box<F,A> as core::ops::function::FnOnce<Args>>::call_once::h7ece6cfefaff1005
[INFO] [stdout]                                at /rustc/a178d0322ce20e33eac124758e837cbd80a6f633/library/alloc/src/boxed.rs:1575:9
[INFO] [stdout]   51:     0x562cfb385c57 - <alloc::boxed::Box<F,A> as core::ops::function::FnOnce<Args>>::call_once::hb8b48e55c21f193e
[INFO] [stdout]                                at /rustc/a178d0322ce20e33eac124758e837cbd80a6f633/library/alloc/src/boxed.rs:1575:9
[INFO] [stdout]   52:     0x562cfb385c57 - std::sys::unix::thread::Thread::new::thread_start::h8c7c4450dba62914
[INFO] [stdout]                                at /rustc/a178d0322ce20e33eac124758e837cbd80a6f633/library/std/src/sys/unix/thread.rs:71:17
[INFO] [stdout]   53:     0x7f949d0d7609 - start_thread
[INFO] [stdout]   54:     0x7f949cea9293 - clone
[INFO] [stdout]   55:                0x0 - <unknown>
[INFO] [stdout] 
[INFO] [stdout] 
[INFO] [stdout] failures:
[INFO] [stdout]     test::tests::test_large_message
[INFO] [stdout]     test::tests::test_message
[INFO] [stdout]     tx2::tests::test_quic_tx2
[INFO] [stdout] 
[INFO] [stdout] test result: FAILED. 0 passed; 3 failed; 0 ignored; 0 measured; 0 filtered out; finished in 30.27s
[INFO] [stdout] 
[INFO] [stderr] error: test failed, to rerun pass '--lib'
[INFO] running `Command { std: "docker" "inspect" "1785d229bc0ec41851758035ae9c4447cacda8559f22cc3d7b37c14ae83016ac", kill_on_drop: false }`
[INFO] running `Command { std: "docker" "rm" "-f" "1785d229bc0ec41851758035ae9c4447cacda8559f22cc3d7b37c14ae83016ac", kill_on_drop: false }`
[INFO] [stdout] 1785d229bc0ec41851758035ae9c4447cacda8559f22cc3d7b37c14ae83016ac
