[INFO] fetching crate kitsune_p2p_dht_arc 0.0.1...
[INFO] testing kitsune_p2p_dht_arc-0.0.1 against 1.54.0 for beta-1.55-1
[INFO] extracting crate kitsune_p2p_dht_arc 0.0.1 into /workspace/builds/worker-7/source
[INFO] validating manifest of crates.io crate kitsune_p2p_dht_arc 0.0.1 on toolchain 1.54.0
[INFO] running `Command { std: "/workspace/cargo-home/bin/cargo" "+1.54.0" "metadata" "--manifest-path" "Cargo.toml" "--no-deps", kill_on_drop: false }`
[INFO] started tweaking crates.io crate kitsune_p2p_dht_arc 0.0.1
[INFO] finished tweaking crates.io crate kitsune_p2p_dht_arc 0.0.1
[INFO] tweaked toml for crates.io crate kitsune_p2p_dht_arc 0.0.1 written to /workspace/builds/worker-7/source/Cargo.toml
[INFO] running `Command { std: "/workspace/cargo-home/bin/cargo" "+1.54.0" "generate-lockfile" "--manifest-path" "Cargo.toml" "-Zno-index-update", kill_on_drop: false }`
[INFO] running `Command { std: "/workspace/cargo-home/bin/cargo" "+1.54.0" "fetch" "--manifest-path" "Cargo.toml", kill_on_drop: false }`
[INFO] running `Command { std: "docker" "create" "-v" "/var/lib/crater-agent-workspace/builds/worker-7/target:/opt/rustwide/target:rw,Z" "-v" "/var/lib/crater-agent-workspace/builds/worker-7/source:/opt/rustwide/workdir:ro,Z" "-v" "/var/lib/crater-agent-workspace/cargo-home:/opt/rustwide/cargo-home:ro,Z" "-v" "/var/lib/crater-agent-workspace/rustup-home:/opt/rustwide/rustup-home:ro,Z" "-e" "SOURCE_DIR=/opt/rustwide/workdir" "-e" "CARGO_TARGET_DIR=/opt/rustwide/target" "-e" "CARGO_HOME=/opt/rustwide/cargo-home" "-e" "RUSTUP_HOME=/opt/rustwide/rustup-home" "-w" "/opt/rustwide/workdir" "-m" "1610612736" "--user" "0:0" "--network" "none" "ghcr.io/rust-lang/crates-build-env/linux@sha256:34b6a614d2c27851fe6cbf88fbd1137609cefab8b10d0615aaeb6fd47975d74e" "/opt/rustwide/cargo-home/bin/cargo" "+1.54.0" "metadata" "--no-deps" "--format-version=1", kill_on_drop: false }`
[INFO] [stdout] 38e06d3c91b7adceb2885e9995d319382add01adc5795f7a49a44682cac054c3
[INFO] [stderr] WARNING: Your kernel does not support swap limit capabilities or the cgroup is not mounted. Memory limited without swap.
[INFO] running `Command { std: "docker" "start" "-a" "38e06d3c91b7adceb2885e9995d319382add01adc5795f7a49a44682cac054c3", kill_on_drop: false }`
[INFO] running `Command { std: "docker" "inspect" "38e06d3c91b7adceb2885e9995d319382add01adc5795f7a49a44682cac054c3", kill_on_drop: false }`
[INFO] running `Command { std: "docker" "rm" "-f" "38e06d3c91b7adceb2885e9995d319382add01adc5795f7a49a44682cac054c3", kill_on_drop: false }`
[INFO] [stdout] 38e06d3c91b7adceb2885e9995d319382add01adc5795f7a49a44682cac054c3
[INFO] running `Command { std: "docker" "create" "-v" "/var/lib/crater-agent-workspace/builds/worker-7/target:/opt/rustwide/target:rw,Z" "-v" "/var/lib/crater-agent-workspace/builds/worker-7/source:/opt/rustwide/workdir:ro,Z" "-v" "/var/lib/crater-agent-workspace/cargo-home:/opt/rustwide/cargo-home:ro,Z" "-v" "/var/lib/crater-agent-workspace/rustup-home:/opt/rustwide/rustup-home:ro,Z" "-e" "SOURCE_DIR=/opt/rustwide/workdir" "-e" "CARGO_TARGET_DIR=/opt/rustwide/target" "-e" "CARGO_INCREMENTAL=0" "-e" "RUST_BACKTRACE=full" "-e" "RUSTFLAGS=--cap-lints=warn" "-e" "CARGO_HOME=/opt/rustwide/cargo-home" "-e" "RUSTUP_HOME=/opt/rustwide/rustup-home" "-w" "/opt/rustwide/workdir" "-m" "1610612736" "--user" "0:0" "--network" "none" "ghcr.io/rust-lang/crates-build-env/linux@sha256:34b6a614d2c27851fe6cbf88fbd1137609cefab8b10d0615aaeb6fd47975d74e" "/opt/rustwide/cargo-home/bin/cargo" "+1.54.0" "build" "--frozen" "--message-format=json", kill_on_drop: false }`
[INFO] [stderr] WARNING: Your kernel does not support swap limit capabilities or the cgroup is not mounted. Memory limited without swap.
[INFO] [stdout] b1b9e5429e22974d8ce72a8700c147fefdf3c425de3f76dff7d431a78557bc7c
[INFO] running `Command { std: "docker" "start" "-a" "b1b9e5429e22974d8ce72a8700c147fefdf3c425de3f76dff7d431a78557bc7c", kill_on_drop: false }`
[INFO] [stderr]    Compiling bit-vec v0.6.3
[INFO] [stderr]    Compiling trilean v1.1.0
[INFO] [stderr]    Compiling derive_more v0.99.16
[INFO] [stderr]    Compiling bit-set v0.2.0
[INFO] [stderr]    Compiling gcollections v1.4.0
[INFO] [stderr]    Compiling intervallum v1.3.0
[INFO] [stderr]    Compiling kitsune_p2p_dht_arc v0.0.1 (/opt/rustwide/workdir)
[INFO] [stderr]     Finished dev [unoptimized + debuginfo] target(s) in 11.55s
[INFO] running `Command { std: "docker" "inspect" "b1b9e5429e22974d8ce72a8700c147fefdf3c425de3f76dff7d431a78557bc7c", kill_on_drop: false }`
[INFO] running `Command { std: "docker" "rm" "-f" "b1b9e5429e22974d8ce72a8700c147fefdf3c425de3f76dff7d431a78557bc7c", kill_on_drop: false }`
[INFO] [stdout] b1b9e5429e22974d8ce72a8700c147fefdf3c425de3f76dff7d431a78557bc7c
[INFO] running `Command { std: "docker" "create" "-v" "/var/lib/crater-agent-workspace/builds/worker-7/target:/opt/rustwide/target:rw,Z" "-v" "/var/lib/crater-agent-workspace/builds/worker-7/source:/opt/rustwide/workdir:ro,Z" "-v" "/var/lib/crater-agent-workspace/cargo-home:/opt/rustwide/cargo-home:ro,Z" "-v" "/var/lib/crater-agent-workspace/rustup-home:/opt/rustwide/rustup-home:ro,Z" "-e" "SOURCE_DIR=/opt/rustwide/workdir" "-e" "CARGO_TARGET_DIR=/opt/rustwide/target" "-e" "CARGO_INCREMENTAL=0" "-e" "RUST_BACKTRACE=full" "-e" "RUSTFLAGS=--cap-lints=warn" "-e" "CARGO_HOME=/opt/rustwide/cargo-home" "-e" "RUSTUP_HOME=/opt/rustwide/rustup-home" "-w" "/opt/rustwide/workdir" "-m" "1610612736" "--user" "0:0" "--network" "none" "ghcr.io/rust-lang/crates-build-env/linux@sha256:34b6a614d2c27851fe6cbf88fbd1137609cefab8b10d0615aaeb6fd47975d74e" "/opt/rustwide/cargo-home/bin/cargo" "+1.54.0" "test" "--frozen" "--no-run" "--message-format=json", kill_on_drop: false }`
[INFO] [stderr] WARNING: Your kernel does not support swap limit capabilities or the cgroup is not mounted. Memory limited without swap.
[INFO] [stdout] 05cd2ed35a13c0da12109042399a61ad0a4400cccb4fcf427da8963a0495c410
[INFO] running `Command { std: "docker" "start" "-a" "05cd2ed35a13c0da12109042399a61ad0a4400cccb4fcf427da8963a0495c410", kill_on_drop: false }`
[INFO] [stderr]    Compiling kitsune_p2p_dht_arc v0.0.1 (/opt/rustwide/workdir)
[INFO] [stderr]     Finished test [unoptimized + debuginfo] target(s) in 3.86s
[INFO] running `Command { std: "docker" "inspect" "05cd2ed35a13c0da12109042399a61ad0a4400cccb4fcf427da8963a0495c410", kill_on_drop: false }`
[INFO] running `Command { std: "docker" "rm" "-f" "05cd2ed35a13c0da12109042399a61ad0a4400cccb4fcf427da8963a0495c410", kill_on_drop: false }`
[INFO] [stdout] 05cd2ed35a13c0da12109042399a61ad0a4400cccb4fcf427da8963a0495c410
[INFO] running `Command { std: "docker" "create" "-v" "/var/lib/crater-agent-workspace/builds/worker-7/target:/opt/rustwide/target:rw,Z" "-v" "/var/lib/crater-agent-workspace/builds/worker-7/source:/opt/rustwide/workdir:ro,Z" "-v" "/var/lib/crater-agent-workspace/cargo-home:/opt/rustwide/cargo-home:ro,Z" "-v" "/var/lib/crater-agent-workspace/rustup-home:/opt/rustwide/rustup-home:ro,Z" "-e" "SOURCE_DIR=/opt/rustwide/workdir" "-e" "CARGO_TARGET_DIR=/opt/rustwide/target" "-e" "CARGO_INCREMENTAL=0" "-e" "RUST_BACKTRACE=full" "-e" "RUSTFLAGS=--cap-lints=warn" "-e" "CARGO_HOME=/opt/rustwide/cargo-home" "-e" "RUSTUP_HOME=/opt/rustwide/rustup-home" "-w" "/opt/rustwide/workdir" "-m" "1610612736" "--user" "0:0" "--network" "none" "ghcr.io/rust-lang/crates-build-env/linux@sha256:34b6a614d2c27851fe6cbf88fbd1137609cefab8b10d0615aaeb6fd47975d74e" "/opt/rustwide/cargo-home/bin/cargo" "+1.54.0" "test" "--frozen", kill_on_drop: false }`
[INFO] [stdout] 70cf5212ecc420ee265be6b31c286058f6109fab8c6319bd94a959e48ce75bba
[INFO] [stderr] WARNING: Your kernel does not support swap limit capabilities or the cgroup is not mounted. Memory limited without swap.
[INFO] running `Command { std: "docker" "start" "-a" "70cf5212ecc420ee265be6b31c286058f6109fab8c6319bd94a959e48ce75bba", kill_on_drop: false }`
[INFO] [stderr]     Finished test [unoptimized + debuginfo] target(s) in 0.03s
[INFO] [stderr]      Running unittests (/opt/rustwide/target/debug/deps/kitsune_p2p_dht_arc-61d97d73ae1d3858)
[INFO] [stdout] 
[INFO] [stdout] running 17 tests
[INFO] [stdout] test dht_arc::dht_arc_set::fullness ... ok
[INFO] [stdout] test dht_arc::tests::test_arc_dist ... ok
[INFO] [stdout] test dht_arc::tests::test_arc_len ... ok
[INFO] [stdout] test dht_arc::tests::test_arc_start_end ... ok
[INFO] [stdout] test dht_arc::tests::test_check_for_gaps ... ok
[INFO] [stdout] test test::intersection::test_intersection_at_limits_bug ... ignored
[INFO] [stdout] test test::union::test_union ... ok
[INFO] [stdout] test test::intersection::test_intersection ... ok
[INFO] [stdout] test dht_arc::tests::test_dht_arc ... ok
[INFO] [stdout] test dht_arc::tests::test_converge ... ok
[INFO] [stdout] test dht_arc::tests::test_check_redundancy ... ok
[INFO] [stdout] test dht_arc::tests::test_peer_density ... ok
[INFO] [stdout] test test::intersection::test_intersection_at_limits ... FAILED
[INFO] [stdout] test test::ascii::tests::sanity ... FAILED
[INFO] [stdout] test test::union::test_union_at_limits ... FAILED
[INFO] [stdout] test dht_arc::tests::test_multiple ... ok
[INFO] [stdout] test dht_arc::tests::test_peer_gaps ... ok
[INFO] [stdout] 
[INFO] [stdout] failures:
[INFO] [stdout] 
[INFO] [stdout] ---- test::intersection::test_intersection_at_limits stdout ----
[INFO] [stdout] thread 'test::intersection::test_intersection_at_limits' panicked at 'Upper bound exceeds the maximum value of a bound.', /opt/rustwide/cargo-home/registry/src/github.com-1ecc6299db9ec823/intervallum-1.3.0/src/libinterval/interval.rs:117:5
[INFO] [stdout] stack backtrace:
[INFO] [stdout]    0:     0x559343145580 - std::backtrace_rs::backtrace::libunwind::trace::h34055254b57d8e79
[INFO] [stderr] error: test failed, to rerun pass '--lib'
[INFO] [stdout]                                at /rustc/a178d0322ce20e33eac124758e837cbd80a6f633/library/std/src/../../backtrace/src/backtrace/libunwind.rs:90:5
[INFO] [stdout]    1:     0x559343145580 - std::backtrace_rs::backtrace::trace_unsynchronized::h8f1e3fbd9afff6ec
[INFO] [stdout]                                at /rustc/a178d0322ce20e33eac124758e837cbd80a6f633/library/std/src/../../backtrace/src/backtrace/mod.rs:66:5
[INFO] [stdout]    2:     0x559343145580 - std::sys_common::backtrace::_print_fmt::h3a99a796b770c360
[INFO] [stdout]                                at /rustc/a178d0322ce20e33eac124758e837cbd80a6f633/library/std/src/sys_common/backtrace.rs:67:5
[INFO] [stdout]    3:     0x559343145580 - <std::sys_common::backtrace::_print::DisplayBacktrace as core::fmt::Display>::fmt::h32d1f94a80615d18
[INFO] [stdout]                                at /rustc/a178d0322ce20e33eac124758e837cbd80a6f633/library/std/src/sys_common/backtrace.rs:46:22
[INFO] [stdout]    4:     0x559343167d7c - core::fmt::write::h306731c068f7162c
[INFO] [stdout]                                at /rustc/a178d0322ce20e33eac124758e837cbd80a6f633/library/core/src/fmt/mod.rs:1110:17
[INFO] [stdout]    5:     0x5593431424a5 - std::io::Write::write_fmt::h87f19b0a2cd190bc
[INFO] [stdout]                                at /rustc/a178d0322ce20e33eac124758e837cbd80a6f633/library/std/src/io/mod.rs:1588:15
[INFO] [stdout]    6:     0x5593431476eb - std::sys_common::backtrace::_print::h5abaa2601a852287
[INFO] [stdout]                                at /rustc/a178d0322ce20e33eac124758e837cbd80a6f633/library/std/src/sys_common/backtrace.rs:49:5
[INFO] [stdout]    7:     0x5593431476eb - std::sys_common::backtrace::print::h8d81445442bb638f
[INFO] [stdout]                                at /rustc/a178d0322ce20e33eac124758e837cbd80a6f633/library/std/src/sys_common/backtrace.rs:36:9
[INFO] [stdout]    8:     0x5593431476eb - std::panicking::default_hook::{{closure}}::hcfe804496a9fa747
[INFO] [stdout]                                at /rustc/a178d0322ce20e33eac124758e837cbd80a6f633/library/std/src/panicking.rs:208:50
[INFO] [stdout]    9:     0x5593431471fc - std::panicking::default_hook::hbea8e3ccf2ba8901
[INFO] [stdout]                                at /rustc/a178d0322ce20e33eac124758e837cbd80a6f633/library/std/src/panicking.rs:222:9
[INFO] [stdout]   10:     0x559343147db4 - std::panicking::rust_panic_with_hook::h7ee9e1a2d0f8975a
[INFO] [stdout]                                at /rustc/a178d0322ce20e33eac124758e837cbd80a6f633/library/std/src/panicking.rs:622:17
[INFO] [stdout]   11:     0x559343129af3 - std::panicking::begin_panic::{{closure}}::h1f620dbe88aa4b31
[INFO] [stdout]                                at /rustc/a178d0322ce20e33eac124758e837cbd80a6f633/library/std/src/panicking.rs:542:9
[INFO] [stdout]   12:     0x559343127209 - std::sys_common::backtrace::__rust_end_short_backtrace::h6f12cf5d19abe528
[INFO] [stdout]                                at /rustc/a178d0322ce20e33eac124758e837cbd80a6f633/library/std/src/sys_common/backtrace.rs:141:18
[INFO] [stdout]   13:     0x559343129a29 - std::panicking::begin_panic::h8622653d5173364c
[INFO] [stdout]                                at /rustc/a178d0322ce20e33eac124758e837cbd80a6f633/library/std/src/panicking.rs:541:12
[INFO] [stdout]   14:     0x55934312475d - <interval::interval::Interval<Bound> as interval::ops::Range>::new::h0a57de3e8b4e4852
[INFO] [stdout]                                at /opt/rustwide/cargo-home/registry/src/github.com-1ecc6299db9ec823/intervallum-1.3.0/src/libinterval/interval.rs:117:5
[INFO] [stdout]   15:     0x5593430cbefa - <(Bound,Bound) as interval::interval::ToInterval<Bound>>::to_interval::hbe96318a7b50f9b9
[INFO] [stdout]                                at /opt/rustwide/cargo-home/registry/src/github.com-1ecc6299db9ec823/intervallum-1.3.0/src/libinterval/interval.rs:677:5
[INFO] [stdout]   16:     0x5593430c9acb - <alloc::vec::Vec<(Bound,Bound)> as interval::interval_set::ToIntervalSet<Bound>>::to_interval_set::{{closure}}::h465b1cf8355f27ec
[INFO] [stdout]                                at /opt/rustwide/cargo-home/registry/src/github.com-1ecc6299db9ec823/intervallum-1.3.0/src/libinterval/interval_set.rs:762:47
[INFO] [stdout]   17:     0x5593430ca06e - core::ops::function::impls::<impl core::ops::function::FnOnce<A> for &mut F>::call_once::hc06686e4916e3a35
[INFO] [stdout]                                at /rustc/a178d0322ce20e33eac124758e837cbd80a6f633/library/core/src/ops/function.rs:280:13
[INFO] [stdout]   18:     0x5593430b43ed - core::option::Option<T>::map::hc8dfdd0f96cad46a
[INFO] [stdout]                                at /rustc/a178d0322ce20e33eac124758e837cbd80a6f633/library/core/src/option.rs:489:29
[INFO] [stdout]   19:     0x5593430ad055 - <core::iter::adapters::map::Map<I,F> as core::iter::traits::iterator::Iterator>::next::h6b40aa7b1d889222
[INFO] [stdout]                                at /rustc/a178d0322ce20e33eac124758e837cbd80a6f633/library/core/src/iter/adapters/map.rs:101:9
[INFO] [stdout]   20:     0x5593430c9b60 - <interval::interval_set::IntervalSet<Bound> as core::iter::traits::collect::Extend<interval::interval::Interval<Bound>>>::extend::h086f8f1a8591120c
[INFO] [stdout]                                at /opt/rustwide/cargo-home/registry/src/github.com-1ecc6299db9ec823/intervallum-1.3.0/src/libinterval/interval_set.rs:261:21
[INFO] [stdout]   21:     0x5593430a8783 - <alloc::vec::Vec<(Bound,Bound)> as interval::interval_set::ToIntervalSet<Bound>>::to_interval_set::hb8efec65480cfa23
[INFO] [stdout]                                at /opt/rustwide/cargo-home/registry/src/github.com-1ecc6299db9ec823/intervallum-1.3.0/src/libinterval/interval_set.rs:762:5
[INFO] [stdout]   22:     0x5593430be6e6 - kitsune_p2p_dht_arc::dht_arc::dht_arc_set::DhtArcSet::from_bounds::hb47ee5e81f776987
[INFO] [stdout]                                at /opt/rustwide/workdir/src/dht_arc/dht_arc_set.rs:63:17
[INFO] [stdout]   23:     0x5593430be77e - kitsune_p2p_dht_arc::dht_arc::dht_arc_set::DhtArcSet::from_interval::h0d512bb544fd2b1d
[INFO] [stdout]                                at /opt/rustwide/workdir/src/dht_arc/dht_arc_set.rs:77:49
[INFO] [stdout]   24:     0x5593430beeca - <kitsune_p2p_dht_arc::dht_arc::dht_arc_set::DhtArcSet as core::convert::From<kitsune_p2p_dht_arc::dht_arc::dht_arc_set::ArcInterval>>::from::h2192f317029bad60
[INFO] [stdout]                                at /opt/rustwide/workdir/src/dht_arc/dht_arc_set.rs:157:9
[INFO] [stdout]   25:     0x5593430bf1b0 - <kitsune_p2p_dht_arc::dht_arc::dht_arc_set::DhtArcSet as core::convert::From<alloc::vec::Vec<(u32,u32)>>>::from::{{closure}}::had5b086c48ce74a3
[INFO] [stdout]                                at /opt/rustwide/workdir/src/dht_arc/dht_arc_set.rs:173:27
[INFO] [stdout]   26:     0x5593430af34b - core::iter::adapters::map::map_fold::{{closure}}::h9c20225f457d0d02
[INFO] [stdout]                                at /rustc/a178d0322ce20e33eac124758e837cbd80a6f633/library/core/src/iter/adapters/map.rs:82:28
[INFO] [stdout]   27:     0x5593430b9b7f - core::iter::traits::iterator::Iterator::fold::h8cbdfde211417a51
[INFO] [stdout]                                at /rustc/a178d0322ce20e33eac124758e837cbd80a6f633/library/core/src/iter/traits/iterator.rs:2112:21
[INFO] [stdout]   28:     0x5593430acdca - <core::iter::adapters::map::Map<I,F> as core::iter::traits::iterator::Iterator>::fold::hcd9f1367fcb91da5
[INFO] [stdout]                                at /rustc/a178d0322ce20e33eac124758e837cbd80a6f633/library/core/src/iter/adapters/map.rs:122:9
[INFO] [stdout]   29:     0x5593430bf0e1 - <kitsune_p2p_dht_arc::dht_arc::dht_arc_set::DhtArcSet as core::convert::From<alloc::vec::Vec<(u32,u32)>>>::from::hd2d0e87a05fc703f
[INFO] [stdout]                                at /opt/rustwide/workdir/src/dht_arc/dht_arc_set.rs:171:9
[INFO] [stdout]   30:     0x5593430d2fc3 - kitsune_p2p_dht_arc::test::intersection::test_intersection_at_limits::h46f71f122a4e6e5c
[INFO] [stdout]                                at /opt/rustwide/workdir/src/test/intersection.rs:26:9
[INFO] [stdout]   31:     0x5593430d2f1a - kitsune_p2p_dht_arc::test::intersection::test_intersection_at_limits::{{closure}}::h20bcc57501bc8a09
[INFO] [stdout]                                at /opt/rustwide/workdir/src/test/intersection.rs:22:1
[INFO] [stdout]   32:     0x5593430e72fe - core::ops::function::FnOnce::call_once::h0f4359bf45cf8ab0
[INFO] [stdout]                                at /rustc/a178d0322ce20e33eac124758e837cbd80a6f633/library/core/src/ops/function.rs:227:5
[INFO] [stdout]   33:     0x559343112453 - core::ops::function::FnOnce::call_once::h152e7e439ff59e19
[INFO] [stdout]                                at /rustc/a178d0322ce20e33eac124758e837cbd80a6f633/library/core/src/ops/function.rs:227:5
[INFO] [stdout]   34:     0x559343112453 - test::__rust_begin_short_backtrace::h0908f3b1fdbb72ab
[INFO] [stdout]                                at /rustc/a178d0322ce20e33eac124758e837cbd80a6f633/library/test/src/lib.rs:577:5
[INFO] [stdout]   35:     0x559343110f10 - <alloc::boxed::Box<F,A> as core::ops::function::FnOnce<Args>>::call_once::hf6d2a51e5587546c
[INFO] [stdout]                                at /rustc/a178d0322ce20e33eac124758e837cbd80a6f633/library/alloc/src/boxed.rs:1575:9
[INFO] [stdout]   36:     0x559343110f10 - <std::panic::AssertUnwindSafe<F> as core::ops::function::FnOnce<()>>::call_once::h8af660f3a89ef593
[INFO] [stdout]                                at /rustc/a178d0322ce20e33eac124758e837cbd80a6f633/library/std/src/panic.rs:347:9
[INFO] [stdout]   37:     0x559343110f10 - std::panicking::try::do_call::hd36aef60f84b6d36
[INFO] [stdout]                                at /rustc/a178d0322ce20e33eac124758e837cbd80a6f633/library/std/src/panicking.rs:401:40
[INFO] [stdout]   38:     0x559343110f10 - std::panicking::try::h9932b4480e69817c
[INFO] [stdout]                                at /rustc/a178d0322ce20e33eac124758e837cbd80a6f633/library/std/src/panicking.rs:365:19
[INFO] [stdout]   39:     0x559343110f10 - std::panic::catch_unwind::h6aa177099cfff5f8
[INFO] [stdout]                                at /rustc/a178d0322ce20e33eac124758e837cbd80a6f633/library/std/src/panic.rs:434:14
[INFO] [stdout]   40:     0x559343110f10 - test::run_test_in_process::h5884d6f2d99e20c3
[INFO] [stdout]                                at /rustc/a178d0322ce20e33eac124758e837cbd80a6f633/library/test/src/lib.rs:600:18
[INFO] [stdout]   41:     0x559343110f10 - test::run_test::run_test_inner::{{closure}}::h6fdc58c6d5f5b6e3
[INFO] [stdout]                                at /rustc/a178d0322ce20e33eac124758e837cbd80a6f633/library/test/src/lib.rs:492:39
[INFO] [stdout]   42:     0x5593430ea5c2 - test::run_test::run_test_inner::{{closure}}::h408365d67a78ade8
[INFO] [stdout]                                at /rustc/a178d0322ce20e33eac124758e837cbd80a6f633/library/test/src/lib.rs:519:37
[INFO] [stdout]   43:     0x5593430ea5c2 - std::sys_common::backtrace::__rust_begin_short_backtrace::hb560b77c4f701523
[INFO] [stdout]                                at /rustc/a178d0322ce20e33eac124758e837cbd80a6f633/library/std/src/sys_common/backtrace.rs:125:18
[INFO] [stdout]   44:     0x5593430ee178 - std::thread::Builder::spawn_unchecked::{{closure}}::{{closure}}::hf2e7831dad93c597
[INFO] [stdout]                                at /rustc/a178d0322ce20e33eac124758e837cbd80a6f633/library/std/src/thread/mod.rs:481:17
[INFO] [stdout]   45:     0x5593430ee178 - <std::panic::AssertUnwindSafe<F> as core::ops::function::FnOnce<()>>::call_once::hd2e08783d8be4d02
[INFO] [stdout]                                at /rustc/a178d0322ce20e33eac124758e837cbd80a6f633/library/std/src/panic.rs:347:9
[INFO] [stdout]   46:     0x5593430ee178 - std::panicking::try::do_call::h062597b7acfd6b82
[INFO] [stdout]                                at /rustc/a178d0322ce20e33eac124758e837cbd80a6f633/library/std/src/panicking.rs:401:40
[INFO] [stdout]   47:     0x5593430ee178 - std::panicking::try::h0d7b79db04c14552
[INFO] [stdout]                                at /rustc/a178d0322ce20e33eac124758e837cbd80a6f633/library/std/src/panicking.rs:365:19
[INFO] [stdout]   48:     0x5593430ee178 - std::panic::catch_unwind::hb01a0b5e7c8cd43b
[INFO] [stdout]                                at /rustc/a178d0322ce20e33eac124758e837cbd80a6f633/library/std/src/panic.rs:434:14
[INFO] [stdout]   49:     0x5593430ee178 - std::thread::Builder::spawn_unchecked::{{closure}}::h5bde48cc887e0d1e
[INFO] [stdout]                                at /rustc/a178d0322ce20e33eac124758e837cbd80a6f633/library/std/src/thread/mod.rs:480:30
[INFO] [stdout]   50:     0x5593430ee178 - core::ops::function::FnOnce::call_once{{vtable.shim}}::h745ea30807a29e55
[INFO] [stdout]                                at /rustc/a178d0322ce20e33eac124758e837cbd80a6f633/library/core/src/ops/function.rs:227:5
[INFO] [stdout]   51:     0x55934314c877 - <alloc::boxed::Box<F,A> as core::ops::function::FnOnce<Args>>::call_once::h7ece6cfefaff1005
[INFO] [stdout]                                at /rustc/a178d0322ce20e33eac124758e837cbd80a6f633/library/alloc/src/boxed.rs:1575:9
[INFO] [stdout]   52:     0x55934314c877 - <alloc::boxed::Box<F,A> as core::ops::function::FnOnce<Args>>::call_once::hb8b48e55c21f193e
[INFO] [stdout]                                at /rustc/a178d0322ce20e33eac124758e837cbd80a6f633/library/alloc/src/boxed.rs:1575:9
[INFO] [stdout]   53:     0x55934314c877 - std::sys::unix::thread::Thread::new::thread_start::h8c7c4450dba62914
[INFO] [stdout]                                at /rustc/a178d0322ce20e33eac124758e837cbd80a6f633/library/std/src/sys/unix/thread.rs:71:17
[INFO] [stdout]   54:     0x7f4a31c75609 - start_thread
[INFO] [stdout]   55:     0x7f4a31a47293 - clone
[INFO] [stdout]   56:                0x0 - <unknown>
[INFO] [stdout] 
[INFO] [stdout] ---- test::ascii::tests::sanity stdout ----
[INFO] [stdout] thread 'test::ascii::tests::sanity' panicked at 'Upper bound exceeds the maximum value of a bound.', /opt/rustwide/cargo-home/registry/src/github.com-1ecc6299db9ec823/intervallum-1.3.0/src/libinterval/interval.rs:117:5
[INFO] [stdout] stack backtrace:
[INFO] [stdout]    0:     0x559343145580 - std::backtrace_rs::backtrace::libunwind::trace::h34055254b57d8e79
[INFO] [stdout]                                at /rustc/a178d0322ce20e33eac124758e837cbd80a6f633/library/std/src/../../backtrace/src/backtrace/libunwind.rs:90:5
[INFO] [stdout]    1:     0x559343145580 - std::backtrace_rs::backtrace::trace_unsynchronized::h8f1e3fbd9afff6ec
[INFO] [stdout]                                at /rustc/a178d0322ce20e33eac124758e837cbd80a6f633/library/std/src/../../backtrace/src/backtrace/mod.rs:66:5
[INFO] [stdout]    2:     0x559343145580 - std::sys_common::backtrace::_print_fmt::h3a99a796b770c360
[INFO] [stdout]                                at /rustc/a178d0322ce20e33eac124758e837cbd80a6f633/library/std/src/sys_common/backtrace.rs:67:5
[INFO] [stdout]    3:     0x559343145580 - <std::sys_common::backtrace::_print::DisplayBacktrace as core::fmt::Display>::fmt::h32d1f94a80615d18
[INFO] [stdout]                                at /rustc/a178d0322ce20e33eac124758e837cbd80a6f633/library/std/src/sys_common/backtrace.rs:46:22
[INFO] [stdout]    4:     0x559343167d7c - core::fmt::write::h306731c068f7162c
[INFO] [stdout]                                at /rustc/a178d0322ce20e33eac124758e837cbd80a6f633/library/core/src/fmt/mod.rs:1110:17
[INFO] [stdout]    5:     0x5593431424a5 - std::io::Write::write_fmt::h87f19b0a2cd190bc
[INFO] [stdout]                                at /rustc/a178d0322ce20e33eac124758e837cbd80a6f633/library/std/src/io/mod.rs:1588:15
[INFO] [stdout]    6:     0x5593431476eb - std::sys_common::backtrace::_print::h5abaa2601a852287
[INFO] [stdout]                                at /rustc/a178d0322ce20e33eac124758e837cbd80a6f633/library/std/src/sys_common/backtrace.rs:49:5
[INFO] [stdout]    7:     0x5593431476eb - std::sys_common::backtrace::print::h8d81445442bb638f
[INFO] [stdout]                                at /rustc/a178d0322ce20e33eac124758e837cbd80a6f633/library/std/src/sys_common/backtrace.rs:36:9
[INFO] [stdout]    8:     0x5593431476eb - std::panicking::default_hook::{{closure}}::hcfe804496a9fa747
[INFO] [stdout]                                at /rustc/a178d0322ce20e33eac124758e837cbd80a6f633/library/std/src/panicking.rs:208:50
[INFO] [stdout]    9:     0x5593431471fc - std::panicking::default_hook::hbea8e3ccf2ba8901
[INFO] [stdout]                                at /rustc/a178d0322ce20e33eac124758e837cbd80a6f633/library/std/src/panicking.rs:222:9
[INFO] [stdout]   10:     0x559343147db4 - std::panicking::rust_panic_with_hook::h7ee9e1a2d0f8975a
[INFO] [stdout]                                at /rustc/a178d0322ce20e33eac124758e837cbd80a6f633/library/std/src/panicking.rs:622:17
[INFO] [stdout]   11:     0x559343129af3 - std::panicking::begin_panic::{{closure}}::h1f620dbe88aa4b31
[INFO] [stdout]                                at /rustc/a178d0322ce20e33eac124758e837cbd80a6f633/library/std/src/panicking.rs:542:9
[INFO] [stdout]   12:     0x559343127209 - std::sys_common::backtrace::__rust_end_short_backtrace::h6f12cf5d19abe528
[INFO] [stdout]                                at /rustc/a178d0322ce20e33eac124758e837cbd80a6f633/library/std/src/sys_common/backtrace.rs:141:18
[INFO] [stdout]   13:     0x559343129a29 - std::panicking::begin_panic::h8622653d5173364c
[INFO] [stdout]                                at /rustc/a178d0322ce20e33eac124758e837cbd80a6f633/library/std/src/panicking.rs:541:12
[INFO] [stdout]   14:     0x55934312475d - <interval::interval::Interval<Bound> as interval::ops::Range>::new::h0a57de3e8b4e4852
[INFO] [stdout]                                at /opt/rustwide/cargo-home/registry/src/github.com-1ecc6299db9ec823/intervallum-1.3.0/src/libinterval/interval.rs:117:5
[INFO] [stdout]   15:     0x5593430cbefa - <(Bound,Bound) as interval::interval::ToInterval<Bound>>::to_interval::hbe96318a7b50f9b9
[INFO] [stdout]                                at /opt/rustwide/cargo-home/registry/src/github.com-1ecc6299db9ec823/intervallum-1.3.0/src/libinterval/interval.rs:677:5
[INFO] [stdout]   16:     0x5593430c9acb - <alloc::vec::Vec<(Bound,Bound)> as interval::interval_set::ToIntervalSet<Bound>>::to_interval_set::{{closure}}::h465b1cf8355f27ec
[INFO] [stdout]                                at /opt/rustwide/cargo-home/registry/src/github.com-1ecc6299db9ec823/intervallum-1.3.0/src/libinterval/interval_set.rs:762:47
[INFO] [stdout]   17:     0x5593430ca06e - core::ops::function::impls::<impl core::ops::function::FnOnce<A> for &mut F>::call_once::hc06686e4916e3a35
[INFO] [stdout]                                at /rustc/a178d0322ce20e33eac124758e837cbd80a6f633/library/core/src/ops/function.rs:280:13
[INFO] [stdout]   18:     0x5593430b43ed - core::option::Option<T>::map::hc8dfdd0f96cad46a
[INFO] [stdout]                                at /rustc/a178d0322ce20e33eac124758e837cbd80a6f633/library/core/src/option.rs:489:29
[INFO] [stdout]   19:     0x5593430ad055 - <core::iter::adapters::map::Map<I,F> as core::iter::traits::iterator::Iterator>::next::h6b40aa7b1d889222
[INFO] [stdout]                                at /rustc/a178d0322ce20e33eac124758e837cbd80a6f633/library/core/src/iter/adapters/map.rs:101:9
[INFO] [stdout]   20:     0x5593430c9b60 - <interval::interval_set::IntervalSet<Bound> as core::iter::traits::collect::Extend<interval::interval::Interval<Bound>>>::extend::h086f8f1a8591120c
[INFO] [stdout]                                at /opt/rustwide/cargo-home/registry/src/github.com-1ecc6299db9ec823/intervallum-1.3.0/src/libinterval/interval_set.rs:261:21
[INFO] [stdout]   21:     0x5593430a8783 - <alloc::vec::Vec<(Bound,Bound)> as interval::interval_set::ToIntervalSet<Bound>>::to_interval_set::hb8efec65480cfa23
[INFO] [stdout]                                at /opt/rustwide/cargo-home/registry/src/github.com-1ecc6299db9ec823/intervallum-1.3.0/src/libinterval/interval_set.rs:762:5
[INFO] [stdout]   22:     0x5593430be6e6 - kitsune_p2p_dht_arc::dht_arc::dht_arc_set::DhtArcSet::from_bounds::hb47ee5e81f776987
[INFO] [stdout]                                at /opt/rustwide/workdir/src/dht_arc/dht_arc_set.rs:63:17
[INFO] [stdout]   23:     0x5593430be77e - kitsune_p2p_dht_arc::dht_arc::dht_arc_set::DhtArcSet::from_interval::h0d512bb544fd2b1d
[INFO] [stdout]                                at /opt/rustwide/workdir/src/dht_arc/dht_arc_set.rs:77:49
[INFO] [stdout]   24:     0x5593430beeca - <kitsune_p2p_dht_arc::dht_arc::dht_arc_set::DhtArcSet as core::convert::From<kitsune_p2p_dht_arc::dht_arc::dht_arc_set::ArcInterval>>::from::h2192f317029bad60
[INFO] [stdout]                                at /opt/rustwide/workdir/src/dht_arc/dht_arc_set.rs:157:9
[INFO] [stdout]   25:     0x5593430e727e - core::ops::function::FnMut::call_mut::hac4f915fbb691833
[INFO] [stdout]                                at /rustc/a178d0322ce20e33eac124758e837cbd80a6f633/library/core/src/ops/function.rs:150:5
[INFO] [stdout]   26:     0x5593430af4a8 - core::iter::adapters::map::map_fold::{{closure}}::hcd180e2bb293367a
[INFO] [stdout]                                at /rustc/a178d0322ce20e33eac124758e837cbd80a6f633/library/core/src/iter/adapters/map.rs:82:28
[INFO] [stdout]   27:     0x5593430b998a - core::iter::traits::iterator::Iterator::fold::h13e3bff8a65045c0
[INFO] [stdout]                                at /rustc/a178d0322ce20e33eac124758e837cbd80a6f633/library/core/src/iter/traits/iterator.rs:2112:21
[INFO] [stdout]   28:     0x5593430acf4a - <core::iter::adapters::map::Map<I,F> as core::iter::traits::iterator::Iterator>::fold::he02d6760f9dd00d0
[INFO] [stdout]                                at /rustc/a178d0322ce20e33eac124758e837cbd80a6f633/library/core/src/iter/adapters/map.rs:122:9
[INFO] [stdout]   29:     0x5593430bef61 - <kitsune_p2p_dht_arc::dht_arc::dht_arc_set::DhtArcSet as core::convert::From<alloc::vec::Vec<kitsune_p2p_dht_arc::dht_arc::dht_arc_set::ArcInterval>>>::from::h0cef35f97a0d3418
[INFO] [stdout]                                at /opt/rustwide/workdir/src/dht_arc/dht_arc_set.rs:163:9
[INFO] [stdout]   30:     0x5593430c00f6 - kitsune_p2p_dht_arc::test::ascii::tests::sanity::hee8f4df8d6851eda
[INFO] [stdout]                                at /opt/rustwide/workdir/src/test/ascii.rs:40:13
[INFO] [stdout]   31:     0x5593430bff6a - kitsune_p2p_dht_arc::test::ascii::tests::sanity::{{closure}}::heb61cbf68f9df110
[INFO] [stdout]                                at /opt/rustwide/workdir/src/test/ascii.rs:38:5
[INFO] [stdout]   32:     0x5593430e750e - core::ops::function::FnOnce::call_once::h76414b1c8798765f
[INFO] [stdout]                                at /rustc/a178d0322ce20e33eac124758e837cbd80a6f633/library/core/src/ops/function.rs:227:5
[INFO] [stdout]   33:     0x559343112453 - core::ops::function::FnOnce::call_once::h152e7e439ff59e19
[INFO] [stdout]                                at /rustc/a178d0322ce20e33eac124758e837cbd80a6f633/library/core/src/ops/function.rs:227:5
[INFO] [stdout]   34:     0x559343112453 - test::__rust_begin_short_backtrace::h0908f3b1fdbb72ab
[INFO] [stdout]                                at /rustc/a178d0322ce20e33eac124758e837cbd80a6f633/library/test/src/lib.rs:577:5
[INFO] [stdout]   35:     0x559343110f10 - <alloc::boxed::Box<F,A> as core::ops::function::FnOnce<Args>>::call_once::hf6d2a51e5587546c
[INFO] [stdout]                                at /rustc/a178d0322ce20e33eac124758e837cbd80a6f633/library/alloc/src/boxed.rs:1575:9
[INFO] [stdout]   36:     0x559343110f10 - <std::panic::AssertUnwindSafe<F> as core::ops::function::FnOnce<()>>::call_once::h8af660f3a89ef593
[INFO] [stdout]                                at /rustc/a178d0322ce20e33eac124758e837cbd80a6f633/library/std/src/panic.rs:347:9
[INFO] [stdout]   37:     0x559343110f10 - std::panicking::try::do_call::hd36aef60f84b6d36
[INFO] [stdout]                                at /rustc/a178d0322ce20e33eac124758e837cbd80a6f633/library/std/src/panicking.rs:401:40
[INFO] [stdout]   38:     0x559343110f10 - std::panicking::try::h9932b4480e69817c
[INFO] [stdout]                                at /rustc/a178d0322ce20e33eac124758e837cbd80a6f633/library/std/src/panicking.rs:365:19
[INFO] [stdout]   39:     0x559343110f10 - std::panic::catch_unwind::h6aa177099cfff5f8
[INFO] [stdout]                                at /rustc/a178d0322ce20e33eac124758e837cbd80a6f633/library/std/src/panic.rs:434:14
[INFO] [stdout]   40:     0x559343110f10 - test::run_test_in_process::h5884d6f2d99e20c3
[INFO] [stdout]                                at /rustc/a178d0322ce20e33eac124758e837cbd80a6f633/library/test/src/lib.rs:600:18
[INFO] [stdout]   41:     0x559343110f10 - test::run_test::run_test_inner::{{closure}}::h6fdc58c6d5f5b6e3
[INFO] [stdout]                                at /rustc/a178d0322ce20e33eac124758e837cbd80a6f633/library/test/src/lib.rs:492:39
[INFO] [stdout]   42:     0x5593430ea5c2 - test::run_test::run_test_inner::{{closure}}::h408365d67a78ade8
[INFO] [stdout]                                at /rustc/a178d0322ce20e33eac124758e837cbd80a6f633/library/test/src/lib.rs:519:37
[INFO] [stdout]   43:     0x5593430ea5c2 - std::sys_common::backtrace::__rust_begin_short_backtrace::hb560b77c4f701523
[INFO] [stdout]                                at /rustc/a178d0322ce20e33eac124758e837cbd80a6f633/library/std/src/sys_common/backtrace.rs:125:18
[INFO] [stdout]   44:     0x5593430ee178 - std::thread::Builder::spawn_unchecked::{{closure}}::{{closure}}::hf2e7831dad93c597
[INFO] [stdout]                                at /rustc/a178d0322ce20e33eac124758e837cbd80a6f633/library/std/src/thread/mod.rs:481:17
[INFO] [stdout]   45:     0x5593430ee178 - <std::panic::AssertUnwindSafe<F> as core::ops::function::FnOnce<()>>::call_once::hd2e08783d8be4d02
[INFO] [stdout]                                at /rustc/a178d0322ce20e33eac124758e837cbd80a6f633/library/std/src/panic.rs:347:9
[INFO] [stdout]   46:     0x5593430ee178 - std::panicking::try::do_call::h062597b7acfd6b82
[INFO] [stdout]                                at /rustc/a178d0322ce20e33eac124758e837cbd80a6f633/library/std/src/panicking.rs:401:40
[INFO] [stdout]   47:     0x5593430ee178 - std::panicking::try::h0d7b79db04c14552
[INFO] [stdout]                                at /rustc/a178d0322ce20e33eac124758e837cbd80a6f633/library/std/src/panicking.rs:365:19
[INFO] [stdout]   48:     0x5593430ee178 - std::panic::catch_unwind::hb01a0b5e7c8cd43b
[INFO] [stdout]                                at /rustc/a178d0322ce20e33eac124758e837cbd80a6f633/library/std/src/panic.rs:434:14
[INFO] [stdout]   49:     0x5593430ee178 - std::thread::Builder::spawn_unchecked::{{closure}}::h5bde48cc887e0d1e
[INFO] [stdout]                                at /rustc/a178d0322ce20e33eac124758e837cbd80a6f633/library/std/src/thread/mod.rs:480:30
[INFO] [stdout]   50:     0x5593430ee178 - core::ops::function::FnOnce::call_once{{vtable.shim}}::h745ea30807a29e55
[INFO] [stdout]                                at /rustc/a178d0322ce20e33eac124758e837cbd80a6f633/library/core/src/ops/function.rs:227:5
[INFO] [stdout]   51:     0x55934314c877 - <alloc::boxed::Box<F,A> as core::ops::function::FnOnce<Args>>::call_once::h7ece6cfefaff1005
[INFO] [stdout]                                at /rustc/a178d0322ce20e33eac124758e837cbd80a6f633/library/alloc/src/boxed.rs:1575:9
[INFO] [stdout]   52:     0x55934314c877 - <alloc::boxed::Box<F,A> as core::ops::function::FnOnce<Args>>::call_once::hb8b48e55c21f193e
[INFO] [stdout]                                at /rustc/a178d0322ce20e33eac124758e837cbd80a6f633/library/alloc/src/boxed.rs:1575:9
[INFO] [stdout]   53:     0x55934314c877 - std::sys::unix::thread::Thread::new::thread_start::h8c7c4450dba62914
[INFO] [stdout]                                at /rustc/a178d0322ce20e33eac124758e837cbd80a6f633/library/std/src/sys/unix/thread.rs:71:17
[INFO] [stdout]   54:     0x7f4a31c75609 - start_thread
[INFO] [stdout]   55:     0x7f4a31a47293 - clone
[INFO] [stdout]   56:                0x0 - <unknown>
[INFO] [stdout] 
[INFO] [stdout] ---- test::union::test_union_at_limits stdout ----
[INFO] [stdout] thread 'test::union::test_union_at_limits' panicked at 'Upper bound exceeds the maximum value of a bound.', /opt/rustwide/cargo-home/registry/src/github.com-1ecc6299db9ec823/intervallum-1.3.0/src/libinterval/interval.rs:117:5
[INFO] [stdout] stack backtrace:
[INFO] [stdout]    0:     0x559343145580 - std::backtrace_rs::backtrace::libunwind::trace::h34055254b57d8e79
[INFO] [stdout]                                at /rustc/a178d0322ce20e33eac124758e837cbd80a6f633/library/std/src/../../backtrace/src/backtrace/libunwind.rs:90:5
[INFO] [stdout]    1:     0x559343145580 - std::backtrace_rs::backtrace::trace_unsynchronized::h8f1e3fbd9afff6ec
[INFO] [stdout]                                at /rustc/a178d0322ce20e33eac124758e837cbd80a6f633/library/std/src/../../backtrace/src/backtrace/mod.rs:66:5
[INFO] [stdout]    2:     0x559343145580 - std::sys_common::backtrace::_print_fmt::h3a99a796b770c360
[INFO] [stdout]                                at /rustc/a178d0322ce20e33eac124758e837cbd80a6f633/library/std/src/sys_common/backtrace.rs:67:5
[INFO] [stdout]    3:     0x559343145580 - <std::sys_common::backtrace::_print::DisplayBacktrace as core::fmt::Display>::fmt::h32d1f94a80615d18
[INFO] [stdout]                                at /rustc/a178d0322ce20e33eac124758e837cbd80a6f633/library/std/src/sys_common/backtrace.rs:46:22
[INFO] [stdout]    4:     0x559343167d7c - core::fmt::write::h306731c068f7162c
[INFO] [stdout]                                at /rustc/a178d0322ce20e33eac124758e837cbd80a6f633/library/core/src/fmt/mod.rs:1110:17
[INFO] [stdout]    5:     0x5593431424a5 - std::io::Write::write_fmt::h87f19b0a2cd190bc
[INFO] [stdout]                                at /rustc/a178d0322ce20e33eac124758e837cbd80a6f633/library/std/src/io/mod.rs:1588:15
[INFO] [stdout]    6:     0x5593431476eb - std::sys_common::backtrace::_print::h5abaa2601a852287
[INFO] [stdout]                                at /rustc/a178d0322ce20e33eac124758e837cbd80a6f633/library/std/src/sys_common/backtrace.rs:49:5
[INFO] [stdout]    7:     0x5593431476eb - std::sys_common::backtrace::print::h8d81445442bb638f
[INFO] [stdout]                                at /rustc/a178d0322ce20e33eac124758e837cbd80a6f633/library/std/src/sys_common/backtrace.rs:36:9
[INFO] [stdout]    8:     0x5593431476eb - std::panicking::default_hook::{{closure}}::hcfe804496a9fa747
[INFO] [stdout]                                at /rustc/a178d0322ce20e33eac124758e837cbd80a6f633/library/std/src/panicking.rs:208:50
[INFO] [stdout]    9:     0x5593431471fc - std::panicking::default_hook::hbea8e3ccf2ba8901
[INFO] [stdout]                                at /rustc/a178d0322ce20e33eac124758e837cbd80a6f633/library/std/src/panicking.rs:222:9
[INFO] [stdout]   10:     0x559343147db4 - std::panicking::rust_panic_with_hook::h7ee9e1a2d0f8975a
[INFO] [stdout]                                at /rustc/a178d0322ce20e33eac124758e837cbd80a6f633/library/std/src/panicking.rs:622:17
[INFO] [stdout]   11:     0x559343129af3 - std::panicking::begin_panic::{{closure}}::h1f620dbe88aa4b31
[INFO] [stdout]                                at /rustc/a178d0322ce20e33eac124758e837cbd80a6f633/library/std/src/panicking.rs:542:9
[INFO] [stdout]   12:     0x559343127209 - std::sys_common::backtrace::__rust_end_short_backtrace::h6f12cf5d19abe528
[INFO] [stdout]                                at /rustc/a178d0322ce20e33eac124758e837cbd80a6f633/library/std/src/sys_common/backtrace.rs:141:18
[INFO] [stdout]   13:     0x559343129a29 - std::panicking::begin_panic::h8622653d5173364c
[INFO] [stdout]                                at /rustc/a178d0322ce20e33eac124758e837cbd80a6f633/library/std/src/panicking.rs:541:12
[INFO] [stdout]   14:     0x55934312475d - <interval::interval::Interval<Bound> as interval::ops::Range>::new::h0a57de3e8b4e4852
[INFO] [stdout]                                at /opt/rustwide/cargo-home/registry/src/github.com-1ecc6299db9ec823/intervallum-1.3.0/src/libinterval/interval.rs:117:5
[INFO] [stdout]   15:     0x5593430cbefa - <(Bound,Bound) as interval::interval::ToInterval<Bound>>::to_interval::hbe96318a7b50f9b9
[INFO] [stdout]                                at /opt/rustwide/cargo-home/registry/src/github.com-1ecc6299db9ec823/intervallum-1.3.0/src/libinterval/interval.rs:677:5
[INFO] [stdout]   16:     0x5593430c9acb - <alloc::vec::Vec<(Bound,Bound)> as interval::interval_set::ToIntervalSet<Bound>>::to_interval_set::{{closure}}::h465b1cf8355f27ec
[INFO] [stdout]                                at /opt/rustwide/cargo-home/registry/src/github.com-1ecc6299db9ec823/intervallum-1.3.0/src/libinterval/interval_set.rs:762:47
[INFO] [stdout]   17:     0x5593430ca06e - core::ops::function::impls::<impl core::ops::function::FnOnce<A> for &mut F>::call_once::hc06686e4916e3a35
[INFO] [stdout]                                at /rustc/a178d0322ce20e33eac124758e837cbd80a6f633/library/core/src/ops/function.rs:280:13
[INFO] [stdout]   18:     0x5593430b43ed - core::option::Option<T>::map::hc8dfdd0f96cad46a
[INFO] [stdout]                                at /rustc/a178d0322ce20e33eac124758e837cbd80a6f633/library/core/src/option.rs:489:29
[INFO] [stdout]   19:     0x5593430ad055 - <core::iter::adapters::map::Map<I,F> as core::iter::traits::iterator::Iterator>::next::h6b40aa7b1d889222
[INFO] [stdout]                                at /rustc/a178d0322ce20e33eac124758e837cbd80a6f633/library/core/src/iter/adapters/map.rs:101:9
[INFO] [stdout]   20:     0x5593430c9b60 - <interval::interval_set::IntervalSet<Bound> as core::iter::traits::collect::Extend<interval::interval::Interval<Bound>>>::extend::h086f8f1a8591120c
[INFO] [stdout]                                at /opt/rustwide/cargo-home/registry/src/github.com-1ecc6299db9ec823/intervallum-1.3.0/src/libinterval/interval_set.rs:261:21
[INFO] [stdout]   21:     0x5593430a8783 - <alloc::vec::Vec<(Bound,Bound)> as interval::interval_set::ToIntervalSet<Bound>>::to_interval_set::hb8efec65480cfa23
[INFO] [stdout]                                at /opt/rustwide/cargo-home/registry/src/github.com-1ecc6299db9ec823/intervallum-1.3.0/src/libinterval/interval_set.rs:762:5
[INFO] [stdout]   22:     0x5593430be6e6 - kitsune_p2p_dht_arc::dht_arc::dht_arc_set::DhtArcSet::from_bounds::hb47ee5e81f776987
[INFO] [stdout]                                at /opt/rustwide/workdir/src/dht_arc/dht_arc_set.rs:63:17
[INFO] [stdout]   23:     0x5593430be77e - kitsune_p2p_dht_arc::dht_arc::dht_arc_set::DhtArcSet::from_interval::h0d512bb544fd2b1d
[INFO] [stdout]                                at /opt/rustwide/workdir/src/dht_arc/dht_arc_set.rs:77:49
[INFO] [stdout]   24:     0x5593430beeca - <kitsune_p2p_dht_arc::dht_arc::dht_arc_set::DhtArcSet as core::convert::From<kitsune_p2p_dht_arc::dht_arc::dht_arc_set::ArcInterval>>::from::h2192f317029bad60
[INFO] [stdout]                                at /opt/rustwide/workdir/src/dht_arc/dht_arc_set.rs:157:9
[INFO] [stdout]   25:     0x5593430bf1b0 - <kitsune_p2p_dht_arc::dht_arc::dht_arc_set::DhtArcSet as core::convert::From<alloc::vec::Vec<(u32,u32)>>>::from::{{closure}}::had5b086c48ce74a3
[INFO] [stdout]                                at /opt/rustwide/workdir/src/dht_arc/dht_arc_set.rs:173:27
[INFO] [stdout]   26:     0x5593430af34b - core::iter::adapters::map::map_fold::{{closure}}::h9c20225f457d0d02
[INFO] [stdout]                                at /rustc/a178d0322ce20e33eac124758e837cbd80a6f633/library/core/src/iter/adapters/map.rs:82:28
[INFO] [stdout]   27:     0x5593430b9b7f - core::iter::traits::iterator::Iterator::fold::h8cbdfde211417a51
[INFO] [stdout]                                at /rustc/a178d0322ce20e33eac124758e837cbd80a6f633/library/core/src/iter/traits/iterator.rs:2112:21
[INFO] [stdout]   28:     0x5593430acdca - <core::iter::adapters::map::Map<I,F> as core::iter::traits::iterator::Iterator>::fold::hcd9f1367fcb91da5
[INFO] [stdout]                                at /rustc/a178d0322ce20e33eac124758e837cbd80a6f633/library/core/src/iter/adapters/map.rs:122:9
[INFO] [stdout]   29:     0x5593430bf0e1 - <kitsune_p2p_dht_arc::dht_arc::dht_arc_set::DhtArcSet as core::convert::From<alloc::vec::Vec<(u32,u32)>>>::from::hd2d0e87a05fc703f
[INFO] [stdout]                                at /opt/rustwide/workdir/src/dht_arc/dht_arc_set.rs:171:9
[INFO] [stdout]   30:     0x5593430d885d - kitsune_p2p_dht_arc::test::union::test_union_at_limits::h95dd0cc208afd487
[INFO] [stdout]                                at /opt/rustwide/workdir/src/test/union.rs:17:9
[INFO] [stdout]   31:     0x5593430d877a - kitsune_p2p_dht_arc::test::union::test_union_at_limits::{{closure}}::h36268cf6da2dabba
[INFO] [stdout]                                at /opt/rustwide/workdir/src/test/union.rs:14:1
[INFO] [stdout]   32:     0x5593430e771e - core::ops::function::FnOnce::call_once::he21ca5ca7ec8a7d9
[INFO] [stdout]                                at /rustc/a178d0322ce20e33eac124758e837cbd80a6f633/library/core/src/ops/function.rs:227:5
[INFO] [stdout]   33:     0x559343112453 - core::ops::function::FnOnce::call_once::h152e7e439ff59e19
[INFO] [stdout]                                at /rustc/a178d0322ce20e33eac124758e837cbd80a6f633/library/core/src/ops/function.rs:227:5
[INFO] [stdout]   34:     0x559343112453 - test::__rust_begin_short_backtrace::h0908f3b1fdbb72ab
[INFO] [stdout]                                at /rustc/a178d0322ce20e33eac124758e837cbd80a6f633/library/test/src/lib.rs:577:5
[INFO] [stdout]   35:     0x559343110f10 - <alloc::boxed::Box<F,A> as core::ops::function::FnOnce<Args>>::call_once::hf6d2a51e5587546c
[INFO] [stdout]                                at /rustc/a178d0322ce20e33eac124758e837cbd80a6f633/library/alloc/src/boxed.rs:1575:9
[INFO] [stdout]   36:     0x559343110f10 - <std::panic::AssertUnwindSafe<F> as core::ops::function::FnOnce<()>>::call_once::h8af660f3a89ef593
[INFO] [stdout]                                at /rustc/a178d0322ce20e33eac124758e837cbd80a6f633/library/std/src/panic.rs:347:9
[INFO] [stdout]   37:     0x559343110f10 - std::panicking::try::do_call::hd36aef60f84b6d36
[INFO] [stdout]                                at /rustc/a178d0322ce20e33eac124758e837cbd80a6f633/library/std/src/panicking.rs:401:40
[INFO] [stdout]   38:     0x559343110f10 - std::panicking::try::h9932b4480e69817c
[INFO] [stdout]                                at /rustc/a178d0322ce20e33eac124758e837cbd80a6f633/library/std/src/panicking.rs:365:19
[INFO] [stdout]   39:     0x559343110f10 - std::panic::catch_unwind::h6aa177099cfff5f8
[INFO] [stdout]                                at /rustc/a178d0322ce20e33eac124758e837cbd80a6f633/library/std/src/panic.rs:434:14
[INFO] [stdout]   40:     0x559343110f10 - test::run_test_in_process::h5884d6f2d99e20c3
[INFO] [stdout]                                at /rustc/a178d0322ce20e33eac124758e837cbd80a6f633/library/test/src/lib.rs:600:18
[INFO] [stdout]   41:     0x559343110f10 - test::run_test::run_test_inner::{{closure}}::h6fdc58c6d5f5b6e3
[INFO] [stdout]                                at /rustc/a178d0322ce20e33eac124758e837cbd80a6f633/library/test/src/lib.rs:492:39
[INFO] [stdout]   42:     0x5593430ea5c2 - test::run_test::run_test_inner::{{closure}}::h408365d67a78ade8
[INFO] [stdout]                                at /rustc/a178d0322ce20e33eac124758e837cbd80a6f633/library/test/src/lib.rs:519:37
[INFO] [stdout]   43:     0x5593430ea5c2 - std::sys_common::backtrace::__rust_begin_short_backtrace::hb560b77c4f701523
[INFO] [stdout]                                at /rustc/a178d0322ce20e33eac124758e837cbd80a6f633/library/std/src/sys_common/backtrace.rs:125:18
[INFO] [stdout]   44:     0x5593430ee178 - std::thread::Builder::spawn_unchecked::{{closure}}::{{closure}}::hf2e7831dad93c597
[INFO] [stdout]                                at /rustc/a178d0322ce20e33eac124758e837cbd80a6f633/library/std/src/thread/mod.rs:481:17
[INFO] [stdout]   45:     0x5593430ee178 - <std::panic::AssertUnwindSafe<F> as core::ops::function::FnOnce<()>>::call_once::hd2e08783d8be4d02
[INFO] [stdout]                                at /rustc/a178d0322ce20e33eac124758e837cbd80a6f633/library/std/src/panic.rs:347:9
[INFO] [stdout]   46:     0x5593430ee178 - std::panicking::try::do_call::h062597b7acfd6b82
[INFO] [stdout]                                at /rustc/a178d0322ce20e33eac124758e837cbd80a6f633/library/std/src/panicking.rs:401:40
[INFO] [stdout]   47:     0x5593430ee178 - std::panicking::try::h0d7b79db04c14552
[INFO] [stdout]                                at /rustc/a178d0322ce20e33eac124758e837cbd80a6f633/library/std/src/panicking.rs:365:19
[INFO] [stdout]   48:     0x5593430ee178 - std::panic::catch_unwind::hb01a0b5e7c8cd43b
[INFO] [stdout]                                at /rustc/a178d0322ce20e33eac124758e837cbd80a6f633/library/std/src/panic.rs:434:14
[INFO] [stdout]   49:     0x5593430ee178 - std::thread::Builder::spawn_unchecked::{{closure}}::h5bde48cc887e0d1e
[INFO] [stdout]                                at /rustc/a178d0322ce20e33eac124758e837cbd80a6f633/library/std/src/thread/mod.rs:480:30
[INFO] [stdout]   50:     0x5593430ee178 - core::ops::function::FnOnce::call_once{{vtable.shim}}::h745ea30807a29e55
[INFO] [stdout]                                at /rustc/a178d0322ce20e33eac124758e837cbd80a6f633/library/core/src/ops/function.rs:227:5
[INFO] [stdout]   51:     0x55934314c877 - <alloc::boxed::Box<F,A> as core::ops::function::FnOnce<Args>>::call_once::h7ece6cfefaff1005
[INFO] [stdout]                                at /rustc/a178d0322ce20e33eac124758e837cbd80a6f633/library/alloc/src/boxed.rs:1575:9
[INFO] [stdout]   52:     0x55934314c877 - <alloc::boxed::Box<F,A> as core::ops::function::FnOnce<Args>>::call_once::hb8b48e55c21f193e
[INFO] [stdout]                                at /rustc/a178d0322ce20e33eac124758e837cbd80a6f633/library/alloc/src/boxed.rs:1575:9
[INFO] [stdout]   53:     0x55934314c877 - std::sys::unix::thread::Thread::new::thread_start::h8c7c4450dba62914
[INFO] [stdout]                                at /rustc/a178d0322ce20e33eac124758e837cbd80a6f633/library/std/src/sys/unix/thread.rs:71:17
[INFO] [stdout]   54:     0x7f4a31c75609 - start_thread
[INFO] [stdout]   55:     0x7f4a31a47293 - clone
[INFO] [stdout]   56:                0x0 - <unknown>
[INFO] [stdout] 
[INFO] [stdout] 
[INFO] [stdout] failures:
[INFO] [stdout]     test::ascii::tests::sanity
[INFO] [stdout]     test::intersection::test_intersection_at_limits
[INFO] [stdout]     test::union::test_union_at_limits
[INFO] [stdout] 
[INFO] [stdout] test result: FAILED. 13 passed; 3 failed; 1 ignored; 0 measured; 0 filtered out; finished in 5.95s
[INFO] [stdout] 
[INFO] running `Command { std: "docker" "inspect" "70cf5212ecc420ee265be6b31c286058f6109fab8c6319bd94a959e48ce75bba", kill_on_drop: false }`
[INFO] running `Command { std: "docker" "rm" "-f" "70cf5212ecc420ee265be6b31c286058f6109fab8c6319bd94a959e48ce75bba", kill_on_drop: false }`
[INFO] [stdout] 70cf5212ecc420ee265be6b31c286058f6109fab8c6319bd94a959e48ce75bba
