[INFO] cloning repository https://github.com/tschottdorf/findus
[INFO] running `Command { std: "git" "-c" "credential.helper=" "-c" "credential.helper=/workspace/cargo-home/bin/git-credential-null" "clone" "--bare" "https://github.com/tschottdorf/findus" "/workspace/cache/git-repos/https%3A%2F%2Fgithub.com%2Ftschottdorf%2Ffindus", kill_on_drop: false }`
[INFO] [stderr] Cloning into bare repository '/workspace/cache/git-repos/https%3A%2F%2Fgithub.com%2Ftschottdorf%2Ffindus'...
[INFO] running `Command { std: "git" "rev-parse" "HEAD", kill_on_drop: false }`
[INFO] [stdout] ef71af69bea6e044bfb6246f7d958e0b10901165
[INFO] testing tschottdorf/findus against 1.54.0 for beta-1.55-1
[INFO] running `Command { std: "git" "clone" "/workspace/cache/git-repos/https%3A%2F%2Fgithub.com%2Ftschottdorf%2Ffindus" "/workspace/builds/worker-68/source", kill_on_drop: false }`
[INFO] [stderr] Cloning into '/workspace/builds/worker-68/source'...
[INFO] [stderr] done.
[INFO] validating manifest of git repo https://github.com/tschottdorf/findus on toolchain 1.54.0
[INFO] running `Command { std: "/workspace/cargo-home/bin/cargo" "+1.54.0" "metadata" "--manifest-path" "Cargo.toml" "--no-deps", kill_on_drop: false }`
[INFO] started tweaking git repo https://github.com/tschottdorf/findus
[INFO] finished tweaking git repo https://github.com/tschottdorf/findus
[INFO] tweaked toml for git repo https://github.com/tschottdorf/findus written to /workspace/builds/worker-68/source/Cargo.toml
[INFO] crate git repo https://github.com/tschottdorf/findus already has a lockfile, it will not be regenerated
[INFO] running `Command { std: "/workspace/cargo-home/bin/cargo" "+1.54.0" "fetch" "--manifest-path" "Cargo.toml", kill_on_drop: false }`
[INFO] [stderr]     Blocking waiting for file lock on package cache
[INFO] [stderr]     Blocking waiting for file lock on package cache
[INFO] [stderr]  Downloading crates ...
[INFO] [stderr]   Downloaded num_cpus v0.2.6
[INFO] [stderr]   Downloaded cookie v0.1.21
[INFO] [stderr]   Downloaded httparse v0.1.3
[INFO] [stderr]   Downloaded lazy_static v0.1.11
[INFO] [stderr]   Downloaded traitobject v0.0.3
[INFO] [stderr]   Downloaded protobuf v1.0.0
[INFO] running `Command { std: "docker" "create" "-v" "/var/lib/crater-agent-workspace/builds/worker-68/target:/opt/rustwide/target:rw,Z" "-v" "/var/lib/crater-agent-workspace/builds/worker-68/source:/opt/rustwide/workdir:ro,Z" "-v" "/var/lib/crater-agent-workspace/cargo-home:/opt/rustwide/cargo-home:ro,Z" "-v" "/var/lib/crater-agent-workspace/rustup-home:/opt/rustwide/rustup-home:ro,Z" "-e" "SOURCE_DIR=/opt/rustwide/workdir" "-e" "CARGO_TARGET_DIR=/opt/rustwide/target" "-e" "CARGO_HOME=/opt/rustwide/cargo-home" "-e" "RUSTUP_HOME=/opt/rustwide/rustup-home" "-w" "/opt/rustwide/workdir" "-m" "1610612736" "--user" "0:0" "--network" "none" "ghcr.io/rust-lang/crates-build-env/linux@sha256:34b6a614d2c27851fe6cbf88fbd1137609cefab8b10d0615aaeb6fd47975d74e" "/opt/rustwide/cargo-home/bin/cargo" "+1.54.0" "metadata" "--no-deps" "--format-version=1", kill_on_drop: false }`
[INFO] [stdout] eca1e61e5123050d7f00612fbce420a58326422f8cf16211d3c94caa3591f2ce
[INFO] running `Command { std: "docker" "start" "-a" "eca1e61e5123050d7f00612fbce420a58326422f8cf16211d3c94caa3591f2ce", kill_on_drop: false }`
[INFO] running `Command { std: "docker" "inspect" "eca1e61e5123050d7f00612fbce420a58326422f8cf16211d3c94caa3591f2ce", kill_on_drop: false }`
[INFO] running `Command { std: "docker" "rm" "-f" "eca1e61e5123050d7f00612fbce420a58326422f8cf16211d3c94caa3591f2ce", kill_on_drop: false }`
[INFO] [stdout] eca1e61e5123050d7f00612fbce420a58326422f8cf16211d3c94caa3591f2ce
[INFO] running `Command { std: "docker" "create" "-v" "/var/lib/crater-agent-workspace/builds/worker-68/target:/opt/rustwide/target:rw,Z" "-v" "/var/lib/crater-agent-workspace/builds/worker-68/source:/opt/rustwide/workdir:ro,Z" "-v" "/var/lib/crater-agent-workspace/cargo-home:/opt/rustwide/cargo-home:ro,Z" "-v" "/var/lib/crater-agent-workspace/rustup-home:/opt/rustwide/rustup-home:ro,Z" "-e" "SOURCE_DIR=/opt/rustwide/workdir" "-e" "CARGO_TARGET_DIR=/opt/rustwide/target" "-e" "CARGO_INCREMENTAL=0" "-e" "RUST_BACKTRACE=full" "-e" "RUSTFLAGS=--cap-lints=warn" "-e" "CARGO_HOME=/opt/rustwide/cargo-home" "-e" "RUSTUP_HOME=/opt/rustwide/rustup-home" "-w" "/opt/rustwide/workdir" "-m" "1610612736" "--user" "0:0" "--network" "none" "ghcr.io/rust-lang/crates-build-env/linux@sha256:34b6a614d2c27851fe6cbf88fbd1137609cefab8b10d0615aaeb6fd47975d74e" "/opt/rustwide/cargo-home/bin/cargo" "+1.54.0" "build" "--frozen" "--message-format=json", kill_on_drop: false }`
[INFO] [stdout] ec291ba42a7d25e248c686516c9805bdae3668037ccb85624e31f22a5b1e6ff9
[INFO] running `Command { std: "docker" "start" "-a" "ec291ba42a7d25e248c686516c9805bdae3668037ccb85624e31f22a5b1e6ff9", kill_on_drop: false }`
[INFO] [stderr]    Compiling gcc v0.3.5
[INFO] [stderr]    Compiling libc v0.1.8
[INFO] [stderr]    Compiling pkg-config v0.3.4
[INFO] [stderr]    Compiling lazy_static v0.1.11
[INFO] [stderr]    Compiling bitflags v0.1.1
[INFO] [stderr]    Compiling matches v0.1.2
[INFO] [stderr]    Compiling rustc-serialize v0.3.14
[INFO] [stderr]    Compiling unicase v0.1.0
[INFO] [stderr]    Compiling typeable v0.1.1
[INFO] [stderr]    Compiling httparse v0.1.3
[INFO] [stderr]    Compiling traitobject v0.0.3
[INFO] [stderr]    Compiling protobuf v1.0.0
[INFO] [stdout] error[E0642]: patterns aren't allowed in functions without bodies
[INFO] [stdout]    --> /opt/rustwide/cargo-home/registry/src/github.com-1ecc6299db9ec823/rustc-serialize-0.3.14/src/serialize.rs:144:45
[INFO] [stdout]     |
[INFO] [stdout] 144 | ...                   &f_name: &str,
[INFO] [stdout]     |                       ^^^^^^^ pattern not allowed in function without body
[INFO] [stdout] 
[INFO] [stdout] 
[INFO] [stdout] error[E0532]: expected tuple struct or tuple variant, found unit variant `RustType::Bool`
[INFO] [stdout]    --> /opt/rustwide/cargo-home/registry/src/github.com-1ecc6299db9ec823/protobuf-1.0.0/src/lib/codegen.rs:164:13
[INFO] [stdout]     |
[INFO] [stdout] 31  |     Bool,
[INFO] [stdout]     |     ---- `RustType::Bool` defined here
[INFO] [stdout] ...
[INFO] [stdout] 164 |             RustType::Bool(..)                       => "false".to_string(),
[INFO] [stdout]     |             ^^^^^^^^^^^^^^^^^^
[INFO] [stdout]     |
[INFO] [stdout] help: use this syntax instead
[INFO] [stdout]     |
[INFO] [stdout] 164 |             RustType::Bool                       => "false".to_string(),
[INFO] [stdout]     |             ^^^^^^^^^^^^^^
[INFO] [stdout] help: consider importing one of these items instead
[INFO] [stdout]     |
[INFO] [stdout] 1   | use reflect::accessor::RepeatedGet::Bool;
[INFO] [stdout]     |
[INFO] [stdout] 1   | use reflect::accessor::SingularGet::Bool;
[INFO] [stdout]     |
[INFO] [stdout] 
[INFO] [stdout] 
[INFO] [stdout] error[E0277]: the size for values of type `Self` cannot be known at compilation time
[INFO] [stdout]   --> /opt/rustwide/cargo-home/registry/src/github.com-1ecc6299db9ec823/protobuf-1.0.0/src/lib/paginate.rs:2:39
[INFO] [stdout]    |
[INFO] [stdout] 2  |     fn paginate(self, page: usize) -> Paginate<Self>;
[INFO] [stdout]    |                                       ^^^^^^^^^^^^^^ doesn't have a size known at compile-time
[INFO] [stdout] ...
[INFO] [stdout] 14 | struct Paginate<I> {
[INFO] [stdout]    |                 - required by this bound in `Paginate`
[INFO] [stdout]    |
[INFO] [stdout] help: you could relax the implicit `Sized` bound on `I` if it were used through indirection like `&I` or `Box<I>`
[INFO] [stdout]   --> /opt/rustwide/cargo-home/registry/src/github.com-1ecc6299db9ec823/protobuf-1.0.0/src/lib/paginate.rs:14:17
[INFO] [stdout]    |
[INFO] [stdout] 14 | struct Paginate<I> {
[INFO] [stdout]    |                 ^ this could be changed to `I: ?Sized`...
[INFO] [stdout] 15 |     iter: I,
[INFO] [stdout]    |           - ...if indirection were used here: `Box<I>`
[INFO] [stdout] help: consider further restricting `Self`
[INFO] [stdout]    |
[INFO] [stdout] 2  |     fn paginate(self, page: usize) -> Paginate<Self> where Self: Sized;
[INFO] [stdout]    |                                                      ^^^^^^^^^^^^^^^^^
[INFO] [stdout] 
[INFO] [stdout] 
[INFO] [stdout] error: aborting due to 2 previous errors
[INFO] [stdout] 
[INFO] [stdout] 
[INFO] [stdout] Some errors have detailed explanations: E0277, E0532.
[INFO] [stdout] 
[INFO] [stdout] For more information about an error, try `rustc --explain E0277`.
[INFO] [stdout] 
[INFO] [stderr]    Compiling log v0.3.1
[INFO] [stderr]    Compiling num_cpus v0.2.6
[INFO] [stdout] error[E0277]: the size for values of type `Self` cannot be known at compilation time
[INFO] [stdout]    --> /opt/rustwide/cargo-home/registry/src/github.com-1ecc6299db9ec823/rustc-serialize-0.3.14/src/serialize.rs:200:41
[INFO] [stdout]     |
[INFO] [stdout] 200 |     fn decode<D: Decoder>(d: &mut D) -> Result<Self, D::Error>;
[INFO] [stdout]     |                                         ^^^^^^^^^^^^^^^^^^^^^^ doesn't have a size known at compile-time
[INFO] [stdout]     |
[INFO] [stdout] help: consider further restricting `Self`
[INFO] [stdout]     |
[INFO] [stdout] 200 |     fn decode<D: Decoder>(d: &mut D) -> Result<Self, D::Error> where Self: Sized;
[INFO] [stdout]     |                                                                ^^^^^^^^^^^^^^^^^
[INFO] [stdout] 
[INFO] [stdout] 
[INFO] [stderr] error: could not compile `protobuf`
[INFO] [stdout] error: aborting due to 2 previous errors
[INFO] [stdout] 
[INFO] [stdout] 
[INFO] [stderr] 
[INFO] [stdout] Some errors have detailed explanations: E0277, E0642.
[INFO] [stdout] 
[INFO] [stderr] To learn more, run the command again with --verbose.
[INFO] [stdout] For more information about an error, try `rustc --explain E0277`.
[INFO] [stdout] 
[INFO] [stderr] warning: build failed, waiting for other jobs to finish...
[INFO] [stderr] error: build failed
[INFO] running `Command { std: "docker" "inspect" "ec291ba42a7d25e248c686516c9805bdae3668037ccb85624e31f22a5b1e6ff9", kill_on_drop: false }`
[INFO] running `Command { std: "docker" "rm" "-f" "ec291ba42a7d25e248c686516c9805bdae3668037ccb85624e31f22a5b1e6ff9", kill_on_drop: false }`
[INFO] [stdout] ec291ba42a7d25e248c686516c9805bdae3668037ccb85624e31f22a5b1e6ff9
