[INFO] cloning repository https://github.com/timonv/lax
[INFO] running `Command { std: "git" "-c" "credential.helper=" "-c" "credential.helper=/workspace/cargo-home/bin/git-credential-null" "clone" "--bare" "https://github.com/timonv/lax" "/workspace/cache/git-repos/https%3A%2F%2Fgithub.com%2Ftimonv%2Flax", kill_on_drop: false }`
[INFO] [stderr] Cloning into bare repository '/workspace/cache/git-repos/https%3A%2F%2Fgithub.com%2Ftimonv%2Flax'...
[INFO] running `Command { std: "git" "rev-parse" "HEAD", kill_on_drop: false }`
[INFO] [stdout] 491ca55b0974b8487e21d58bb45c190629cc8fff
[INFO] testing timonv/lax against 1.54.0 for beta-1.55-1
[INFO] running `Command { std: "git" "clone" "/workspace/cache/git-repos/https%3A%2F%2Fgithub.com%2Ftimonv%2Flax" "/workspace/builds/worker-63/source", kill_on_drop: false }`
[INFO] [stderr] Cloning into '/workspace/builds/worker-63/source'...
[INFO] [stderr] done.
[INFO] validating manifest of git repo https://github.com/timonv/lax on toolchain 1.54.0
[INFO] running `Command { std: "/workspace/cargo-home/bin/cargo" "+1.54.0" "metadata" "--manifest-path" "Cargo.toml" "--no-deps", kill_on_drop: false }`
[INFO] started tweaking git repo https://github.com/timonv/lax
[INFO] finished tweaking git repo https://github.com/timonv/lax
[INFO] tweaked toml for git repo https://github.com/timonv/lax written to /workspace/builds/worker-63/source/Cargo.toml
[INFO] crate git repo https://github.com/timonv/lax already has a lockfile, it will not be regenerated
[INFO] running `Command { std: "/workspace/cargo-home/bin/cargo" "+1.54.0" "fetch" "--manifest-path" "Cargo.toml", kill_on_drop: false }`
[INFO] [stderr]     Blocking waiting for file lock on package cache
[INFO] [stderr]  Downloading crates ...
[INFO] [stderr]   Downloaded rdispatcher v0.0.5
[INFO] [stderr]   Downloaded json_macros v0.2.5
[INFO] [stderr]   Downloaded num_cpus v0.2.6
[INFO] [stderr]   Downloaded solicit v0.4.2
[INFO] [stderr]   Downloaded language-tags v0.0.7
[INFO] [stderr]   Downloaded hyper v0.6.10
[INFO] [stderr]   Downloaded unicase v1.0.0
[INFO] [stderr]   Downloaded url v0.2.37
[INFO] [stderr]   Downloaded httparse v0.1.6
[INFO] [stderr]   Downloaded mime v0.1.0
[INFO] running `Command { std: "docker" "create" "-v" "/var/lib/crater-agent-workspace/builds/worker-63/target:/opt/rustwide/target:rw,Z" "-v" "/var/lib/crater-agent-workspace/builds/worker-63/source:/opt/rustwide/workdir:ro,Z" "-v" "/var/lib/crater-agent-workspace/cargo-home:/opt/rustwide/cargo-home:ro,Z" "-v" "/var/lib/crater-agent-workspace/rustup-home:/opt/rustwide/rustup-home:ro,Z" "-e" "SOURCE_DIR=/opt/rustwide/workdir" "-e" "CARGO_TARGET_DIR=/opt/rustwide/target" "-e" "CARGO_HOME=/opt/rustwide/cargo-home" "-e" "RUSTUP_HOME=/opt/rustwide/rustup-home" "-w" "/opt/rustwide/workdir" "-m" "1610612736" "--user" "0:0" "--network" "none" "ghcr.io/rust-lang/crates-build-env/linux@sha256:34b6a614d2c27851fe6cbf88fbd1137609cefab8b10d0615aaeb6fd47975d74e" "/opt/rustwide/cargo-home/bin/cargo" "+1.54.0" "metadata" "--no-deps" "--format-version=1", kill_on_drop: false }`
[INFO] [stdout] be329ddeee2f8d86eab5cbcbf15fb2c500cca39c36ced614a5d0c004c028fb6e
[INFO] running `Command { std: "docker" "start" "-a" "be329ddeee2f8d86eab5cbcbf15fb2c500cca39c36ced614a5d0c004c028fb6e", kill_on_drop: false }`
[INFO] running `Command { std: "docker" "inspect" "be329ddeee2f8d86eab5cbcbf15fb2c500cca39c36ced614a5d0c004c028fb6e", kill_on_drop: false }`
[INFO] running `Command { std: "docker" "rm" "-f" "be329ddeee2f8d86eab5cbcbf15fb2c500cca39c36ced614a5d0c004c028fb6e", kill_on_drop: false }`
[INFO] [stdout] be329ddeee2f8d86eab5cbcbf15fb2c500cca39c36ced614a5d0c004c028fb6e
[INFO] running `Command { std: "docker" "create" "-v" "/var/lib/crater-agent-workspace/builds/worker-63/target:/opt/rustwide/target:rw,Z" "-v" "/var/lib/crater-agent-workspace/builds/worker-63/source:/opt/rustwide/workdir:ro,Z" "-v" "/var/lib/crater-agent-workspace/cargo-home:/opt/rustwide/cargo-home:ro,Z" "-v" "/var/lib/crater-agent-workspace/rustup-home:/opt/rustwide/rustup-home:ro,Z" "-e" "SOURCE_DIR=/opt/rustwide/workdir" "-e" "CARGO_TARGET_DIR=/opt/rustwide/target" "-e" "CARGO_INCREMENTAL=0" "-e" "RUST_BACKTRACE=full" "-e" "RUSTFLAGS=--cap-lints=warn" "-e" "CARGO_HOME=/opt/rustwide/cargo-home" "-e" "RUSTUP_HOME=/opt/rustwide/rustup-home" "-w" "/opt/rustwide/workdir" "-m" "1610612736" "--user" "0:0" "--network" "none" "ghcr.io/rust-lang/crates-build-env/linux@sha256:34b6a614d2c27851fe6cbf88fbd1137609cefab8b10d0615aaeb6fd47975d74e" "/opt/rustwide/cargo-home/bin/cargo" "+1.54.0" "build" "--frozen" "--message-format=json", kill_on_drop: false }`
[INFO] [stdout] ce3c640c8d3848fb11df11f59a1b4d7af9aa7b4b08b6fb822302b6fcae1eddd5
[INFO] running `Command { std: "docker" "start" "-a" "ce3c640c8d3848fb11df11f59a1b4d7af9aa7b4b08b6fb822302b6fcae1eddd5", kill_on_drop: false }`
[INFO] [stderr]     Blocking waiting for file lock on package cache
[INFO] [stderr]    Compiling libc v0.1.10
[INFO] [stderr]    Compiling winapi-build v0.1.1
[INFO] [stderr]    Compiling pkg-config v0.3.5
[INFO] [stderr]    Compiling winapi v0.2.2
[INFO] [stderr]    Compiling gcc v0.3.13
[INFO] [stderr]    Compiling rustc-serialize v0.3.16
[INFO] [stderr]    Compiling lazy_static v0.1.14
[INFO] [stderr]    Compiling bitflags v0.3.2
[INFO] [stderr]    Compiling matches v0.1.2
[INFO] [stderr]    Compiling unicase v1.0.0
[INFO] [stderr]    Compiling typeable v0.1.2
[INFO] [stderr]    Compiling httparse v0.1.6
[INFO] [stderr]    Compiling regex-syntax v0.2.1
[INFO] [stderr]    Compiling language-tags v0.0.7
[INFO] [stderr]    Compiling traitobject v0.0.1
[INFO] [stderr]    Compiling byteorder v0.3.11
[INFO] [stderr]    Compiling rdispatcher v0.0.5
[INFO] [stdout] error[E0642]: patterns aren't allowed in functions without bodies
[INFO] [stdout]    --> /opt/rustwide/cargo-home/registry/src/github.com-1ecc6299db9ec823/rustc-serialize-0.3.16/src/serialize.rs:145:45
[INFO] [stdout]     |
[INFO] [stdout] 145 | ...                   &f_name: &str,
[INFO] [stdout]     |                       ^^^^^^^ pattern not allowed in function without body
[INFO] [stdout] 
[INFO] [stdout] 
[INFO] [stdout] error[E0554]: `#![feature]` may not be used on the stable release channel
[INFO] [stdout]  --> /opt/rustwide/cargo-home/registry/src/github.com-1ecc6299db9ec823/rdispatcher-0.0.5/src/lib.rs:1:1
[INFO] [stdout]   |
[INFO] [stdout] 1 | #![feature(hash_default)]
[INFO] [stdout]   | ^^^^^^^^^^^^^^^^^^^^^^^^^
[INFO] [stdout] 
[INFO] [stdout] 
[INFO] [stdout] error[E0277]: `T` cannot be sent between threads safely
[INFO] [stdout]   --> /opt/rustwide/cargo-home/registry/src/github.com-1ecc6299db9ec823/rdispatcher-0.0.5/src/lib.rs:25:38
[INFO] [stdout]    |
[INFO] [stdout] 14 | pub struct DispatchMessage<T> where T: Hash + Send + Clone {
[INFO] [stdout]    |                                               ---- required by this bound in `DispatchMessage`
[INFO] [stdout] ...
[INFO] [stdout] 25 |    fn broadcast_handle(&mut self) -> BroadcastHandle<T>;
[INFO] [stdout]    |                                      ^^^^^^^^^^^^^^^^^^ `T` cannot be sent between threads safely
[INFO] [stdout]    |
[INFO] [stdout] help: consider further restricting this bound
[INFO] [stdout]    |
[INFO] [stdout] 24 | pub trait Broadcast<T: Hash + std::marker::Send> {
[INFO] [stdout]    |                             ^^^^^^^^^^^^^^^^^^^
[INFO] [stdout] 
[INFO] [stdout] 
[INFO] [stdout] error[E0277]: the trait bound `T: Clone` is not satisfied
[INFO] [stdout]   --> /opt/rustwide/cargo-home/registry/src/github.com-1ecc6299db9ec823/rdispatcher-0.0.5/src/lib.rs:25:38
[INFO] [stdout]    |
[INFO] [stdout] 14 | pub struct DispatchMessage<T> where T: Hash + Send + Clone {
[INFO] [stdout]    |                                                      ----- required by this bound in `DispatchMessage`
[INFO] [stdout] ...
[INFO] [stdout] 25 |    fn broadcast_handle(&mut self) -> BroadcastHandle<T>;
[INFO] [stdout]    |                                      ^^^^^^^^^^^^^^^^^^ the trait `Clone` is not implemented for `T`
[INFO] [stdout]    |
[INFO] [stdout] help: consider further restricting this bound
[INFO] [stdout]    |
[INFO] [stdout] 24 | pub trait Broadcast<T: Hash + std::clone::Clone> {
[INFO] [stdout]    |                             ^^^^^^^^^^^^^^^^^^^
[INFO] [stdout] 
[INFO] [stdout] 
[INFO] [stdout] error[E0277]: `T` cannot be sent between threads safely
[INFO] [stdout]   --> /opt/rustwide/cargo-home/registry/src/github.com-1ecc6299db9ec823/rdispatcher-0.0.5/src/lib.rs:29:34
[INFO] [stdout]    |
[INFO] [stdout] 14 | pub struct DispatchMessage<T> where T: Hash + Send + Clone {
[INFO] [stdout]    |                                               ---- required by this bound in `DispatchMessage`
[INFO] [stdout] ...
[INFO] [stdout] 29 |    fn subscribe_handle(&self) -> SubscribeHandle<T>;
[INFO] [stdout]    |                                  ^^^^^^^^^^^^^^^^^^ `T` cannot be sent between threads safely
[INFO] [stdout]    |
[INFO] [stdout] help: consider further restricting this bound
[INFO] [stdout]    |
[INFO] [stdout] 28 | pub trait Subscribe<T: Hash + std::marker::Send> {
[INFO] [stdout]    |                             ^^^^^^^^^^^^^^^^^^^
[INFO] [stdout] 
[INFO] [stdout] 
[INFO] [stdout] error[E0277]: the trait bound `T: Clone` is not satisfied
[INFO] [stdout]   --> /opt/rustwide/cargo-home/registry/src/github.com-1ecc6299db9ec823/rdispatcher-0.0.5/src/lib.rs:29:34
[INFO] [stdout]    |
[INFO] [stdout] 14 | pub struct DispatchMessage<T> where T: Hash + Send + Clone {
[INFO] [stdout]    |                                                      ----- required by this bound in `DispatchMessage`
[INFO] [stdout] ...
[INFO] [stdout] 29 |    fn subscribe_handle(&self) -> SubscribeHandle<T>;
[INFO] [stdout]    |                                  ^^^^^^^^^^^^^^^^^^ the trait `Clone` is not implemented for `T`
[INFO] [stdout]    |
[INFO] [stdout] help: consider further restricting this bound
[INFO] [stdout]    |
[INFO] [stdout] 28 | pub trait Subscribe<T: Hash + std::clone::Clone> {
[INFO] [stdout]    |                             ^^^^^^^^^^^^^^^^^^^
[INFO] [stdout] 
[INFO] [stdout] 
[INFO] [stdout] error: aborting due to 5 previous errors
[INFO] [stdout] 
[INFO] [stdout] 
[INFO] [stdout] Some errors have detailed explanations: E0277, E0554.
[INFO] [stdout] 
[INFO] [stdout] For more information about an error, try `rustc --explain E0277`.
[INFO] [stdout] 
[INFO] [stderr] error: could not compile `rdispatcher`
[INFO] [stderr] 
[INFO] [stderr] To learn more, run the command again with --verbose.
[INFO] [stderr] warning: build failed, waiting for other jobs to finish...
[INFO] [stdout] error: aborting due to previous error
[INFO] [stdout] 
[INFO] [stdout] 
[INFO] [stdout] For more information about this error, try `rustc --explain E0642`.
[INFO] [stdout] 
[INFO] [stderr] error: build failed
[INFO] running `Command { std: "docker" "inspect" "ce3c640c8d3848fb11df11f59a1b4d7af9aa7b4b08b6fb822302b6fcae1eddd5", kill_on_drop: false }`
[INFO] running `Command { std: "docker" "rm" "-f" "ce3c640c8d3848fb11df11f59a1b4d7af9aa7b4b08b6fb822302b6fcae1eddd5", kill_on_drop: false }`
[INFO] [stdout] ce3c640c8d3848fb11df11f59a1b4d7af9aa7b4b08b6fb822302b6fcae1eddd5
