[INFO] cloning repository https://github.com/steveklabnik/for_fredsir
[INFO] running `Command { std: "git" "-c" "credential.helper=" "-c" "credential.helper=/workspace/cargo-home/bin/git-credential-null" "clone" "--bare" "https://github.com/steveklabnik/for_fredsir" "/workspace/cache/git-repos/https%3A%2F%2Fgithub.com%2Fsteveklabnik%2Ffor_fredsir", kill_on_drop: false }`
[INFO] [stderr] Cloning into bare repository '/workspace/cache/git-repos/https%3A%2F%2Fgithub.com%2Fsteveklabnik%2Ffor_fredsir'...
[INFO] running `Command { std: "git" "rev-parse" "HEAD", kill_on_drop: false }`
[INFO] [stdout] db89f2d4ad4ded2a94644c9505c0341305baa15d
[INFO] testing steveklabnik/for_fredsir against 1.54.0 for beta-1.55-1
[INFO] running `Command { std: "git" "clone" "/workspace/cache/git-repos/https%3A%2F%2Fgithub.com%2Fsteveklabnik%2Ffor_fredsir" "/workspace/builds/worker-59/source", kill_on_drop: false }`
[INFO] [stderr] Cloning into '/workspace/builds/worker-59/source'...
[INFO] [stderr] done.
[INFO] validating manifest of git repo https://github.com/steveklabnik/for_fredsir on toolchain 1.54.0
[INFO] running `Command { std: "/workspace/cargo-home/bin/cargo" "+1.54.0" "metadata" "--manifest-path" "Cargo.toml" "--no-deps", kill_on_drop: false }`
[INFO] started tweaking git repo https://github.com/steveklabnik/for_fredsir
[INFO] finished tweaking git repo https://github.com/steveklabnik/for_fredsir
[INFO] tweaked toml for git repo https://github.com/steveklabnik/for_fredsir written to /workspace/builds/worker-59/source/Cargo.toml
[INFO] crate git repo https://github.com/steveklabnik/for_fredsir already has a lockfile, it will not be regenerated
[INFO] running `Command { std: "/workspace/cargo-home/bin/cargo" "+1.54.0" "fetch" "--manifest-path" "Cargo.toml", kill_on_drop: false }`
[INFO] [stderr]  Downloading crates ...
[INFO] [stderr]   Downloaded pkg-config v0.3.5
[INFO] [stderr]   Downloaded openssl-sys v0.6.4
[INFO] [stderr]   Downloaded openssl v0.6.4
[INFO] [stderr]   Downloaded url v0.2.36
[INFO] [stderr]   Downloaded hyper v0.6.4
[INFO] [stderr]   Downloaded httparse v0.1.5
[INFO] [stderr]   Downloaded language-tags v0.0.7
[INFO] [stderr]   Downloaded mime v0.0.12
[INFO] [stderr]   Downloaded solicit v0.4.0
[INFO] [stderr]   Downloaded nickel v0.6.0
[INFO] [stderr]   Downloaded pnacl-build-helper v1.4.6
[INFO] [stderr]   Downloaded aho-corasick v0.3.0
[INFO] [stderr]   Downloaded regex v0.1.41
[INFO] running `Command { std: "docker" "create" "-v" "/var/lib/crater-agent-workspace/builds/worker-59/target:/opt/rustwide/target:rw,Z" "-v" "/var/lib/crater-agent-workspace/builds/worker-59/source:/opt/rustwide/workdir:ro,Z" "-v" "/var/lib/crater-agent-workspace/cargo-home:/opt/rustwide/cargo-home:ro,Z" "-v" "/var/lib/crater-agent-workspace/rustup-home:/opt/rustwide/rustup-home:ro,Z" "-e" "SOURCE_DIR=/opt/rustwide/workdir" "-e" "CARGO_TARGET_DIR=/opt/rustwide/target" "-e" "CARGO_HOME=/opt/rustwide/cargo-home" "-e" "RUSTUP_HOME=/opt/rustwide/rustup-home" "-w" "/opt/rustwide/workdir" "-m" "1610612736" "--user" "0:0" "--network" "none" "ghcr.io/rust-lang/crates-build-env/linux@sha256:34b6a614d2c27851fe6cbf88fbd1137609cefab8b10d0615aaeb6fd47975d74e" "/opt/rustwide/cargo-home/bin/cargo" "+1.54.0" "metadata" "--no-deps" "--format-version=1", kill_on_drop: false }`
[INFO] [stdout] dd4c6a4173b3cf635ad5ae372760fae536169c6d392d5a9faa16539be287586f
[INFO] running `Command { std: "docker" "start" "-a" "dd4c6a4173b3cf635ad5ae372760fae536169c6d392d5a9faa16539be287586f", kill_on_drop: false }`
[INFO] running `Command { std: "docker" "inspect" "dd4c6a4173b3cf635ad5ae372760fae536169c6d392d5a9faa16539be287586f", kill_on_drop: false }`
[INFO] running `Command { std: "docker" "rm" "-f" "dd4c6a4173b3cf635ad5ae372760fae536169c6d392d5a9faa16539be287586f", kill_on_drop: false }`
[INFO] [stdout] dd4c6a4173b3cf635ad5ae372760fae536169c6d392d5a9faa16539be287586f
[INFO] running `Command { std: "docker" "create" "-v" "/var/lib/crater-agent-workspace/builds/worker-59/target:/opt/rustwide/target:rw,Z" "-v" "/var/lib/crater-agent-workspace/builds/worker-59/source:/opt/rustwide/workdir:ro,Z" "-v" "/var/lib/crater-agent-workspace/cargo-home:/opt/rustwide/cargo-home:ro,Z" "-v" "/var/lib/crater-agent-workspace/rustup-home:/opt/rustwide/rustup-home:ro,Z" "-e" "SOURCE_DIR=/opt/rustwide/workdir" "-e" "CARGO_TARGET_DIR=/opt/rustwide/target" "-e" "CARGO_INCREMENTAL=0" "-e" "RUST_BACKTRACE=full" "-e" "RUSTFLAGS=--cap-lints=warn" "-e" "CARGO_HOME=/opt/rustwide/cargo-home" "-e" "RUSTUP_HOME=/opt/rustwide/rustup-home" "-w" "/opt/rustwide/workdir" "-m" "1610612736" "--user" "0:0" "--network" "none" "ghcr.io/rust-lang/crates-build-env/linux@sha256:34b6a614d2c27851fe6cbf88fbd1137609cefab8b10d0615aaeb6fd47975d74e" "/opt/rustwide/cargo-home/bin/cargo" "+1.54.0" "build" "--frozen" "--message-format=json", kill_on_drop: false }`
[INFO] [stdout] cd819875f24dbef2dc8660e4affe4578ab2f9e4834e523301f3ae55576bc61e9
[INFO] running `Command { std: "docker" "start" "-a" "cd819875f24dbef2dc8660e4affe4578ab2f9e4834e523301f3ae55576bc61e9", kill_on_drop: false }`
[INFO] [stderr]     Blocking waiting for file lock on package cache
[INFO] [stderr]    Compiling gcc v0.3.9
[INFO] [stderr]    Compiling pkg-config v0.3.5
[INFO] [stderr]    Compiling winapi-build v0.1.0
[INFO] [stderr]    Compiling rustc-serialize v0.3.15
[INFO] [stderr]    Compiling winapi v0.2.1
[INFO] [stderr]    Compiling bitflags v0.3.2
[INFO] [stderr]    Compiling matches v0.1.2
[INFO] [stderr]    Compiling lazy_static v0.1.11
[INFO] [stderr]    Compiling traitobject v0.0.3
[INFO] [stderr]    Compiling language-tags v0.0.7
[INFO] [stderr]    Compiling unicase v0.1.0
[INFO] [stderr]    Compiling httparse v0.1.5
[INFO] [stderr]    Compiling regex-syntax v0.2.0
[INFO] [stderr]    Compiling typeable v0.1.2
[INFO] [stderr]    Compiling traitobject v0.0.1
[INFO] [stderr]    Compiling modifier v0.1.0
[INFO] [stderr]    Compiling groupable v0.2.0
[INFO] [stderr]    Compiling memchr v0.1.3
[INFO] [stderr]    Compiling num_cpus v0.2.6
[INFO] [stderr]    Compiling hpack v0.2.0
[INFO] [stderr]    Compiling mime v0.0.12
[INFO] [stdout] error[E0642]: patterns aren't allowed in functions without bodies
[INFO] [stdout]    --> /opt/rustwide/cargo-home/registry/src/github.com-1ecc6299db9ec823/rustc-serialize-0.3.15/src/serialize.rs:145:45
[INFO] [stdout]     |
[INFO] [stdout] 145 | ...                   &f_name: &str,
[INFO] [stdout]     |                       ^^^^^^^ pattern not allowed in function without body
[INFO] [stdout] 
[INFO] [stdout] 
[INFO] [stderr]    Compiling aho-corasick v0.3.0
[INFO] [stderr]    Compiling unsafe-any v0.4.1
[INFO] [stderr]    Compiling kernel32-sys v0.1.2
[INFO] [stderr]    Compiling solicit v0.4.0
[INFO] [stdout] error[E0277]: the size for values of type `Self` cannot be known at compilation time
[INFO] [stdout]    --> /opt/rustwide/cargo-home/registry/src/github.com-1ecc6299db9ec823/rustc-serialize-0.3.15/src/serialize.rs:201:41
[INFO] [stdout]     |
[INFO] [stdout] 201 |     fn decode<D: Decoder>(d: &mut D) -> Result<Self, D::Error>;
[INFO] [stdout]     |                                         ^^^^^^^^^^^^^^^^^^^^^^ doesn't have a size known at compile-time
[INFO] [stdout]     |
[INFO] [stdout] help: consider further restricting `Self`
[INFO] [stdout]     |
[INFO] [stdout] 201 |     fn decode<D: Decoder>(d: &mut D) -> Result<Self, D::Error> where Self: Sized;
[INFO] [stdout]     |                                                                ^^^^^^^^^^^^^^^^^
[INFO] [stdout] 
[INFO] [stdout] 
[INFO] [stdout] error: aborting due to 2 previous errors
[INFO] [stdout] 
[INFO] [stdout] 
[INFO] [stdout] Some errors have detailed explanations: E0277, E0642.
[INFO] [stdout] 
[INFO] [stdout] For more information about an error, try `rustc --explain E0277`.
[INFO] [stdout] 
[INFO] [stderr] error: could not compile `rustc-serialize`
[INFO] [stderr] 
[INFO] [stderr] To learn more, run the command again with --verbose.
[INFO] [stderr] warning: build failed, waiting for other jobs to finish...
[INFO] [stdout] error[E0277]: the size for values of type `Self` cannot be known at compilation time
[INFO] [stdout]    --> /opt/rustwide/cargo-home/registry/src/github.com-1ecc6299db9ec823/solicit-0.4.0/src/http/frame/mod.rs:134:41
[INFO] [stdout]     |
[INFO] [stdout] 134 |     fn from_raw(raw_frame: RawFrame) -> Option<Self>;
[INFO] [stdout]     |                                         ^^^^^^^^^^^^ doesn't have a size known at compile-time
[INFO] [stdout]     |
[INFO] [stdout] help: consider further restricting `Self`
[INFO] [stdout]     |
[INFO] [stdout] 134 |     fn from_raw(raw_frame: RawFrame) -> Option<Self> where Self: Sized;
[INFO] [stdout]     |                                                      ^^^^^^^^^^^^^^^^^
[INFO] [stdout] 
[INFO] [stdout] 
[INFO] [stdout] error[E0277]: the size for values of type `Self` cannot be known at compilation time
[INFO] [stdout]    --> /opt/rustwide/cargo-home/registry/src/github.com-1ecc6299db9ec823/solicit-0.4.0/src/http/transport.rs:60:28
[INFO] [stdout]     |
[INFO] [stdout] 60  |     fn try_split(&self) -> Result<Self, io::Error>;
[INFO] [stdout]     |                            ^^^^^^^^^^^^^^^^^^^^^^^ doesn't have a size known at compile-time
[INFO] [stdout]     |
[INFO] [stdout] help: consider further restricting `Self`
[INFO] [stdout]     |
[INFO] [stdout] 60  |     fn try_split(&self) -> Result<Self, io::Error> where Self: Sized;
[INFO] [stdout]     |                                                    ^^^^^^^^^^^^^^^^^
[INFO] [stdout] 
[INFO] [stdout] 
[INFO] [stdout] error: aborting due to 2 previous errors
[INFO] [stdout] 
[INFO] [stdout] 
[INFO] [stdout] For more information about this error, try `rustc --explain E0277`.
[INFO] [stdout] 
[INFO] [stderr] error: build failed
[INFO] running `Command { std: "docker" "inspect" "cd819875f24dbef2dc8660e4affe4578ab2f9e4834e523301f3ae55576bc61e9", kill_on_drop: false }`
[INFO] running `Command { std: "docker" "rm" "-f" "cd819875f24dbef2dc8660e4affe4578ab2f9e4834e523301f3ae55576bc61e9", kill_on_drop: false }`
[INFO] [stdout] cd819875f24dbef2dc8660e4affe4578ab2f9e4834e523301f3ae55576bc61e9
