[INFO] cloning repository https://github.com/brycefisher/aws-service-parser
[INFO] running `Command { std: "git" "-c" "credential.helper=" "-c" "credential.helper=/workspace/cargo-home/bin/git-credential-null" "clone" "--bare" "https://github.com/brycefisher/aws-service-parser" "/workspace/cache/git-repos/https%3A%2F%2Fgithub.com%2Fbrycefisher%2Faws-service-parser", kill_on_drop: false }`
[INFO] [stderr] Cloning into bare repository '/workspace/cache/git-repos/https%3A%2F%2Fgithub.com%2Fbrycefisher%2Faws-service-parser'...
[INFO] running `Command { std: "git" "rev-parse" "HEAD", kill_on_drop: false }`
[INFO] [stdout] b6d440daabed5b351513c93f1fb125e3c9eb2ebd
[INFO] testing brycefisher/aws-service-parser against 1.54.0 for beta-1.55-1
[INFO] running `Command { std: "git" "clone" "/workspace/cache/git-repos/https%3A%2F%2Fgithub.com%2Fbrycefisher%2Faws-service-parser" "/workspace/builds/worker-53/source", kill_on_drop: false }`
[INFO] [stderr] Cloning into '/workspace/builds/worker-53/source'...
[INFO] [stderr] done.
[INFO] validating manifest of git repo https://github.com/brycefisher/aws-service-parser on toolchain 1.54.0
[INFO] running `Command { std: "/workspace/cargo-home/bin/cargo" "+1.54.0" "metadata" "--manifest-path" "Cargo.toml" "--no-deps", kill_on_drop: false }`
[INFO] removed /workspace/builds/worker-53/source/.cargo/config
[INFO] started tweaking git repo https://github.com/brycefisher/aws-service-parser
[INFO] finished tweaking git repo https://github.com/brycefisher/aws-service-parser
[INFO] tweaked toml for git repo https://github.com/brycefisher/aws-service-parser written to /workspace/builds/worker-53/source/Cargo.toml
[INFO] crate git repo https://github.com/brycefisher/aws-service-parser already has a lockfile, it will not be regenerated
[INFO] running `Command { std: "/workspace/cargo-home/bin/cargo" "+1.54.0" "fetch" "--manifest-path" "Cargo.toml", kill_on_drop: false }`
[INFO] [stderr]     Blocking waiting for file lock on package cache
[INFO] [stderr]     Blocking waiting for file lock on package cache
[INFO] [stderr]  Downloading crates ...
[INFO] [stderr]   Downloaded quasi v0.3.8
[INFO] [stderr]   Downloaded quasi_codegen v0.3.9
[INFO] [stderr]   Downloaded quasi_macros v0.3.9
[INFO] [stderr]   Downloaded serde_macros v0.6.5
[INFO] [stderr]   Downloaded aster v0.8.0
[INFO] running `Command { std: "docker" "create" "-v" "/var/lib/crater-agent-workspace/builds/worker-53/target:/opt/rustwide/target:rw,Z" "-v" "/var/lib/crater-agent-workspace/builds/worker-53/source:/opt/rustwide/workdir:ro,Z" "-v" "/var/lib/crater-agent-workspace/cargo-home:/opt/rustwide/cargo-home:ro,Z" "-v" "/var/lib/crater-agent-workspace/rustup-home:/opt/rustwide/rustup-home:ro,Z" "-e" "SOURCE_DIR=/opt/rustwide/workdir" "-e" "CARGO_TARGET_DIR=/opt/rustwide/target" "-e" "CARGO_HOME=/opt/rustwide/cargo-home" "-e" "RUSTUP_HOME=/opt/rustwide/rustup-home" "-w" "/opt/rustwide/workdir" "-m" "1610612736" "--user" "0:0" "--network" "none" "ghcr.io/rust-lang/crates-build-env/linux@sha256:34b6a614d2c27851fe6cbf88fbd1137609cefab8b10d0615aaeb6fd47975d74e" "/opt/rustwide/cargo-home/bin/cargo" "+1.54.0" "metadata" "--no-deps" "--format-version=1", kill_on_drop: false }`
[INFO] [stdout] 9284dbc00ef8c3a883517b7cc15dae0f048806235014471ebfaa24f7ccabdb85
[INFO] running `Command { std: "docker" "start" "-a" "9284dbc00ef8c3a883517b7cc15dae0f048806235014471ebfaa24f7ccabdb85", kill_on_drop: false }`
[INFO] running `Command { std: "docker" "inspect" "9284dbc00ef8c3a883517b7cc15dae0f048806235014471ebfaa24f7ccabdb85", kill_on_drop: false }`
[INFO] running `Command { std: "docker" "rm" "-f" "9284dbc00ef8c3a883517b7cc15dae0f048806235014471ebfaa24f7ccabdb85", kill_on_drop: false }`
[INFO] [stdout] 9284dbc00ef8c3a883517b7cc15dae0f048806235014471ebfaa24f7ccabdb85
[INFO] running `Command { std: "docker" "create" "-v" "/var/lib/crater-agent-workspace/builds/worker-53/target:/opt/rustwide/target:rw,Z" "-v" "/var/lib/crater-agent-workspace/builds/worker-53/source:/opt/rustwide/workdir:ro,Z" "-v" "/var/lib/crater-agent-workspace/cargo-home:/opt/rustwide/cargo-home:ro,Z" "-v" "/var/lib/crater-agent-workspace/rustup-home:/opt/rustwide/rustup-home:ro,Z" "-e" "SOURCE_DIR=/opt/rustwide/workdir" "-e" "CARGO_TARGET_DIR=/opt/rustwide/target" "-e" "CARGO_INCREMENTAL=0" "-e" "RUST_BACKTRACE=full" "-e" "RUSTFLAGS=--cap-lints=warn" "-e" "CARGO_HOME=/opt/rustwide/cargo-home" "-e" "RUSTUP_HOME=/opt/rustwide/rustup-home" "-w" "/opt/rustwide/workdir" "-m" "1610612736" "--user" "0:0" "--network" "none" "ghcr.io/rust-lang/crates-build-env/linux@sha256:34b6a614d2c27851fe6cbf88fbd1137609cefab8b10d0615aaeb6fd47975d74e" "/opt/rustwide/cargo-home/bin/cargo" "+1.54.0" "build" "--frozen" "--message-format=json", kill_on_drop: false }`
[INFO] [stdout] 954ffda617333d1d705b5d4e59cd9a254647523370446f0ade5f17db9f10f11d
[INFO] running `Command { std: "docker" "start" "-a" "954ffda617333d1d705b5d4e59cd9a254647523370446f0ade5f17db9f10f11d", kill_on_drop: false }`
[INFO] [stderr]     Blocking waiting for file lock on package cache
[INFO] [stderr]    Compiling libc v0.2.2
[INFO] [stderr]    Compiling aster v0.8.0
[INFO] [stderr]    Compiling serde_codegen v0.6.5
[INFO] [stderr]    Compiling rustc-serialize v0.3.16
[INFO] [stderr]    Compiling quasi v0.3.8
[INFO] [stdout] error[E0463]: can't find crate for `syntax`
[INFO] [stdout]   --> /opt/rustwide/cargo-home/registry/src/github.com-1ecc6299db9ec823/aster-0.8.0/src/lib.rs:10:1
[INFO] [stdout]    |
[INFO] [stdout] 10 | extern crate syntax;
[INFO] [stdout]    | ^^^^^^^^^^^^^^^^^^^^ can't find crate
[INFO] [stdout] 
[INFO] [stdout] 
[INFO] [stdout] error: aborting due to previous error
[INFO] [stdout] 
[INFO] [stdout] 
[INFO] [stdout] For more information about this error, try `rustc --explain E0463`.
[INFO] [stdout] 
[INFO] [stderr] error: could not compile `aster`
[INFO] [stderr] 
[INFO] [stderr] To learn more, run the command again with --verbose.
[INFO] [stderr] warning: build failed, waiting for other jobs to finish...
[INFO] [stdout] error[E0463]: can't find crate for `syntax`
[INFO] [stdout]   --> /opt/rustwide/cargo-home/registry/src/github.com-1ecc6299db9ec823/quasi-0.3.8/src/lib.rs:17:1
[INFO] [stdout]    |
[INFO] [stdout] 17 | extern crate syntax;
[INFO] [stdout]    | ^^^^^^^^^^^^^^^^^^^^ can't find crate
[INFO] [stdout] 
[INFO] [stdout] 
[INFO] [stdout] error: aborting due to previous error
[INFO] [stdout] 
[INFO] [stdout] 
[INFO] [stdout] For more information about this error, try `rustc --explain E0463`.
[INFO] [stdout] 
[INFO] [stdout] error[E0642]: patterns aren't allowed in functions without bodies
[INFO] [stdout]    --> /opt/rustwide/cargo-home/registry/src/github.com-1ecc6299db9ec823/rustc-serialize-0.3.16/src/serialize.rs:145:45
[INFO] [stdout]     |
[INFO] [stdout] 145 | ...                   &f_name: &str,
[INFO] [stdout]     |                       ^^^^^^^ pattern not allowed in function without body
[INFO] [stdout] 
[INFO] [stdout] 
[INFO] [stdout] error: aborting due to previous error
[INFO] [stdout] 
[INFO] [stdout] 
[INFO] [stdout] For more information about this error, try `rustc --explain E0642`.
[INFO] [stdout] 
[INFO] [stderr] error: build failed
[INFO] running `Command { std: "docker" "inspect" "954ffda617333d1d705b5d4e59cd9a254647523370446f0ade5f17db9f10f11d", kill_on_drop: false }`
[INFO] running `Command { std: "docker" "rm" "-f" "954ffda617333d1d705b5d4e59cd9a254647523370446f0ade5f17db9f10f11d", kill_on_drop: false }`
[INFO] [stdout] 954ffda617333d1d705b5d4e59cd9a254647523370446f0ade5f17db9f10f11d
