[INFO] cloning repository https://github.com/StelarCF/ludumdare1
[INFO] running `Command { std: "git" "-c" "credential.helper=" "-c" "credential.helper=/workspace/cargo-home/bin/git-credential-null" "clone" "--bare" "https://github.com/StelarCF/ludumdare1" "/workspace/cache/git-repos/https%3A%2F%2Fgithub.com%2FStelarCF%2Fludumdare1", kill_on_drop: false }`
[INFO] [stderr] Cloning into bare repository '/workspace/cache/git-repos/https%3A%2F%2Fgithub.com%2FStelarCF%2Fludumdare1'...
[INFO] running `Command { std: "git" "rev-parse" "HEAD", kill_on_drop: false }`
[INFO] [stdout] 2f041c041ab2dee43bedd3186b55be2a8ce07883
[INFO] testing StelarCF/ludumdare1 against 1.54.0 for beta-1.55-1
[INFO] running `Command { std: "git" "clone" "/workspace/cache/git-repos/https%3A%2F%2Fgithub.com%2FStelarCF%2Fludumdare1" "/workspace/builds/worker-39/source", kill_on_drop: false }`
[INFO] [stderr] Cloning into '/workspace/builds/worker-39/source'...
[INFO] [stderr] done.
[INFO] validating manifest of git repo https://github.com/StelarCF/ludumdare1 on toolchain 1.54.0
[INFO] running `Command { std: "/workspace/cargo-home/bin/cargo" "+1.54.0" "metadata" "--manifest-path" "Cargo.toml" "--no-deps", kill_on_drop: false }`
[INFO] started tweaking git repo https://github.com/StelarCF/ludumdare1
[INFO] finished tweaking git repo https://github.com/StelarCF/ludumdare1
[INFO] tweaked toml for git repo https://github.com/StelarCF/ludumdare1 written to /workspace/builds/worker-39/source/Cargo.toml
[INFO] crate git repo https://github.com/StelarCF/ludumdare1 already has a lockfile, it will not be regenerated
[INFO] running `Command { std: "/workspace/cargo-home/bin/cargo" "+1.54.0" "fetch" "--manifest-path" "Cargo.toml", kill_on_drop: false }`
[INFO] [stderr]     Blocking waiting for file lock on package cache
[INFO] [stderr]     Blocking waiting for file lock on package cache
[INFO] [stderr]  Downloading crates ...
[INFO] [stderr]   Downloaded pistoncore-window v0.14.0
[INFO] [stderr]   Downloaded num v0.1.28
[INFO] [stderr]   Downloaded shared_library v0.1.2
[INFO] [stderr]   Downloaded cgl v0.1.3
[INFO] [stderr]   Downloaded gif v0.6.0
[INFO] [stderr]   Downloaded piston v0.16.0
[INFO] [stderr]   Downloaded log v0.3.4
[INFO] [stderr]   Downloaded core-graphics v0.2.0
[INFO] [stderr]   Downloaded wayland-kbd v0.2.1
[INFO] [stderr]   Downloaded gfx_gl v0.2.0
[INFO] [stderr]   Downloaded flate2 v0.2.11
[INFO] [stderr]   Downloaded gfx_device_gl v0.7.0
[INFO] [stderr]   Downloaded gl_generator v0.2.0
[INFO] [stderr]   Downloaded inflate v0.1.0
[INFO] [stderr]   Downloaded png v0.4.0
[INFO] [stderr]   Downloaded gl v0.5.2
[INFO] [stderr]   Downloaded x11-dl v2.2.1
[INFO] [stderr]   Downloaded libz-sys v1.0.0
[INFO] [stderr]   Downloaded gfx v0.8.1
[INFO] [stderr]   Downloaded gcc v0.3.20
[INFO] [stderr]   Downloaded wayland-window v0.1.2
[INFO] [stderr]   Downloaded pistoncore-glutin_window v0.20.0
[INFO] [stderr]   Downloaded fixedbitset v0.1.0
[INFO] [stderr]   Downloaded freetype-sys v0.2.1
[INFO] [stderr]   Downloaded sdl2-sys v0.7.0
[INFO] [stderr]   Downloaded image v0.5.4
[INFO] [stderr]   Downloaded glutin v0.4.3
[INFO] [stderr]   Downloaded daggy v0.3.0
[INFO] [stderr]   Downloaded freetype-rs v0.4.1
[INFO] [stderr]   Downloaded piston-gfx_texture v0.6.1
[INFO] [stderr]   Downloaded sdl2 v0.12.1
[INFO] [stderr]   Downloaded gleam v0.2.0
[INFO] [stderr]   Downloaded pistoncore-event_loop v0.16.0
[INFO] [stderr]   Downloaded sdl2_mixer v0.10.0
[INFO] [stderr]   Downloaded piston2d-graphics v0.12.0
[INFO] [stderr]   Downloaded piston2d-gfx_graphics v0.16.0
[INFO] [stderr]   Downloaded conrod v0.24.0
[INFO] [stderr]   Downloaded piston_window v0.32.0
[INFO] running `Command { std: "docker" "create" "-v" "/var/lib/crater-agent-workspace/builds/worker-39/target:/opt/rustwide/target:rw,Z" "-v" "/var/lib/crater-agent-workspace/builds/worker-39/source:/opt/rustwide/workdir:ro,Z" "-v" "/var/lib/crater-agent-workspace/cargo-home:/opt/rustwide/cargo-home:ro,Z" "-v" "/var/lib/crater-agent-workspace/rustup-home:/opt/rustwide/rustup-home:ro,Z" "-e" "SOURCE_DIR=/opt/rustwide/workdir" "-e" "CARGO_TARGET_DIR=/opt/rustwide/target" "-e" "CARGO_HOME=/opt/rustwide/cargo-home" "-e" "RUSTUP_HOME=/opt/rustwide/rustup-home" "-w" "/opt/rustwide/workdir" "-m" "1610612736" "--user" "0:0" "--network" "none" "ghcr.io/rust-lang/crates-build-env/linux@sha256:34b6a614d2c27851fe6cbf88fbd1137609cefab8b10d0615aaeb6fd47975d74e" "/opt/rustwide/cargo-home/bin/cargo" "+1.54.0" "metadata" "--no-deps" "--format-version=1", kill_on_drop: false }`
[INFO] [stdout] 3eaa0bb6ea6feb98a864883b81f0da35343a544262173a363c37b0b52a89383e
[INFO] running `Command { std: "docker" "start" "-a" "3eaa0bb6ea6feb98a864883b81f0da35343a544262173a363c37b0b52a89383e", kill_on_drop: false }`
[INFO] running `Command { std: "docker" "inspect" "3eaa0bb6ea6feb98a864883b81f0da35343a544262173a363c37b0b52a89383e", kill_on_drop: false }`
[INFO] running `Command { std: "docker" "rm" "-f" "3eaa0bb6ea6feb98a864883b81f0da35343a544262173a363c37b0b52a89383e", kill_on_drop: false }`
[INFO] [stdout] 3eaa0bb6ea6feb98a864883b81f0da35343a544262173a363c37b0b52a89383e
[INFO] running `Command { std: "docker" "create" "-v" "/var/lib/crater-agent-workspace/builds/worker-39/target:/opt/rustwide/target:rw,Z" "-v" "/var/lib/crater-agent-workspace/builds/worker-39/source:/opt/rustwide/workdir:ro,Z" "-v" "/var/lib/crater-agent-workspace/cargo-home:/opt/rustwide/cargo-home:ro,Z" "-v" "/var/lib/crater-agent-workspace/rustup-home:/opt/rustwide/rustup-home:ro,Z" "-e" "SOURCE_DIR=/opt/rustwide/workdir" "-e" "CARGO_TARGET_DIR=/opt/rustwide/target" "-e" "CARGO_INCREMENTAL=0" "-e" "RUST_BACKTRACE=full" "-e" "RUSTFLAGS=--cap-lints=warn" "-e" "CARGO_HOME=/opt/rustwide/cargo-home" "-e" "RUSTUP_HOME=/opt/rustwide/rustup-home" "-w" "/opt/rustwide/workdir" "-m" "1610612736" "--user" "0:0" "--network" "none" "ghcr.io/rust-lang/crates-build-env/linux@sha256:34b6a614d2c27851fe6cbf88fbd1137609cefab8b10d0615aaeb6fd47975d74e" "/opt/rustwide/cargo-home/bin/cargo" "+1.54.0" "build" "--frozen" "--message-format=json", kill_on_drop: false }`
[INFO] [stdout] 25d964c56d1af8ea35b63ffde26b3c357f056fcfedab35634017894a5b9f7814
[INFO] running `Command { std: "docker" "start" "-a" "25d964c56d1af8ea35b63ffde26b3c357f056fcfedab35634017894a5b9f7814", kill_on_drop: false }`
[INFO] [stderr]     Blocking waiting for file lock on package cache
[INFO] [stderr]    Compiling libc v0.2.2
[INFO] [stderr]    Compiling winapi-build v0.1.1
[INFO] [stderr]    Compiling winapi v0.2.5
[INFO] [stderr]    Compiling bitflags v0.3.3
[INFO] [stderr]    Compiling rustc-serialize v0.3.16
[INFO] [stderr]    Compiling gcc v0.3.20
[INFO] [stderr]    Compiling libc v0.1.12
[INFO] [stderr]    Compiling piston-float v0.2.0
[INFO] [stderr]    Compiling khronos_api v1.0.0
[INFO] [stderr]    Compiling pkg-config v0.3.6
[INFO] [stderr]    Compiling lazy_static v0.1.15
[INFO] [stderr]    Compiling byteorder v0.4.2
[INFO] [stderr]    Compiling khronos_api v0.0.8
[INFO] [stderr]    Compiling color_quant v1.0.0
[INFO] [stderr]    Compiling lzw v0.9.0
[INFO] [stderr]    Compiling inflate v0.1.0
[INFO] [stderr]    Compiling shader_version v0.2.1
[INFO] [stderr]    Compiling piston-texture v0.2.3
[INFO] [stderr]    Compiling glob v0.2.10
[INFO] [stderr]    Compiling read_color v0.1.0
[INFO] [stderr]    Compiling interpolation v0.1.0
[INFO] [stderr]    Compiling sdl2-sys v0.7.0
[INFO] [stderr]    Compiling fixedbitset v0.1.0
[INFO] [stderr]    Compiling piston-shaders_graphics2d v0.1.0
[INFO] [stderr]    Compiling find_folder v0.3.0
[INFO] [stderr]    Compiling xml-rs v0.2.2
[INFO] [stderr]    Compiling draw_state v0.2.0
[INFO] [stderr]    Compiling xml-rs v0.1.26
[INFO] [stderr]    Compiling piston-viewport v0.2.0
[INFO] [stderr]    Compiling vecmath v0.2.0
[INFO] [stderr]    Compiling log v0.3.4
[INFO] [stderr]    Compiling shared_library v0.1.2
[INFO] [stderr]    Compiling dylib v0.0.1
[INFO] [stdout] error[E0642]: patterns aren't allowed in functions without bodies
[INFO] [stdout]    --> /opt/rustwide/cargo-home/registry/src/github.com-1ecc6299db9ec823/rustc-serialize-0.3.16/src/serialize.rs:145:45
[INFO] [stdout]     |
[INFO] [stdout] 145 | ...                   &f_name: &str,
[INFO] [stdout]     |                       ^^^^^^^ pattern not allowed in function without body
[INFO] [stdout] 
[INFO] [stdout] 
[INFO] [stderr]    Compiling dlib v0.1.1
[INFO] [stderr]    Compiling gl_common v0.1.0
[INFO] [stderr]    Compiling gif v0.6.0
[INFO] [stderr]    Compiling petgraph v0.1.18
[INFO] [stderr]    Compiling miniz-sys v0.1.7
[INFO] [stderr]    Compiling advapi32-sys v0.1.2
[INFO] [stderr]    Compiling kernel32-sys v0.2.1
[INFO] [stderr]    Compiling x11-dl v2.2.1
[INFO] [stderr]    Compiling libz-sys v1.0.0
[INFO] [stderr]    Compiling freetype-sys v0.2.1
[INFO] [stderr]    Compiling osmesa-sys v0.0.5
[INFO] [stderr]    Compiling piston2d-graphics v0.12.0
[INFO] [stderr]    Compiling gl_generator v0.2.0
[INFO] [stderr]    Compiling gl_generator v0.4.2
[INFO] [stdout] error: aborting due to previous error
[INFO] [stdout] 
[INFO] [stdout] 
[INFO] [stdout] For more information about this error, try `rustc --explain E0642`.
[INFO] [stdout] 
[INFO] [stderr] error: could not compile `rustc-serialize`
[INFO] [stderr] 
[INFO] [stderr] To learn more, run the command again with --verbose.
[INFO] [stderr] warning: build failed, waiting for other jobs to finish...
[INFO] [stdout] error: `$stype:ty` may be followed by `functions`, which is not allowed for `ty` fragments
[INFO] [stdout]   --> /opt/rustwide/cargo-home/registry/src/github.com-1ecc6299db9ec823/dlib-0.1.1/src/lib.rs:39:11
[INFO] [stdout]    |
[INFO] [stdout] 39 |         $(functions: $(fn $fname: ident($($farg: ty),*) -> $fret:ty),+)|*
[INFO] [stdout]    |           ^^^^^^^^^ not allowed after `ty` fragments
[INFO] [stdout]    |
[INFO] [stdout]    = note: allowed there are: `{`, `[`, `=>`, `,`, `>`, `=`, `:`, `;`, `|`, `as` or `where`
[INFO] [stdout] 
[INFO] [stdout] 
[INFO] [stdout] error: `$stype:ty` may be followed by `varargs`, which is not allowed for `ty` fragments
[INFO] [stdout]   --> /opt/rustwide/cargo-home/registry/src/github.com-1ecc6299db9ec823/dlib-0.1.1/src/lib.rs:40:11
[INFO] [stdout]    |
[INFO] [stdout] 40 |         $(varargs: $(fn $vname: ident($($vargs: ty),+ ...) -> $vret: ty),+)|*
[INFO] [stdout]    |           ^^^^^^^ not allowed after `ty` fragments
[INFO] [stdout]    |
[INFO] [stdout]    = note: allowed there are: `{`, `[`, `=>`, `,`, `>`, `=`, `:`, `;`, `|`, `as` or `where`
[INFO] [stdout] 
[INFO] [stdout] 
[INFO] [stdout] error: `$fret:ty` may be followed by `varargs`, which is not allowed for `ty` fragments
[INFO] [stdout]   --> /opt/rustwide/cargo-home/registry/src/github.com-1ecc6299db9ec823/dlib-0.1.1/src/lib.rs:40:11
[INFO] [stdout]    |
[INFO] [stdout] 40 |         $(varargs: $(fn $vname: ident($($vargs: ty),+ ...) -> $vret: ty),+)|*
[INFO] [stdout]    |           ^^^^^^^ not allowed after `ty` fragments
[INFO] [stdout]    |
[INFO] [stdout]    = note: allowed there are: `{`, `[`, `=>`, `,`, `>`, `=`, `:`, `;`, `|`, `as` or `where`
[INFO] [stdout] 
[INFO] [stdout] 
[INFO] [stdout] error: `$vargs:ty` may be followed by `...`, which is not allowed for `ty` fragments
[INFO] [stdout]   --> /opt/rustwide/cargo-home/registry/src/github.com-1ecc6299db9ec823/dlib-0.1.1/src/lib.rs:40:55
[INFO] [stdout]    |
[INFO] [stdout] 40 |         $(varargs: $(fn $vname: ident($($vargs: ty),+ ...) -> $vret: ty),+)|*
[INFO] [stdout]    |                                                       ^^^ not allowed after `ty` fragments
[INFO] [stdout]    |
[INFO] [stdout]    = note: allowed there are: `{`, `[`, `=>`, `,`, `>`, `=`, `:`, `;`, `|`, `as` or `where`
[INFO] [stdout] 
[INFO] [stdout] 
[INFO] [stdout] error: `$stype:ty` may be followed by `functions`, which is not allowed for `ty` fragments
[INFO] [stdout]   --> /opt/rustwide/cargo-home/registry/src/github.com-1ecc6299db9ec823/dlib-0.1.1/src/lib.rs:66:11
[INFO] [stdout]    |
[INFO] [stdout] 66 |         $(functions: $(fn $fname: ident($($farg: ty),*) -> $fret:ty),+)|*
[INFO] [stdout]    |           ^^^^^^^^^ not allowed after `ty` fragments
[INFO] [stdout]    |
[INFO] [stdout]    = note: allowed there are: `{`, `[`, `=>`, `,`, `>`, `=`, `:`, `;`, `|`, `as` or `where`
[INFO] [stdout] 
[INFO] [stdout] 
[INFO] [stdout] error: `$stype:ty` may be followed by `varargs`, which is not allowed for `ty` fragments
[INFO] [stdout]   --> /opt/rustwide/cargo-home/registry/src/github.com-1ecc6299db9ec823/dlib-0.1.1/src/lib.rs:67:11
[INFO] [stdout]    |
[INFO] [stdout] 67 |         $(varargs: $(fn $vname: ident($($vargs: ty),+ ...) -> $vret: ty),+)|*
[INFO] [stdout]    |           ^^^^^^^ not allowed after `ty` fragments
[INFO] [stdout]    |
[INFO] [stdout]    = note: allowed there are: `{`, `[`, `=>`, `,`, `>`, `=`, `:`, `;`, `|`, `as` or `where`
[INFO] [stdout] 
[INFO] [stdout] 
[INFO] [stdout] error: `$fret:ty` may be followed by `varargs`, which is not allowed for `ty` fragments
[INFO] [stdout]   --> /opt/rustwide/cargo-home/registry/src/github.com-1ecc6299db9ec823/dlib-0.1.1/src/lib.rs:67:11
[INFO] [stdout]    |
[INFO] [stdout] 67 |         $(varargs: $(fn $vname: ident($($vargs: ty),+ ...) -> $vret: ty),+)|*
[INFO] [stdout]    |           ^^^^^^^ not allowed after `ty` fragments
[INFO] [stdout]    |
[INFO] [stdout]    = note: allowed there are: `{`, `[`, `=>`, `,`, `>`, `=`, `:`, `;`, `|`, `as` or `where`
[INFO] [stdout] 
[INFO] [stdout] 
[INFO] [stdout] error: `$vargs:ty` may be followed by `...`, which is not allowed for `ty` fragments
[INFO] [stdout]   --> /opt/rustwide/cargo-home/registry/src/github.com-1ecc6299db9ec823/dlib-0.1.1/src/lib.rs:67:55
[INFO] [stdout]    |
[INFO] [stdout] 67 |         $(varargs: $(fn $vname: ident($($vargs: ty),+ ...) -> $vret: ty),+)|*
[INFO] [stdout]    |                                                       ^^^ not allowed after `ty` fragments
[INFO] [stdout]    |
[INFO] [stdout]    = note: allowed there are: `{`, `[`, `=>`, `,`, `>`, `=`, `:`, `;`, `|`, `as` or `where`
[INFO] [stdout] 
[INFO] [stdout] 
[INFO] [stdout] error: `$stype:ty` may be followed by `functions`, which is not allowed for `ty` fragments
[INFO] [stdout]   --> /opt/rustwide/cargo-home/registry/src/github.com-1ecc6299db9ec823/dlib-0.1.1/src/lib.rs:83:11
[INFO] [stdout]    |
[INFO] [stdout] 83 |         $(functions: $(fn $fname: ident($($farg: ty),*) -> $fret:ty),+)|*
[INFO] [stdout]    |           ^^^^^^^^^ not allowed after `ty` fragments
[INFO] [stdout]    |
[INFO] [stdout]    = note: allowed there are: `{`, `[`, `=>`, `,`, `>`, `=`, `:`, `;`, `|`, `as` or `where`
[INFO] [stdout] 
[INFO] [stdout] 
[INFO] [stdout] error: `$stype:ty` may be followed by `varargs`, which is not allowed for `ty` fragments
[INFO] [stdout]   --> /opt/rustwide/cargo-home/registry/src/github.com-1ecc6299db9ec823/dlib-0.1.1/src/lib.rs:84:11
[INFO] [stdout]    |
[INFO] [stdout] 84 |         $(varargs: $(fn $vname: ident($($vargs: ty),+ ...) -> $vret: ty),+)|*
[INFO] [stdout]    |           ^^^^^^^ not allowed after `ty` fragments
[INFO] [stdout]    |
[INFO] [stdout]    = note: allowed there are: `{`, `[`, `=>`, `,`, `>`, `=`, `:`, `;`, `|`, `as` or `where`
[INFO] [stdout] 
[INFO] [stdout] 
[INFO] [stdout] error: `$fret:ty` may be followed by `varargs`, which is not allowed for `ty` fragments
[INFO] [stdout]   --> /opt/rustwide/cargo-home/registry/src/github.com-1ecc6299db9ec823/dlib-0.1.1/src/lib.rs:84:11
[INFO] [stdout]    |
[INFO] [stdout] 84 |         $(varargs: $(fn $vname: ident($($vargs: ty),+ ...) -> $vret: ty),+)|*
[INFO] [stdout]    |           ^^^^^^^ not allowed after `ty` fragments
[INFO] [stdout]    |
[INFO] [stdout]    = note: allowed there are: `{`, `[`, `=>`, `,`, `>`, `=`, `:`, `;`, `|`, `as` or `where`
[INFO] [stdout] 
[INFO] [stdout] 
[INFO] [stdout] error: `$vargs:ty` may be followed by `...`, which is not allowed for `ty` fragments
[INFO] [stdout]   --> /opt/rustwide/cargo-home/registry/src/github.com-1ecc6299db9ec823/dlib-0.1.1/src/lib.rs:84:55
[INFO] [stdout]    |
[INFO] [stdout] 84 |         $(varargs: $(fn $vname: ident($($vargs: ty),+ ...) -> $vret: ty),+)|*
[INFO] [stdout]    |                                                       ^^^ not allowed after `ty` fragments
[INFO] [stdout]    |
[INFO] [stdout]    = note: allowed there are: `{`, `[`, `=>`, `,`, `>`, `=`, `:`, `;`, `|`, `as` or `where`
[INFO] [stdout] 
[INFO] [stdout] 
[INFO] [stdout] error: `$stype:ty` may be followed by `functions`, which is not allowed for `ty` fragments
[INFO] [stdout]    --> /opt/rustwide/cargo-home/registry/src/github.com-1ecc6299db9ec823/dlib-0.1.1/src/lib.rs:134:11
[INFO] [stdout]     |
[INFO] [stdout] 134 |         $(functions: $(fn $fname: ident($($farg: ty),*) -> $fret:ty),+)|*
[INFO] [stdout]     |           ^^^^^^^^^ not allowed after `ty` fragments
[INFO] [stdout]     |
[INFO] [stdout]     = note: allowed there are: `{`, `[`, `=>`, `,`, `>`, `=`, `:`, `;`, `|`, `as` or `where`
[INFO] [stdout] 
[INFO] [stdout] 
[INFO] [stdout] error: `$stype:ty` may be followed by `varargs`, which is not allowed for `ty` fragments
[INFO] [stdout]    --> /opt/rustwide/cargo-home/registry/src/github.com-1ecc6299db9ec823/dlib-0.1.1/src/lib.rs:135:11
[INFO] [stdout]     |
[INFO] [stdout] 135 |         $(varargs: $(fn $vname: ident($($vargs: ty),+ ...) -> $vret: ty),+)|*
[INFO] [stdout]     |           ^^^^^^^ not allowed after `ty` fragments
[INFO] [stdout]     |
[INFO] [stdout]     = note: allowed there are: `{`, `[`, `=>`, `,`, `>`, `=`, `:`, `;`, `|`, `as` or `where`
[INFO] [stdout] 
[INFO] [stdout] 
[INFO] [stdout] error: `$fret:ty` may be followed by `varargs`, which is not allowed for `ty` fragments
[INFO] [stdout]    --> /opt/rustwide/cargo-home/registry/src/github.com-1ecc6299db9ec823/dlib-0.1.1/src/lib.rs:135:11
[INFO] [stdout]     |
[INFO] [stdout] 135 |         $(varargs: $(fn $vname: ident($($vargs: ty),+ ...) -> $vret: ty),+)|*
[INFO] [stdout]     |           ^^^^^^^ not allowed after `ty` fragments
[INFO] [stdout]     |
[INFO] [stdout]     = note: allowed there are: `{`, `[`, `=>`, `,`, `>`, `=`, `:`, `;`, `|`, `as` or `where`
[INFO] [stdout] 
[INFO] [stdout] 
[INFO] [stdout] error: `$vargs:ty` may be followed by `...`, which is not allowed for `ty` fragments
[INFO] [stdout]    --> /opt/rustwide/cargo-home/registry/src/github.com-1ecc6299db9ec823/dlib-0.1.1/src/lib.rs:135:55
[INFO] [stdout]     |
[INFO] [stdout] 135 |         $(varargs: $(fn $vname: ident($($vargs: ty),+ ...) -> $vret: ty),+)|*
[INFO] [stdout]     |                                                       ^^^ not allowed after `ty` fragments
[INFO] [stdout]     |
[INFO] [stdout]     = note: allowed there are: `{`, `[`, `=>`, `,`, `>`, `=`, `:`, `;`, `|`, `as` or `where`
[INFO] [stdout] 
[INFO] [stdout] 
[INFO] [stdout] error: `$stype:ty` may be followed by `functions`, which is not allowed for `ty` fragments
[INFO] [stdout]    --> /opt/rustwide/cargo-home/registry/src/github.com-1ecc6299db9ec823/dlib-0.1.1/src/lib.rs:172:11
[INFO] [stdout]     |
[INFO] [stdout] 172 |         $(functions: $(fn $fname: ident($($farg: ty),*) -> $fret:ty),+)|*
[INFO] [stdout]     |           ^^^^^^^^^ not allowed after `ty` fragments
[INFO] [stdout]     |
[INFO] [stdout]     = note: allowed there are: `{`, `[`, `=>`, `,`, `>`, `=`, `:`, `;`, `|`, `as` or `where`
[INFO] [stdout] 
[INFO] [stdout] 
[INFO] [stdout] error: `$stype:ty` may be followed by `varargs`, which is not allowed for `ty` fragments
[INFO] [stdout]    --> /opt/rustwide/cargo-home/registry/src/github.com-1ecc6299db9ec823/dlib-0.1.1/src/lib.rs:173:11
[INFO] [stdout]     |
[INFO] [stdout] 173 |         $(varargs: $(fn $vname: ident($($vargs: ty),+ ...) -> $vret: ty),+)|*
[INFO] [stdout]     |           ^^^^^^^ not allowed after `ty` fragments
[INFO] [stdout]     |
[INFO] [stdout]     = note: allowed there are: `{`, `[`, `=>`, `,`, `>`, `=`, `:`, `;`, `|`, `as` or `where`
[INFO] [stdout] 
[INFO] [stdout] 
[INFO] [stdout] error: `$fret:ty` may be followed by `varargs`, which is not allowed for `ty` fragments
[INFO] [stdout]    --> /opt/rustwide/cargo-home/registry/src/github.com-1ecc6299db9ec823/dlib-0.1.1/src/lib.rs:173:11
[INFO] [stdout]     |
[INFO] [stdout] 173 |         $(varargs: $(fn $vname: ident($($vargs: ty),+ ...) -> $vret: ty),+)|*
[INFO] [stdout]     |           ^^^^^^^ not allowed after `ty` fragments
[INFO] [stdout]     |
[INFO] [stdout]     = note: allowed there are: `{`, `[`, `=>`, `,`, `>`, `=`, `:`, `;`, `|`, `as` or `where`
[INFO] [stdout] 
[INFO] [stdout] 
[INFO] [stdout] error: `$vargs:ty` may be followed by `...`, which is not allowed for `ty` fragments
[INFO] [stdout]    --> /opt/rustwide/cargo-home/registry/src/github.com-1ecc6299db9ec823/dlib-0.1.1/src/lib.rs:173:55
[INFO] [stdout]     |
[INFO] [stdout] 173 |         $(varargs: $(fn $vname: ident($($vargs: ty),+ ...) -> $vret: ty),+)|*
[INFO] [stdout]     |                                                       ^^^ not allowed after `ty` fragments
[INFO] [stdout]     |
[INFO] [stdout]     = note: allowed there are: `{`, `[`, `=>`, `,`, `>`, `=`, `:`, `;`, `|`, `as` or `where`
[INFO] [stdout] 
[INFO] [stdout] 
[INFO] [stdout] error: aborting due to 20 previous errors
[INFO] [stdout] 
[INFO] [stdout] 
[INFO] [stdout] error[E0034]: multiple applicable items in scope
[INFO] [stdout]    --> /opt/rustwide/cargo-home/registry/src/github.com-1ecc6299db9ec823/petgraph-0.1.18/src/graph.rs:404:21
[INFO] [stdout]     |
[INFO] [stdout] 404 |         assert!(Ix::max().index() == !0 || NodeIndex::end() != node_idx);
[INFO] [stdout]     |                     ^^^ multiple `max` found
[INFO] [stdout]     |
[INFO] [stdout] note: candidate #1 is defined in the trait `IndexType`
[INFO] [stdout]    --> /opt/rustwide/cargo-home/registry/src/github.com-1ecc6299db9ec823/petgraph-0.1.18/src/graph.rs:28:5
[INFO] [stdout]     |
[INFO] [stdout] 28  |     fn max() -> Self;
[INFO] [stdout]     |     ^^^^^^^^^^^^^^^^^
[INFO] [stdout] note: candidate #2 is defined in the trait `Ord`
[INFO] [stdout] help: disambiguate the associated function for candidate #1
[INFO] [stdout]     |
[INFO] [stdout] 404 |         assert!(IndexType::max().index() == !0 || NodeIndex::end() != node_idx);
[INFO] [stdout]     |                 ^^^^^^^^^^^^^^
[INFO] [stdout] help: disambiguate the associated function for candidate #2
[INFO] [stdout]     |
[INFO] [stdout] 404 |         assert!(Ord::max().index() == !0 || NodeIndex::end() != node_idx);
[INFO] [stdout]     |                 ^^^^^^^^
[INFO] [stdout] 
[INFO] [stdout] 
[INFO] [stdout] error[E0308]: mismatched types
[INFO] [stdout]    --> /opt/rustwide/cargo-home/registry/src/github.com-1ecc6299db9ec823/petgraph-0.1.18/src/graph.rs:404:38
[INFO] [stdout]     |
[INFO] [stdout] 352 | impl<N, E, Ty=Directed, Ix=DefIndex> Graph<N, E, Ty, Ix>
[INFO] [stdout]     |                         -- this type parameter
[INFO] [stdout] ...
[INFO] [stdout] 404 |         assert!(Ix::max().index() == !0 || NodeIndex::end() != node_idx);
[INFO] [stdout]     |                                      ^^ expected type parameter `Ix`, found integer
[INFO] [stdout]     |
[INFO] [stdout]     = note: expected type parameter `Ix`
[INFO] [stdout]                          found type `{integer}`
[INFO] [stdout] 
[INFO] [stdout] 
[INFO] [stdout] error[E0034]: multiple applicable items in scope
[INFO] [stdout]    --> /opt/rustwide/cargo-home/registry/src/github.com-1ecc6299db9ec823/petgraph-0.1.18/src/graph.rs:438:21
[INFO] [stdout]     |
[INFO] [stdout] 438 |         assert!(Ix::max().index() == !0 || EdgeIndex::end() != edge_idx);
[INFO] [stdout]     |                     ^^^ multiple `max` found
[INFO] [stdout]     |
[INFO] [stdout] note: candidate #1 is defined in the trait `IndexType`
[INFO] [stdout]    --> /opt/rustwide/cargo-home/registry/src/github.com-1ecc6299db9ec823/petgraph-0.1.18/src/graph.rs:28:5
[INFO] [stdout]     |
[INFO] [stdout] 28  |     fn max() -> Self;
[INFO] [stdout]     |     ^^^^^^^^^^^^^^^^^
[INFO] [stdout] note: candidate #2 is defined in the trait `Ord`
[INFO] [stdout] help: disambiguate the associated function for candidate #1
[INFO] [stdout]     |
[INFO] [stdout] 438 |         assert!(IndexType::max().index() == !0 || EdgeIndex::end() != edge_idx);
[INFO] [stdout]     |                 ^^^^^^^^^^^^^^
[INFO] [stdout] help: disambiguate the associated function for candidate #2
[INFO] [stdout]     |
[INFO] [stdout] 438 |         assert!(Ord::max().index() == !0 || EdgeIndex::end() != edge_idx);
[INFO] [stdout]     |                 ^^^^^^^^
[INFO] [stdout] 
[INFO] [stdout] 
[INFO] [stdout] error[E0308]: mismatched types
[INFO] [stdout]    --> /opt/rustwide/cargo-home/registry/src/github.com-1ecc6299db9ec823/petgraph-0.1.18/src/graph.rs:438:38
[INFO] [stdout]     |
[INFO] [stdout] 352 | impl<N, E, Ty=Directed, Ix=DefIndex> Graph<N, E, Ty, Ix>
[INFO] [stdout]     |                         -- this type parameter
[INFO] [stdout] ...
[INFO] [stdout] 438 |         assert!(Ix::max().index() == !0 || EdgeIndex::end() != edge_idx);
[INFO] [stdout]     |                                      ^^ expected type parameter `Ix`, found integer
[INFO] [stdout]     |
[INFO] [stdout]     = note: expected type parameter `Ix`
[INFO] [stdout]                          found type `{integer}`
[INFO] [stdout] 
[INFO] [stdout] 
[INFO] [stdout] error: aborting due to 4 previous errors
[INFO] [stdout] 
[INFO] [stdout] 
[INFO] [stdout] Some errors have detailed explanations: E0034, E0308.
[INFO] [stdout] 
[INFO] [stdout] For more information about an error, try `rustc --explain E0034`.
[INFO] [stdout] 
[INFO] [stderr] error: build failed
[INFO] running `Command { std: "docker" "inspect" "25d964c56d1af8ea35b63ffde26b3c357f056fcfedab35634017894a5b9f7814", kill_on_drop: false }`
[INFO] running `Command { std: "docker" "rm" "-f" "25d964c56d1af8ea35b63ffde26b3c357f056fcfedab35634017894a5b9f7814", kill_on_drop: false }`
[INFO] [stdout] 25d964c56d1af8ea35b63ffde26b3c357f056fcfedab35634017894a5b9f7814
