[INFO] cloning repository https://github.com/Hammster/vortex-generator-rs
[INFO] running `Command { std: "git" "-c" "credential.helper=" "-c" "credential.helper=/workspace/cargo-home/bin/git-credential-null" "clone" "--bare" "https://github.com/Hammster/vortex-generator-rs" "/workspace/cache/git-repos/https%3A%2F%2Fgithub.com%2FHammster%2Fvortex-generator-rs", kill_on_drop: false }`
[INFO] [stderr] Cloning into bare repository '/workspace/cache/git-repos/https%3A%2F%2Fgithub.com%2FHammster%2Fvortex-generator-rs'...
[INFO] running `Command { std: "git" "rev-parse" "HEAD", kill_on_drop: false }`
[INFO] [stdout] 1c5223371a4d4dc3a27f7c553af01ba9818df16e
[INFO] testing Hammster/vortex-generator-rs against 1.54.0 for beta-1.55-1
[INFO] running `Command { std: "git" "clone" "/workspace/cache/git-repos/https%3A%2F%2Fgithub.com%2FHammster%2Fvortex-generator-rs" "/workspace/builds/worker-8/source", kill_on_drop: false }`
[INFO] [stderr] Cloning into '/workspace/builds/worker-8/source'...
[INFO] [stderr] done.
[INFO] validating manifest of git repo https://github.com/Hammster/vortex-generator-rs on toolchain 1.54.0
[INFO] running `Command { std: "/workspace/cargo-home/bin/cargo" "+1.54.0" "metadata" "--manifest-path" "Cargo.toml" "--no-deps", kill_on_drop: false }`
[INFO] started tweaking git repo https://github.com/Hammster/vortex-generator-rs
[INFO] finished tweaking git repo https://github.com/Hammster/vortex-generator-rs
[INFO] tweaked toml for git repo https://github.com/Hammster/vortex-generator-rs written to /workspace/builds/worker-8/source/Cargo.toml
[INFO] crate git repo https://github.com/Hammster/vortex-generator-rs already has a lockfile, it will not be regenerated
[INFO] running `Command { std: "/workspace/cargo-home/bin/cargo" "+1.54.0" "fetch" "--manifest-path" "Cargo.toml", kill_on_drop: false }`
[INFO] [stderr]     Blocking waiting for file lock on package cache
[INFO] [stderr]  Downloading crates ...
[INFO] [stderr]   Downloaded time v0.1.26
[INFO] [stderr]   Downloaded winapi-build v0.1.0
[INFO] [stderr]   Downloaded shared_library v0.1.0
[INFO] [stderr]   Downloaded gl_common v0.0.4
[INFO] [stderr]   Downloaded lazy_static v0.1.11
[INFO] [stderr]   Downloaded wayland-kbd v0.1.1
[INFO] [stderr]   Downloaded glutin_cocoa v0.1.6
[INFO] [stderr]   Downloaded user32-sys v0.1.1
[INFO] [stderr]   Downloaded xml-rs v0.1.25
[INFO] [stderr]   Downloaded gfx_gl v0.1.4
[INFO] [stderr]   Downloaded byteorder v0.3.10
[INFO] [stderr]   Downloaded genmesh v0.2.1
[INFO] [stderr]   Downloaded malloc_buf v0.0.5
[INFO] [stderr]   Downloaded regex-syntax v0.1.2
[INFO] [stderr]   Downloaded cgmath v0.2.0
[INFO] [stderr]   Downloaded semver v0.1.19
[INFO] [stderr]   Downloaded khronos_api v0.0.5
[INFO] [stderr]   Downloaded glfw-sys v3.1.2
[INFO] [stderr]   Downloaded gcc v0.3.8
[INFO] [stderr]   Downloaded gfx_device_gl v0.4.0
[INFO] [stderr]   Downloaded glutin_core_foundation v0.1.2
[INFO] [stderr]   Downloaded x11-dl v1.0.1
[INFO] [stderr]   Downloaded glfw v0.1.0
[INFO] [stderr]   Downloaded noise v0.1.5
[INFO] [stderr]   Downloaded objc v0.1.5
[INFO] [stderr]   Downloaded wayland-client v0.1.8
[INFO] [stderr]   Downloaded gl_generator v0.0.26
[INFO] [stderr]   Downloaded glutin_core_graphics v0.1.4
[INFO] [stderr]   Downloaded draw_state v0.1.1
[INFO] [stderr]   Downloaded glutin v0.1.6
[INFO] [stderr]   Downloaded android_glue v0.0.2
[INFO] [stderr]   Downloaded kernel32-sys v0.1.0
[INFO] [stderr]   Downloaded regex v0.1.33
[INFO] [stderr]   Downloaded gfx_window_glfw v0.2.0
[INFO] [stderr]   Downloaded gfx v0.6.3
[INFO] [stderr]   Downloaded gfx_window_glutin v0.2.0
[INFO] [stderr]   Downloaded winapi v0.1.20
[INFO] running `Command { std: "docker" "create" "-v" "/var/lib/crater-agent-workspace/builds/worker-8/target:/opt/rustwide/target:rw,Z" "-v" "/var/lib/crater-agent-workspace/builds/worker-8/source:/opt/rustwide/workdir:ro,Z" "-v" "/var/lib/crater-agent-workspace/cargo-home:/opt/rustwide/cargo-home:ro,Z" "-v" "/var/lib/crater-agent-workspace/rustup-home:/opt/rustwide/rustup-home:ro,Z" "-e" "SOURCE_DIR=/opt/rustwide/workdir" "-e" "CARGO_TARGET_DIR=/opt/rustwide/target" "-e" "CARGO_HOME=/opt/rustwide/cargo-home" "-e" "RUSTUP_HOME=/opt/rustwide/rustup-home" "-w" "/opt/rustwide/workdir" "-m" "1610612736" "--user" "0:0" "--network" "none" "ghcr.io/rust-lang/crates-build-env/linux@sha256:34b6a614d2c27851fe6cbf88fbd1137609cefab8b10d0615aaeb6fd47975d74e" "/opt/rustwide/cargo-home/bin/cargo" "+1.54.0" "metadata" "--no-deps" "--format-version=1", kill_on_drop: false }`
[INFO] [stdout] c8cb6cbb7dec7380f6c396091b66401f4ab8410cdc616edf55ad1546a70471a3
[INFO] running `Command { std: "docker" "start" "-a" "c8cb6cbb7dec7380f6c396091b66401f4ab8410cdc616edf55ad1546a70471a3", kill_on_drop: false }`
[INFO] running `Command { std: "docker" "inspect" "c8cb6cbb7dec7380f6c396091b66401f4ab8410cdc616edf55ad1546a70471a3", kill_on_drop: false }`
[INFO] running `Command { std: "docker" "rm" "-f" "c8cb6cbb7dec7380f6c396091b66401f4ab8410cdc616edf55ad1546a70471a3", kill_on_drop: false }`
[INFO] [stdout] c8cb6cbb7dec7380f6c396091b66401f4ab8410cdc616edf55ad1546a70471a3
[INFO] running `Command { std: "docker" "create" "-v" "/var/lib/crater-agent-workspace/builds/worker-8/target:/opt/rustwide/target:rw,Z" "-v" "/var/lib/crater-agent-workspace/builds/worker-8/source:/opt/rustwide/workdir:ro,Z" "-v" "/var/lib/crater-agent-workspace/cargo-home:/opt/rustwide/cargo-home:ro,Z" "-v" "/var/lib/crater-agent-workspace/rustup-home:/opt/rustwide/rustup-home:ro,Z" "-e" "SOURCE_DIR=/opt/rustwide/workdir" "-e" "CARGO_TARGET_DIR=/opt/rustwide/target" "-e" "CARGO_INCREMENTAL=0" "-e" "RUST_BACKTRACE=full" "-e" "RUSTFLAGS=--cap-lints=warn" "-e" "CARGO_HOME=/opt/rustwide/cargo-home" "-e" "RUSTUP_HOME=/opt/rustwide/rustup-home" "-w" "/opt/rustwide/workdir" "-m" "1610612736" "--user" "0:0" "--network" "none" "ghcr.io/rust-lang/crates-build-env/linux@sha256:34b6a614d2c27851fe6cbf88fbd1137609cefab8b10d0615aaeb6fd47975d74e" "/opt/rustwide/cargo-home/bin/cargo" "+1.54.0" "build" "--frozen" "--message-format=json", kill_on_drop: false }`
[INFO] [stdout] c902666fdb39361b8afa6aa123be62702ac11d59e03f0f2fe3b057afc4f6a8ca
[INFO] running `Command { std: "docker" "start" "-a" "c902666fdb39361b8afa6aa123be62702ac11d59e03f0f2fe3b057afc4f6a8ca", kill_on_drop: false }`
[INFO] [stderr]    Compiling libc v0.1.8
[INFO] [stderr]    Compiling bitflags v0.2.1
[INFO] [stderr]    Compiling khronos_api v0.0.5
[INFO] [stderr]    Compiling rustc-serialize v0.3.15
[INFO] [stderr]    Compiling lazy_static v0.1.11
[INFO] [stderr]    Compiling glfw-sys v3.1.2
[INFO] [stderr]    Compiling bitflags v0.1.1
[INFO] [stderr]    Compiling gcc v0.3.8
[INFO] [stderr]    Compiling semver v0.1.19
[INFO] [stderr]    Compiling regex-syntax v0.1.2
[INFO] [stderr]    Compiling lzw v0.8.0
[INFO] [stderr]    Compiling glob v0.2.10
[INFO] [stderr]    Compiling byteorder v0.3.10
[INFO] [stderr]    Compiling genmesh v0.2.1
[INFO] [stdout] error: environment variable `OUT_DIR` not defined
[INFO] [stdout]   --> /opt/rustwide/cargo-home/registry/src/github.com-1ecc6299db9ec823/glfw-sys-3.1.2/build.rs:12:37
[INFO] [stdout]    |
[INFO] [stdout] 12 |             .current_dir(&Path::new(env!("OUT_DIR")))
[INFO] [stdout]    |                                     ^^^^^^^^^^^^^^^
[INFO] [stdout]    |
[INFO] [stdout]    = note: this error originates in the macro `env` (in Nightly builds, run with -Z macro-backtrace for more info)
[INFO] [stdout] 
[INFO] [stdout] 
[INFO] [stdout] error: environment variable `OUT_DIR` not defined
[INFO] [stdout]   --> /opt/rustwide/cargo-home/registry/src/github.com-1ecc6299db9ec823/glfw-sys-3.1.2/build.rs:17:37
[INFO] [stdout]    |
[INFO] [stdout] 17 |             .current_dir(&Path::new(env!("OUT_DIR")))
[INFO] [stdout]    |                                     ^^^^^^^^^^^^^^^
[INFO] [stdout]    |
[INFO] [stdout]    = note: this error originates in the macro `env` (in Nightly builds, run with -Z macro-backtrace for more info)
[INFO] [stdout] 
[INFO] [stdout] 
[INFO] [stdout] error: environment variable `OUT_DIR` not defined
[INFO] [stdout]   --> /opt/rustwide/cargo-home/registry/src/github.com-1ecc6299db9ec823/glfw-sys-3.1.2/build.rs:21:25
[INFO] [stdout]    |
[INFO] [stdout] 21 |     fs::copy(&Path::new(env!("OUT_DIR")).join("src").join("libglfw3.a"),
[INFO] [stdout]    |                         ^^^^^^^^^^^^^^^
[INFO] [stdout]    |
[INFO] [stdout]    = note: this error originates in the macro `env` (in Nightly builds, run with -Z macro-backtrace for more info)
[INFO] [stdout] 
[INFO] [stdout] 
[INFO] [stdout] error: environment variable `OUT_DIR` not defined
[INFO] [stdout]   --> /opt/rustwide/cargo-home/registry/src/github.com-1ecc6299db9ec823/glfw-sys-3.1.2/build.rs:22:25
[INFO] [stdout]    |
[INFO] [stdout] 22 |              &Path::new(env!("OUT_DIR")).join("libglfw3.a"))
[INFO] [stdout]    |                         ^^^^^^^^^^^^^^^
[INFO] [stdout]    |
[INFO] [stdout]    = note: this error originates in the macro `env` (in Nightly builds, run with -Z macro-backtrace for more info)
[INFO] [stdout] 
[INFO] [stdout] 
[INFO] [stdout] error: environment variable `OUT_DIR` not defined
[INFO] [stdout]   --> /opt/rustwide/cargo-home/registry/src/github.com-1ecc6299db9ec823/glfw-sys-3.1.2/build.rs:25:57
[INFO] [stdout]    |
[INFO] [stdout] 25 |     println!("cargo:rustc-flags=-L {} -l glfw3:static", env!("OUT_DIR"));
[INFO] [stdout]    |                                                         ^^^^^^^^^^^^^^^
[INFO] [stdout]    |
[INFO] [stdout]    = note: this error originates in the macro `env` (in Nightly builds, run with -Z macro-backtrace for more info)
[INFO] [stdout] 
[INFO] [stdout] 
[INFO] [stdout] error: aborting due to 5 previous errors
[INFO] [stdout] 
[INFO] [stdout] 
[INFO] [stderr] error: could not compile `glfw-sys`
[INFO] [stderr] 
[INFO] [stderr] To learn more, run the command again with --verbose.
[INFO] [stderr] warning: build failed, waiting for other jobs to finish...
[INFO] [stdout] error[E0277]: the size for values of type `Self` cannot be known at compilation time
[INFO] [stdout]    --> /opt/rustwide/cargo-home/registry/src/github.com-1ecc6299db9ec823/genmesh-0.2.1/src/poly.rs:216:35
[INFO] [stdout]     |
[INFO] [stdout] 216 |     fn vertex<F>(self, map: F) -> MapToVerticesIter<Self, T, U, F>
[INFO] [stdout]     |                                   ^^^^^^^^^^^^^^^^^^^^^^^^^^^^^^^^ doesn't have a size known at compile-time
[INFO] [stdout] ...
[INFO] [stdout] 238 | struct MapToVerticesIter<SRC, T, U, F: FnMut(T) -> U> {
[INFO] [stdout]     |                          --- required by this bound in `MapToVerticesIter`
[INFO] [stdout]     |
[INFO] [stdout] help: you could relax the implicit `Sized` bound on `SRC` if it were used through indirection like `&SRC` or `Box<SRC>`
[INFO] [stdout]    --> /opt/rustwide/cargo-home/registry/src/github.com-1ecc6299db9ec823/genmesh-0.2.1/src/poly.rs:238:26
[INFO] [stdout]     |
[INFO] [stdout] 238 | struct MapToVerticesIter<SRC, T, U, F: FnMut(T) -> U> {
[INFO] [stdout]     |                          ^^^ this could be changed to `SRC: ?Sized`...
[INFO] [stdout] 239 |     src: SRC,
[INFO] [stdout]     |          --- ...if indirection were used here: `Box<SRC>`
[INFO] [stdout] help: consider further restricting `Self`
[INFO] [stdout]     |
[INFO] [stdout] 217 |         where F: FnMut(T) -> U, Self: Sized;
[INFO] [stdout]     |                               ^^^^^^^^^^^^^
[INFO] [stdout] 
[INFO] [stdout] 
[INFO] [stdout] error: aborting due to previous error
[INFO] [stdout] 
[INFO] [stdout] 
[INFO] [stdout] For more information about this error, try `rustc --explain E0277`.
[INFO] [stdout] 
[INFO] [stdout] error[E0642]: patterns aren't allowed in functions without bodies
[INFO] [stdout]    --> /opt/rustwide/cargo-home/registry/src/github.com-1ecc6299db9ec823/rustc-serialize-0.3.15/src/serialize.rs:145:45
[INFO] [stdout]     |
[INFO] [stdout] 145 | ...                   &f_name: &str,
[INFO] [stdout]     |                       ^^^^^^^ pattern not allowed in function without body
[INFO] [stdout] 
[INFO] [stdout] 
[INFO] [stdout] error[E0277]: the size for values of type `Self` cannot be known at compilation time
[INFO] [stdout]    --> /opt/rustwide/cargo-home/registry/src/github.com-1ecc6299db9ec823/rustc-serialize-0.3.15/src/serialize.rs:201:41
[INFO] [stdout]     |
[INFO] [stdout] 201 |     fn decode<D: Decoder>(d: &mut D) -> Result<Self, D::Error>;
[INFO] [stdout]     |                                         ^^^^^^^^^^^^^^^^^^^^^^ doesn't have a size known at compile-time
[INFO] [stdout]     |
[INFO] [stdout] help: consider further restricting `Self`
[INFO] [stdout]     |
[INFO] [stdout] 201 |     fn decode<D: Decoder>(d: &mut D) -> Result<Self, D::Error> where Self: Sized;
[INFO] [stdout]     |                                                                ^^^^^^^^^^^^^^^^^
[INFO] [stdout] 
[INFO] [stdout] 
[INFO] [stdout] error: aborting due to 2 previous errors
[INFO] [stdout] 
[INFO] [stdout] 
[INFO] [stdout] Some errors have detailed explanations: E0277, E0642.
[INFO] [stdout] 
[INFO] [stdout] For more information about an error, try `rustc --explain E0277`.
[INFO] [stdout] 
[INFO] [stderr] error: build failed
[INFO] running `Command { std: "docker" "inspect" "c902666fdb39361b8afa6aa123be62702ac11d59e03f0f2fe3b057afc4f6a8ca", kill_on_drop: false }`
[INFO] running `Command { std: "docker" "rm" "-f" "c902666fdb39361b8afa6aa123be62702ac11d59e03f0f2fe3b057afc4f6a8ca", kill_on_drop: false }`
[INFO] [stdout] c902666fdb39361b8afa6aa123be62702ac11d59e03f0f2fe3b057afc4f6a8ca
