[INFO] fetching crate zbus_macros 2.0.0-beta.6...
[INFO] testing zbus_macros-2.0.0-beta.6 against 1.54.0 for beta-1.55-1
[INFO] extracting crate zbus_macros 2.0.0-beta.6 into /workspace/builds/worker-10/source
[INFO] validating manifest of crates.io crate zbus_macros 2.0.0-beta.6 on toolchain 1.54.0
[INFO] running `Command { std: "/workspace/cargo-home/bin/cargo" "+1.54.0" "metadata" "--manifest-path" "Cargo.toml" "--no-deps", kill_on_drop: false }`
[INFO] started tweaking crates.io crate zbus_macros 2.0.0-beta.6
[INFO] finished tweaking crates.io crate zbus_macros 2.0.0-beta.6
[INFO] tweaked toml for crates.io crate zbus_macros 2.0.0-beta.6 written to /workspace/builds/worker-10/source/Cargo.toml
[INFO] running `Command { std: "/workspace/cargo-home/bin/cargo" "+1.54.0" "generate-lockfile" "--manifest-path" "Cargo.toml" "-Zno-index-update", kill_on_drop: false }`
[INFO] running `Command { std: "/workspace/cargo-home/bin/cargo" "+1.54.0" "fetch" "--manifest-path" "Cargo.toml", kill_on_drop: false }`
[INFO] running `Command { std: "docker" "create" "-v" "/var/lib/crater-agent-workspace/builds/worker-10/target:/opt/rustwide/target:rw,Z" "-v" "/var/lib/crater-agent-workspace/builds/worker-10/source:/opt/rustwide/workdir:ro,Z" "-v" "/var/lib/crater-agent-workspace/cargo-home:/opt/rustwide/cargo-home:ro,Z" "-v" "/var/lib/crater-agent-workspace/rustup-home:/opt/rustwide/rustup-home:ro,Z" "-e" "SOURCE_DIR=/opt/rustwide/workdir" "-e" "CARGO_TARGET_DIR=/opt/rustwide/target" "-e" "CARGO_HOME=/opt/rustwide/cargo-home" "-e" "RUSTUP_HOME=/opt/rustwide/rustup-home" "-w" "/opt/rustwide/workdir" "-m" "1610612736" "--user" "0:0" "--network" "none" "ghcr.io/rust-lang/crates-build-env/linux@sha256:34b6a614d2c27851fe6cbf88fbd1137609cefab8b10d0615aaeb6fd47975d74e" "/opt/rustwide/cargo-home/bin/cargo" "+1.54.0" "metadata" "--no-deps" "--format-version=1", kill_on_drop: false }`
[INFO] [stderr] WARNING: Your kernel does not support swap limit capabilities or the cgroup is not mounted. Memory limited without swap.
[INFO] [stdout] 097d5b4034edce852425b35851a851bcfb0253f13b7e5911b371edc2a2e17cfa
[INFO] running `Command { std: "docker" "start" "-a" "097d5b4034edce852425b35851a851bcfb0253f13b7e5911b371edc2a2e17cfa", kill_on_drop: false }`
[INFO] running `Command { std: "docker" "inspect" "097d5b4034edce852425b35851a851bcfb0253f13b7e5911b371edc2a2e17cfa", kill_on_drop: false }`
[INFO] running `Command { std: "docker" "rm" "-f" "097d5b4034edce852425b35851a851bcfb0253f13b7e5911b371edc2a2e17cfa", kill_on_drop: false }`
[INFO] [stdout] 097d5b4034edce852425b35851a851bcfb0253f13b7e5911b371edc2a2e17cfa
[INFO] running `Command { std: "docker" "create" "-v" "/var/lib/crater-agent-workspace/builds/worker-10/target:/opt/rustwide/target:rw,Z" "-v" "/var/lib/crater-agent-workspace/builds/worker-10/source:/opt/rustwide/workdir:ro,Z" "-v" "/var/lib/crater-agent-workspace/cargo-home:/opt/rustwide/cargo-home:ro,Z" "-v" "/var/lib/crater-agent-workspace/rustup-home:/opt/rustwide/rustup-home:ro,Z" "-e" "SOURCE_DIR=/opt/rustwide/workdir" "-e" "CARGO_TARGET_DIR=/opt/rustwide/target" "-e" "CARGO_INCREMENTAL=0" "-e" "RUST_BACKTRACE=full" "-e" "RUSTFLAGS=--cap-lints=warn" "-e" "CARGO_HOME=/opt/rustwide/cargo-home" "-e" "RUSTUP_HOME=/opt/rustwide/rustup-home" "-w" "/opt/rustwide/workdir" "-m" "1610612736" "--user" "0:0" "--network" "none" "ghcr.io/rust-lang/crates-build-env/linux@sha256:34b6a614d2c27851fe6cbf88fbd1137609cefab8b10d0615aaeb6fd47975d74e" "/opt/rustwide/cargo-home/bin/cargo" "+1.54.0" "build" "--frozen" "--message-format=json", kill_on_drop: false }`
[INFO] [stdout] fbacdae0be2815166a17fec0ebf5127fd1e991652e6daa53f92489f666581711
[INFO] [stderr] WARNING: Your kernel does not support swap limit capabilities or the cgroup is not mounted. Memory limited without swap.
[INFO] running `Command { std: "docker" "start" "-a" "fbacdae0be2815166a17fec0ebf5127fd1e991652e6daa53f92489f666581711", kill_on_drop: false }`
[INFO] [stderr]     Blocking waiting for file lock on package cache
[INFO] [stderr]    Compiling syn v1.0.74
[INFO] [stderr]    Compiling thiserror-impl v1.0.26
[INFO] [stderr]    Compiling thiserror v1.0.26
[INFO] [stderr]    Compiling proc-macro-crate v1.0.0
[INFO] [stderr]    Compiling zbus_macros v2.0.0-beta.6 (/opt/rustwide/workdir)
[INFO] [stderr]     Finished dev [unoptimized + debuginfo] target(s) in 36.99s
[INFO] running `Command { std: "docker" "inspect" "fbacdae0be2815166a17fec0ebf5127fd1e991652e6daa53f92489f666581711", kill_on_drop: false }`
[INFO] running `Command { std: "docker" "rm" "-f" "fbacdae0be2815166a17fec0ebf5127fd1e991652e6daa53f92489f666581711", kill_on_drop: false }`
[INFO] [stdout] fbacdae0be2815166a17fec0ebf5127fd1e991652e6daa53f92489f666581711
[INFO] running `Command { std: "docker" "create" "-v" "/var/lib/crater-agent-workspace/builds/worker-10/target:/opt/rustwide/target:rw,Z" "-v" "/var/lib/crater-agent-workspace/builds/worker-10/source:/opt/rustwide/workdir:ro,Z" "-v" "/var/lib/crater-agent-workspace/cargo-home:/opt/rustwide/cargo-home:ro,Z" "-v" "/var/lib/crater-agent-workspace/rustup-home:/opt/rustwide/rustup-home:ro,Z" "-e" "SOURCE_DIR=/opt/rustwide/workdir" "-e" "CARGO_TARGET_DIR=/opt/rustwide/target" "-e" "CARGO_INCREMENTAL=0" "-e" "RUST_BACKTRACE=full" "-e" "RUSTFLAGS=--cap-lints=warn" "-e" "CARGO_HOME=/opt/rustwide/cargo-home" "-e" "RUSTUP_HOME=/opt/rustwide/rustup-home" "-w" "/opt/rustwide/workdir" "-m" "1610612736" "--user" "0:0" "--network" "none" "ghcr.io/rust-lang/crates-build-env/linux@sha256:34b6a614d2c27851fe6cbf88fbd1137609cefab8b10d0615aaeb6fd47975d74e" "/opt/rustwide/cargo-home/bin/cargo" "+1.54.0" "test" "--frozen" "--no-run" "--message-format=json", kill_on_drop: false }`
[INFO] [stderr] WARNING: Your kernel does not support swap limit capabilities or the cgroup is not mounted. Memory limited without swap.
[INFO] [stdout] d74e5336f40943b65c6ec0b606d0055ea7138e79c120c97ac281feb95ab014c8
[INFO] running `Command { std: "docker" "start" "-a" "d74e5336f40943b65c6ec0b606d0055ea7138e79c120c97ac281feb95ab014c8", kill_on_drop: false }`
[INFO] [stderr]     Blocking waiting for file lock on package cache
[INFO] [stderr]    Compiling zbus_macros v2.0.0-beta.6 (/opt/rustwide/workdir)
[INFO] [stdout] error[E0433]: failed to resolve: use of undeclared crate or module `rustversion`
[INFO] [stdout]  --> tests/compiletest.rs:1:3
[INFO] [stdout]   |
[INFO] [stdout] 1 | #[rustversion::attr(before(1.53), ignore)]
[INFO] [stdout]   |   ^^^^^^^^^^^ use of undeclared crate or module `rustversion`
[INFO] [stdout] 
[INFO] [stdout] 
[INFO] [stdout] error[E0433]: failed to resolve: use of undeclared crate or module `trybuild`
[INFO] [stdout]  --> tests/compiletest.rs:4:13
[INFO] [stdout]   |
[INFO] [stdout] 4 |     let t = trybuild::TestCases::new();
[INFO] [stdout]   |             ^^^^^^^^ use of undeclared crate or module `trybuild`
[INFO] [stdout] 
[INFO] [stdout] 
[INFO] [stdout] error: aborting due to 2 previous errors
[INFO] [stdout] 
[INFO] [stdout] 
[INFO] [stdout] For more information about this error, try `rustc --explain E0433`.
[INFO] [stdout] 
[INFO] [stderr] error: could not compile `zbus_macros`
[INFO] [stderr] 
[INFO] [stderr] To learn more, run the command again with --verbose.
[INFO] [stderr] warning: build failed, waiting for other jobs to finish...
[INFO] [stdout] error[E0433]: failed to resolve: use of undeclared crate or module `futures_util`
[INFO] [stdout]  --> tests/tests.rs:2:5
[INFO] [stdout]   |
[INFO] [stdout] 2 | use futures_util::{
[INFO] [stdout]   |     ^^^^^^^^^^^^ use of undeclared crate or module `futures_util`
[INFO] [stdout] 
[INFO] [stdout] 
[INFO] [stdout] error[E0432]: unresolved import `async_io`
[INFO] [stdout]  --> tests/tests.rs:1:5
[INFO] [stdout]   |
[INFO] [stdout] 1 | use async_io::block_on;
[INFO] [stdout]   |     ^^^^^^^^ use of undeclared crate or module `async_io`
[INFO] [stdout] 
[INFO] [stdout] 
[INFO] [stdout] error[E0432]: unresolved import `zbus`
[INFO] [stdout]  --> tests/tests.rs:7:5
[INFO] [stdout]   |
[INFO] [stdout] 7 | use zbus::fdo;
[INFO] [stdout]   |     ^^^^ use of undeclared crate or module `zbus`
[INFO] [stdout] 
[INFO] [stdout] 
[INFO] [stdout] error[E0433]: failed to resolve: could not find `zbus` in the list of imported crates
[INFO] [stdout]    --> tests/tests.rs:123:5
[INFO] [stdout]     |
[INFO] [stdout] 123 |     #[dbus_interface(name = "org.freedesktop.zbus.Test")]
[INFO] [stdout]     |     ^^^^^^^^^^^^^^^^^^^^^^^^^^^^^^^^^^^^^^^^^^^^^^^^^^^^^ could not find `zbus` in the list of imported crates
[INFO] [stdout]     |
[INFO] [stdout]     = note: this error originates in the attribute macro `dbus_interface` (in Nightly builds, run with -Z macro-backtrace for more info)
[INFO] [stdout] 
[INFO] [stdout] 
[INFO] [stdout] error[E0432]: unresolved import `zbus`
[INFO] [stdout]    --> tests/tests.rs:116:9
[INFO] [stdout]     |
[INFO] [stdout] 116 |     use zbus::Interface;
[INFO] [stdout]     |         ^^^^ use of undeclared crate or module `zbus`
[INFO] [stdout] 
[INFO] [stdout] 
[INFO] [stdout] error[E0433]: failed to resolve: could not find `zbus` in the list of imported crates
[INFO] [stdout]   --> tests/tests.rs:22:5
[INFO] [stdout]    |
[INFO] [stdout] 22 | /     #[dbus_proxy(
[INFO] [stdout] 23 | |         interface = "org.freedesktop.zbus_macros.Test",
[INFO] [stdout] 24 | |         default_service = "org.freedesktop.zbus_macros",
[INFO] [stdout] 25 | |         default_path = "/org/freedesktop/zbus_macros/test"
[INFO] [stdout] 26 | |     )]
[INFO] [stdout]    | |______^ could not find `zbus` in the list of imported crates
[INFO] [stdout]    |
[INFO] [stdout]    = note: this error originates in the attribute macro `dbus_proxy` (in Nightly builds, run with -Z macro-backtrace for more info)
[INFO] [stdout] 
[INFO] [stdout] 
[INFO] [stdout] error[E0433]: failed to resolve: use of undeclared crate or module `futures_util`
[INFO] [stdout]   --> tests/tests.rs:91:9
[INFO] [stdout]    |
[INFO] [stdout] 91 |         futures_util::pin_mut!(right_future);
[INFO] [stdout]    |         ^^^^^^^^^^^^ use of undeclared crate or module `futures_util`
[INFO] [stdout] 
[INFO] [stdout] 
[INFO] [stdout] error[E0433]: failed to resolve: use of undeclared crate or module `futures_util`
[INFO] [stdout]   --> tests/tests.rs:87:9
[INFO] [stdout]    |
[INFO] [stdout] 87 |         futures_util::pin_mut!(left_future);
[INFO] [stdout]    |         ^^^^^^^^^^^^ use of undeclared crate or module `futures_util`
[INFO] [stdout] 
[INFO] [stdout] 
[INFO] [stdout] error[E0433]: failed to resolve: could not find `zbus` in the list of imported crates
[INFO] [stdout]   --> tests/tests.rs:12:5
[INFO] [stdout]    |
[INFO] [stdout] 12 | /     #[dbus_proxy(
[INFO] [stdout] 13 | |         interface = "org.freedesktop.zbus_macros.ProxyParam",
[INFO] [stdout] 14 | |         default_service = "org.freedesktop.zbus_macros",
[INFO] [stdout] 15 | |         default_path = "/org/freedesktop/zbus_macros/test"
[INFO] [stdout] 16 | |     )]
[INFO] [stdout]    | |______^ could not find `zbus` in the list of imported crates
[INFO] [stdout]    |
[INFO] [stdout]    = note: this error originates in the attribute macro `dbus_proxy` (in Nightly builds, run with -Z macro-backtrace for more info)
[INFO] [stdout] 
[INFO] [stdout] 
[INFO] [stdout] error[E0433]: failed to resolve: use of undeclared crate or module `zbus`
[INFO] [stdout]   --> tests/tests.rs:29:40
[INFO] [stdout]    |
[INFO] [stdout] 29 |         fn a_test(&self, val: &str) -> zbus::Result<u32>;
[INFO] [stdout]    |                                        ^^^^ use of undeclared crate or module `zbus`
[INFO] [stdout] 
[INFO] [stdout] 
[INFO] [stdout] error[E0433]: failed to resolve: use of undeclared crate or module `zbus`
[INFO] [stdout]   --> tests/tests.rs:33:54
[INFO] [stdout]    |
[INFO] [stdout] 33 |         fn some_method<T>(&self, object_path: &T) -> zbus::Result<()>;
[INFO] [stdout]    |                                                      ^^^^ use of undeclared crate or module `zbus`
[INFO] [stdout] 
[INFO] [stdout] 
[INFO] [stdout] error[E0433]: failed to resolve: use of undeclared crate or module `zbus`
[INFO] [stdout]   --> tests/tests.rs:36:37
[INFO] [stdout]    |
[INFO] [stdout] 36 |         fn check_renaming(&self) -> zbus::Result<Vec<u8>>;
[INFO] [stdout]    |                                     ^^^^ use of undeclared crate or module `zbus`
[INFO] [stdout] 
[INFO] [stdout] 
[INFO] [stdout] error[E0433]: failed to resolve: use of undeclared crate or module `zbus`
[INFO] [stdout]   --> tests/tests.rs:50:22
[INFO] [stdout]    |
[INFO] [stdout] 50 |     let connection = zbus::Connection::session().unwrap();
[INFO] [stdout]    |                      ^^^^ use of undeclared crate or module `zbus`
[INFO] [stdout] 
[INFO] [stdout] 
[INFO] [stdout] error[E0433]: failed to resolve: use of undeclared crate or module `zbus`
[INFO] [stdout]   --> tests/tests.rs:62:22
[INFO] [stdout]    |
[INFO] [stdout] 62 |     let connection = zbus::azync::Connection::from(connection);
[INFO] [stdout]    |                      ^^^^ use of undeclared crate or module `zbus`
[INFO] [stdout] 
[INFO] [stdout] 
[INFO] [stdout] error[E0433]: failed to resolve: use of undeclared type `Either`
[INFO] [stdout]   --> tests/tests.rs:93:16
[INFO] [stdout]    |
[INFO] [stdout] 93 |         if let Either::Left((_, _)) = select(left_future, right_future).await {
[INFO] [stdout]    |                ^^^^^^ use of undeclared type `Either`
[INFO] [stdout] 
[INFO] [stdout] 
[INFO] [stdout] error[E0433]: failed to resolve: use of undeclared crate or module `zbus`
[INFO] [stdout]    --> tests/tests.rs:104:14
[INFO] [stdout]     |
[INFO] [stdout] 104 |         ZBus(zbus::Error),
[INFO] [stdout]     |              ^^^^ use of undeclared crate or module `zbus`
[INFO] [stdout] 
[INFO] [stdout] 
[INFO] [stdout] error[E0433]: failed to resolve: could not find `zbus` in the list of imported crates
[INFO] [stdout]    --> tests/tests.rs:101:21
[INFO] [stdout]     |
[INFO] [stdout] 101 |     #[derive(Debug, DBusError)]
[INFO] [stdout]     |                     ^^^^^^^^^ could not find `zbus` in the list of imported crates
[INFO] [stdout]     |
[INFO] [stdout]     = note: this error originates in the derive macro `DBusError` (in Nightly builds, run with -Z macro-backtrace for more info)
[INFO] [stdout] 
[INFO] [stdout] 
[INFO] [stdout] error[E0433]: failed to resolve: use of undeclared crate or module `serde`
[INFO] [stdout]    --> tests/tests.rs:126:12
[INFO] [stdout]     |
[INFO] [stdout] 126 |         T: serde::ser::Serialize + zvariant::Type,
[INFO] [stdout]     |            ^^^^^ use of undeclared crate or module `serde`
[INFO] [stdout] 
[INFO] [stdout] 
[INFO] [stdout] error[E0433]: failed to resolve: use of undeclared crate or module `zvariant`
[INFO] [stdout]    --> tests/tests.rs:126:36
[INFO] [stdout]     |
[INFO] [stdout] 126 |         T: serde::ser::Serialize + zvariant::Type,
[INFO] [stdout]     |                                    ^^^^^^^^ use of undeclared crate or module `zvariant`
[INFO] [stdout] 
[INFO] [stdout] 
[INFO] [stdout] error[E0433]: failed to resolve: use of undeclared crate or module `zbus`
[INFO] [stdout]    --> tests/tests.rs:133:41
[INFO] [stdout]     |
[INFO] [stdout] 133 |         fn str_u32(&self, val: &str) -> zbus::fdo::Result<u32> {
[INFO] [stdout]     |                                         ^^^^ use of undeclared crate or module `zbus`
[INFO] [stdout] 
[INFO] [stdout] 
[INFO] [stdout] error[E0433]: failed to resolve: use of undeclared crate or module `zbus`
[INFO] [stdout]    --> tests/tests.rs:139:34
[INFO] [stdout]     |
[INFO] [stdout] 139 |         fn many_output(&self) -> zbus::fdo::Result<(&T, String)> {
[INFO] [stdout]     |                                  ^^^^ use of undeclared crate or module `zbus`
[INFO] [stdout] 
[INFO] [stdout] 
[INFO] [stdout] error[E0433]: failed to resolve: use of undeclared crate or module `zbus`
[INFO] [stdout]    --> tests/tests.rs:143:34
[INFO] [stdout]     |
[INFO] [stdout] 143 |         fn pair_output(&self) -> zbus::fdo::Result<((u32, String),)> {
[INFO] [stdout]     |                                  ^^^^ use of undeclared crate or module `zbus`
[INFO] [stdout] 
[INFO] [stdout] 
[INFO] [stdout] error[E0433]: failed to resolve: use of undeclared crate or module `zbus`
[INFO] [stdout]    --> tests/tests.rs:167:51
[INFO] [stdout]     |
[INFO] [stdout] 167 |         fn signal(&self, arg: u8, other: &str) -> zbus::Result<()>;
[INFO] [stdout]     |                                                   ^^^^ use of undeclared crate or module `zbus`
[INFO] [stdout] 
[INFO] [stdout] 
[INFO] [stdout] error[E0433]: failed to resolve: use of undeclared crate or module `zbus`
[INFO] [stdout]    --> tests/tests.rs:217:17
[INFO] [stdout]     |
[INFO] [stdout] 217 |         let c = zbus::Connection::session().unwrap();
[INFO] [stdout]     |                 ^^^^ use of undeclared crate or module `zbus`
[INFO] [stdout] 
[INFO] [stdout] 
[INFO] [stdout] error[E0433]: failed to resolve: use of undeclared crate or module `zbus`
[INFO] [stdout]    --> tests/tests.rs:218:17
[INFO] [stdout]     |
[INFO] [stdout] 218 |         let m = zbus::Message::method(None::<()>, None::<()>, "/", None::<()>, "StrU32", &(42,))
[INFO] [stdout]     |                 ^^^^ use of undeclared crate or module `zbus`
[INFO] [stdout] 
[INFO] [stdout] 
[INFO] [stdout] error[E0433]: failed to resolve: could not find `zbus` in the list of imported crates
[INFO] [stdout]   --> tests/tests.rs:22:5
[INFO] [stdout]    |
[INFO] [stdout] 22 | /     #[dbus_proxy(
[INFO] [stdout] 23 | |         interface = "org.freedesktop.zbus_macros.Test",
[INFO] [stdout] 24 | |         default_service = "org.freedesktop.zbus_macros",
[INFO] [stdout] 25 | |         default_path = "/org/freedesktop/zbus_macros/test"
[INFO] [stdout] 26 | |     )]
[INFO] [stdout]    | |______^ not found in `zbus::export::futures_core::stream`
[INFO] [stdout]    |
[INFO] [stdout]    = note: this error originates in the attribute macro `dbus_proxy` (in Nightly builds, run with -Z macro-backtrace for more info)
[INFO] [stdout] help: consider importing one of these items
[INFO] [stdout]    |
[INFO] [stdout] 1  | use core::stream::Stream;
[INFO] [stdout]    |
[INFO] [stdout] 1  | use std::stream::Stream;
[INFO] [stdout]    |
[INFO] [stdout] 
[INFO] [stdout] 
[INFO] [stdout] error[E0425]: cannot find function `select` in this scope
[INFO] [stdout]   --> tests/tests.rs:93:39
[INFO] [stdout]    |
[INFO] [stdout] 93 |         if let Either::Left((_, _)) = select(left_future, right_future).await {
[INFO] [stdout]    |                                       ^^^^^^ not found in this scope
[INFO] [stdout] 
[INFO] [stdout] 
[INFO] [stdout] error[E0433]: failed to resolve: use of undeclared crate or module `zbus`
[INFO] [stdout]    --> tests/tests.rs:135:41
[INFO] [stdout]     |
[INFO] [stdout] 135 |                 .map_err(|e| zbus::fdo::Error::Failed(format!("Invalid val: {}", e)))
[INFO] [stdout]     |                                         ^^^^^ not found in `zbus::fdo`
[INFO] [stdout]     |
[INFO] [stdout] help: consider importing one of these items
[INFO] [stdout]     |
[INFO] [stdout] 1   | use core::fmt::Error;
[INFO] [stdout]     |
[INFO] [stdout] 1   | use proc_macro_crate::Error;
[INFO] [stdout]     |
[INFO] [stdout] 1   | use regex::Error;
[INFO] [stdout]     |
[INFO] [stdout] 1   | use std::error::Error;
[INFO] [stdout]     |
[INFO] [stdout]       and 4 other candidates
[INFO] [stdout] 
[INFO] [stdout] 
[INFO] [stdout] error[E0433]: failed to resolve: could not find `zbus` in the list of imported crates
[INFO] [stdout]    --> tests/tests.rs:123:5
[INFO] [stdout]     |
[INFO] [stdout] 123 |     #[dbus_interface(name = "org.freedesktop.zbus.Test")]
[INFO] [stdout]     |     ^^^^^^^^^^^^^^^^^^^^^^^^^^^^^^^^^^^^^^^^^^^^^^^^^^^^^ not found in `zbus`
[INFO] [stdout]     |
[INFO] [stdout]     = note: this error originates in the attribute macro `dbus_interface` (in Nightly builds, run with -Z macro-backtrace for more info)
[INFO] [stdout] help: consider importing one of these items
[INFO] [stdout]     |
[INFO] [stdout] 1   | use core::fmt::Error;
[INFO] [stdout]     |
[INFO] [stdout] 1   | use proc_macro_crate::Error;
[INFO] [stdout]     |
[INFO] [stdout] 1   | use regex::Error;
[INFO] [stdout]     |
[INFO] [stdout] 1   | use std::error::Error;
[INFO] [stdout]     |
[INFO] [stdout]       and 4 other candidates
[INFO] [stdout] 
[INFO] [stdout] 
[INFO] [stdout] error: aborting due to 29 previous errors
[INFO] [stdout] 
[INFO] [stdout] 
[INFO] [stdout] Some errors have detailed explanations: E0425, E0432, E0433.
[INFO] [stdout] 
[INFO] [stdout] For more information about an error, try `rustc --explain E0425`.
[INFO] [stdout] 
[INFO] [stderr] error: build failed
[INFO] running `Command { std: "docker" "inspect" "d74e5336f40943b65c6ec0b606d0055ea7138e79c120c97ac281feb95ab014c8", kill_on_drop: false }`
[INFO] running `Command { std: "docker" "rm" "-f" "d74e5336f40943b65c6ec0b606d0055ea7138e79c120c97ac281feb95ab014c8", kill_on_drop: false }`
[INFO] [stdout] d74e5336f40943b65c6ec0b606d0055ea7138e79c120c97ac281feb95ab014c8
