[INFO] fetching crate yfft 0.1.0...
[INFO] testing yfft-0.1.0 against 1.54.0 for beta-1.55-1
[INFO] extracting crate yfft 0.1.0 into /workspace/builds/worker-13/source
[INFO] validating manifest of crates.io crate yfft 0.1.0 on toolchain 1.54.0
[INFO] running `Command { std: "/workspace/cargo-home/bin/cargo" "+1.54.0" "metadata" "--manifest-path" "Cargo.toml" "--no-deps", kill_on_drop: false }`
[INFO] started tweaking crates.io crate yfft 0.1.0
[INFO] finished tweaking crates.io crate yfft 0.1.0
[INFO] tweaked toml for crates.io crate yfft 0.1.0 written to /workspace/builds/worker-13/source/Cargo.toml
[INFO] crate crates.io crate yfft 0.1.0 already has a lockfile, it will not be regenerated
[INFO] running `Command { std: "/workspace/cargo-home/bin/cargo" "+1.54.0" "fetch" "--manifest-path" "Cargo.toml", kill_on_drop: false }`
[INFO] running `Command { std: "docker" "create" "-v" "/var/lib/crater-agent-workspace/builds/worker-13/target:/opt/rustwide/target:rw,Z" "-v" "/var/lib/crater-agent-workspace/builds/worker-13/source:/opt/rustwide/workdir:ro,Z" "-v" "/var/lib/crater-agent-workspace/cargo-home:/opt/rustwide/cargo-home:ro,Z" "-v" "/var/lib/crater-agent-workspace/rustup-home:/opt/rustwide/rustup-home:ro,Z" "-e" "SOURCE_DIR=/opt/rustwide/workdir" "-e" "CARGO_TARGET_DIR=/opt/rustwide/target" "-e" "CARGO_HOME=/opt/rustwide/cargo-home" "-e" "RUSTUP_HOME=/opt/rustwide/rustup-home" "-w" "/opt/rustwide/workdir" "-m" "1610612736" "--user" "0:0" "--network" "none" "ghcr.io/rust-lang/crates-build-env/linux@sha256:34b6a614d2c27851fe6cbf88fbd1137609cefab8b10d0615aaeb6fd47975d74e" "/opt/rustwide/cargo-home/bin/cargo" "+1.54.0" "metadata" "--no-deps" "--format-version=1", kill_on_drop: false }`
[INFO] [stdout] 22c8246ae5458b512431fa7d2efa1fdeccb8ead9404892d034e863980ffe064b
[INFO] [stderr] WARNING: Your kernel does not support swap limit capabilities or the cgroup is not mounted. Memory limited without swap.
[INFO] running `Command { std: "docker" "start" "-a" "22c8246ae5458b512431fa7d2efa1fdeccb8ead9404892d034e863980ffe064b", kill_on_drop: false }`
[INFO] running `Command { std: "docker" "inspect" "22c8246ae5458b512431fa7d2efa1fdeccb8ead9404892d034e863980ffe064b", kill_on_drop: false }`
[INFO] running `Command { std: "docker" "rm" "-f" "22c8246ae5458b512431fa7d2efa1fdeccb8ead9404892d034e863980ffe064b", kill_on_drop: false }`
[INFO] [stdout] 22c8246ae5458b512431fa7d2efa1fdeccb8ead9404892d034e863980ffe064b
[INFO] running `Command { std: "docker" "create" "-v" "/var/lib/crater-agent-workspace/builds/worker-13/target:/opt/rustwide/target:rw,Z" "-v" "/var/lib/crater-agent-workspace/builds/worker-13/source:/opt/rustwide/workdir:ro,Z" "-v" "/var/lib/crater-agent-workspace/cargo-home:/opt/rustwide/cargo-home:ro,Z" "-v" "/var/lib/crater-agent-workspace/rustup-home:/opt/rustwide/rustup-home:ro,Z" "-e" "SOURCE_DIR=/opt/rustwide/workdir" "-e" "CARGO_TARGET_DIR=/opt/rustwide/target" "-e" "CARGO_INCREMENTAL=0" "-e" "RUST_BACKTRACE=full" "-e" "RUSTFLAGS=--cap-lints=warn" "-e" "CARGO_HOME=/opt/rustwide/cargo-home" "-e" "RUSTUP_HOME=/opt/rustwide/rustup-home" "-w" "/opt/rustwide/workdir" "-m" "1610612736" "--user" "0:0" "--network" "none" "ghcr.io/rust-lang/crates-build-env/linux@sha256:34b6a614d2c27851fe6cbf88fbd1137609cefab8b10d0615aaeb6fd47975d74e" "/opt/rustwide/cargo-home/bin/cargo" "+1.54.0" "build" "--frozen" "--message-format=json", kill_on_drop: false }`
[INFO] [stderr] WARNING: Your kernel does not support swap limit capabilities or the cgroup is not mounted. Memory limited without swap.
[INFO] [stdout] dac13b55affa2a4eb5a32502322337bc900eb0bbc1630790a169a17bec6db1fd
[INFO] running `Command { std: "docker" "start" "-a" "dac13b55affa2a4eb5a32502322337bc900eb0bbc1630790a169a17bec6db1fd", kill_on_drop: false }`
[INFO] [stderr]    Compiling packed_simd v0.3.3
[INFO] [stderr]    Compiling num-integer v0.1.41
[INFO] [stderr]    Compiling num-iter v0.1.39
[INFO] [stderr]    Compiling num-traits v0.1.43
[INFO] [stderr]    Compiling num-complex v0.1.43
[INFO] [stdout] error[E0557]: feature has been removed
[INFO] [stdout]    --> /opt/rustwide/cargo-home/registry/src/github.com-1ecc6299db9ec823/packed_simd-0.3.3/src/lib.rs:204:5
[INFO] [stdout]     |
[INFO] [stdout] 204 |     const_fn,
[INFO] [stdout]     |     ^^^^^^^^ feature has been removed
[INFO] [stdout]     |
[INFO] [stdout]     = note: split into finer-grained feature gates
[INFO] [stdout] 
[INFO] [stdout] 
[INFO] [stdout] error[E0432]: unresolved import `crate::arch::x86_64::_mm_movemask_pi8`
[INFO] [stdout]   --> /opt/rustwide/cargo-home/registry/src/github.com-1ecc6299db9ec823/packed_simd-0.3.3/src/codegen/reductions/mask/x86/sse.rs:47:21
[INFO] [stdout]    |
[INFO] [stdout] 47 |                 use crate::arch::x86_64::_mm_movemask_pi8;
[INFO] [stdout]    |                     ^^^^^^^^^^^^^^^^^^^^^----------------
[INFO] [stdout]    |                     |                    |
[INFO] [stdout]    |                     |                    help: a similar name exists in the module: `_mm_movemask_epi8`
[INFO] [stdout]    |                     no `_mm_movemask_pi8` in `arch::x86_64`
[INFO] [stdout]    | 
[INFO] [stdout]   ::: /opt/rustwide/cargo-home/registry/src/github.com-1ecc6299db9ec823/packed_simd-0.3.3/src/codegen/reductions/mask.rs:41:1
[INFO] [stdout]    |
[INFO] [stdout] 41 | impl_mask_reductions!(m8x8);
[INFO] [stdout]    | ---------------------------- in this macro invocation
[INFO] [stdout]    |
[INFO] [stdout]    = note: this error originates in the macro `x86_m8x8_sse_impl` (in Nightly builds, run with -Z macro-backtrace for more info)
[INFO] [stdout] 
[INFO] [stdout] 
[INFO] [stdout] error[E0432]: unresolved import `crate::arch::x86_64::_mm_movemask_pi8`
[INFO] [stdout]   --> /opt/rustwide/cargo-home/registry/src/github.com-1ecc6299db9ec823/packed_simd-0.3.3/src/codegen/reductions/mask/x86/sse.rs:62:21
[INFO] [stdout]    |
[INFO] [stdout] 62 |                 use crate::arch::x86_64::_mm_movemask_pi8;
[INFO] [stdout]    |                     ^^^^^^^^^^^^^^^^^^^^^----------------
[INFO] [stdout]    |                     |                    |
[INFO] [stdout]    |                     |                    help: a similar name exists in the module: `_mm_movemask_epi8`
[INFO] [stdout]    |                     no `_mm_movemask_pi8` in `arch::x86_64`
[INFO] [stdout]    | 
[INFO] [stdout]   ::: /opt/rustwide/cargo-home/registry/src/github.com-1ecc6299db9ec823/packed_simd-0.3.3/src/codegen/reductions/mask.rs:41:1
[INFO] [stdout]    |
[INFO] [stdout] 41 | impl_mask_reductions!(m8x8);
[INFO] [stdout]    | ---------------------------- in this macro invocation
[INFO] [stdout]    |
[INFO] [stdout]    = note: this error originates in the macro `x86_m8x8_sse_impl` (in Nightly builds, run with -Z macro-backtrace for more info)
[INFO] [stdout] 
[INFO] [stdout] 
[INFO] [stdout] error[E0432]: unresolved import `crate::arch::x86_64::_mm_movemask_pi8`
[INFO] [stdout]   --> /opt/rustwide/cargo-home/registry/src/github.com-1ecc6299db9ec823/packed_simd-0.3.3/src/codegen/reductions/mask/x86/sse.rs:47:21
[INFO] [stdout]    |
[INFO] [stdout] 47 |                 use crate::arch::x86_64::_mm_movemask_pi8;
[INFO] [stdout]    |                     ^^^^^^^^^^^^^^^^^^^^^----------------
[INFO] [stdout]    |                     |                    |
[INFO] [stdout]    |                     |                    help: a similar name exists in the module: `_mm_movemask_epi8`
[INFO] [stdout]    |                     no `_mm_movemask_pi8` in `arch::x86_64`
[INFO] [stdout]    | 
[INFO] [stdout]   ::: /opt/rustwide/cargo-home/registry/src/github.com-1ecc6299db9ec823/packed_simd-0.3.3/src/codegen/reductions/mask.rs:47:1
[INFO] [stdout]    |
[INFO] [stdout] 47 | impl_mask_reductions!(m16x4);
[INFO] [stdout]    | ----------------------------- in this macro invocation
[INFO] [stdout]    |
[INFO] [stdout]    = note: this error originates in the macro `x86_m8x8_sse_impl` (in Nightly builds, run with -Z macro-backtrace for more info)
[INFO] [stdout] 
[INFO] [stdout] 
[INFO] [stdout] error[E0432]: unresolved import `crate::arch::x86_64::_mm_movemask_pi8`
[INFO] [stdout]   --> /opt/rustwide/cargo-home/registry/src/github.com-1ecc6299db9ec823/packed_simd-0.3.3/src/codegen/reductions/mask/x86/sse.rs:62:21
[INFO] [stdout]    |
[INFO] [stdout] 62 |                 use crate::arch::x86_64::_mm_movemask_pi8;
[INFO] [stdout]    |                     ^^^^^^^^^^^^^^^^^^^^^----------------
[INFO] [stdout]    |                     |                    |
[INFO] [stdout]    |                     |                    help: a similar name exists in the module: `_mm_movemask_epi8`
[INFO] [stdout]    |                     no `_mm_movemask_pi8` in `arch::x86_64`
[INFO] [stdout]    | 
[INFO] [stdout]   ::: /opt/rustwide/cargo-home/registry/src/github.com-1ecc6299db9ec823/packed_simd-0.3.3/src/codegen/reductions/mask.rs:47:1
[INFO] [stdout]    |
[INFO] [stdout] 47 | impl_mask_reductions!(m16x4);
[INFO] [stdout]    | ----------------------------- in this macro invocation
[INFO] [stdout]    |
[INFO] [stdout]    = note: this error originates in the macro `x86_m8x8_sse_impl` (in Nightly builds, run with -Z macro-backtrace for more info)
[INFO] [stdout] 
[INFO] [stdout] 
[INFO] [stdout] error[E0432]: unresolved import `crate::arch::x86_64::_mm_movemask_pi8`
[INFO] [stdout]   --> /opt/rustwide/cargo-home/registry/src/github.com-1ecc6299db9ec823/packed_simd-0.3.3/src/codegen/reductions/mask/x86/sse.rs:47:21
[INFO] [stdout]    |
[INFO] [stdout] 47 |                 use crate::arch::x86_64::_mm_movemask_pi8;
[INFO] [stdout]    |                     ^^^^^^^^^^^^^^^^^^^^^----------------
[INFO] [stdout]    |                     |                    |
[INFO] [stdout]    |                     |                    help: a similar name exists in the module: `_mm_movemask_epi8`
[INFO] [stdout]    |                     no `_mm_movemask_pi8` in `arch::x86_64`
[INFO] [stdout]    | 
[INFO] [stdout]   ::: /opt/rustwide/cargo-home/registry/src/github.com-1ecc6299db9ec823/packed_simd-0.3.3/src/codegen/reductions/mask.rs:52:1
[INFO] [stdout]    |
[INFO] [stdout] 52 | impl_mask_reductions!(m32x2);
[INFO] [stdout]    | ----------------------------- in this macro invocation
[INFO] [stdout]    |
[INFO] [stdout]    = note: this error originates in the macro `x86_m8x8_sse_impl` (in Nightly builds, run with -Z macro-backtrace for more info)
[INFO] [stdout] 
[INFO] [stdout] 
[INFO] [stdout] error[E0432]: unresolved import `crate::arch::x86_64::_mm_movemask_pi8`
[INFO] [stdout]   --> /opt/rustwide/cargo-home/registry/src/github.com-1ecc6299db9ec823/packed_simd-0.3.3/src/codegen/reductions/mask/x86/sse.rs:62:21
[INFO] [stdout]    |
[INFO] [stdout] 62 |                 use crate::arch::x86_64::_mm_movemask_pi8;
[INFO] [stdout]    |                     ^^^^^^^^^^^^^^^^^^^^^----------------
[INFO] [stdout]    |                     |                    |
[INFO] [stdout]    |                     |                    help: a similar name exists in the module: `_mm_movemask_epi8`
[INFO] [stdout]    |                     no `_mm_movemask_pi8` in `arch::x86_64`
[INFO] [stdout]    | 
[INFO] [stdout]   ::: /opt/rustwide/cargo-home/registry/src/github.com-1ecc6299db9ec823/packed_simd-0.3.3/src/codegen/reductions/mask.rs:52:1
[INFO] [stdout]    |
[INFO] [stdout] 52 | impl_mask_reductions!(m32x2);
[INFO] [stdout]    | ----------------------------- in this macro invocation
[INFO] [stdout]    |
[INFO] [stdout]    = note: this error originates in the macro `x86_m8x8_sse_impl` (in Nightly builds, run with -Z macro-backtrace for more info)
[INFO] [stdout] 
[INFO] [stdout] 
[INFO] [stdout] error[E0554]: `#![feature]` may not be used on the stable release channel
[INFO] [stdout]    --> /opt/rustwide/cargo-home/registry/src/github.com-1ecc6299db9ec823/packed_simd-0.3.3/src/lib.rs:202:1
[INFO] [stdout]     |
[INFO] [stdout] 202 | / #![feature(
[INFO] [stdout] 203 | |     repr_simd,
[INFO] [stdout] 204 | |     const_fn,
[INFO] [stdout] 205 | |     platform_intrinsics,
[INFO] [stdout] ...   |
[INFO] [stdout] 215 | |     custom_inner_attributes
[INFO] [stdout] 216 | | )]
[INFO] [stdout]     | |__^
[INFO] [stdout] 
[INFO] [stdout] 
[INFO] [stdout] error: aborting due to 8 previous errors
[INFO] [stdout] 
[INFO] [stdout] 
[INFO] [stdout] Some errors have detailed explanations: E0432, E0554, E0557.
[INFO] [stdout] 
[INFO] [stdout] For more information about an error, try `rustc --explain E0432`.
[INFO] [stdout] 
[INFO] [stderr] error: could not compile `packed_simd`
[INFO] [stderr] 
[INFO] [stderr] To learn more, run the command again with --verbose.
[INFO] running `Command { std: "docker" "inspect" "dac13b55affa2a4eb5a32502322337bc900eb0bbc1630790a169a17bec6db1fd", kill_on_drop: false }`
[INFO] running `Command { std: "docker" "rm" "-f" "dac13b55affa2a4eb5a32502322337bc900eb0bbc1630790a169a17bec6db1fd", kill_on_drop: false }`
[INFO] [stdout] dac13b55affa2a4eb5a32502322337bc900eb0bbc1630790a169a17bec6db1fd
