[INFO] fetching crate yaxpeax-core 0.0.2-vw-tweaks...
[INFO] testing yaxpeax-core-0.0.2-vw-tweaks against 1.54.0 for beta-1.55-1
[INFO] extracting crate yaxpeax-core 0.0.2-vw-tweaks into /workspace/builds/worker-12/source
[INFO] validating manifest of crates.io crate yaxpeax-core 0.0.2-vw-tweaks on toolchain 1.54.0
[INFO] running `Command { std: "/workspace/cargo-home/bin/cargo" "+1.54.0" "metadata" "--manifest-path" "Cargo.toml" "--no-deps", kill_on_drop: false }`
[INFO] started tweaking crates.io crate yaxpeax-core 0.0.2-vw-tweaks
[INFO] finished tweaking crates.io crate yaxpeax-core 0.0.2-vw-tweaks
[INFO] tweaked toml for crates.io crate yaxpeax-core 0.0.2-vw-tweaks written to /workspace/builds/worker-12/source/Cargo.toml
[INFO] running `Command { std: "/workspace/cargo-home/bin/cargo" "+1.54.0" "generate-lockfile" "--manifest-path" "Cargo.toml" "-Zno-index-update", kill_on_drop: false }`
[INFO] running `Command { std: "/workspace/cargo-home/bin/cargo" "+1.54.0" "fetch" "--manifest-path" "Cargo.toml", kill_on_drop: false }`
[INFO] [stderr]     Blocking waiting for file lock on package cache
[INFO] [stderr]  Downloading crates ...
[INFO] [stderr]   Downloaded nix v0.12.1
[INFO] [stderr]   Downloaded proc-maps v0.1.8
[INFO] [stderr]   Downloaded yaxpeax-arm v0.0.4
[INFO] [stderr]   Downloaded yaxpeax-msp430 v0.0.5
[INFO] [stderr]   Downloaded yaxpeax-pic17 v0.0.3
[INFO] [stderr]   Downloaded yaxpeax-pic18 v0.0.3
[INFO] [stderr]   Downloaded yaxpeax-arch v0.0.4
[INFO] [stderr]   Downloaded yaxpeax-x86 v0.2.0
[INFO] [stderr]   Downloaded goblin v0.0.20
[INFO] running `Command { std: "docker" "create" "-v" "/var/lib/crater-agent-workspace/builds/worker-12/target:/opt/rustwide/target:rw,Z" "-v" "/var/lib/crater-agent-workspace/builds/worker-12/source:/opt/rustwide/workdir:ro,Z" "-v" "/var/lib/crater-agent-workspace/cargo-home:/opt/rustwide/cargo-home:ro,Z" "-v" "/var/lib/crater-agent-workspace/rustup-home:/opt/rustwide/rustup-home:ro,Z" "-e" "SOURCE_DIR=/opt/rustwide/workdir" "-e" "CARGO_TARGET_DIR=/opt/rustwide/target" "-e" "CARGO_HOME=/opt/rustwide/cargo-home" "-e" "RUSTUP_HOME=/opt/rustwide/rustup-home" "-w" "/opt/rustwide/workdir" "-m" "1610612736" "--user" "0:0" "--network" "none" "ghcr.io/rust-lang/crates-build-env/linux@sha256:34b6a614d2c27851fe6cbf88fbd1137609cefab8b10d0615aaeb6fd47975d74e" "/opt/rustwide/cargo-home/bin/cargo" "+1.54.0" "metadata" "--no-deps" "--format-version=1", kill_on_drop: false }`
[INFO] [stdout] 47c4188398dba0d7bb05b78b4de2c932526db24eaf2881bcfb1860596968c817
[INFO] [stderr] WARNING: Your kernel does not support swap limit capabilities or the cgroup is not mounted. Memory limited without swap.
[INFO] running `Command { std: "docker" "start" "-a" "47c4188398dba0d7bb05b78b4de2c932526db24eaf2881bcfb1860596968c817", kill_on_drop: false }`
[INFO] running `Command { std: "docker" "inspect" "47c4188398dba0d7bb05b78b4de2c932526db24eaf2881bcfb1860596968c817", kill_on_drop: false }`
[INFO] running `Command { std: "docker" "rm" "-f" "47c4188398dba0d7bb05b78b4de2c932526db24eaf2881bcfb1860596968c817", kill_on_drop: false }`
[INFO] [stdout] 47c4188398dba0d7bb05b78b4de2c932526db24eaf2881bcfb1860596968c817
[INFO] running `Command { std: "docker" "create" "-v" "/var/lib/crater-agent-workspace/builds/worker-12/target:/opt/rustwide/target:rw,Z" "-v" "/var/lib/crater-agent-workspace/builds/worker-12/source:/opt/rustwide/workdir:ro,Z" "-v" "/var/lib/crater-agent-workspace/cargo-home:/opt/rustwide/cargo-home:ro,Z" "-v" "/var/lib/crater-agent-workspace/rustup-home:/opt/rustwide/rustup-home:ro,Z" "-e" "SOURCE_DIR=/opt/rustwide/workdir" "-e" "CARGO_TARGET_DIR=/opt/rustwide/target" "-e" "CARGO_INCREMENTAL=0" "-e" "RUST_BACKTRACE=full" "-e" "RUSTFLAGS=--cap-lints=warn" "-e" "CARGO_HOME=/opt/rustwide/cargo-home" "-e" "RUSTUP_HOME=/opt/rustwide/rustup-home" "-w" "/opt/rustwide/workdir" "-m" "1610612736" "--user" "0:0" "--network" "none" "ghcr.io/rust-lang/crates-build-env/linux@sha256:34b6a614d2c27851fe6cbf88fbd1137609cefab8b10d0615aaeb6fd47975d74e" "/opt/rustwide/cargo-home/bin/cargo" "+1.54.0" "build" "--frozen" "--message-format=json", kill_on_drop: false }`
[INFO] [stdout] cd30bc09784ead244f2d5fc5447b18af28ee1dd3a1def980333629c43de00578
[INFO] [stderr] WARNING: Your kernel does not support swap limit capabilities or the cgroup is not mounted. Memory limited without swap.
[INFO] running `Command { std: "docker" "start" "-a" "cd30bc09784ead244f2d5fc5447b18af28ee1dd3a1def980333629c43de00578", kill_on_drop: false }`
[INFO] [stderr]    Compiling serde v1.0.127
[INFO] [stderr]    Compiling nix v0.12.1
[INFO] [stderr]    Compiling yaxpeax-x86 v0.2.0
[INFO] [stderr]    Compiling plain v0.2.3
[INFO] [stderr]    Compiling termion v1.5.6
[INFO] [stderr]    Compiling proc-maps v0.1.8
[INFO] [stderr]    Compiling scroll v0.9.2
[INFO] [stderr]    Compiling scroll_derive v0.9.5
[INFO] [stderr]    Compiling tracing v0.1.26
[INFO] [stderr]    Compiling goblin v0.0.20
[INFO] [stderr]    Compiling yaxpeax-arch v0.0.4
[INFO] [stderr]    Compiling serde_json v1.0.66
[INFO] [stderr]    Compiling yaxpeax-pic17 v0.0.3
[INFO] [stderr]    Compiling yaxpeax-msp430 v0.0.5
[INFO] [stderr]    Compiling yaxpeax-pic18 v0.0.3
[INFO] [stderr]    Compiling yaxpeax-arm v0.0.4
[INFO] [stderr]    Compiling yaxpeax-core v0.0.2-vw-tweaks (/opt/rustwide/workdir)
[INFO] [stderr]     Finished dev [unoptimized + debuginfo] target(s) in 41.41s
[INFO] running `Command { std: "docker" "inspect" "cd30bc09784ead244f2d5fc5447b18af28ee1dd3a1def980333629c43de00578", kill_on_drop: false }`
[INFO] running `Command { std: "docker" "rm" "-f" "cd30bc09784ead244f2d5fc5447b18af28ee1dd3a1def980333629c43de00578", kill_on_drop: false }`
[INFO] [stdout] cd30bc09784ead244f2d5fc5447b18af28ee1dd3a1def980333629c43de00578
[INFO] running `Command { std: "docker" "create" "-v" "/var/lib/crater-agent-workspace/builds/worker-12/target:/opt/rustwide/target:rw,Z" "-v" "/var/lib/crater-agent-workspace/builds/worker-12/source:/opt/rustwide/workdir:ro,Z" "-v" "/var/lib/crater-agent-workspace/cargo-home:/opt/rustwide/cargo-home:ro,Z" "-v" "/var/lib/crater-agent-workspace/rustup-home:/opt/rustwide/rustup-home:ro,Z" "-e" "SOURCE_DIR=/opt/rustwide/workdir" "-e" "CARGO_TARGET_DIR=/opt/rustwide/target" "-e" "CARGO_INCREMENTAL=0" "-e" "RUST_BACKTRACE=full" "-e" "RUSTFLAGS=--cap-lints=warn" "-e" "CARGO_HOME=/opt/rustwide/cargo-home" "-e" "RUSTUP_HOME=/opt/rustwide/rustup-home" "-w" "/opt/rustwide/workdir" "-m" "1610612736" "--user" "0:0" "--network" "none" "ghcr.io/rust-lang/crates-build-env/linux@sha256:34b6a614d2c27851fe6cbf88fbd1137609cefab8b10d0615aaeb6fd47975d74e" "/opt/rustwide/cargo-home/bin/cargo" "+1.54.0" "test" "--frozen" "--no-run" "--message-format=json", kill_on_drop: false }`
[INFO] [stdout] 6245be681a4576d09caf0a087f452617292f422ff7467f1fcda229bb451defe6
[INFO] [stderr] WARNING: Your kernel does not support swap limit capabilities or the cgroup is not mounted. Memory limited without swap.
[INFO] running `Command { std: "docker" "start" "-a" "6245be681a4576d09caf0a087f452617292f422ff7467f1fcda229bb451defe6", kill_on_drop: false }`
[INFO] [stderr]    Compiling yaxpeax-core v0.0.2-vw-tweaks (/opt/rustwide/workdir)
[INFO] [stdout] error[E0758]: unterminated block comment
[INFO] [stdout]    --> tests/semantics/arch/x86_64/mod.rs:144:1
[INFO] [stdout]     |
[INFO] [stdout] 144 | / /* and one more from /bin/bash: 
[INFO] [stdout] 145 | |  *
[INFO] [stdout] 146 | |  *  // this is a hashing loop, ebp *= 0x1000193; rcx += 1; ebp ^= eax; eax = *rcx; eax != 0? loop
[INFO] [stdout] 147 | |     // rcx is an iterator starting at ptr
[INFO] [stdout] ...   |
[INFO] [stdout] 155 | |         0xc3
[INFO] [stdout] 156 | |     ];
[INFO] [stdout]     | |_______^
[INFO] [stdout] 
[INFO] [stdout] 
[INFO] [stdout] error: aborting due to previous error
[INFO] [stdout] 
[INFO] [stdout] 
[INFO] [stdout] For more information about this error, try `rustc --explain E0758`.
[INFO] [stdout] 
[INFO] [stderr] error: could not compile `yaxpeax-core`
[INFO] [stderr] 
[INFO] [stderr] To learn more, run the command again with --verbose.
[INFO] [stderr] warning: build failed, waiting for other jobs to finish...
[INFO] [stdout] error[E0433]: failed to resolve: use of undeclared type `AddressDiff`
[INFO] [stdout]   --> src/arch/x86_64/analyses/control_flow.rs:64:40
[INFO] [stdout]    |
[INFO] [stdout] 64 |         control_flow::Target::Relative(AddressDiff::from_const(0x12345678))
[INFO] [stdout]    |                                        ^^^^^^^^^^^ not found in this scope
[INFO] [stdout]    |
[INFO] [stdout] help: consider importing this struct
[INFO] [stdout]    |
[INFO] [stdout] 1  | use arch::AddressDiff;
[INFO] [stdout]    |
[INFO] [stdout] 
[INFO] [stdout] 
[INFO] [stdout] error[E0433]: failed to resolve: use of undeclared type `AddressDiff`
[INFO] [stdout]   --> src/arch/x86_64/analyses/control_flow.rs:72:40
[INFO] [stdout]    |
[INFO] [stdout] 72 |         control_flow::Target::Relative(AddressDiff::from_const(0x14))
[INFO] [stdout]    |                                        ^^^^^^^^^^^ not found in this scope
[INFO] [stdout]    |
[INFO] [stdout] help: consider importing this struct
[INFO] [stdout]    |
[INFO] [stdout] 1  | use arch::AddressDiff;
[INFO] [stdout]    |
[INFO] [stdout] 
[INFO] [stdout] 
[INFO] [stdout] error: aborting due to 2 previous errors
[INFO] [stdout] 
[INFO] [stdout] 
[INFO] [stdout] For more information about this error, try `rustc --explain E0433`.
[INFO] [stdout] 
[INFO] [stderr] error: build failed
[INFO] running `Command { std: "docker" "inspect" "6245be681a4576d09caf0a087f452617292f422ff7467f1fcda229bb451defe6", kill_on_drop: false }`
[INFO] running `Command { std: "docker" "rm" "-f" "6245be681a4576d09caf0a087f452617292f422ff7467f1fcda229bb451defe6", kill_on_drop: false }`
[INFO] [stdout] 6245be681a4576d09caf0a087f452617292f422ff7467f1fcda229bb451defe6
