[INFO] fetching crate xladd-util 0.1.0...
[INFO] testing xladd-util-0.1.0 against beta-2021-08-01 for beta-1.55-1
[INFO] extracting crate xladd-util 0.1.0 into /workspace/builds/worker-0/source
[INFO] validating manifest of crates.io crate xladd-util 0.1.0 on toolchain beta-2021-08-01
[INFO] running `Command { std: "/workspace/cargo-home/bin/cargo" "+beta-2021-08-01" "metadata" "--manifest-path" "Cargo.toml" "--no-deps", kill_on_drop: false }`
[INFO] started tweaking crates.io crate xladd-util 0.1.0
[INFO] finished tweaking crates.io crate xladd-util 0.1.0
[INFO] tweaked toml for crates.io crate xladd-util 0.1.0 written to /workspace/builds/worker-0/source/Cargo.toml
[INFO] running `Command { std: "/workspace/cargo-home/bin/cargo" "+beta-2021-08-01" "generate-lockfile" "--manifest-path" "Cargo.toml" "-Zno-index-update", kill_on_drop: false }`
[INFO] running `Command { std: "/workspace/cargo-home/bin/cargo" "+beta-2021-08-01" "fetch" "--manifest-path" "Cargo.toml", kill_on_drop: false }`
[INFO] [stderr]  Downloading crates ...
[INFO] [stderr]   Downloaded xladd v0.1.2
[INFO] running `Command { std: "docker" "create" "-v" "/var/lib/crater-agent-workspace/builds/worker-0/target:/opt/rustwide/target:rw,Z" "-v" "/var/lib/crater-agent-workspace/builds/worker-0/source:/opt/rustwide/workdir:ro,Z" "-v" "/var/lib/crater-agent-workspace/cargo-home:/opt/rustwide/cargo-home:ro,Z" "-v" "/var/lib/crater-agent-workspace/rustup-home:/opt/rustwide/rustup-home:ro,Z" "-e" "SOURCE_DIR=/opt/rustwide/workdir" "-e" "CARGO_TARGET_DIR=/opt/rustwide/target" "-e" "CARGO_HOME=/opt/rustwide/cargo-home" "-e" "RUSTUP_HOME=/opt/rustwide/rustup-home" "-w" "/opt/rustwide/workdir" "-m" "1610612736" "--user" "0:0" "--network" "none" "ghcr.io/rust-lang/crates-build-env/linux@sha256:34b6a614d2c27851fe6cbf88fbd1137609cefab8b10d0615aaeb6fd47975d74e" "/opt/rustwide/cargo-home/bin/cargo" "+beta-2021-08-01" "metadata" "--no-deps" "--format-version=1", kill_on_drop: false }`
[INFO] [stderr] WARNING: Your kernel does not support swap limit capabilities or the cgroup is not mounted. Memory limited without swap.
[INFO] [stdout] 403ba1355df6d797b4a9b594745ecdbdf27be62ab4a4b5246bf2be08d719ab3f
[INFO] running `Command { std: "docker" "start" "-a" "403ba1355df6d797b4a9b594745ecdbdf27be62ab4a4b5246bf2be08d719ab3f", kill_on_drop: false }`
[INFO] running `Command { std: "docker" "inspect" "403ba1355df6d797b4a9b594745ecdbdf27be62ab4a4b5246bf2be08d719ab3f", kill_on_drop: false }`
[INFO] running `Command { std: "docker" "rm" "-f" "403ba1355df6d797b4a9b594745ecdbdf27be62ab4a4b5246bf2be08d719ab3f", kill_on_drop: false }`
[INFO] [stdout] 403ba1355df6d797b4a9b594745ecdbdf27be62ab4a4b5246bf2be08d719ab3f
[INFO] running `Command { std: "docker" "create" "-v" "/var/lib/crater-agent-workspace/builds/worker-0/target:/opt/rustwide/target:rw,Z" "-v" "/var/lib/crater-agent-workspace/builds/worker-0/source:/opt/rustwide/workdir:ro,Z" "-v" "/var/lib/crater-agent-workspace/cargo-home:/opt/rustwide/cargo-home:ro,Z" "-v" "/var/lib/crater-agent-workspace/rustup-home:/opt/rustwide/rustup-home:ro,Z" "-e" "SOURCE_DIR=/opt/rustwide/workdir" "-e" "CARGO_TARGET_DIR=/opt/rustwide/target" "-e" "CARGO_INCREMENTAL=0" "-e" "RUST_BACKTRACE=full" "-e" "RUSTFLAGS=--cap-lints=warn" "-e" "CARGO_HOME=/opt/rustwide/cargo-home" "-e" "RUSTUP_HOME=/opt/rustwide/rustup-home" "-w" "/opt/rustwide/workdir" "-m" "1610612736" "--user" "0:0" "--network" "none" "ghcr.io/rust-lang/crates-build-env/linux@sha256:34b6a614d2c27851fe6cbf88fbd1137609cefab8b10d0615aaeb6fd47975d74e" "/opt/rustwide/cargo-home/bin/cargo" "+beta-2021-08-01" "build" "--frozen" "--message-format=json", kill_on_drop: false }`
[INFO] [stdout] e5595b1f90251dd138aef53cabea07de36eaab3cec8578ba4a34a9d481222ba3
[INFO] [stderr] WARNING: Your kernel does not support swap limit capabilities or the cgroup is not mounted. Memory limited without swap.
[INFO] running `Command { std: "docker" "start" "-a" "e5595b1f90251dd138aef53cabea07de36eaab3cec8578ba4a34a9d481222ba3", kill_on_drop: false }`
[INFO] [stderr]     Blocking waiting for file lock on package cache
[INFO] [stderr]     Blocking waiting for file lock on package cache
[INFO] [stderr]    Compiling winapi v0.3.9
[INFO] [stderr]    Compiling widestring v0.4.3
[INFO] [stderr]    Compiling xladd v0.1.2
[INFO] [stdout] error[E0433]: failed to resolve: could not find `um` in `winapi`
[INFO] [stdout]  --> /opt/rustwide/cargo-home/registry/src/github.com-1ecc6299db9ec823/xladd-0.1.2/src/entrypoint.rs:9:13
[INFO] [stdout]   |
[INFO] [stdout] 9 | use winapi::um::libloaderapi::{GetModuleHandleW, GetProcAddress};
[INFO] [stdout]   |             ^^ could not find `um` in `winapi`
[INFO] [stdout] 
[INFO] [stdout] 
[INFO] [stdout] error[E0433]: failed to resolve: could not find `shared` in `winapi`
[INFO] [stdout]   --> /opt/rustwide/cargo-home/registry/src/github.com-1ecc6299db9ec823/xladd-0.1.2/src/entrypoint.rs:10:13
[INFO] [stdout]    |
[INFO] [stdout] 10 | use winapi::shared::minwindef::HMODULE;
[INFO] [stdout]    |             ^^^^^^ could not find `shared` in `winapi`
[INFO] [stdout] 
[INFO] [stdout] 
[INFO] [stdout] error[E0433]: failed to resolve: could not find `um` in `winapi`
[INFO] [stdout]  --> /opt/rustwide/cargo-home/registry/src/github.com-1ecc6299db9ec823/xladd-0.1.2/src/registrator.rs:5:13
[INFO] [stdout]   |
[INFO] [stdout] 5 | use winapi::um::debugapi::OutputDebugStringA;
[INFO] [stdout]   |             ^^ could not find `um` in `winapi`
[INFO] [stdout] 
[INFO] [stdout] 
[INFO] [stdout] error[E0412]: cannot find type `HMODULE` in this scope
[INFO] [stdout]   --> /opt/rustwide/cargo-home/registry/src/github.com-1ecc6299db9ec823/xladd-0.1.2/src/entrypoint.rs:24:28
[INFO] [stdout]    |
[INFO] [stdout] 24 | static mut XLCALL_HMODULE: HMODULE = ptr::null_mut();
[INFO] [stdout]    |                            ^^^^^^^ not found in this scope
[INFO] [stdout] 
[INFO] [stdout] 
[INFO] [stdout] error[E0425]: cannot find function, tuple struct or tuple variant `GetModuleHandleW` in this scope
[INFO] [stdout]   --> /opt/rustwide/cargo-home/registry/src/github.com-1ecc6299db9ec823/xladd-0.1.2/src/entrypoint.rs:57:30
[INFO] [stdout]    |
[INFO] [stdout] 57 |             XLCALL_HMODULE = GetModuleHandleW(wcstr.as_ptr());
[INFO] [stdout]    |                              ^^^^^^^^^^^^^^^^ not found in this scope
[INFO] [stdout] 
[INFO] [stdout] 
[INFO] [stdout] error[E0425]: cannot find function, tuple struct or tuple variant `GetProcAddress` in this scope
[INFO] [stdout]   --> /opt/rustwide/cargo-home/registry/src/github.com-1ecc6299db9ec823/xladd-0.1.2/src/entrypoint.rs:60:39
[INFO] [stdout]    |
[INFO] [stdout] 60 |                 let entry_pt: usize = GetProcAddress(XLCALL_HMODULE, cstr.as_ptr()) as usize;
[INFO] [stdout]    |                                       ^^^^^^^^^^^^^^ not found in this scope
[INFO] [stdout] 
[INFO] [stdout] 
[INFO] [stdout] error[E0425]: cannot find function, tuple struct or tuple variant `GetModuleHandleW` in this scope
[INFO] [stdout]   --> /opt/rustwide/cargo-home/registry/src/github.com-1ecc6299db9ec823/xladd-0.1.2/src/entrypoint.rs:68:30
[INFO] [stdout]    |
[INFO] [stdout] 68 |             XLCALL_HMODULE = GetModuleHandleW(ptr::null());
[INFO] [stdout]    |                              ^^^^^^^^^^^^^^^^ not found in this scope
[INFO] [stdout] 
[INFO] [stdout] 
[INFO] [stdout] error[E0425]: cannot find function, tuple struct or tuple variant `GetProcAddress` in this scope
[INFO] [stdout]   --> /opt/rustwide/cargo-home/registry/src/github.com-1ecc6299db9ec823/xladd-0.1.2/src/entrypoint.rs:72:28
[INFO] [stdout]    |
[INFO] [stdout] 72 |                 PEXCEL12 = GetProcAddress(XLCALL_HMODULE, cstr.as_ptr()) as usize;
[INFO] [stdout]    |                            ^^^^^^^^^^^^^^ not found in this scope
[INFO] [stdout] 
[INFO] [stdout] 
[INFO] [stdout] error[E0425]: cannot find function, tuple struct or tuple variant `OutputDebugStringA` in this scope
[INFO] [stdout]   --> /opt/rustwide/cargo-home/registry/src/github.com-1ecc6299db9ec823/xladd-0.1.2/src/registrator.rs:96:14
[INFO] [stdout]    |
[INFO] [stdout] 96 |     unsafe { OutputDebugStringA(cstr.as_ptr()) };
[INFO] [stdout]    |              ^^^^^^^^^^^^^^^^^^ not found in this scope
[INFO] [stdout] 
[INFO] [stdout] 
[INFO] [stdout] error: aborting due to 9 previous errors
[INFO] [stdout] 
[INFO] [stdout] 
[INFO] [stdout] Some errors have detailed explanations: E0412, E0425, E0433.
[INFO] [stdout] 
[INFO] [stdout] For more information about an error, try `rustc --explain E0412`.
[INFO] [stdout] 
[INFO] [stderr] error: could not compile `xladd` due to 10 previous errors
[INFO] running `Command { std: "docker" "inspect" "e5595b1f90251dd138aef53cabea07de36eaab3cec8578ba4a34a9d481222ba3", kill_on_drop: false }`
[INFO] running `Command { std: "docker" "rm" "-f" "e5595b1f90251dd138aef53cabea07de36eaab3cec8578ba4a34a9d481222ba3", kill_on_drop: false }`
[INFO] [stdout] e5595b1f90251dd138aef53cabea07de36eaab3cec8578ba4a34a9d481222ba3
