[INFO] fetching crate xaynet-sdk 0.1.0...
[INFO] testing xaynet-sdk-0.1.0 against beta-2021-08-01 for beta-1.55-1
[INFO] extracting crate xaynet-sdk 0.1.0 into /workspace/builds/worker-5/source
[INFO] validating manifest of crates.io crate xaynet-sdk 0.1.0 on toolchain beta-2021-08-01
[INFO] running `Command { std: "/workspace/cargo-home/bin/cargo" "+beta-2021-08-01" "metadata" "--manifest-path" "Cargo.toml" "--no-deps", kill_on_drop: false }`
[INFO] started tweaking crates.io crate xaynet-sdk 0.1.0
[INFO] finished tweaking crates.io crate xaynet-sdk 0.1.0
[INFO] tweaked toml for crates.io crate xaynet-sdk 0.1.0 written to /workspace/builds/worker-5/source/Cargo.toml
[INFO] running `Command { std: "/workspace/cargo-home/bin/cargo" "+beta-2021-08-01" "generate-lockfile" "--manifest-path" "Cargo.toml" "-Zno-index-update", kill_on_drop: false }`
[INFO] running `Command { std: "/workspace/cargo-home/bin/cargo" "+beta-2021-08-01" "fetch" "--manifest-path" "Cargo.toml", kill_on_drop: false }`
[INFO] [stderr]  Downloading crates ...
[INFO] [stderr]   Downloaded mockall_derive v0.9.1
[INFO] [stderr]   Downloaded mockall v0.9.1
[INFO] running `Command { std: "docker" "create" "-v" "/var/lib/crater-agent-workspace/builds/worker-5/target:/opt/rustwide/target:rw,Z" "-v" "/var/lib/crater-agent-workspace/builds/worker-5/source:/opt/rustwide/workdir:ro,Z" "-v" "/var/lib/crater-agent-workspace/cargo-home:/opt/rustwide/cargo-home:ro,Z" "-v" "/var/lib/crater-agent-workspace/rustup-home:/opt/rustwide/rustup-home:ro,Z" "-e" "SOURCE_DIR=/opt/rustwide/workdir" "-e" "CARGO_TARGET_DIR=/opt/rustwide/target" "-e" "CARGO_HOME=/opt/rustwide/cargo-home" "-e" "RUSTUP_HOME=/opt/rustwide/rustup-home" "-w" "/opt/rustwide/workdir" "-m" "1610612736" "--user" "0:0" "--network" "none" "ghcr.io/rust-lang/crates-build-env/linux@sha256:34b6a614d2c27851fe6cbf88fbd1137609cefab8b10d0615aaeb6fd47975d74e" "/opt/rustwide/cargo-home/bin/cargo" "+beta-2021-08-01" "metadata" "--no-deps" "--format-version=1", kill_on_drop: false }`
[INFO] [stdout] 6fc24e42e4bb85c18d86420928810d22fd92296a7c2506b05689c4bf1390860e
[INFO] [stderr] WARNING: Your kernel does not support swap limit capabilities or the cgroup is not mounted. Memory limited without swap.
[INFO] running `Command { std: "docker" "start" "-a" "6fc24e42e4bb85c18d86420928810d22fd92296a7c2506b05689c4bf1390860e", kill_on_drop: false }`
[INFO] running `Command { std: "docker" "inspect" "6fc24e42e4bb85c18d86420928810d22fd92296a7c2506b05689c4bf1390860e", kill_on_drop: false }`
[INFO] running `Command { std: "docker" "rm" "-f" "6fc24e42e4bb85c18d86420928810d22fd92296a7c2506b05689c4bf1390860e", kill_on_drop: false }`
[INFO] [stdout] 6fc24e42e4bb85c18d86420928810d22fd92296a7c2506b05689c4bf1390860e
[INFO] running `Command { std: "docker" "create" "-v" "/var/lib/crater-agent-workspace/builds/worker-5/target:/opt/rustwide/target:rw,Z" "-v" "/var/lib/crater-agent-workspace/builds/worker-5/source:/opt/rustwide/workdir:ro,Z" "-v" "/var/lib/crater-agent-workspace/cargo-home:/opt/rustwide/cargo-home:ro,Z" "-v" "/var/lib/crater-agent-workspace/rustup-home:/opt/rustwide/rustup-home:ro,Z" "-e" "SOURCE_DIR=/opt/rustwide/workdir" "-e" "CARGO_TARGET_DIR=/opt/rustwide/target" "-e" "CARGO_INCREMENTAL=0" "-e" "RUST_BACKTRACE=full" "-e" "RUSTFLAGS=--cap-lints=warn" "-e" "CARGO_HOME=/opt/rustwide/cargo-home" "-e" "RUSTUP_HOME=/opt/rustwide/rustup-home" "-w" "/opt/rustwide/workdir" "-m" "1610612736" "--user" "0:0" "--network" "none" "ghcr.io/rust-lang/crates-build-env/linux@sha256:34b6a614d2c27851fe6cbf88fbd1137609cefab8b10d0615aaeb6fd47975d74e" "/opt/rustwide/cargo-home/bin/cargo" "+beta-2021-08-01" "build" "--frozen" "--message-format=json", kill_on_drop: false }`
[INFO] [stdout] 964e0c19c36eef53f35070f9ee811b1c1705c8fa46aa51b7f3aa51403539f1c9
[INFO] [stderr] WARNING: Your kernel does not support swap limit capabilities or the cgroup is not mounted. Memory limited without swap.
[INFO] running `Command { std: "docker" "start" "-a" "964e0c19c36eef53f35070f9ee811b1c1705c8fa46aa51b7f3aa51403539f1c9", kill_on_drop: false }`
[INFO] [stderr]     Blocking waiting for file lock on package cache
[INFO] [stderr]     Blocking waiting for file lock on package cache
[INFO] [stderr]    Compiling signature v1.3.1
[INFO] [stderr]    Compiling num-bigint v0.3.2
[INFO] [stderr]    Compiling num-rational v0.3.2
[INFO] [stderr]    Compiling libsodium-sys v0.2.7
[INFO] [stderr]    Compiling getrandom v0.2.3
[INFO] [stderr]    Compiling serde_derive v1.0.127
[INFO] [stderr]    Compiling thiserror-impl v1.0.26
[INFO] [stderr]    Compiling tokio-macros v0.2.6
[INFO] [stderr]    Compiling derive_more v0.99.16
[INFO] [stderr]    Compiling async-trait v0.1.51
[INFO] [stderr]    Compiling futures-util v0.3.16
[INFO] [stderr]    Compiling ed25519 v1.2.0
[INFO] [stderr]    Compiling rand_core v0.6.3
[INFO] [stderr]    Compiling rand_chacha v0.3.1
[INFO] [stderr]    Compiling rand v0.8.4
[INFO] [stderr]    Compiling tokio v0.2.25
[INFO] [stderr]    Compiling thiserror v1.0.26
[INFO] [stderr]    Compiling futures-executor v0.3.16
[INFO] [stderr]    Compiling futures v0.3.16
[INFO] [stderr]    Compiling serde v1.0.127
[INFO] [stderr]    Compiling num-complex v0.3.1
[INFO] [stderr]    Compiling bincode v1.3.3
[INFO] [stderr]    Compiling num v0.3.1
[INFO] [stderr]    Compiling sodiumoxide v0.2.7
[INFO] [stderr]    Compiling xaynet-core v0.2.0
[INFO] [stdout] error[E0423]: cannot initialize a tuple struct which contains private fields
[INFO] [stdout]    --> /opt/rustwide/cargo-home/registry/src/github.com-1ecc6299db9ec823/xaynet-core-0.2.0/src/crypto/sign.rs:145:14
[INFO] [stdout]     |
[INFO] [stdout] 145 |         Self(sign::Signature([0_u8; sign::SIGNATUREBYTES]))
[INFO] [stdout]     |              ^^^^^^^^^^^^^^^
[INFO] [stdout]     |
[INFO] [stdout] note: constructor is not visible here due to private fields
[INFO] [stdout]    --> /opt/rustwide/cargo-home/registry/src/github.com-1ecc6299db9ec823/ed25519-1.2.0/src/lib.rs:297:22
[INFO] [stdout]     |
[INFO] [stdout] 297 | pub struct Signature([u8; SIGNATURE_LENGTH]);
[INFO] [stdout]     |                      ^^^^^^^^^^^^^^^^^^^^^^ private field
[INFO] [stdout] 
[INFO] [stdout] 
[INFO] [stdout] error[E0277]: the trait bound `sodiumoxide::crypto::sign::Signature: Serialize` is not satisfied
[INFO] [stdout]    --> /opt/rustwide/cargo-home/registry/src/github.com-1ecc6299db9ec823/xaynet-core-0.2.0/src/crypto/sign.rs:139:22
[INFO] [stdout]     |
[INFO] [stdout] 139 | pub struct Signature(sign::Signature);
[INFO] [stdout]     |                      ^^^^ the trait `Serialize` is not implemented for `sodiumoxide::crypto::sign::Signature`
[INFO] [stdout]     |
[INFO] [stdout] note: required by `serialize_newtype_struct`
[INFO] [stdout]    --> /opt/rustwide/cargo-home/registry/src/github.com-1ecc6299db9ec823/serde-1.0.127/src/ser/mod.rs:898:5
[INFO] [stdout]     |
[INFO] [stdout] 898 | /     fn serialize_newtype_struct<T: ?Sized>(
[INFO] [stdout] 899 | |         self,
[INFO] [stdout] 900 | |         name: &'static str,
[INFO] [stdout] 901 | |         value: &T,
[INFO] [stdout] 902 | |     ) -> Result<Self::Ok, Self::Error>
[INFO] [stdout] 903 | |     where
[INFO] [stdout] 904 | |         T: Serialize;
[INFO] [stdout]     | |_____________________^
[INFO] [stdout] 
[INFO] [stdout] 
[INFO] [stdout] error[E0277]: the trait bound `sodiumoxide::crypto::sign::Signature: Deserialize<'_>` is not satisfied
[INFO] [stdout]    --> /opt/rustwide/cargo-home/registry/src/github.com-1ecc6299db9ec823/xaynet-core-0.2.0/src/crypto/sign.rs:139:22
[INFO] [stdout]     |
[INFO] [stdout] 139 | pub struct Signature(sign::Signature);
[INFO] [stdout]     |                      ^^^^ the trait `Deserialize<'_>` is not implemented for `sodiumoxide::crypto::sign::Signature`
[INFO] [stdout]     | 
[INFO] [stdout]    ::: /opt/rustwide/cargo-home/registry/src/github.com-1ecc6299db9ec823/serde-1.0.127/src/de/mod.rs:539:12
[INFO] [stdout]     |
[INFO] [stdout] 539 |         D: Deserializer<'de>;
[INFO] [stdout]     |            ----------------- required by this bound in `common::_::_serde::Deserialize::deserialize`
[INFO] [stdout] 
[INFO] [stdout] 
[INFO] [stdout] error[E0277]: the trait bound `sodiumoxide::crypto::sign::Signature: Deserialize<'_>` is not satisfied
[INFO] [stdout]     --> /opt/rustwide/cargo-home/registry/src/github.com-1ecc6299db9ec823/xaynet-core-0.2.0/src/crypto/sign.rs:139:22
[INFO] [stdout]      |
[INFO] [stdout] 139  | pub struct Signature(sign::Signature);
[INFO] [stdout]      |                      ^^^^ the trait `Deserialize<'_>` is not implemented for `sodiumoxide::crypto::sign::Signature`
[INFO] [stdout]      |
[INFO] [stdout] note: required by `next_element`
[INFO] [stdout]     --> /opt/rustwide/cargo-home/registry/src/github.com-1ecc6299db9ec823/serde-1.0.127/src/de/mod.rs:1703:5
[INFO] [stdout]      |
[INFO] [stdout] 1703 | /     fn next_element<T>(&mut self) -> Result<Option<T>, Self::Error>
[INFO] [stdout] 1704 | |     where
[INFO] [stdout] 1705 | |         T: Deserialize<'de>,
[INFO] [stdout]      | |____________________________^
[INFO] [stdout] 
[INFO] [stdout] 
[INFO] [stdout] error[E0277]: the trait bound `sodiumoxide::crypto::sign::Signature: Hash` is not satisfied
[INFO] [stdout]    --> /opt/rustwide/cargo-home/registry/src/github.com-1ecc6299db9ec823/xaynet-core-0.2.0/src/crypto/sign.rs:139:22
[INFO] [stdout]     |
[INFO] [stdout] 129 |     Hash,
[INFO] [stdout]     |     ---- in this derive macro expansion
[INFO] [stdout] ...
[INFO] [stdout] 139 | pub struct Signature(sign::Signature);
[INFO] [stdout]     |                      ^^^^^^^^^^^^^^^ the trait `Hash` is not implemented for `sodiumoxide::crypto::sign::Signature`
[INFO] [stdout]     |
[INFO] [stdout]     = note: this error originates in the derive macro `Hash` (in Nightly builds, run with -Z macro-backtrace for more info)
[INFO] [stdout] 
[INFO] [stdout] 
[INFO] [stdout] error[E0277]: the trait bound `sodiumoxide::crypto::sign::Signature: Ord` is not satisfied
[INFO] [stdout]    --> /opt/rustwide/cargo-home/registry/src/github.com-1ecc6299db9ec823/xaynet-core-0.2.0/src/crypto/sign.rs:139:22
[INFO] [stdout]     |
[INFO] [stdout] 131 |     Ord,
[INFO] [stdout]     |     --- in this derive macro expansion
[INFO] [stdout] ...
[INFO] [stdout] 139 | pub struct Signature(sign::Signature);
[INFO] [stdout]     |                      ^^^^^^^^^^^^^^^ the trait `Ord` is not implemented for `sodiumoxide::crypto::sign::Signature`
[INFO] [stdout]     |
[INFO] [stdout] note: required by `std::cmp::Ord::cmp`
[INFO] [stdout]     = note: this error originates in the derive macro `Ord` (in Nightly builds, run with -Z macro-backtrace for more info)
[INFO] [stdout] 
[INFO] [stdout] 
[INFO] [stdout] error[E0277]: can't compare `sodiumoxide::crypto::sign::Signature` with `sodiumoxide::crypto::sign::Signature`
[INFO] [stdout]     --> /opt/rustwide/cargo-home/registry/src/github.com-1ecc6299db9ec823/xaynet-core-0.2.0/src/crypto/sign.rs:139:22
[INFO] [stdout]      |
[INFO] [stdout] 135  |     PartialOrd,
[INFO] [stdout]      |     ---------- in this derive macro expansion
[INFO] [stdout] ...
[INFO] [stdout] 139  | pub struct Signature(sign::Signature);
[INFO] [stdout]      |                      ^^^^^^^^^^^^^^^ no implementation for `sodiumoxide::crypto::sign::Signature < sodiumoxide::crypto::sign::Signature` and `sodiumoxide::crypto::sign::Signature > sodiumoxide::crypto::sign::Signature`
[INFO] [stdout]      |
[INFO] [stdout]      = help: the trait `PartialOrd` is not implemented for `sodiumoxide::crypto::sign::Signature`
[INFO] [stdout] note: required by `std::cmp::PartialOrd::partial_cmp`
[INFO] [stdout]      = note: this error originates in the derive macro `PartialOrd` (in Nightly builds, run with -Z macro-backtrace for more info)
[INFO] [stdout] 
[INFO] [stdout] 
[INFO] [stdout] error[E0599]: no function or associated item named `from_slice` found for struct `sodiumoxide::crypto::sign::Signature` in the current scope
[INFO] [stdout]    --> /opt/rustwide/cargo-home/registry/src/github.com-1ecc6299db9ec823/xaynet-core-0.2.0/src/crypto/sign.rs:153:26
[INFO] [stdout]     |
[INFO] [stdout] 153 |         sign::Signature::from_slice(bytes).map(Self)
[INFO] [stdout]     |                          ^^^^^^^^^^ function or associated item not found in `sodiumoxide::crypto::sign::Signature`
[INFO] [stdout]     |
[INFO] [stdout]     = help: items from traits can only be used if the trait is implemented and in scope
[INFO] [stdout] note: `crypto::ByteObject` defines an item `from_slice`, perhaps you need to implement it
[INFO] [stdout]    --> /opt/rustwide/cargo-home/registry/src/github.com-1ecc6299db9ec823/xaynet-core-0.2.0/src/crypto/mod.rs:44:1
[INFO] [stdout]     |
[INFO] [stdout] 44  | pub trait ByteObject: Sized {
[INFO] [stdout]     | ^^^^^^^^^^^^^^^^^^^^^^^^^^^
[INFO] [stdout] 
[INFO] [stdout] 
[INFO] [stdout] error: aborting due to 8 previous errors
[INFO] [stdout] 
[INFO] [stdout] 
[INFO] [stdout] Some errors have detailed explanations: E0277, E0423, E0599.
[INFO] [stdout] 
[INFO] [stdout] For more information about an error, try `rustc --explain E0277`.
[INFO] [stdout] 
[INFO] [stderr] error: could not compile `xaynet-core` due to 9 previous errors
[INFO] running `Command { std: "docker" "inspect" "964e0c19c36eef53f35070f9ee811b1c1705c8fa46aa51b7f3aa51403539f1c9", kill_on_drop: false }`
[INFO] running `Command { std: "docker" "rm" "-f" "964e0c19c36eef53f35070f9ee811b1c1705c8fa46aa51b7f3aa51403539f1c9", kill_on_drop: false }`
[INFO] [stdout] 964e0c19c36eef53f35070f9ee811b1c1705c8fa46aa51b7f3aa51403539f1c9
