[INFO] fetching crate wezterm-ssh 0.1.1...
[INFO] testing wezterm-ssh-0.1.1 against beta-2021-08-01 for beta-1.55-1
[INFO] extracting crate wezterm-ssh 0.1.1 into /workspace/builds/worker-15/source
[INFO] validating manifest of crates.io crate wezterm-ssh 0.1.1 on toolchain beta-2021-08-01
[INFO] running `Command { std: "/workspace/cargo-home/bin/cargo" "+beta-2021-08-01" "metadata" "--manifest-path" "Cargo.toml" "--no-deps", kill_on_drop: false }`
[INFO] started tweaking crates.io crate wezterm-ssh 0.1.1
[INFO] finished tweaking crates.io crate wezterm-ssh 0.1.1
[INFO] tweaked toml for crates.io crate wezterm-ssh 0.1.1 written to /workspace/builds/worker-15/source/Cargo.toml
[INFO] crate crates.io crate wezterm-ssh 0.1.1 already has a lockfile, it will not be regenerated
[INFO] running `Command { std: "/workspace/cargo-home/bin/cargo" "+beta-2021-08-01" "fetch" "--manifest-path" "Cargo.toml", kill_on_drop: false }`
[INFO] [stderr]  Downloading crates ...
[INFO] [stderr]   Downloaded signal-hook v0.3.8
[INFO] [stderr]   Downloaded portable-pty v0.4.0
[INFO] [stderr]   Downloaded ssh2 v0.9.1
[INFO] [stderr]   Downloaded filedescriptor v0.7.3
[INFO] [stderr]   Downloaded k9 v0.11.0
[INFO] running `Command { std: "docker" "create" "-v" "/var/lib/crater-agent-workspace/builds/worker-15/target:/opt/rustwide/target:rw,Z" "-v" "/var/lib/crater-agent-workspace/builds/worker-15/source:/opt/rustwide/workdir:ro,Z" "-v" "/var/lib/crater-agent-workspace/cargo-home:/opt/rustwide/cargo-home:ro,Z" "-v" "/var/lib/crater-agent-workspace/rustup-home:/opt/rustwide/rustup-home:ro,Z" "-e" "SOURCE_DIR=/opt/rustwide/workdir" "-e" "CARGO_TARGET_DIR=/opt/rustwide/target" "-e" "CARGO_HOME=/opt/rustwide/cargo-home" "-e" "RUSTUP_HOME=/opt/rustwide/rustup-home" "-w" "/opt/rustwide/workdir" "-m" "1610612736" "--user" "0:0" "--network" "none" "ghcr.io/rust-lang/crates-build-env/linux@sha256:34b6a614d2c27851fe6cbf88fbd1137609cefab8b10d0615aaeb6fd47975d74e" "/opt/rustwide/cargo-home/bin/cargo" "+beta-2021-08-01" "metadata" "--no-deps" "--format-version=1", kill_on_drop: false }`
[INFO] [stdout] 027c1308f0123361c48967c8624a49fa5fd865c3687e979ce4a5c524ae4a0e09
[INFO] running `Command { std: "docker" "start" "-a" "027c1308f0123361c48967c8624a49fa5fd865c3687e979ce4a5c524ae4a0e09", kill_on_drop: false }`
[INFO] running `Command { std: "docker" "inspect" "027c1308f0123361c48967c8624a49fa5fd865c3687e979ce4a5c524ae4a0e09", kill_on_drop: false }`
[INFO] running `Command { std: "docker" "rm" "-f" "027c1308f0123361c48967c8624a49fa5fd865c3687e979ce4a5c524ae4a0e09", kill_on_drop: false }`
[INFO] [stdout] 027c1308f0123361c48967c8624a49fa5fd865c3687e979ce4a5c524ae4a0e09
[INFO] running `Command { std: "docker" "create" "-v" "/var/lib/crater-agent-workspace/builds/worker-15/target:/opt/rustwide/target:rw,Z" "-v" "/var/lib/crater-agent-workspace/builds/worker-15/source:/opt/rustwide/workdir:ro,Z" "-v" "/var/lib/crater-agent-workspace/cargo-home:/opt/rustwide/cargo-home:ro,Z" "-v" "/var/lib/crater-agent-workspace/rustup-home:/opt/rustwide/rustup-home:ro,Z" "-e" "SOURCE_DIR=/opt/rustwide/workdir" "-e" "CARGO_TARGET_DIR=/opt/rustwide/target" "-e" "CARGO_INCREMENTAL=0" "-e" "RUST_BACKTRACE=full" "-e" "RUSTFLAGS=--cap-lints=warn" "-e" "CARGO_HOME=/opt/rustwide/cargo-home" "-e" "RUSTUP_HOME=/opt/rustwide/rustup-home" "-w" "/opt/rustwide/workdir" "-m" "1610612736" "--user" "0:0" "--network" "none" "ghcr.io/rust-lang/crates-build-env/linux@sha256:34b6a614d2c27851fe6cbf88fbd1137609cefab8b10d0615aaeb6fd47975d74e" "/opt/rustwide/cargo-home/bin/cargo" "+beta-2021-08-01" "build" "--frozen" "--message-format=json", kill_on_drop: false }`
[INFO] [stdout] 192c09d8dbefd6aa8ec6247b57c6820c4a9db6e1114b854df044a0f6a1ff5f79
[INFO] running `Command { std: "docker" "start" "-a" "192c09d8dbefd6aa8ec6247b57c6820c4a9db6e1114b854df044a0f6a1ff5f79", kill_on_drop: false }`
[INFO] [stderr]    Compiling cache-padded v1.1.1
[INFO] [stderr]    Compiling futures-core v0.3.14
[INFO] [stderr]    Compiling waker-fn v1.1.0
[INFO] [stderr]    Compiling futures-io v0.3.14
[INFO] [stderr]    Compiling fastrand v1.4.1
[INFO] [stderr]    Compiling parking v2.0.0
[INFO] [stderr]    Compiling event-listener v2.5.1
[INFO] [stderr]    Compiling async-task v4.0.3
[INFO] [stderr]    Compiling signal-hook v0.3.8
[INFO] [stderr]    Compiling anyhow v1.0.40
[INFO] [stderr]    Compiling atomic-waker v1.0.0
[INFO] [stderr]    Compiling shell-words v1.0.0
[INFO] [stderr]    Compiling libz-sys v1.1.3
[INFO] [stderr]    Compiling libssh2-sys v0.2.21
[INFO] [stderr]    Compiling lock_api v0.3.4
[INFO] [stderr]    Compiling socket2 v0.4.0
[INFO] [stderr]    Compiling termios v0.2.2
[INFO] [stderr]    Compiling ioctl-rs v0.1.6
[INFO] [stderr]    Compiling serial-core v0.4.0
[INFO] [stderr]    Compiling parking_lot_core v0.7.2
[INFO] [stderr]    Compiling dirs-sys-next v0.1.2
[INFO] [stderr]    Compiling polling v2.0.3
[INFO] [stderr]    Compiling concurrent-queue v1.2.2
[INFO] [stderr]    Compiling async-lock v2.4.0
[INFO] [stderr]    Compiling serial-unix v0.4.0
[INFO] [stderr]    Compiling futures-lite v1.11.3
[INFO] [stderr]    Compiling dirs-next v2.0.0
[INFO] [stderr]    Compiling async-channel v1.6.1
[INFO] [stderr]    Compiling parking_lot v0.10.2
[INFO] [stderr]    Compiling serial v0.4.0
[INFO] [stderr]    Compiling filedescriptor v0.7.3
[INFO] [stderr]    Compiling portable-pty v0.4.0
[INFO] [stderr]    Compiling async-io v1.4.1
[INFO] [stderr]    Compiling blocking v1.0.2
[INFO] [stderr]    Compiling async-executor v1.4.1
[INFO] [stderr]    Compiling async-fs v1.5.0
[INFO] [stderr]    Compiling async-net v1.6.0
[INFO] [stderr]    Compiling async-process v1.1.0
[INFO] [stderr]    Compiling smol v1.2.5
[INFO] [stderr]    Compiling ssh2 v0.9.1
[INFO] [stderr]    Compiling wezterm-ssh v0.1.1 (/opt/rustwide/workdir)
[INFO] [stderr]     Finished dev [unoptimized + debuginfo] target(s) in 21.21s
[INFO] running `Command { std: "docker" "inspect" "192c09d8dbefd6aa8ec6247b57c6820c4a9db6e1114b854df044a0f6a1ff5f79", kill_on_drop: false }`
[INFO] running `Command { std: "docker" "rm" "-f" "192c09d8dbefd6aa8ec6247b57c6820c4a9db6e1114b854df044a0f6a1ff5f79", kill_on_drop: false }`
[INFO] [stdout] 192c09d8dbefd6aa8ec6247b57c6820c4a9db6e1114b854df044a0f6a1ff5f79
[INFO] running `Command { std: "docker" "create" "-v" "/var/lib/crater-agent-workspace/builds/worker-15/target:/opt/rustwide/target:rw,Z" "-v" "/var/lib/crater-agent-workspace/builds/worker-15/source:/opt/rustwide/workdir:ro,Z" "-v" "/var/lib/crater-agent-workspace/cargo-home:/opt/rustwide/cargo-home:ro,Z" "-v" "/var/lib/crater-agent-workspace/rustup-home:/opt/rustwide/rustup-home:ro,Z" "-e" "SOURCE_DIR=/opt/rustwide/workdir" "-e" "CARGO_TARGET_DIR=/opt/rustwide/target" "-e" "CARGO_INCREMENTAL=0" "-e" "RUST_BACKTRACE=full" "-e" "RUSTFLAGS=--cap-lints=warn" "-e" "CARGO_HOME=/opt/rustwide/cargo-home" "-e" "RUSTUP_HOME=/opt/rustwide/rustup-home" "-w" "/opt/rustwide/workdir" "-m" "1610612736" "--user" "0:0" "--network" "none" "ghcr.io/rust-lang/crates-build-env/linux@sha256:34b6a614d2c27851fe6cbf88fbd1137609cefab8b10d0615aaeb6fd47975d74e" "/opt/rustwide/cargo-home/bin/cargo" "+beta-2021-08-01" "test" "--frozen" "--no-run" "--message-format=json", kill_on_drop: false }`
[INFO] [stdout] fad08f54a7940329196c4cb6fab954c0878ee3899d9eb91ff4686a95f809de75
[INFO] running `Command { std: "docker" "start" "-a" "fad08f54a7940329196c4cb6fab954c0878ee3899d9eb91ff4686a95f809de75", kill_on_drop: false }`
[INFO] [stderr]     Blocking waiting for file lock on package cache
[INFO] [stderr]    Compiling syn v1.0.71
[INFO] [stderr]    Compiling proc-macro2 v1.0.26
[INFO] [stderr]    Compiling unicode-width v0.1.8
[INFO] [stderr]    Compiling quick-error v1.2.3
[INFO] [stderr]    Compiling vec_map v0.8.2
[INFO] [stderr]    Compiling diff v0.1.12
[INFO] [stderr]    Compiling polling v2.0.3
[INFO] [stderr]    Compiling term_size v0.3.2
[INFO] [stderr]    Compiling proc-macro-error-attr v1.0.4
[INFO] [stderr]    Compiling colored v1.9.3
[INFO] [stderr]    Compiling portable-pty v0.4.0
[INFO] [stderr]    Compiling humantime v1.3.0
[INFO] [stderr]    Compiling textwrap v0.11.0
[INFO] [stderr]    Compiling async-io v1.4.1
[INFO] [stderr]    Compiling clap v2.33.3
[INFO] [stderr]    Compiling env_logger v0.7.1
[INFO] [stderr]    Compiling async-net v1.6.0
[INFO] [stderr]    Compiling async-process v1.1.0
[INFO] [stderr]    Compiling pretty_env_logger v0.4.0
[INFO] [stderr]    Compiling smol v1.2.5
[INFO] [stderr]    Compiling quote v1.0.9
[INFO] [stderr]    Compiling wezterm-ssh v0.1.1 (/opt/rustwide/workdir)
[INFO] [stderr]    Compiling proc-macro-error v1.0.4
[INFO] [stderr]    Compiling structopt-derive v0.4.14
[INFO] [stderr]    Compiling k9 v0.11.0
[INFO] [stderr]    Compiling structopt v0.3.21
[INFO] [stdout] error[E0433]: failed to resolve: use of undeclared crate or module `termwiz`
[INFO] [stdout]  --> examples/ssh.rs:9:5
[INFO] [stdout]   |
[INFO] [stdout] 9 | use termwiz::lineedit::*;
[INFO] [stdout]   |     ^^^^^^^ use of undeclared crate or module `termwiz`
[INFO] [stdout] 
[INFO] [stdout] 
[INFO] [stdout] error[E0433]: failed to resolve: use of undeclared crate or module `termwiz`
[INFO] [stdout]  --> examples/ssh.rs:8:5
[INFO] [stdout]   |
[INFO] [stdout] 8 | use termwiz::cell::unicode_column_width;
[INFO] [stdout]   |     ^^^^^^^ use of undeclared crate or module `termwiz`
[INFO] [stdout] 
[INFO] [stdout] 
[INFO] [stdout] error[E0432]: unresolved import `termwiz::cell::unicode_column_width`
[INFO] [stdout]  --> examples/ssh.rs:8:5
[INFO] [stdout]   |
[INFO] [stdout] 8 | use termwiz::cell::unicode_column_width;
[INFO] [stdout]   |     ^^^^^^^^^^^^^^^^^^^^^^^^^^^^^^^^^^^
[INFO] [stdout] 
[INFO] [stdout] 
[INFO] [stdout] error[E0433]: failed to resolve: use of undeclared type `OutputElement`
[INFO] [stdout]   --> examples/ssh.rs:24:19
[INFO] [stdout]    |
[INFO] [stdout] 24 |             (vec![OutputElement::Text(line.to_string())], cursor_position)
[INFO] [stdout]    |                   ^^^^^^^^^^^^^ use of undeclared type `OutputElement`
[INFO] [stdout] 
[INFO] [stdout] 
[INFO] [stdout] error[E0433]: failed to resolve: use of undeclared type `OutputElement`
[INFO] [stdout]   --> examples/ssh.rs:32:29
[INFO] [stdout]    |
[INFO] [stdout] 32 |                 output.push(OutputElement::Text(placeholder.to_string()));
[INFO] [stdout]    |                             ^^^^^^^^^^^^^ use of undeclared type `OutputElement`
[INFO] [stdout] 
[INFO] [stdout] 
[INFO] [stdout] error[E0433]: failed to resolve: use of undeclared type `LineEditor`
[INFO] [stdout]   --> examples/ssh.rs:72:38
[INFO] [stdout]    |
[INFO] [stdout] 72 |                     let mut editor = LineEditor::new(&mut terminal);
[INFO] [stdout]    |                                      ^^^^^^^^^^ use of undeclared type `LineEditor`
[INFO] [stdout] 
[INFO] [stdout] 
[INFO] [stdout] error[E0433]: failed to resolve: use of undeclared type `LineEditor`
[INFO] [stdout]   --> examples/ssh.rs:94:38
[INFO] [stdout]    |
[INFO] [stdout] 94 |                     let mut editor = LineEditor::new(&mut terminal);
[INFO] [stdout]    |                                      ^^^^^^^^^^ use of undeclared type `LineEditor`
[INFO] [stdout] 
[INFO] [stdout] 
[INFO] [stdout] error[E0412]: cannot find type `BasicHistory` in this scope
[INFO] [stdout]   --> examples/ssh.rs:14:14
[INFO] [stdout]    |
[INFO] [stdout] 14 |     history: BasicHistory,
[INFO] [stdout]    |              ^^^^^^^^^^^^ not found in this scope
[INFO] [stdout] 
[INFO] [stdout] 
[INFO] [stdout] error[E0405]: cannot find trait `LineEditorHost` in this scope
[INFO] [stdout]   --> examples/ssh.rs:17:6
[INFO] [stdout]    |
[INFO] [stdout] 17 | impl LineEditorHost for PasswordPromptHost {
[INFO] [stdout]    |      ^^^^^^^^^^^^^^ not found in this scope
[INFO] [stdout] 
[INFO] [stdout] 
[INFO] [stdout] error[E0405]: cannot find trait `History` in this scope
[INFO] [stdout]   --> examples/ssh.rs:18:39
[INFO] [stdout]    |
[INFO] [stdout] 18 |     fn history(&mut self) -> &mut dyn History {
[INFO] [stdout]    |                                       ^^^^^^^ not found in this scope
[INFO] [stdout] 
[INFO] [stdout] 
[INFO] [stdout] error[E0412]: cannot find type `OutputElement` in this scope
[INFO] [stdout]   --> examples/ssh.rs:22:74
[INFO] [stdout]    |
[INFO] [stdout] 17 | impl LineEditorHost for PasswordPromptHost {
[INFO] [stdout]    |     - help: you might be missing a type parameter: `<OutputElement>`
[INFO] [stdout] ...
[INFO] [stdout] 22 |     fn highlight_line(&self, line: &str, cursor_position: usize) -> (Vec<OutputElement>, usize) {
[INFO] [stdout]    |                                                                          ^^^^^^^^^^^^^ not found in this scope
[INFO] [stdout] 
[INFO] [stdout] 
[INFO] [stdout] error[E0425]: cannot find function `unicode_column_width` in this scope
[INFO] [stdout]   --> examples/ssh.rs:29:34
[INFO] [stdout]    |
[INFO] [stdout] 29 |             let grapheme_count = unicode_column_width(line);
[INFO] [stdout]    |                                  ^^^^^^^^^^^^^^^^^^^^ not found in this scope
[INFO] [stdout] 
[INFO] [stdout] 
[INFO] [stdout] error[E0425]: cannot find function `unicode_column_width` in this scope
[INFO] [stdout]   --> examples/ssh.rs:34:22
[INFO] [stdout]    |
[INFO] [stdout] 34 |             (output, unicode_column_width(placeholder) * cursor_position)
[INFO] [stdout]    |                      ^^^^^^^^^^^^^^^^^^^^ not found in this scope
[INFO] [stdout] 
[INFO] [stdout] 
[INFO] [stdout] error[E0425]: cannot find function `line_editor_terminal` in this scope
[INFO] [stdout]   --> examples/ssh.rs:71:40
[INFO] [stdout]    |
[INFO] [stdout] 71 |                     let mut terminal = line_editor_terminal()?;
[INFO] [stdout]    |                                        ^^^^^^^^^^^^^^^^^^^^ not found in this scope
[INFO] [stdout] 
[INFO] [stdout] 
[INFO] [stdout] error[E0425]: cannot find function `line_editor_terminal` in this scope
[INFO] [stdout]   --> examples/ssh.rs:93:40
[INFO] [stdout]    |
[INFO] [stdout] 93 |                     let mut terminal = line_editor_terminal()?;
[INFO] [stdout]    |                                        ^^^^^^^^^^^^^^^^^^^^ not found in this scope
[INFO] [stdout] 
[INFO] [stdout] 
[INFO] [stdout] error: aborting due to 15 previous errors
[INFO] [stdout] 
[INFO] [stdout] 
[INFO] [stdout] Some errors have detailed explanations: E0405, E0412, E0425, E0432, E0433.
[INFO] [stdout] 
[INFO] [stdout] For more information about an error, try `rustc --explain E0405`.
[INFO] [stdout] 
[INFO] [stderr] error: could not compile `wezterm-ssh` due to 16 previous errors
[INFO] [stderr] warning: build failed, waiting for other jobs to finish...
[INFO] [stderr] error: build failed
[INFO] running `Command { std: "docker" "inspect" "fad08f54a7940329196c4cb6fab954c0878ee3899d9eb91ff4686a95f809de75", kill_on_drop: false }`
[INFO] running `Command { std: "docker" "rm" "-f" "fad08f54a7940329196c4cb6fab954c0878ee3899d9eb91ff4686a95f809de75", kill_on_drop: false }`
[INFO] [stdout] fad08f54a7940329196c4cb6fab954c0878ee3899d9eb91ff4686a95f809de75
