[INFO] fetching crate webcord 0.0.0...
[INFO] testing webcord-0.0.0 against beta-2021-08-01 for beta-1.55-1
[INFO] extracting crate webcord 0.0.0 into /workspace/builds/worker-0/source
[INFO] validating manifest of crates.io crate webcord 0.0.0 on toolchain beta-2021-08-01
[INFO] running `Command { std: "/workspace/cargo-home/bin/cargo" "+beta-2021-08-01" "metadata" "--manifest-path" "Cargo.toml" "--no-deps", kill_on_drop: false }`
[INFO] started tweaking crates.io crate webcord 0.0.0
[INFO] finished tweaking crates.io crate webcord 0.0.0
[INFO] tweaked toml for crates.io crate webcord 0.0.0 written to /workspace/builds/worker-0/source/Cargo.toml
[INFO] crate crates.io crate webcord 0.0.0 already has a lockfile, it will not be regenerated
[INFO] running `Command { std: "/workspace/cargo-home/bin/cargo" "+beta-2021-08-01" "fetch" "--manifest-path" "Cargo.toml", kill_on_drop: false }`
[INFO] [stderr]  Downloading crates ...
[INFO] [stderr]   Downloaded webpki v0.21.0
[INFO] [stderr]   Downloaded wasm-bindgen-backend v0.2.55
[INFO] [stderr]   Downloaded derive_more v0.99.2
[INFO] [stderr]   Downloaded actix-macros v0.1.0
[INFO] [stderr]   Downloaded dirmod v0.2.0-alpha.1
[INFO] [stderr]   Downloaded js-sys v0.3.32
[INFO] [stderr]   Downloaded actix-router v0.2.0
[INFO] [stderr]   Downloaded actix-server v1.0.0-alpha.4
[INFO] [stderr]   Downloaded tokio-timer v0.2.12
[INFO] [stderr]   Downloaded brotli-decompressor v2.3.0
[INFO] [stderr]   Downloaded lock_api v0.3.2
[INFO] [stderr]   Downloaded actix-service v1.0.0
[INFO] [stderr]   Downloaded actix-connect v1.0.0-alpha.3
[INFO] [stderr]   Downloaded arc-swap v0.4.4
[INFO] [stderr]   Downloaded tokio-reactor v0.1.11
[INFO] [stderr]   Downloaded actix-web-codegen v0.2.0-alpha.2
[INFO] [stderr]   Downloaded ct-logs v0.6.0
[INFO] [stderr]   Downloaded anyhow v1.0.25
[INFO] [stderr]   Downloaded untrusted v0.7.0
[INFO] [stderr]   Downloaded tokio-rustls v0.10.2
[INFO] [stderr]   Downloaded serenity v0.7.3
[INFO] [stderr]   Downloaded bytestring v0.1.1
[INFO] [stderr]   Downloaded actix-tls v1.0.0-alpha.3
[INFO] [stderr]   Downloaded tokio-executor v0.1.9
[INFO] [stderr]   Downloaded command_attr v0.1.5
[INFO] [stderr]   Downloaded tokio v0.2.4
[INFO] [stderr]   Downloaded actix-files v0.2.0-alpha.3
[INFO] [stderr]   Downloaded actix-threadpool v0.3.0
[INFO] [stderr]   Downloaded tokio-threadpool v0.1.17
[INFO] [stderr]   Downloaded uwl v0.4.2
[INFO] [stderr]   Downloaded actix-rt v1.0.0
[INFO] [stderr]   Downloaded actix-http v1.0.0-alpha.5
[INFO] [stderr]   Downloaded actix-web v2.0.0-alpha.4
[INFO] [stderr]   Downloaded actix-testing v1.0.0-alpha.3
[INFO] [stderr]   Downloaded wasm-bindgen v0.2.55
[INFO] [stderr]   Downloaded wasm-bindgen-shared v0.2.55
[INFO] [stderr]   Downloaded awc v1.0.0-alpha.4
[INFO] [stderr]   Downloaded bumpalo v2.6.0
[INFO] [stderr]   Downloaded ring v0.16.9
[INFO] [stderr]   Downloaded actix-utils v1.0.0-alpha.3
[INFO] [stderr]   Downloaded wasm-bindgen-macro-support v0.2.55
[INFO] [stderr]   Downloaded hyper-rustls v0.17.1
[INFO] [stderr]   Downloaded dirmod-codegen v0.2.0-alpha.1
[INFO] [stderr]   Downloaded bytes v0.5.2
[INFO] [stderr]   Downloaded reqwest v0.9.22
[INFO] [stderr]   Downloaded web-sys v0.3.32
[INFO] [stderr]   Downloaded wasm-bindgen-webidl v0.2.55
[INFO] [stderr]   Downloaded wasm-bindgen-macro v0.2.55
[INFO] running `Command { std: "docker" "create" "-v" "/var/lib/crater-agent-workspace/builds/worker-0/target:/opt/rustwide/target:rw,Z" "-v" "/var/lib/crater-agent-workspace/builds/worker-0/source:/opt/rustwide/workdir:ro,Z" "-v" "/var/lib/crater-agent-workspace/cargo-home:/opt/rustwide/cargo-home:ro,Z" "-v" "/var/lib/crater-agent-workspace/rustup-home:/opt/rustwide/rustup-home:ro,Z" "-e" "SOURCE_DIR=/opt/rustwide/workdir" "-e" "CARGO_TARGET_DIR=/opt/rustwide/target" "-e" "CARGO_HOME=/opt/rustwide/cargo-home" "-e" "RUSTUP_HOME=/opt/rustwide/rustup-home" "-w" "/opt/rustwide/workdir" "-m" "1610612736" "--user" "0:0" "--network" "none" "ghcr.io/rust-lang/crates-build-env/linux@sha256:34b6a614d2c27851fe6cbf88fbd1137609cefab8b10d0615aaeb6fd47975d74e" "/opt/rustwide/cargo-home/bin/cargo" "+beta-2021-08-01" "metadata" "--no-deps" "--format-version=1", kill_on_drop: false }`
[INFO] [stdout] c580bc0fe964ecb8dd2be21a2088fae77665df0946479290a8cd10c21664a89e
[INFO] running `Command { std: "docker" "start" "-a" "c580bc0fe964ecb8dd2be21a2088fae77665df0946479290a8cd10c21664a89e", kill_on_drop: false }`
[INFO] running `Command { std: "docker" "inspect" "c580bc0fe964ecb8dd2be21a2088fae77665df0946479290a8cd10c21664a89e", kill_on_drop: false }`
[INFO] running `Command { std: "docker" "rm" "-f" "c580bc0fe964ecb8dd2be21a2088fae77665df0946479290a8cd10c21664a89e", kill_on_drop: false }`
[INFO] [stdout] c580bc0fe964ecb8dd2be21a2088fae77665df0946479290a8cd10c21664a89e
[INFO] running `Command { std: "docker" "create" "-v" "/var/lib/crater-agent-workspace/builds/worker-0/target:/opt/rustwide/target:rw,Z" "-v" "/var/lib/crater-agent-workspace/builds/worker-0/source:/opt/rustwide/workdir:ro,Z" "-v" "/var/lib/crater-agent-workspace/cargo-home:/opt/rustwide/cargo-home:ro,Z" "-v" "/var/lib/crater-agent-workspace/rustup-home:/opt/rustwide/rustup-home:ro,Z" "-e" "SOURCE_DIR=/opt/rustwide/workdir" "-e" "CARGO_TARGET_DIR=/opt/rustwide/target" "-e" "CARGO_INCREMENTAL=0" "-e" "RUST_BACKTRACE=full" "-e" "RUSTFLAGS=--cap-lints=warn" "-e" "CARGO_HOME=/opt/rustwide/cargo-home" "-e" "RUSTUP_HOME=/opt/rustwide/rustup-home" "-w" "/opt/rustwide/workdir" "-m" "1610612736" "--user" "0:0" "--network" "none" "ghcr.io/rust-lang/crates-build-env/linux@sha256:34b6a614d2c27851fe6cbf88fbd1137609cefab8b10d0615aaeb6fd47975d74e" "/opt/rustwide/cargo-home/bin/cargo" "+beta-2021-08-01" "build" "--frozen" "--message-format=json", kill_on_drop: false }`
[INFO] [stdout] 45950e0be5ae6a7e86aa9b26657935e742bf2bb1488c1cf53973aaba3068606b
[INFO] running `Command { std: "docker" "start" "-a" "45950e0be5ae6a7e86aa9b26657935e742bf2bb1488c1cf53973aaba3068606b", kill_on_drop: false }`
[INFO] [stderr]    Compiling libc v0.2.66
[INFO] [stderr]    Compiling proc-macro2 v1.0.6
[INFO] [stderr]    Compiling syn v1.0.11
[INFO] [stderr]    Compiling autocfg v0.1.7
[INFO] [stderr]    Compiling fnv v1.0.6
[INFO] [stderr]    Compiling cc v1.0.48
[INFO] [stderr]    Compiling either v1.5.3
[INFO] [stderr]    Compiling smallvec v1.0.0
[INFO] [stderr]    Compiling futures-core v0.3.1
[INFO] [stderr]    Compiling itoa v0.4.4
[INFO] [stderr]    Compiling futures-sink v0.3.1
[INFO] [stderr]    Compiling proc-macro-nested v0.1.3
[INFO] [stderr]    Compiling futures v0.1.29
[INFO] [stderr]    Compiling bytes v0.5.2
[INFO] [stderr]    Compiling serde v1.0.103
[INFO] [stderr]    Compiling futures-task v0.3.1
[INFO] [stderr]    Compiling pin-utils v0.1.0-alpha.4
[INFO] [stderr]    Compiling futures-io v0.3.1
[INFO] [stderr]    Compiling arc-swap v0.4.4
[INFO] [stderr]    Compiling pin-project-lite v0.1.1
[INFO] [stderr]    Compiling getrandom v0.1.13
[INFO] [stderr]    Compiling ryu v1.0.2
[INFO] [stderr]    Compiling failure_derive v0.1.6
[INFO] [stderr]    Compiling ppv-lite86 v0.2.6
[INFO] [stderr]    Compiling rand_core v0.4.2
[INFO] [stderr]    Compiling untrusted v0.7.0
[INFO] [stderr]    Compiling copyless v0.1.4
[INFO] [stderr]    Compiling linked-hash-map v0.5.2
[INFO] [stderr]    Compiling version_check v0.9.1
[INFO] [stderr]    Compiling encoding_rs v0.8.20
[INFO] [stderr]    Compiling adler32 v1.0.4
[INFO] [stderr]    Compiling dtoa v0.4.4
[INFO] [stderr]    Compiling typenum v1.11.2
[INFO] [stderr]    Compiling alloc-no-stdlib v2.0.1
[INFO] [stderr]    Compiling mime v0.3.14
[INFO] [stderr]    Compiling arrayvec v0.4.12
[INFO] [stderr]    Compiling try-lock v0.2.2
[INFO] [stderr]    Compiling ucd-trie v0.1.2
[INFO] [stderr]    Compiling sha1 v0.6.0
[INFO] [stderr]    Compiling traitobject v0.1.0
[INFO] [stderr]    Compiling static_assertions v0.3.4
[INFO] [stderr]    Compiling v_htmlescape v0.4.5
[INFO] [stderr]    Compiling serenity v0.7.3
[INFO] [stderr]    Compiling same-file v1.0.5
[INFO] [stderr]    Compiling utf-8 v0.7.5
[INFO] [stderr]    Compiling uwl v0.4.2
[INFO] [stderr]    Compiling dotenv v0.15.0
[INFO] [stderr]    Compiling lock_api v0.3.2
[INFO] [stderr]    Compiling crossbeam-utils v0.6.6
[INFO] [stderr]    Compiling error-chain v0.12.1
[INFO] [stderr]    Compiling try_from v0.3.2
[INFO] [stderr]    Compiling nom v5.0.1
[INFO] [stderr]    Compiling humantime v1.3.0
[INFO] [stderr]    Compiling futures-channel v0.3.1
[INFO] [stderr]    Compiling unicode-normalization v0.1.11
[INFO] [stderr]    Compiling miniz_oxide v0.3.5
[INFO] [stderr]    Compiling bytestring v0.1.1
[INFO] [stderr]    Compiling rand_core v0.3.1
[INFO] [stderr]    Compiling rand_jitter v0.1.4
[INFO] [stderr]    Compiling lru-cache v0.1.2
[INFO] [stderr]    Compiling yaml-rust v0.4.3
[INFO] [stderr]    Compiling alloc-stdlib v0.2.1
[INFO] [stderr]    Compiling http v0.2.0
[INFO] [stderr]    Compiling log v0.4.8
[INFO] [stderr]    Compiling unsafe-any v0.4.2
[INFO] [stderr]    Compiling c2-chacha v0.2.3
[INFO] [stderr]    Compiling pest v2.1.2
[INFO] [stderr]    Compiling walkdir v2.2.9
[INFO] [stderr]    Compiling rand_hc v0.1.0
[INFO] [stderr]    Compiling rand_isaac v0.1.1
[INFO] [stderr]    Compiling rand_xorshift v0.1.1
[INFO] [stderr]    Compiling crossbeam-queue v0.1.2
[INFO] [stderr]    Compiling memoffset v0.5.3
[INFO] [stderr]    Compiling hyper v0.12.35
[INFO] [stderr]    Compiling lexical-core v0.4.6
[INFO] [stderr]    Compiling base64 v0.10.1
[INFO] [stderr]    Compiling smallvec v0.6.13
[INFO] [stderr]    Compiling nom v4.2.3
[INFO] [stderr]    Compiling parking_lot v0.9.0
[INFO] [stderr]    Compiling brotli-decompressor v2.3.0
[INFO] [stderr]    Compiling num-traits v0.2.10
[INFO] [stderr]    Compiling indexmap v1.3.0
[INFO] [stderr]    Compiling crossbeam-utils v0.7.0
[INFO] [stderr]    Compiling num-integer v0.1.41
[INFO] [stderr]    Compiling crossbeam-epoch v0.8.0
[INFO] [stderr]    Compiling rand_pcg v0.1.2
[INFO] [stderr]    Compiling rand_chacha v0.1.1
[INFO] [stderr]    Compiling rand v0.6.5
[INFO] [stderr]    Compiling unicase v2.6.0
[INFO] [stderr]    Compiling typemap v0.3.3
[INFO] [stderr]    Compiling tokio-executor v0.1.9
[INFO] [stderr]    Compiling tokio-sync v0.1.7
[INFO] [stderr]    Compiling want v0.2.0
[INFO] [stderr]    Compiling idna v0.2.0
[INFO] [stderr]    Compiling idna v0.1.5
[INFO] [stderr]    Compiling iovec v0.1.4
[INFO] [stderr]    Compiling net2 v0.2.33
[INFO] [stderr]    Compiling num_cpus v1.11.1
[INFO] [stderr]    Compiling parking_lot_core v0.6.2
[INFO] [stderr]    Compiling signal-hook-registry v1.2.0
[INFO] [stderr]    Compiling time v0.1.42
[INFO] [stderr]    Compiling socket2 v0.3.11
[INFO] [stderr]    Compiling hostname v0.1.5
[INFO] [stderr]    Compiling rand_os v0.1.3
[INFO] [stderr]    Compiling atty v0.2.13
[INFO] [stderr]    Compiling tokio-timer v0.2.12
[INFO] [stderr]    Compiling tokio-current-thread v0.1.6
[INFO] [stderr]    Compiling generic-array v0.12.3
[INFO] [stderr]    Compiling quote v1.0.2
[INFO] [stderr]    Compiling bytes v0.4.12
[INFO] [stderr]    Compiling threadpool v1.7.1
[INFO] [stderr]    Compiling futures-cpupool v0.1.8
[INFO] [stderr]    Compiling env_logger v0.6.2
[INFO] [stderr]    Compiling rand_core v0.5.1
[INFO] [stderr]    Compiling pest_meta v2.1.2
[INFO] [stderr]    Compiling resolv-conf v0.6.2
[INFO] [stderr]    Compiling url v2.1.0
[INFO] [stderr]    Compiling digest v0.8.1
[INFO] [stderr]    Compiling block-buffer v0.7.3
[INFO] [stderr]    Compiling url v1.7.2
[INFO] [stderr]    Compiling backtrace-sys v0.1.32
[INFO] [stderr]    Compiling ring v0.16.9
[INFO] [stderr]    Compiling miniz-sys v0.1.12
[INFO] [stderr] error: could not compile `http`
[INFO] [stderr] 
[INFO] [stderr] Caused by:
[INFO] [stderr]   process didn't exit successfully: `rustc --crate-name http --edition=2018 /opt/rustwide/cargo-home/registry/src/github.com-1ecc6299db9ec823/http-0.2.0/src/lib.rs --error-format=json --json=diagnostic-rendered-ansi,artifacts --crate-type lib --emit=dep-info,metadata,link -C embed-bitcode=no -C debuginfo=2 -C metadata=b7de1ae83950a338 -C extra-filename=-b7de1ae83950a338 --out-dir /opt/rustwide/target/debug/deps -L dependency=/opt/rustwide/target/debug/deps --extern bytes=/opt/rustwide/target/debug/deps/libbytes-64aab127968ab6fa.rmeta --extern fnv=/opt/rustwide/target/debug/deps/libfnv-4051482eb6a94926.rmeta --extern itoa=/opt/rustwide/target/debug/deps/libitoa-7dcb2f7665383233.rmeta --cap-lints allow --cap-lints=warn` (signal: 9, SIGKILL: kill)
[INFO] [stderr] warning: build failed, waiting for other jobs to finish...
[INFO] [stdout] error[E0308]: mismatched types
[INFO] [stdout]    --> /opt/rustwide/cargo-home/registry/src/github.com-1ecc6299db9ec823/lexical-core-0.4.6/src/atof/algorithm/bigcomp.rs:243:55
[INFO] [stdout]     |
[INFO] [stdout] 243 |     let nlz = den.leading_zeros().wrapping_sub(wlz) & (u32::BITS - 1);
[INFO] [stdout]     |                                                       ^^^^^^^^^^^^^^^ expected `usize`, found `u32`
[INFO] [stdout] 
[INFO] [stdout] 
[INFO] [stdout] error[E0277]: no implementation for `usize & u32`
[INFO] [stdout]    --> /opt/rustwide/cargo-home/registry/src/github.com-1ecc6299db9ec823/lexical-core-0.4.6/src/atof/algorithm/bigcomp.rs:243:53
[INFO] [stdout]     |
[INFO] [stdout] 243 |     let nlz = den.leading_zeros().wrapping_sub(wlz) & (u32::BITS - 1);
[INFO] [stdout]     |                                                     ^ no implementation for `usize & u32`
[INFO] [stdout]     |
[INFO] [stdout]     = help: the trait `BitAnd<u32>` is not implemented for `usize`
[INFO] [stdout] 
[INFO] [stdout] 
[INFO] [stdout] error[E0308]: mismatched types
[INFO] [stdout]    --> /opt/rustwide/cargo-home/registry/src/github.com-1ecc6299db9ec823/lexical-core-0.4.6/src/atof/algorithm/bigcomp.rs:261:40
[INFO] [stdout]     |
[INFO] [stdout] 261 |         let (q, r) = shift.ceil_divmod(Limb::BITS);
[INFO] [stdout]     |                                        ^^^^^^^^^^ expected `usize`, found `u32`
[INFO] [stdout]     |
[INFO] [stdout] help: you can convert a `u32` to a `usize` and panic if the converted value doesn't fit
[INFO] [stdout]     |
[INFO] [stdout] 261 |         let (q, r) = shift.ceil_divmod(Limb::BITS.try_into().unwrap());
[INFO] [stdout]     |                                        ^^^^^^^^^^^^^^^^^^^^^^^^^^^^^^
[INFO] [stdout] 
[INFO] [stdout] 
[INFO] [stdout] error[E0308]: mismatched types
[INFO] [stdout]   --> /opt/rustwide/cargo-home/registry/src/github.com-1ecc6299db9ec823/lexical-core-0.4.6/src/atof/algorithm/bigint.rs:85:24
[INFO] [stdout]    |
[INFO] [stdout] 85 |     let bytes = bits / Limb::BITS;
[INFO] [stdout]    |                        ^^^^^^^^^^ expected `usize`, found `u32`
[INFO] [stdout] 
[INFO] [stdout] 
[INFO] [stdout] error[E0277]: cannot divide `usize` by `u32`
[INFO] [stdout]   --> /opt/rustwide/cargo-home/registry/src/github.com-1ecc6299db9ec823/lexical-core-0.4.6/src/atof/algorithm/bigint.rs:85:22
[INFO] [stdout]    |
[INFO] [stdout] 85 |     let bytes = bits / Limb::BITS;
[INFO] [stdout]    |                      ^ no implementation for `usize / u32`
[INFO] [stdout]    |
[INFO] [stdout]    = help: the trait `Div<u32>` is not implemented for `usize`
[INFO] [stdout] 
[INFO] [stdout] 
[INFO] [stdout] error[E0308]: mismatched types
[INFO] [stdout]     --> /opt/rustwide/cargo-home/registry/src/github.com-1ecc6299db9ec823/lexical-core-0.4.6/src/atof/algorithm/math.rs:1045:42
[INFO] [stdout]      |
[INFO] [stdout] 1045 |     let mut count = index.saturating_mul(Limb::BITS);
[INFO] [stdout]      |                                          ^^^^^^^^^^ expected `usize`, found `u32`
[INFO] [stdout]      |
[INFO] [stdout] help: you can convert a `u32` to a `usize` and panic if the converted value doesn't fit
[INFO] [stdout]      |
[INFO] [stdout] 1045 |     let mut count = index.saturating_mul(Limb::BITS.try_into().unwrap());
[INFO] [stdout]      |                                          ^^^^^^^^^^^^^^^^^^^^^^^^^^^^^^
[INFO] [stdout] 
[INFO] [stdout] 
[INFO] [stdout] error[E0308]: mismatched types
[INFO] [stdout]     --> /opt/rustwide/cargo-home/registry/src/github.com-1ecc6299db9ec823/lexical-core-0.4.6/src/atof/algorithm/math.rs:1060:28
[INFO] [stdout]      |
[INFO] [stdout] 1060 |     Limb::BITS.checked_mul(x.len())
[INFO] [stdout]      |                            ^^^^^^^ expected `u32`, found `usize`
[INFO] [stdout]      |
[INFO] [stdout] help: you can convert a `usize` to a `u32` and panic if the converted value doesn't fit
[INFO] [stdout]      |
[INFO] [stdout] 1060 |     Limb::BITS.checked_mul(x.len().try_into().unwrap())
[INFO] [stdout]      |                            ^^^^^^^^^^^^^^^^^^^^^^^^^^^
[INFO] [stdout] 
[INFO] [stdout] 
[INFO] [stdout] error[E0308]: mismatched types
[INFO] [stdout]     --> /opt/rustwide/cargo-home/registry/src/github.com-1ecc6299db9ec823/lexical-core-0.4.6/src/atof/algorithm/math.rs:1061:22
[INFO] [stdout]      |
[INFO] [stdout] 1061 |         .map(|v| v - nlz)
[INFO] [stdout]      |                      ^^^ expected `u32`, found `usize`
[INFO] [stdout] 
[INFO] [stdout] 
[INFO] [stdout] error[E0277]: cannot subtract `usize` from `u32`
[INFO] [stdout]     --> /opt/rustwide/cargo-home/registry/src/github.com-1ecc6299db9ec823/lexical-core-0.4.6/src/atof/algorithm/math.rs:1061:20
[INFO] [stdout]      |
[INFO] [stdout] 1061 |         .map(|v| v - nlz)
[INFO] [stdout]      |                    ^ no implementation for `u32 - usize`
[INFO] [stdout]      |
[INFO] [stdout]      = help: the trait `Sub<usize>` is not implemented for `u32`
[INFO] [stdout] 
[INFO] [stdout] 
[INFO] [stdout] error[E0308]: mismatched types
[INFO] [stdout]     --> /opt/rustwide/cargo-home/registry/src/github.com-1ecc6299db9ec823/lexical-core-0.4.6/src/atof/algorithm/math.rs:1062:20
[INFO] [stdout]      |
[INFO] [stdout] 1062 |         .unwrap_or(usize::max_value())
[INFO] [stdout]      |                    ^^^^^^^^^^^^^^^^^^ expected `u32`, found `usize`
[INFO] [stdout]      |
[INFO] [stdout] help: you can convert a `usize` to a `u32` and panic if the converted value doesn't fit
[INFO] [stdout]      |
[INFO] [stdout] 1062 |         .unwrap_or(usize::max_value().try_into().unwrap())
[INFO] [stdout]      |                    ^^^^^^^^^^^^^^^^^^^^^^^^^^^^^^^^^^^^^^
[INFO] [stdout] 
[INFO] [stdout] 
[INFO] [stdout] error[E0308]: mismatched types
[INFO] [stdout]     --> /opt/rustwide/cargo-home/registry/src/github.com-1ecc6299db9ec823/lexical-core-0.4.6/src/atof/algorithm/math.rs:1060:5
[INFO] [stdout]      |
[INFO] [stdout] 1056 |   pub fn bit_length(x: &[Limb]) -> usize {
[INFO] [stdout]      |                                    ----- expected `usize` because of return type
[INFO] [stdout] ...
[INFO] [stdout] 1060 | /     Limb::BITS.checked_mul(x.len())
[INFO] [stdout] 1061 | |         .map(|v| v - nlz)
[INFO] [stdout] 1062 | |         .unwrap_or(usize::max_value())
[INFO] [stdout]      | |______________________________________^ expected `usize`, found `u32`
[INFO] [stdout]      |
[INFO] [stdout] help: you can convert a `u32` to a `usize` and panic if the converted value doesn't fit
[INFO] [stdout]      |
[INFO] [stdout] 1060 |     Limb::BITS.checked_mul(x.len())
[INFO] [stdout] 1061 |         .map(|v| v - nlz)
[INFO] [stdout] 1062 |         .unwrap_or(usize::max_value()).try_into().unwrap()
[INFO] [stdout]      |
[INFO] [stdout] 
[INFO] [stdout] 
[INFO] [stdout] error[E0308]: mismatched types
[INFO] [stdout]     --> /opt/rustwide/cargo-home/registry/src/github.com-1ecc6299db9ec823/lexical-core-0.4.6/src/atof/algorithm/math.rs:1087:23
[INFO] [stdout]      |
[INFO] [stdout] 1087 |     debug_assert!(n < bits && n != 0);
[INFO] [stdout]      |                       ^^^^ expected `usize`, found `u32`
[INFO] [stdout]      |
[INFO] [stdout] help: you can convert a `u32` to a `usize` and panic if the converted value doesn't fit
[INFO] [stdout]      |
[INFO] [stdout] 1087 |     debug_assert!(n < bits.try_into().unwrap() && n != 0);
[INFO] [stdout]      |                       ^^^^^^^^^^^^^^^^^^^^^^^^
[INFO] [stdout] 
[INFO] [stdout] 
[INFO] [stdout] error[E0308]: mismatched types
[INFO] [stdout]     --> /opt/rustwide/cargo-home/registry/src/github.com-1ecc6299db9ec823/lexical-core-0.4.6/src/atof/algorithm/math.rs:1094:25
[INFO] [stdout]      |
[INFO] [stdout] 1094 |     let lshift = bits - n;
[INFO] [stdout]      |                         ^ expected `u32`, found `usize`
[INFO] [stdout] 
[INFO] [stdout] 
[INFO] [stdout] error[E0277]: cannot subtract `usize` from `u32`
[INFO] [stdout]     --> /opt/rustwide/cargo-home/registry/src/github.com-1ecc6299db9ec823/lexical-core-0.4.6/src/atof/algorithm/math.rs:1094:23
[INFO] [stdout]      |
[INFO] [stdout] 1094 |     let lshift = bits - n;
[INFO] [stdout]      |                       ^ no implementation for `u32 - usize`
[INFO] [stdout]      |
[INFO] [stdout]      = help: the trait `Sub<usize>` is not implemented for `u32`
[INFO] [stdout] 
[INFO] [stdout] 
[INFO] [stdout] error[E0308]: mismatched types
[INFO] [stdout]     --> /opt/rustwide/cargo-home/registry/src/github.com-1ecc6299db9ec823/lexical-core-0.4.6/src/atof/algorithm/math.rs:1135:19
[INFO] [stdout]      |
[INFO] [stdout] 1135 |     let rem = n % bits;
[INFO] [stdout]      |                   ^^^^ expected `usize`, found `u32`
[INFO] [stdout] 
[INFO] [stdout] 
[INFO] [stdout] error[E0277]: cannot mod `usize` by `u32`
[INFO] [stdout]     --> /opt/rustwide/cargo-home/registry/src/github.com-1ecc6299db9ec823/lexical-core-0.4.6/src/atof/algorithm/math.rs:1135:17
[INFO] [stdout]      |
[INFO] [stdout] 1135 |     let rem = n % bits;
[INFO] [stdout]      |                 ^ no implementation for `usize % u32`
[INFO] [stdout]      |
[INFO] [stdout]      = help: the trait `Rem<u32>` is not implemented for `usize`
[INFO] [stdout] 
[INFO] [stdout] 
[INFO] [stdout] error[E0308]: mismatched types
[INFO] [stdout]     --> /opt/rustwide/cargo-home/registry/src/github.com-1ecc6299db9ec823/lexical-core-0.4.6/src/atof/algorithm/math.rs:1136:19
[INFO] [stdout]      |
[INFO] [stdout] 1136 |     let div = n / bits;
[INFO] [stdout]      |                   ^^^^ expected `usize`, found `u32`
[INFO] [stdout] 
[INFO] [stdout] 
[INFO] [stdout] error[E0277]: cannot divide `usize` by `u32`
[INFO] [stdout]     --> /opt/rustwide/cargo-home/registry/src/github.com-1ecc6299db9ec823/lexical-core-0.4.6/src/atof/algorithm/math.rs:1136:17
[INFO] [stdout]      |
[INFO] [stdout] 1136 |     let div = n / bits;
[INFO] [stdout]      |                 ^ no implementation for `usize / u32`
[INFO] [stdout]      |
[INFO] [stdout]      = help: the trait `Div<u32>` is not implemented for `usize`
[INFO] [stdout] 
[INFO] [stdout] 
[INFO] [stdout] error[E0308]: mismatched types
[INFO] [stdout]     --> /opt/rustwide/cargo-home/registry/src/github.com-1ecc6299db9ec823/lexical-core-0.4.6/src/atof/algorithm/math.rs:1192:23
[INFO] [stdout]      |
[INFO] [stdout] 1192 |     debug_assert!(n < bits);
[INFO] [stdout]      |                       ^^^^ expected `usize`, found `u32`
[INFO] [stdout]      |
[INFO] [stdout] help: you can convert a `u32` to a `usize` and panic if the converted value doesn't fit
[INFO] [stdout]      |
[INFO] [stdout] 1192 |     debug_assert!(n < bits.try_into().unwrap());
[INFO] [stdout]      |                       ^^^^^^^^^^^^^^^^^^^^^^^^
[INFO] [stdout] 
[INFO] [stdout] 
[INFO] [stdout] error[E0308]: mismatched types
[INFO] [stdout]     --> /opt/rustwide/cargo-home/registry/src/github.com-1ecc6299db9ec823/lexical-core-0.4.6/src/atof/algorithm/math.rs:1202:25
[INFO] [stdout]      |
[INFO] [stdout] 1202 |     let rshift = bits - n;
[INFO] [stdout]      |                         ^ expected `u32`, found `usize`
[INFO] [stdout] 
[INFO] [stdout] 
[INFO] [stdout] error[E0277]: cannot subtract `usize` from `u32`
[INFO] [stdout]     --> /opt/rustwide/cargo-home/registry/src/github.com-1ecc6299db9ec823/lexical-core-0.4.6/src/atof/algorithm/math.rs:1202:23
[INFO] [stdout]      |
[INFO] [stdout] 1202 |     let rshift = bits - n;
[INFO] [stdout]      |                       ^ no implementation for `u32 - usize`
[INFO] [stdout]      |
[INFO] [stdout]      = help: the trait `Sub<usize>` is not implemented for `u32`
[INFO] [stdout] 
[INFO] [stdout] 
[INFO] [stdout] error[E0308]: mismatched types
[INFO] [stdout]     --> /opt/rustwide/cargo-home/registry/src/github.com-1ecc6299db9ec823/lexical-core-0.4.6/src/atof/algorithm/math.rs:1254:19
[INFO] [stdout]      |
[INFO] [stdout] 1254 |     let rem = n % bits;
[INFO] [stdout]      |                   ^^^^ expected `usize`, found `u32`
[INFO] [stdout] 
[INFO] [stdout] 
[INFO] [stdout] error[E0277]: cannot mod `usize` by `u32`
[INFO] [stdout]     --> /opt/rustwide/cargo-home/registry/src/github.com-1ecc6299db9ec823/lexical-core-0.4.6/src/atof/algorithm/math.rs:1254:17
[INFO] [stdout]      |
[INFO] [stdout] 1254 |     let rem = n % bits;
[INFO] [stdout]      |                 ^ no implementation for `usize % u32`
[INFO] [stdout]      |
[INFO] [stdout]      = help: the trait `Rem<u32>` is not implemented for `usize`
[INFO] [stdout] 
[INFO] [stdout] 
[INFO] [stdout] error[E0308]: mismatched types
[INFO] [stdout]     --> /opt/rustwide/cargo-home/registry/src/github.com-1ecc6299db9ec823/lexical-core-0.4.6/src/atof/algorithm/math.rs:1255:19
[INFO] [stdout]      |
[INFO] [stdout] 1255 |     let div = n / bits;
[INFO] [stdout]      |                   ^^^^ expected `usize`, found `u32`
[INFO] [stdout] 
[INFO] [stdout] 
[INFO] [stdout] error[E0277]: cannot divide `usize` by `u32`
[INFO] [stdout]     --> /opt/rustwide/cargo-home/registry/src/github.com-1ecc6299db9ec823/lexical-core-0.4.6/src/atof/algorithm/math.rs:1255:17
[INFO] [stdout]      |
[INFO] [stdout] 1255 |     let div = n / bits;
[INFO] [stdout]      |                 ^ no implementation for `usize / u32`
[INFO] [stdout]      |
[INFO] [stdout]      = help: the trait `Div<u32>` is not implemented for `usize`
[INFO] [stdout] 
[INFO] [stdout] 
[INFO] [stdout] error[E0308]: mismatched types
[INFO] [stdout]     --> /opt/rustwide/cargo-home/registry/src/github.com-1ecc6299db9ec823/lexical-core-0.4.6/src/atof/algorithm/math.rs:2066:27
[INFO] [stdout]      |
[INFO] [stdout] 2066 |     let rs = Limb::BITS - s;
[INFO] [stdout]      |                           ^ expected `u32`, found `usize`
[INFO] [stdout] 
[INFO] [stdout] 
[INFO] [stdout] error[E0277]: cannot subtract `usize` from `u32`
[INFO] [stdout]     --> /opt/rustwide/cargo-home/registry/src/github.com-1ecc6299db9ec823/lexical-core-0.4.6/src/atof/algorithm/math.rs:2066:25
[INFO] [stdout]      |
[INFO] [stdout] 2066 |     let rs = Limb::BITS - s;
[INFO] [stdout]      |                         ^ no implementation for `u32 - usize`
[INFO] [stdout]      |
[INFO] [stdout]      = help: the trait `Sub<usize>` is not implemented for `u32`
[INFO] [stdout] 
[INFO] [stdout] 
[INFO] [stdout] error: aborting due to 27 previous errors
[INFO] [stdout] 
[INFO] [stdout] 
[INFO] [stdout] Some errors have detailed explanations: E0277, E0308.
[INFO] [stdout] 
[INFO] [stdout] For more information about an error, try `rustc --explain E0277`.
[INFO] [stdout] 
[INFO] [stderr] error: build failed
[INFO] running `Command { std: "docker" "inspect" "45950e0be5ae6a7e86aa9b26657935e742bf2bb1488c1cf53973aaba3068606b", kill_on_drop: false }`
[INFO] running `Command { std: "docker" "rm" "-f" "45950e0be5ae6a7e86aa9b26657935e742bf2bb1488c1cf53973aaba3068606b", kill_on_drop: false }`
[INFO] [stdout] 45950e0be5ae6a7e86aa9b26657935e742bf2bb1488c1cf53973aaba3068606b
