[INFO] fetching crate web-glitz 0.2.3...
[INFO] testing web-glitz-0.2.3 against beta-2021-08-01 for beta-1.55-1
[INFO] extracting crate web-glitz 0.2.3 into /workspace/builds/worker-11/source
[INFO] validating manifest of crates.io crate web-glitz 0.2.3 on toolchain beta-2021-08-01
[INFO] running `Command { std: "/workspace/cargo-home/bin/cargo" "+beta-2021-08-01" "metadata" "--manifest-path" "Cargo.toml" "--no-deps", kill_on_drop: false }`
[INFO] started tweaking crates.io crate web-glitz 0.2.3
[INFO] finished tweaking crates.io crate web-glitz 0.2.3
[INFO] tweaked toml for crates.io crate web-glitz 0.2.3 written to /workspace/builds/worker-11/source/Cargo.toml
[INFO] running `Command { std: "/workspace/cargo-home/bin/cargo" "+beta-2021-08-01" "generate-lockfile" "--manifest-path" "Cargo.toml" "-Zno-index-update", kill_on_drop: false }`
[INFO] [stderr]     Blocking waiting for file lock on package cache
[INFO] running `Command { std: "/workspace/cargo-home/bin/cargo" "+beta-2021-08-01" "fetch" "--manifest-path" "Cargo.toml", kill_on_drop: false }`
[INFO] [stderr]     Blocking waiting for file lock on package cache
[INFO] running `Command { std: "docker" "create" "-v" "/var/lib/crater-agent-workspace/builds/worker-11/target:/opt/rustwide/target:rw,Z" "-v" "/var/lib/crater-agent-workspace/builds/worker-11/source:/opt/rustwide/workdir:ro,Z" "-v" "/var/lib/crater-agent-workspace/cargo-home:/opt/rustwide/cargo-home:ro,Z" "-v" "/var/lib/crater-agent-workspace/rustup-home:/opt/rustwide/rustup-home:ro,Z" "-e" "SOURCE_DIR=/opt/rustwide/workdir" "-e" "CARGO_TARGET_DIR=/opt/rustwide/target" "-e" "CARGO_HOME=/opt/rustwide/cargo-home" "-e" "RUSTUP_HOME=/opt/rustwide/rustup-home" "-w" "/opt/rustwide/workdir" "-m" "1610612736" "--user" "0:0" "--network" "none" "ghcr.io/rust-lang/crates-build-env/linux@sha256:34b6a614d2c27851fe6cbf88fbd1137609cefab8b10d0615aaeb6fd47975d74e" "/opt/rustwide/cargo-home/bin/cargo" "+beta-2021-08-01" "metadata" "--no-deps" "--format-version=1", kill_on_drop: false }`
[INFO] [stdout] 9ec680f146d8a20958b470354dea770da11a220622691e0d559220fba4c7e7a2
[INFO] running `Command { std: "docker" "start" "-a" "9ec680f146d8a20958b470354dea770da11a220622691e0d559220fba4c7e7a2", kill_on_drop: false }`
[INFO] running `Command { std: "docker" "inspect" "9ec680f146d8a20958b470354dea770da11a220622691e0d559220fba4c7e7a2", kill_on_drop: false }`
[INFO] running `Command { std: "docker" "rm" "-f" "9ec680f146d8a20958b470354dea770da11a220622691e0d559220fba4c7e7a2", kill_on_drop: false }`
[INFO] [stdout] 9ec680f146d8a20958b470354dea770da11a220622691e0d559220fba4c7e7a2
[INFO] running `Command { std: "docker" "create" "-v" "/var/lib/crater-agent-workspace/builds/worker-11/target:/opt/rustwide/target:rw,Z" "-v" "/var/lib/crater-agent-workspace/builds/worker-11/source:/opt/rustwide/workdir:ro,Z" "-v" "/var/lib/crater-agent-workspace/cargo-home:/opt/rustwide/cargo-home:ro,Z" "-v" "/var/lib/crater-agent-workspace/rustup-home:/opt/rustwide/rustup-home:ro,Z" "-e" "SOURCE_DIR=/opt/rustwide/workdir" "-e" "CARGO_TARGET_DIR=/opt/rustwide/target" "-e" "CARGO_INCREMENTAL=0" "-e" "RUST_BACKTRACE=full" "-e" "RUSTFLAGS=--cap-lints=warn" "-e" "CARGO_HOME=/opt/rustwide/cargo-home" "-e" "RUSTUP_HOME=/opt/rustwide/rustup-home" "-w" "/opt/rustwide/workdir" "-m" "1610612736" "--user" "0:0" "--network" "none" "ghcr.io/rust-lang/crates-build-env/linux@sha256:34b6a614d2c27851fe6cbf88fbd1137609cefab8b10d0615aaeb6fd47975d74e" "/opt/rustwide/cargo-home/bin/cargo" "+beta-2021-08-01" "build" "--frozen" "--message-format=json", kill_on_drop: false }`
[INFO] [stdout] 012492370f3fc23b1bd744756938189506fca13eee782fea78c17b0bfe011ab0
[INFO] running `Command { std: "docker" "start" "-a" "012492370f3fc23b1bd744756938189506fca13eee782fea78c17b0bfe011ab0", kill_on_drop: false }`
[INFO] [stderr]    Compiling wasm-bindgen-shared v0.2.75
[INFO] [stderr]    Compiling bumpalo v3.7.0
[INFO] [stderr]    Compiling wasm-bindgen v0.2.75
[INFO] [stderr]    Compiling staticvec v0.10.8
[INFO] [stderr]    Compiling memoffset v0.6.4
[INFO] [stderr]    Compiling futures-macro v0.3.16
[INFO] [stderr]    Compiling std140-macros v0.1.2
[INFO] [stderr]    Compiling web-glitz-macros v0.2.0
[INFO] [stdout] error[E0557]: feature has been removed
[INFO] [stdout]   --> /opt/rustwide/cargo-home/registry/src/github.com-1ecc6299db9ec823/staticvec-0.10.8/src/lib.rs:51:3
[INFO] [stdout]    |
[INFO] [stdout] 51 |   const_raw_ptr_to_usize_cast,
[INFO] [stdout]    |   ^^^^^^^^^^^^^^^^^^^^^^^^^^^ feature has been removed
[INFO] [stdout]    |
[INFO] [stdout]    = note: at compile-time, pointers do not have an integer value, so these casts cannot be properly supported
[INFO] [stdout] 
[INFO] [stdout] 
[INFO] [stdout] error[E0554]: `#![feature]` may not be used on the beta release channel
[INFO] [stdout]   --> /opt/rustwide/cargo-home/registry/src/github.com-1ecc6299db9ec823/staticvec-0.10.8/src/lib.rs:31:1
[INFO] [stdout]    |
[INFO] [stdout] 31 | / #![feature(
[INFO] [stdout] 32 | |   const_assume,
[INFO] [stdout] 33 | |   const_evaluatable_checked,
[INFO] [stdout] 34 | |   const_fn_floating_point_arithmetic,
[INFO] [stdout] ...  |
[INFO] [stdout] 70 | |   untagged_unions
[INFO] [stdout] 71 | | )]
[INFO] [stdout]    | |__^
[INFO] [stdout] 
[INFO] [stdout] 
[INFO] [stdout] error[E0554]: `#![feature]` may not be used on the beta release channel
[INFO] [stdout]   --> /opt/rustwide/cargo-home/registry/src/github.com-1ecc6299db9ec823/staticvec-0.10.8/src/lib.rs:72:30
[INFO] [stdout]    |
[INFO] [stdout] 72 | #![cfg_attr(feature = "std", feature(read_initializer))]
[INFO] [stdout]    |                              ^^^^^^^^^^^^^^^^^^^^^^^^^
[INFO] [stdout] 
[INFO] [stdout] 
[INFO] [stdout] error: const trait implementations may not use non-const default functions
[INFO] [stdout]    --> /opt/rustwide/cargo-home/registry/src/github.com-1ecc6299db9ec823/staticvec-0.10.8/src/iterators.rs:104:1
[INFO] [stdout]     |
[INFO] [stdout] 104 | / impl<'a, T: 'a, const N: usize> const Iterator for StaticVecIterConst<'a, T, N> {
[INFO] [stdout] 105 | |   type Item = &'a T;
[INFO] [stdout] 106 | |
[INFO] [stdout] 107 | |   #[inline(always)]
[INFO] [stdout] ...   |
[INFO] [stdout] 177 | |   }
[INFO] [stdout] 178 | | }
[INFO] [stdout]     | |_^
[INFO] [stdout]     |
[INFO] [stdout]     = note: `try_for_each`, `cmp`, `step_by`, `skip_while`, `fuse`, `try_fold`, `filter`, `product`, `try_find`, `intersperse`, `skip`, `max_by`, `rposition`, `cmp_by`, `advance_by`, `zip`, `peekable`, `flatten`, `is_partitioned`, `find_map`, `max_by_key`, `sum`, `partial_cmp`, `is_sorted_by`, `map`, `min`, `enumerate`, `flat_map`, `cloned`, `position`, `all`, `le`, `is_sorted_by_key`, `copied`, `filter_map`, `max`, `partition_in_place`, `find`, `cycle`, `lt`, `ge`, `for_each`, `min_by_key`, `map_while`, `gt`, `is_sorted`, `chain`, `scan`, `partition`, `reduce`, `unzip`, `eq_by`, `intersperse_with`, `take_while`, `inspect`, `min_by`, `eq`, `collect`, `fold`, `rev`, `partial_cmp_by`, `by_ref`, `ne`, `take`, `any` not implemented
[INFO] [stdout] 
[INFO] [stdout] 
[INFO] [stdout] error: const trait implementations may not use non-const default functions
[INFO] [stdout]    --> /opt/rustwide/cargo-home/registry/src/github.com-1ecc6299db9ec823/staticvec-0.10.8/src/iterators.rs:180:1
[INFO] [stdout]     |
[INFO] [stdout] 180 | / impl<'a, T: 'a, const N: usize> const DoubleEndedIterator for StaticVecIterConst<'a, T, N> {
[INFO] [stdout] 181 | |   #[inline(always)]
[INFO] [stdout] 182 | |   fn next_back(&mut self) -> Option<&'a T> {
[INFO] [stdout] 183 | |     unsafe {
[INFO] [stdout] ...   |
[INFO] [stdout] 217 | |   }
[INFO] [stdout] 218 | | }
[INFO] [stdout]     | |_^
[INFO] [stdout]     |
[INFO] [stdout]     = note: `advance_back_by`, `try_rfold`, `rfold`, `rfind` not implemented
[INFO] [stdout] 
[INFO] [stdout] 
[INFO] [stdout] error: const trait implementations may not use non-const default functions
[INFO] [stdout]    --> /opt/rustwide/cargo-home/registry/src/github.com-1ecc6299db9ec823/staticvec-0.10.8/src/iterators.rs:237:1
[INFO] [stdout]     |
[INFO] [stdout] 237 | / unsafe impl<'a, T: 'a, const N: usize> const TrustedRandomAccess for StaticVecIterConst<'a, T, N> {
[INFO] [stdout] 238 | |   const MAY_HAVE_SIDE_EFFECT: bool = false;
[INFO] [stdout] 239 | | }
[INFO] [stdout]     | |_^
[INFO] [stdout]     |
[INFO] [stdout]     = note: `size` not implemented
[INFO] [stdout] 
[INFO] [stdout] 
[INFO] [stdout] error: const trait implementations may not use non-const default functions
[INFO] [stdout]    --> /opt/rustwide/cargo-home/registry/src/github.com-1ecc6299db9ec823/staticvec-0.10.8/src/iterators.rs:243:1
[INFO] [stdout]     |
[INFO] [stdout] 243 | / impl<'a, T: 'a, const N: usize> const Clone for StaticVecIterConst<'a, T, N> {
[INFO] [stdout] 244 | |   #[inline(always)]
[INFO] [stdout] 245 | |   fn clone(&self) -> Self {
[INFO] [stdout] 246 | |     Self {
[INFO] [stdout] ...   |
[INFO] [stdout] 251 | |   }
[INFO] [stdout] 252 | | }
[INFO] [stdout]     | |_^
[INFO] [stdout]     |
[INFO] [stdout]     = note: `clone_from` not implemented
[INFO] [stdout] 
[INFO] [stdout] 
[INFO] [stdout] error: const trait implementations may not use non-const default functions
[INFO] [stdout]    --> /opt/rustwide/cargo-home/registry/src/github.com-1ecc6299db9ec823/staticvec-0.10.8/src/iterators.rs:296:1
[INFO] [stdout]     |
[INFO] [stdout] 296 | / impl<'a, T: 'a, const N: usize> const Iterator for StaticVecIterMut<'a, T, N> {
[INFO] [stdout] 297 | |   type Item = &'a mut T;
[INFO] [stdout] 298 | |
[INFO] [stdout] 299 | |   #[inline(always)]
[INFO] [stdout] ...   |
[INFO] [stdout] 369 | |   }
[INFO] [stdout] 370 | | }
[INFO] [stdout]     | |_^
[INFO] [stdout]     |
[INFO] [stdout]     = note: `try_for_each`, `cmp`, `step_by`, `skip_while`, `fuse`, `try_fold`, `filter`, `product`, `try_find`, `intersperse`, `skip`, `max_by`, `rposition`, `cmp_by`, `advance_by`, `zip`, `peekable`, `flatten`, `is_partitioned`, `find_map`, `max_by_key`, `sum`, `partial_cmp`, `is_sorted_by`, `map`, `min`, `enumerate`, `flat_map`, `cloned`, `position`, `all`, `le`, `is_sorted_by_key`, `copied`, `filter_map`, `max`, `partition_in_place`, `find`, `cycle`, `lt`, `ge`, `for_each`, `min_by_key`, `map_while`, `gt`, `is_sorted`, `chain`, `scan`, `partition`, `reduce`, `unzip`, `eq_by`, `intersperse_with`, `take_while`, `inspect`, `min_by`, `eq`, `collect`, `fold`, `rev`, `partial_cmp_by`, `by_ref`, `ne`, `take`, `any` not implemented
[INFO] [stdout] 
[INFO] [stdout] 
[INFO] [stdout] error: const trait implementations may not use non-const default functions
[INFO] [stdout]    --> /opt/rustwide/cargo-home/registry/src/github.com-1ecc6299db9ec823/staticvec-0.10.8/src/iterators.rs:372:1
[INFO] [stdout]     |
[INFO] [stdout] 372 | / impl<'a, T: 'a, const N: usize> const DoubleEndedIterator for StaticVecIterMut<'a, T, N> {
[INFO] [stdout] 373 | |   #[inline(always)]
[INFO] [stdout] 374 | |   fn next_back(&mut self) -> Option<&'a mut T> {
[INFO] [stdout] 375 | |     unsafe {
[INFO] [stdout] ...   |
[INFO] [stdout] 409 | |   }
[INFO] [stdout] 410 | | }
[INFO] [stdout]     | |_^
[INFO] [stdout]     |
[INFO] [stdout]     = note: `advance_back_by`, `try_rfold`, `rfold`, `rfind` not implemented
[INFO] [stdout] 
[INFO] [stdout] 
[INFO] [stdout] error: const trait implementations may not use non-const default functions
[INFO] [stdout]    --> /opt/rustwide/cargo-home/registry/src/github.com-1ecc6299db9ec823/staticvec-0.10.8/src/iterators.rs:429:1
[INFO] [stdout]     |
[INFO] [stdout] 429 | / unsafe impl<'a, T: 'a, const N: usize> const TrustedRandomAccess for StaticVecIterMut<'a, T, N> {
[INFO] [stdout] 430 | |   const MAY_HAVE_SIDE_EFFECT: bool = false;
[INFO] [stdout] 431 | | }
[INFO] [stdout]     | |_^
[INFO] [stdout]     |
[INFO] [stdout]     = note: `size` not implemented
[INFO] [stdout] 
[INFO] [stdout] 
[INFO] [stdout] error: const trait implementations may not use non-const default functions
[INFO] [stdout]    --> /opt/rustwide/cargo-home/registry/src/github.com-1ecc6299db9ec823/staticvec-0.10.8/src/iterators.rs:629:1
[INFO] [stdout]     |
[INFO] [stdout] 629 | / unsafe impl<T: Copy, const N: usize> const TrustedRandomAccess for StaticVecIntoIter<T, N> {
[INFO] [stdout] 630 | |   const MAY_HAVE_SIDE_EFFECT: bool = false;
[INFO] [stdout] 631 | | }
[INFO] [stdout]     | |_^
[INFO] [stdout]     |
[INFO] [stdout]     = note: `size` not implemented
[INFO] [stdout] 
[INFO] [stdout] 
[INFO] [stdout] error: const trait implementations may not use non-const default functions
[INFO] [stdout]    --> /opt/rustwide/cargo-home/registry/src/github.com-1ecc6299db9ec823/staticvec-0.10.8/src/iterators.rs:756:1
[INFO] [stdout]     |
[INFO] [stdout] 756 | / unsafe impl<'a, T: Copy + 'a, const N: usize> const TrustedRandomAccess
[INFO] [stdout] 757 | |   for StaticVecDrain<'a, T, N>
[INFO] [stdout] 758 | | {
[INFO] [stdout] 759 | |   const MAY_HAVE_SIDE_EFFECT: bool = false;
[INFO] [stdout] 760 | | }
[INFO] [stdout]     | |_^
[INFO] [stdout]     |
[INFO] [stdout]     = note: `size` not implemented
[INFO] [stdout] 
[INFO] [stdout] 
[INFO] [stdout] error: aborting due to 12 previous errors
[INFO] [stdout] 
[INFO] [stdout] 
[INFO] [stdout] Some errors have detailed explanations: E0554, E0557.
[INFO] [stdout] 
[INFO] [stdout] For more information about an error, try `rustc --explain E0554`.
[INFO] [stdout] 
[INFO] [stderr] error: could not compile `staticvec` due to 13 previous errors
[INFO] [stderr] warning: build failed, waiting for other jobs to finish...
[INFO] [stderr] error: build failed
[INFO] running `Command { std: "docker" "inspect" "012492370f3fc23b1bd744756938189506fca13eee782fea78c17b0bfe011ab0", kill_on_drop: false }`
[INFO] running `Command { std: "docker" "rm" "-f" "012492370f3fc23b1bd744756938189506fca13eee782fea78c17b0bfe011ab0", kill_on_drop: false }`
[INFO] [stdout] 012492370f3fc23b1bd744756938189506fca13eee782fea78c17b0bfe011ab0
