[INFO] fetching crate web-audio-api 0.7.0...
[INFO] testing web-audio-api-0.7.0 against beta-2021-08-01 for beta-1.55-1
[INFO] extracting crate web-audio-api 0.7.0 into /workspace/builds/worker-1/source
[INFO] validating manifest of crates.io crate web-audio-api 0.7.0 on toolchain beta-2021-08-01
[INFO] running `Command { std: "/workspace/cargo-home/bin/cargo" "+beta-2021-08-01" "metadata" "--manifest-path" "Cargo.toml" "--no-deps", kill_on_drop: false }`
[INFO] started tweaking crates.io crate web-audio-api 0.7.0
[INFO] finished tweaking crates.io crate web-audio-api 0.7.0
[INFO] tweaked toml for crates.io crate web-audio-api 0.7.0 written to /workspace/builds/worker-1/source/Cargo.toml
[INFO] crate crates.io crate web-audio-api 0.7.0 already has a lockfile, it will not be regenerated
[INFO] running `Command { std: "/workspace/cargo-home/bin/cargo" "+beta-2021-08-01" "fetch" "--manifest-path" "Cargo.toml", kill_on_drop: false }`
[INFO] [stderr]  Downloading crates ...
[INFO] [stderr]   Downloaded ogg v0.8.0
[INFO] [stderr]   Downloaded chunked_transfer v1.3.0
[INFO] [stderr]   Downloaded primal-check v0.3.1
[INFO] [stderr]   Downloaded piston-float v1.0.0
[INFO] [stderr]   Downloaded cookie_store v0.12.0
[INFO] [stderr]   Downloaded ureq v1.5.4
[INFO] [stderr]   Downloaded jni v0.14.0
[INFO] [stderr]   Downloaded realfft v1.1.0
[INFO] [stderr]   Downloaded jni v0.17.0
[INFO] [stderr]   Downloaded alloc_counter_macro v0.0.2
[INFO] [stderr]   Downloaded serde v1.0.122
[INFO] [stderr]   Downloaded alloc_counter v0.0.4
[INFO] [stderr]   Downloaded alsa v0.4.3
[INFO] [stderr]   Downloaded oboe v0.3.1
[INFO] [stderr]   Downloaded vecmath v1.0.0
[INFO] [stderr]   Downloaded fetch_unroll v0.2.2
[INFO] [stderr]   Downloaded serde_derive v1.0.122
[INFO] [stderr]   Downloaded lewton v0.10.2
[INFO] [stderr]   Downloaded cpal v0.13.1
[INFO] [stderr]   Downloaded transpose v0.2.1
[INFO] [stderr]   Downloaded oboe-sys v0.3.0
[INFO] [stderr]   Downloaded rustfft v5.1.0
[INFO] running `Command { std: "docker" "create" "-v" "/var/lib/crater-agent-workspace/builds/worker-1/target:/opt/rustwide/target:rw,Z" "-v" "/var/lib/crater-agent-workspace/builds/worker-1/source:/opt/rustwide/workdir:ro,Z" "-v" "/var/lib/crater-agent-workspace/cargo-home:/opt/rustwide/cargo-home:ro,Z" "-v" "/var/lib/crater-agent-workspace/rustup-home:/opt/rustwide/rustup-home:ro,Z" "-e" "SOURCE_DIR=/opt/rustwide/workdir" "-e" "CARGO_TARGET_DIR=/opt/rustwide/target" "-e" "CARGO_HOME=/opt/rustwide/cargo-home" "-e" "RUSTUP_HOME=/opt/rustwide/rustup-home" "-w" "/opt/rustwide/workdir" "-m" "1610612736" "--user" "0:0" "--network" "none" "ghcr.io/rust-lang/crates-build-env/linux@sha256:34b6a614d2c27851fe6cbf88fbd1137609cefab8b10d0615aaeb6fd47975d74e" "/opt/rustwide/cargo-home/bin/cargo" "+beta-2021-08-01" "metadata" "--no-deps" "--format-version=1", kill_on_drop: false }`
[INFO] [stdout] 388f2831648247ef377f085f684467e97dcf24badd1970e16c346ad1a8c88d7a
[INFO] running `Command { std: "docker" "start" "-a" "388f2831648247ef377f085f684467e97dcf24badd1970e16c346ad1a8c88d7a", kill_on_drop: false }`
[INFO] running `Command { std: "docker" "inspect" "388f2831648247ef377f085f684467e97dcf24badd1970e16c346ad1a8c88d7a", kill_on_drop: false }`
[INFO] running `Command { std: "docker" "rm" "-f" "388f2831648247ef377f085f684467e97dcf24badd1970e16c346ad1a8c88d7a", kill_on_drop: false }`
[INFO] [stdout] 388f2831648247ef377f085f684467e97dcf24badd1970e16c346ad1a8c88d7a
[INFO] running `Command { std: "docker" "create" "-v" "/var/lib/crater-agent-workspace/builds/worker-1/target:/opt/rustwide/target:rw,Z" "-v" "/var/lib/crater-agent-workspace/builds/worker-1/source:/opt/rustwide/workdir:ro,Z" "-v" "/var/lib/crater-agent-workspace/cargo-home:/opt/rustwide/cargo-home:ro,Z" "-v" "/var/lib/crater-agent-workspace/rustup-home:/opt/rustwide/rustup-home:ro,Z" "-e" "SOURCE_DIR=/opt/rustwide/workdir" "-e" "CARGO_TARGET_DIR=/opt/rustwide/target" "-e" "CARGO_INCREMENTAL=0" "-e" "RUST_BACKTRACE=full" "-e" "RUSTFLAGS=--cap-lints=warn" "-e" "CARGO_HOME=/opt/rustwide/cargo-home" "-e" "RUSTUP_HOME=/opt/rustwide/rustup-home" "-w" "/opt/rustwide/workdir" "-m" "1610612736" "--user" "0:0" "--network" "none" "ghcr.io/rust-lang/crates-build-env/linux@sha256:34b6a614d2c27851fe6cbf88fbd1137609cefab8b10d0615aaeb6fd47975d74e" "/opt/rustwide/cargo-home/bin/cargo" "+beta-2021-08-01" "build" "--frozen" "--message-format=json", kill_on_drop: false }`
[INFO] [stdout] 8f9e009a4641e85d8672f7827483ffc26cf2d0ec2169e39b4b77ef923fd786e8
[INFO] running `Command { std: "docker" "start" "-a" "8f9e009a4641e85d8672f7827483ffc26cf2d0ec2169e39b4b77ef923fd786e8", kill_on_drop: false }`
[INFO] [stderr]    Compiling proc-macro2 v1.0.24
[INFO] [stderr]    Compiling libc v0.2.82
[INFO] [stderr]    Compiling syn v1.0.60
[INFO] [stderr]    Compiling nix v0.15.0
[INFO] [stderr]    Compiling strength_reduce v0.2.3
[INFO] [stderr]    Compiling cpal v0.13.1
[INFO] [stderr]    Compiling byteorder v1.4.2
[INFO] [stderr]    Compiling piston-float v1.0.0
[INFO] [stderr]    Compiling num-traits v0.2.14
[INFO] [stderr]    Compiling crossbeam-utils v0.8.4
[INFO] [stderr]    Compiling alsa-sys v0.3.1
[INFO] [stderr]    Compiling tinyvec v1.1.0
[INFO] [stderr]    Compiling vecmath v1.0.0
[INFO] [stderr]    Compiling ogg v0.8.0
[INFO] [stderr]    Compiling lewton v0.10.2
[INFO] [stderr]    Compiling quote v1.0.8
[INFO] [stderr]    Compiling num-integer v0.1.44
[INFO] [stderr]    Compiling num-complex v0.3.1
[INFO] [stderr]    Compiling crossbeam-channel v0.5.1
[INFO] [stderr]    Compiling transpose v0.2.1
[INFO] [stderr]    Compiling primal-check v0.3.1
[INFO] [stderr]    Compiling rustfft v5.1.0
[INFO] [stderr]    Compiling alsa v0.4.3
[INFO] [stderr]    Compiling realfft v1.1.0
[INFO] [stderr]    Compiling thiserror-impl v1.0.23
[INFO] [stderr]    Compiling thiserror v1.0.23
[INFO] [stderr]    Compiling web-audio-api v0.7.0 (/opt/rustwide/workdir)
[INFO] [stdout] error[E0080]: evaluation of `core::core_arch::macros::ValidateConstImm::<51_i32, 0_i32, 15_i32>::VALID` failed
[INFO] [stdout]   |
[INFO] [stdout]   = note: this error originates in the macro `$crate::panic::panic_2015` (in Nightly builds, run with -Z macro-backtrace for more info)
[INFO] [stdout] 
[INFO] [stdout] 
[INFO] [stdout] note: the above error was encountered while instantiating `fn std::arch::x86_64::_mm_blend_ps::<51_i32>`
[INFO] [stdout]     --> /opt/rustwide/cargo-home/registry/src/github.com-1ecc6299db9ec823/rustfft-5.1.0/src/avx/avx_vector.rs:1314:23
[INFO] [stdout]      |
[INFO] [stdout] 1314 |         let blended = _mm_blend_ps(rows[0], rows[2], 0x33);
[INFO] [stdout]      |                       ^^^^^^^^^^^^^^^^^^^^^^^^^^^^^^^^^^^^
[INFO] [stdout] 
[INFO] [stdout] 
[INFO] [stdout] error[E0080]: evaluation of `core::core_arch::macros::ValidateConstImm::<5_i32, 0_i32, 3_i32>::VALID` failed
[INFO] [stdout]   |
[INFO] [stdout]   = note: this error originates in the macro `$crate::panic::panic_2015` (in Nightly builds, run with -Z macro-backtrace for more info)
[INFO] [stdout] 
[INFO] [stdout] 
[INFO] [stdout] note: the above error was encountered while instantiating `fn std::arch::x86_64::_mm_permute_pd::<5_i32>`
[INFO] [stdout]     --> /opt/rustwide/cargo-home/registry/src/github.com-1ecc6299db9ec823/rustfft-5.1.0/src/avx/avx_vector.rs:1859:9
[INFO] [stdout]      |
[INFO] [stdout] 1859 |         _mm_permute_pd(self, 0x05)
[INFO] [stdout]      |         ^^^^^^^^^^^^^^^^^^^^^^^^^^
[INFO] [stdout] 
[INFO] [stdout] 
[INFO] [stdout] error[E0080]: evaluation of `core::core_arch::macros::ValidateConstImm::<15_i32, 0_i32, 3_i32>::VALID` failed
[INFO] [stdout]   |
[INFO] [stdout]   = note: this error originates in the macro `$crate::panic::panic_2015` (in Nightly builds, run with -Z macro-backtrace for more info)
[INFO] [stdout] 
[INFO] [stdout] 
[INFO] [stdout] note: the above error was encountered while instantiating `fn std::arch::x86_64::_mm_permute_pd::<15_i32>`
[INFO] [stdout]     --> /opt/rustwide/cargo-home/registry/src/github.com-1ecc6299db9ec823/rustfft-5.1.0/src/avx/avx_vector.rs:1863:32
[INFO] [stdout]      |
[INFO] [stdout] 1863 |         (_mm_movedup_pd(self), _mm_permute_pd(self, 0x0F))
[INFO] [stdout]      |                                ^^^^^^^^^^^^^^^^^^^^^^^^^^
[INFO] [stdout] 
[INFO] [stdout] 
[INFO] [stdout] error: aborting due to 3 previous errors
[INFO] [stdout] 
[INFO] [stdout] 
[INFO] [stdout] For more information about this error, try `rustc --explain E0080`.
[INFO] [stdout] 
[INFO] [stderr] error: could not compile `web-audio-api` due to 4 previous errors
[INFO] running `Command { std: "docker" "inspect" "8f9e009a4641e85d8672f7827483ffc26cf2d0ec2169e39b4b77ef923fd786e8", kill_on_drop: false }`
[INFO] running `Command { std: "docker" "rm" "-f" "8f9e009a4641e85d8672f7827483ffc26cf2d0ec2169e39b4b77ef923fd786e8", kill_on_drop: false }`
[INFO] [stdout] 8f9e009a4641e85d8672f7827483ffc26cf2d0ec2169e39b4b77ef923fd786e8
