[INFO] fetching crate vowpalwabbit-sys 8.8.1+vw-v8.8.0...
[INFO] testing vowpalwabbit-sys-8.8.1+vw-v8.8.0 against 1.54.0 for beta-1.55-1
[INFO] extracting crate vowpalwabbit-sys 8.8.1+vw-v8.8.0 into /workspace/builds/worker-62/source
[INFO] validating manifest of crates.io crate vowpalwabbit-sys 8.8.1+vw-v8.8.0 on toolchain 1.54.0
[INFO] running `Command { std: "/workspace/cargo-home/bin/cargo" "+1.54.0" "metadata" "--manifest-path" "Cargo.toml" "--no-deps", kill_on_drop: false }`
[INFO] started tweaking crates.io crate vowpalwabbit-sys 8.8.1+vw-v8.8.0
[INFO] finished tweaking crates.io crate vowpalwabbit-sys 8.8.1+vw-v8.8.0
[INFO] tweaked toml for crates.io crate vowpalwabbit-sys 8.8.1+vw-v8.8.0 written to /workspace/builds/worker-62/source/Cargo.toml
[INFO] running `Command { std: "/workspace/cargo-home/bin/cargo" "+1.54.0" "generate-lockfile" "--manifest-path" "Cargo.toml" "-Zno-index-update", kill_on_drop: false }`
[INFO] [stderr]     Blocking waiting for file lock on package cache
[INFO] running `Command { std: "/workspace/cargo-home/bin/cargo" "+1.54.0" "fetch" "--manifest-path" "Cargo.toml", kill_on_drop: false }`
[INFO] running `Command { std: "docker" "create" "-v" "/var/lib/crater-agent-workspace/builds/worker-62/target:/opt/rustwide/target:rw,Z" "-v" "/var/lib/crater-agent-workspace/builds/worker-62/source:/opt/rustwide/workdir:ro,Z" "-v" "/var/lib/crater-agent-workspace/cargo-home:/opt/rustwide/cargo-home:ro,Z" "-v" "/var/lib/crater-agent-workspace/rustup-home:/opt/rustwide/rustup-home:ro,Z" "-e" "SOURCE_DIR=/opt/rustwide/workdir" "-e" "CARGO_TARGET_DIR=/opt/rustwide/target" "-e" "CARGO_HOME=/opt/rustwide/cargo-home" "-e" "RUSTUP_HOME=/opt/rustwide/rustup-home" "-w" "/opt/rustwide/workdir" "-m" "1610612736" "--user" "0:0" "--network" "none" "ghcr.io/rust-lang/crates-build-env/linux@sha256:34b6a614d2c27851fe6cbf88fbd1137609cefab8b10d0615aaeb6fd47975d74e" "/opt/rustwide/cargo-home/bin/cargo" "+1.54.0" "metadata" "--no-deps" "--format-version=1", kill_on_drop: false }`
[INFO] [stdout] 811784bc293a41d31d3b858079d3506856df24f745cda2f3f4ce2d401d364d23
[INFO] running `Command { std: "docker" "start" "-a" "811784bc293a41d31d3b858079d3506856df24f745cda2f3f4ce2d401d364d23", kill_on_drop: false }`
[INFO] running `Command { std: "docker" "inspect" "811784bc293a41d31d3b858079d3506856df24f745cda2f3f4ce2d401d364d23", kill_on_drop: false }`
[INFO] running `Command { std: "docker" "rm" "-f" "811784bc293a41d31d3b858079d3506856df24f745cda2f3f4ce2d401d364d23", kill_on_drop: false }`
[INFO] [stdout] 811784bc293a41d31d3b858079d3506856df24f745cda2f3f4ce2d401d364d23
[INFO] running `Command { std: "docker" "create" "-v" "/var/lib/crater-agent-workspace/builds/worker-62/target:/opt/rustwide/target:rw,Z" "-v" "/var/lib/crater-agent-workspace/builds/worker-62/source:/opt/rustwide/workdir:ro,Z" "-v" "/var/lib/crater-agent-workspace/cargo-home:/opt/rustwide/cargo-home:ro,Z" "-v" "/var/lib/crater-agent-workspace/rustup-home:/opt/rustwide/rustup-home:ro,Z" "-e" "SOURCE_DIR=/opt/rustwide/workdir" "-e" "CARGO_TARGET_DIR=/opt/rustwide/target" "-e" "CARGO_INCREMENTAL=0" "-e" "RUST_BACKTRACE=full" "-e" "RUSTFLAGS=--cap-lints=warn" "-e" "CARGO_HOME=/opt/rustwide/cargo-home" "-e" "RUSTUP_HOME=/opt/rustwide/rustup-home" "-w" "/opt/rustwide/workdir" "-m" "1610612736" "--user" "0:0" "--network" "none" "ghcr.io/rust-lang/crates-build-env/linux@sha256:34b6a614d2c27851fe6cbf88fbd1137609cefab8b10d0615aaeb6fd47975d74e" "/opt/rustwide/cargo-home/bin/cargo" "+1.54.0" "build" "--frozen" "--message-format=json", kill_on_drop: false }`
[INFO] [stdout] b45705bd380be5a4b3d165ed8316462e98dda14597645e75bc48da11f286fe3b
[INFO] running `Command { std: "docker" "start" "-a" "b45705bd380be5a4b3d165ed8316462e98dda14597645e75bc48da11f286fe3b", kill_on_drop: false }`
[INFO] [stderr]     Blocking waiting for file lock on package cache
[INFO] [stderr]    Compiling memchr v2.4.0
[INFO] [stderr]    Compiling version_check v0.1.5
[INFO] [stderr]    Compiling glob v0.3.0
[INFO] [stderr]    Compiling proc-macro2 v1.0.28
[INFO] [stderr]    Compiling bindgen v0.52.0
[INFO] [stderr]    Compiling rustc-hash v1.1.0
[INFO] [stderr]    Compiling lazycell v1.3.0
[INFO] [stderr]    Compiling peeking_take_while v0.1.2
[INFO] [stderr]    Compiling shlex v0.1.1
[INFO] [stderr]    Compiling libloading v0.5.2
[INFO] [stderr]    Compiling cmake v0.1.45
[INFO] [stderr]    Compiling which v3.1.1
[INFO] [stderr]    Compiling clap v2.33.3
[INFO] [stderr]    Compiling nom v4.2.3
[INFO] [stderr]    Compiling clang-sys v0.28.1
[INFO] [stderr]    Compiling aho-corasick v0.7.18
[INFO] [stderr]    Compiling quote v1.0.9
[INFO] [stderr]    Compiling regex v1.5.4
[INFO] [stderr]    Compiling cexpr v0.3.6
[INFO] [stderr]    Compiling env_logger v0.7.1
[INFO] [stderr]    Compiling vowpalwabbit-sys v8.8.1+vw-v8.8.0 (/opt/rustwide/workdir)
[INFO] [stderr] error: failed to run custom build command for `vowpalwabbit-sys v8.8.1+vw-v8.8.0 (/opt/rustwide/workdir)`
[INFO] [stderr] 
[INFO] [stderr] Caused by:
[INFO] [stderr]   process didn't exit successfully: `/opt/rustwide/target/debug/build/vowpalwabbit-sys-28c6de783445b50d/build-script-build` (exit status: 101)
[INFO] [stderr]   --- stdout
[INFO] [stderr]   running: "cmake" "/opt/rustwide/workdir/external/vowpal_wabbit" "-DSTATIC_LINK_VW_JAVA=On" "-DVW_INSTALL=Off" "-DBUILD_TESTS=Off" "-DGIT_SUBMODULE=Off" "-DCMAKE_ARCHIVE_OUTPUT_DIRECTORY=/opt/rustwide/target/debug/build/vowpalwabbit-sys-446ac57c7a345abc/out/lib" "-DCMAKE_LIBRARY_OUTPUT_DIRECTORY=/opt/rustwide/target/debug/build/vowpalwabbit-sys-446ac57c7a345abc/out/lib" "-DCMAKE_RUNTIME_OUTPUT_DIRECTORY=/opt/rustwide/target/debug/build/vowpalwabbit-sys-446ac57c7a345abc/out/bin" "-DCMAKE_INSTALL_PREFIX=/opt/rustwide/target/debug/build/vowpalwabbit-sys-446ac57c7a345abc/out" "-DCMAKE_C_FLAGS= -ffunction-sections -fdata-sections -fPIC -m64" "-DCMAKE_C_COMPILER=/usr/bin/cc" "-DCMAKE_CXX_FLAGS=  -ffunction-sections -fdata-sections -fPIC -m64" "-DCMAKE_CXX_COMPILER=/usr/bin/c++" "-DCMAKE_ASM_FLAGS= -ffunction-sections -fdata-sections -fPIC -m64" "-DCMAKE_ASM_COMPILER=/usr/bin/cc" "-DCMAKE_BUILD_TYPE=Debug"
[INFO] [stderr]   -- VowpalWabbit Version: 8.8.0
[INFO] [stderr]   -- The CXX compiler identification is GNU 9.3.0
[INFO] [stderr]   -- Check for working CXX compiler: /usr/bin/c++
[INFO] [stderr]   -- Check for working CXX compiler: /usr/bin/c++ -- works
[INFO] [stderr]   -- Detecting CXX compiler ABI info
[INFO] [stderr]   -- Detecting CXX compiler ABI info - done
[INFO] [stderr]   -- Detecting CXX compile features
[INFO] [stderr]   -- Detecting CXX compile features - done
[INFO] [stderr]   -- Number of processors: 128
[INFO] [stderr]   -- Looking for C++ include pthread.h
[INFO] [stderr]   -- Looking for C++ include pthread.h - found
[INFO] [stderr]   -- Performing Test CMAKE_HAVE_LIBC_PTHREAD
[INFO] [stderr]   -- Performing Test CMAKE_HAVE_LIBC_PTHREAD - Failed
[INFO] [stderr]   -- Check if compiler accepts -pthread
[INFO] [stderr]   -- Check if compiler accepts -pthread - yes
[INFO] [stderr]   -- Found Threads: TRUE  
[INFO] [stderr]   -- The C compiler identification is GNU 9.3.0
[INFO] [stderr]   -- Check for working C compiler: /usr/bin/cc
[INFO] [stderr]   -- Check for working C compiler: /usr/bin/cc -- works
[INFO] [stderr]   -- Detecting C compiler ABI info
[INFO] [stderr]   -- Detecting C compiler ABI info - done
[INFO] [stderr]   -- Detecting C compile features
[INFO] [stderr]   -- Detecting C compile features - done
[INFO] [stderr]   -- Looking for sys/types.h
[INFO] [stderr]   -- Looking for sys/types.h - found
[INFO] [stderr]   -- Looking for stdint.h
[INFO] [stderr]   -- Looking for stdint.h - found
[INFO] [stderr]   -- Looking for stddef.h
[INFO] [stderr]   -- Looking for stddef.h - found
[INFO] [stderr]   -- Check size of off64_t
[INFO] [stderr]   -- Check size of off64_t - done
[INFO] [stderr]   -- Looking for fseeko
[INFO] [stderr]   -- Looking for fseeko - found
[INFO] [stderr]   -- Looking for unistd.h
[INFO] [stderr]   -- Looking for unistd.h - found
[INFO] [stderr]   -- Boost format: modularized
[INFO] [stderr]   -- Boost found: 1.69.0 /opt/rustwide/workdir/external/vowpal_wabbit/external/boost
[INFO] [stderr]   -- Looking for __linux__
[INFO] [stderr]   -- Looking for __linux__ - found
[INFO] [stderr]   -- Looking for _WIN32
[INFO] [stderr]   -- Looking for _WIN32 - not found
[INFO] [stderr]   -- Looking for __APPLE__
[INFO] [stderr]   -- Looking for __APPLE__ - not found
[INFO] [stderr]   -- Looking for __ANDROID__
[INFO] [stderr]   -- Looking for __ANDROID__ - not found
[INFO] [stderr]   -- Looking for __FreeBSD__
[INFO] [stderr]   -- Looking for __FreeBSD__ - not found
[INFO] [stderr]   -- help2man not found, please install it to generate manpages
[INFO] [stderr]   -- Configuring done
[INFO] [stderr]   -- Generating done
[INFO] [stderr]   -- Build files have been written to: /opt/rustwide/target/debug/build/vowpalwabbit-sys-446ac57c7a345abc/out/build
[INFO] [stderr]   running: "cmake" "--build" "." "--target" "vw_c_wrapper" "--config" "Debug" "--"
[INFO] [stderr]   Scanning dependencies of target zlib
[INFO] [stderr]   Scanning dependencies of target allreduce
[INFO] [stderr]   [  0%] Building CXX object vowpalwabbit/CMakeFiles/allreduce.dir/allreduce_threads.cc.o
[INFO] [stderr]   [  1%] Building C object external/zlib/CMakeFiles/zlib.dir/compress.o
[INFO] [stderr]   [  3%] Building CXX object vowpalwabbit/CMakeFiles/allreduce.dir/allreduce_sockets.cc.o
[INFO] [stderr]   [  3%] Building C object external/zlib/CMakeFiles/zlib.dir/crc32.o
[INFO] [stderr]   [  5%] Building C object external/zlib/CMakeFiles/zlib.dir/deflate.o
[INFO] [stderr]   [  5%] Building C object external/zlib/CMakeFiles/zlib.dir/adler32.o
[INFO] [stderr]   [  5%] Building C object external/zlib/CMakeFiles/zlib.dir/gzclose.o
[INFO] [stderr]   [  7%] Building CXX object vowpalwabbit/CMakeFiles/allreduce.dir/vw_exception.cc.o
[INFO] [stderr]   [  9%] Building C object external/zlib/CMakeFiles/zlib.dir/gzread.o
[INFO] [stderr]   [  9%] Building C object external/zlib/CMakeFiles/zlib.dir/gzwrite.o
[INFO] [stderr]   [ 11%] Building C object external/zlib/CMakeFiles/zlib.dir/infback.o
[INFO] [stderr]   [  9%] Building C object external/zlib/CMakeFiles/zlib.dir/inflate.o
[INFO] [stderr]   [ 11%] Building C object external/zlib/CMakeFiles/zlib.dir/gzlib.o
[INFO] [stderr]   [ 13%] Building C object external/zlib/CMakeFiles/zlib.dir/inffast.o
[INFO] [stderr]   [ 13%] Building C object external/zlib/CMakeFiles/zlib.dir/inftrees.o
[INFO] [stderr]   [ 13%] Building C object external/zlib/CMakeFiles/zlib.dir/trees.o
[INFO] [stderr]   [ 15%] Building C object external/zlib/CMakeFiles/zlib.dir/zutil.o
[INFO] [stderr]   [ 15%] Building C object external/zlib/CMakeFiles/zlib.dir/uncompr.o
[INFO] [stderr]   Scanning dependencies of target Boost_program_options
[INFO] [stderr]   [ 15%] Linking C shared library /opt/rustwide/target/debug/build/vowpalwabbit-sys-446ac57c7a345abc/out/lib/libz.so
[INFO] [stderr]   [ 15%] Building CXX object external/boost-cmake/CMakeFiles/Boost_program_options.dir/__/boost/libs/program_options/src/cmdline.cpp.o
[INFO] [stderr]   [ 15%] Building CXX object external/boost-cmake/CMakeFiles/Boost_program_options.dir/__/boost/libs/program_options/src/options_description.cpp.o
[INFO] [stderr]   [ 17%] Building CXX object external/boost-cmake/CMakeFiles/Boost_program_options.dir/__/boost/libs/program_options/src/parsers.cpp.o
[INFO] [stderr]   [ 17%] Building CXX object external/boost-cmake/CMakeFiles/Boost_program_options.dir/__/boost/libs/program_options/src/value_semantic.cpp.o
[INFO] [stderr]   [ 19%] Building CXX object external/boost-cmake/CMakeFiles/Boost_program_options.dir/__/boost/libs/program_options/src/config_file.cpp.o
[INFO] [stderr]   [ 19%] Building CXX object external/boost-cmake/CMakeFiles/Boost_program_options.dir/__/boost/libs/program_options/src/variables_map.cpp.o
[INFO] [stderr]   [ 21%] Building CXX object external/boost-cmake/CMakeFiles/Boost_program_options.dir/__/boost/libs/program_options/src/positional_options.cpp.o
[INFO] [stderr]   [ 21%] Building CXX object external/boost-cmake/CMakeFiles/Boost_program_options.dir/__/boost/libs/program_options/src/utf8_codecvt_facet.cpp.o
[INFO] [stderr]   [ 21%] Building CXX object external/boost-cmake/CMakeFiles/Boost_program_options.dir/__/boost/libs/program_options/src/winmain.cpp.o
[INFO] [stderr]   [ 23%] Building CXX object external/boost-cmake/CMakeFiles/Boost_program_options.dir/__/boost/libs/program_options/src/convert.cpp.o
[INFO] [stderr]   [ 23%] Building CXX object external/boost-cmake/CMakeFiles/Boost_program_options.dir/__/boost/libs/program_options/src/split.cpp.o
[INFO] [stderr]   [ 23%] Built target zlib
[INFO] [stderr]   [ 23%] Linking CXX static library /opt/rustwide/target/debug/build/vowpalwabbit-sys-446ac57c7a345abc/out/lib/liballreduce.a
[INFO] [stderr]   [ 23%] Built target allreduce
[INFO] [stderr] 
[INFO] [stderr]   --- stderr
[INFO] [stderr]   CMake Warning (dev) at external/zlib/CMakeLists.txt:4 (project):
[INFO] [stderr]     Policy CMP0048 is not set: project() command manages VERSION variables.
[INFO] [stderr]     Run "cmake --help-policy CMP0048" for policy details.  Use the cmake_policy
[INFO] [stderr]     command to set the policy and suppress this warning.
[INFO] [stderr] 
[INFO] [stderr]     The following variable(s) would be set to empty:
[INFO] [stderr] 
[INFO] [stderr]       PROJECT_VERSION
[INFO] [stderr]       PROJECT_VERSION_MAJOR
[INFO] [stderr]       PROJECT_VERSION_MINOR
[INFO] [stderr]       PROJECT_VERSION_PATCH
[INFO] [stderr]   This warning is for project developers.  Use -Wno-dev to suppress it.
[INFO] [stderr] 
[INFO] [stderr]   CMake Warning:
[INFO] [stderr]     Manually-specified variables were not used by the project:
[INFO] [stderr] 
[INFO] [stderr]       CMAKE_ASM_COMPILER
[INFO] [stderr]       CMAKE_ASM_FLAGS
[INFO] [stderr]       GIT_SUBMODULE
[INFO] [stderr] 
[INFO] [stderr] 
[INFO] [stderr]   c++: fatal error: Killed signal terminated program cc1plus
[INFO] [stderr]   compilation terminated.
[INFO] [stderr]   make[3]: *** [external/boost-cmake/CMakeFiles/Boost_program_options.dir/build.make:102: external/boost-cmake/CMakeFiles/Boost_program_options.dir/__/boost/libs/program_options/src/parsers.cpp.o] Error 1
[INFO] [stderr]   make[3]: *** Waiting for unfinished jobs....
[INFO] [stderr]   make[2]: *** [CMakeFiles/Makefile2:378: external/boost-cmake/CMakeFiles/Boost_program_options.dir/all] Error 2
[INFO] [stderr]   make[1]: *** [CMakeFiles/Makefile2:496: vowpalwabbit/CMakeFiles/vw_c_wrapper.dir/rule] Error 2
[INFO] [stderr]   make: *** [Makefile:294: vw_c_wrapper] Error 2
[INFO] [stderr]   thread 'main' panicked at '
[INFO] [stderr]   command did not execute successfully, got: exit status: 2
[INFO] [stderr] 
[INFO] [stderr]   build script failed, must exit now', /opt/rustwide/cargo-home/registry/src/github.com-1ecc6299db9ec823/cmake-0.1.45/src/lib.rs:894:5
[INFO] [stderr]   stack backtrace:
[INFO] [stderr]      0:     0x56458e685e70 - std::backtrace_rs::backtrace::libunwind::trace::h34055254b57d8e79
[INFO] [stderr]                                  at /rustc/a178d0322ce20e33eac124758e837cbd80a6f633/library/std/src/../../backtrace/src/backtrace/libunwind.rs:90:5
[INFO] [stderr]      1:     0x56458e685e70 - std::backtrace_rs::backtrace::trace_unsynchronized::h8f1e3fbd9afff6ec
[INFO] [stderr]                                  at /rustc/a178d0322ce20e33eac124758e837cbd80a6f633/library/std/src/../../backtrace/src/backtrace/mod.rs:66:5
[INFO] [stderr]      2:     0x56458e685e70 - std::sys_common::backtrace::_print_fmt::h3a99a796b770c360
[INFO] [stderr]                                  at /rustc/a178d0322ce20e33eac124758e837cbd80a6f633/library/std/src/sys_common/backtrace.rs:67:5
[INFO] [stderr]      3:     0x56458e685e70 - <std::sys_common::backtrace::_print::DisplayBacktrace as core::fmt::Display>::fmt::h32d1f94a80615d18
[INFO] [stderr]                                  at /rustc/a178d0322ce20e33eac124758e837cbd80a6f633/library/std/src/sys_common/backtrace.rs:46:22
[INFO] [stderr]      4:     0x56458e6abb6c - core::fmt::write::h306731c068f7162c
[INFO] [stderr]                                  at /rustc/a178d0322ce20e33eac124758e837cbd80a6f633/library/core/src/fmt/mod.rs:1110:17
[INFO] [stderr]      5:     0x56458e682935 - std::io::Write::write_fmt::hd2fa90334eee2a21
[INFO] [stderr]                                  at /rustc/a178d0322ce20e33eac124758e837cbd80a6f633/library/std/src/io/mod.rs:1588:15
[INFO] [stderr]      6:     0x56458e6885db - std::sys_common::backtrace::_print::h5abaa2601a852287
[INFO] [stderr]                                  at /rustc/a178d0322ce20e33eac124758e837cbd80a6f633/library/std/src/sys_common/backtrace.rs:49:5
[INFO] [stderr]      7:     0x56458e6885db - std::sys_common::backtrace::print::h8d81445442bb638f
[INFO] [stderr]                                  at /rustc/a178d0322ce20e33eac124758e837cbd80a6f633/library/std/src/sys_common/backtrace.rs:36:9
[INFO] [stderr]      8:     0x56458e6885db - std::panicking::default_hook::{{closure}}::hcfe804496a9fa747
[INFO] [stderr]                                  at /rustc/a178d0322ce20e33eac124758e837cbd80a6f633/library/std/src/panicking.rs:208:50
[INFO] [stderr]      9:     0x56458e6880b1 - std::panicking::default_hook::hbea8e3ccf2ba8901
[INFO] [stderr]                                  at /rustc/a178d0322ce20e33eac124758e837cbd80a6f633/library/std/src/panicking.rs:225:9
[INFO] [stderr]     10:     0x56458e688ca4 - std::panicking::rust_panic_with_hook::h7ee9e1a2d0f8975a
[INFO] [stderr]                                  at /rustc/a178d0322ce20e33eac124758e837cbd80a6f633/library/std/src/panicking.rs:622:17
[INFO] [stderr]     11:     0x56458e688787 - std::panicking::begin_panic_handler::{{closure}}::h8ab3b4491718b2c7
[INFO] [stderr]                                  at /rustc/a178d0322ce20e33eac124758e837cbd80a6f633/library/std/src/panicking.rs:519:13
[INFO] [stderr]     12:     0x56458e68636c - std::sys_common::backtrace::__rust_end_short_backtrace::hd489062ffa586a9f
[INFO] [stderr]                                  at /rustc/a178d0322ce20e33eac124758e837cbd80a6f633/library/std/src/sys_common/backtrace.rs:141:18
[INFO] [stderr]     13:     0x56458e6886e9 - rust_begin_unwind
[INFO] [stderr]                                  at /rustc/a178d0322ce20e33eac124758e837cbd80a6f633/library/std/src/panicking.rs:515:5
[INFO] [stderr]     14:     0x56458e129bfb - std::panicking::begin_panic_fmt::h5479575e112541f8
[INFO] [stderr]                                  at /rustc/a178d0322ce20e33eac124758e837cbd80a6f633/library/std/src/panicking.rs:457:5
[INFO] [stderr]     15:     0x56458e136073 - cmake::fail::ha1cc8d11909fbc7e
[INFO] [stderr]                                  at /opt/rustwide/cargo-home/registry/src/github.com-1ecc6299db9ec823/cmake-0.1.45/src/lib.rs:894:5
[INFO] [stderr]     16:     0x56458e135a81 - cmake::run::hdc59bf284b822c8e
[INFO] [stderr]                                  at /opt/rustwide/cargo-home/registry/src/github.com-1ecc6299db9ec823/cmake-0.1.45/src/lib.rs:872:9
[INFO] [stderr]     17:     0x56458e1334b1 - cmake::Config::build::hf6738867fda55e0d
[INFO] [stderr]                                  at /opt/rustwide/cargo-home/registry/src/github.com-1ecc6299db9ec823/cmake-0.1.45/src/lib.rs:778:9
[INFO] [stderr]     18:     0x56458e12b4dd - build_script_build::main::hee769c32136fabd0
[INFO] [stderr]                                  at /opt/rustwide/workdir/build.rs:15:15
[INFO] [stderr]     19:     0x56458e12c7cb - core::ops::function::FnOnce::call_once::h6ea926125c042240
[INFO] [stderr]                                  at /rustc/a178d0322ce20e33eac124758e837cbd80a6f633/library/core/src/ops/function.rs:227:5
[INFO] [stderr]     20:     0x56458e12c6ee - std::sys_common::backtrace::__rust_begin_short_backtrace::hee8965451eb5c341
[INFO] [stderr]                                  at /rustc/a178d0322ce20e33eac124758e837cbd80a6f633/library/std/src/sys_common/backtrace.rs:125:18
[INFO] [stderr]     21:     0x56458e12c4e1 - std::rt::lang_start::{{closure}}::h4250e53c9137095f
[INFO] [stderr]                                  at /rustc/a178d0322ce20e33eac124758e837cbd80a6f633/library/std/src/rt.rs:49:18
[INFO] [stderr]     22:     0x56458e6891a9 - core::ops::function::impls::<impl core::ops::function::FnOnce<A> for &F>::call_once::h2aabc384aab89b7b
[INFO] [stderr]                                  at /rustc/a178d0322ce20e33eac124758e837cbd80a6f633/library/core/src/ops/function.rs:259:13
[INFO] [stderr]     23:     0x56458e6891a9 - std::panicking::try::do_call::hc5fcacb7a85fc7b1
[INFO] [stderr]                                  at /rustc/a178d0322ce20e33eac124758e837cbd80a6f633/library/std/src/panicking.rs:401:40
[INFO] [stderr]     24:     0x56458e6891a9 - std::panicking::try::hb5d9603af3abbe3a
[INFO] [stderr]                                  at /rustc/a178d0322ce20e33eac124758e837cbd80a6f633/library/std/src/panicking.rs:365:19
[INFO] [stderr]     25:     0x56458e6891a9 - std::panic::catch_unwind::h98fe6ac3925e64b4
[INFO] [stderr]                                  at /rustc/a178d0322ce20e33eac124758e837cbd80a6f633/library/std/src/panic.rs:434:14
[INFO] [stderr]     26:     0x56458e6891a9 - std::rt::lang_start_internal::h22ac7383c516f93e
[INFO] [stderr]                                  at /rustc/a178d0322ce20e33eac124758e837cbd80a6f633/library/std/src/rt.rs:34:21
[INFO] [stderr]     27:     0x56458e12c4c0 - std::rt::lang_start::h634f97c774a7c647
[INFO] [stderr]                                  at /rustc/a178d0322ce20e33eac124758e837cbd80a6f633/library/std/src/rt.rs:48:5
[INFO] [stderr]     28:     0x56458e12c0ac - main
[INFO] [stderr]     29:     0x7f35c2dc80b3 - __libc_start_main
[INFO] [stderr]     30:     0x56458e12b07e - _start
[INFO] [stderr]     31:                0x0 - <unknown>
[INFO] running `Command { std: "docker" "inspect" "b45705bd380be5a4b3d165ed8316462e98dda14597645e75bc48da11f286fe3b", kill_on_drop: false }`
[INFO] running `Command { std: "docker" "rm" "-f" "b45705bd380be5a4b3d165ed8316462e98dda14597645e75bc48da11f286fe3b", kill_on_drop: false }`
[INFO] [stdout] b45705bd380be5a4b3d165ed8316462e98dda14597645e75bc48da11f286fe3b
