[INFO] fetching crate vfxpreopenexr 0.0.4...
[INFO] testing vfxpreopenexr-0.0.4 against beta-2021-08-01 for beta-1.55-1
[INFO] extracting crate vfxpreopenexr 0.0.4 into /workspace/builds/worker-33/source
[INFO] validating manifest of crates.io crate vfxpreopenexr 0.0.4 on toolchain beta-2021-08-01
[INFO] running `Command { std: "/workspace/cargo-home/bin/cargo" "+beta-2021-08-01" "metadata" "--manifest-path" "Cargo.toml" "--no-deps", kill_on_drop: false }`
[INFO] started tweaking crates.io crate vfxpreopenexr 0.0.4
[INFO] finished tweaking crates.io crate vfxpreopenexr 0.0.4
[INFO] tweaked toml for crates.io crate vfxpreopenexr 0.0.4 written to /workspace/builds/worker-33/source/Cargo.toml
[INFO] crate crates.io crate vfxpreopenexr 0.0.4 already has a lockfile, it will not be regenerated
[INFO] running `Command { std: "/workspace/cargo-home/bin/cargo" "+beta-2021-08-01" "fetch" "--manifest-path" "Cargo.toml", kill_on_drop: false }`
[INFO] [stderr]     Blocking waiting for file lock on package cache
[INFO] [stderr]  Downloading crates ...
[INFO] [stderr]   Downloaded glam v0.17.1
[INFO] [stderr]   Downloaded embed-doc-image v0.1.4
[INFO] [stderr]   Downloaded nalgebra-glm v0.12.0
[INFO] [stderr]   Downloaded nalgebra v0.26.2
[INFO] [stderr]   Downloaded imath-traits v0.4.0
[INFO] [stderr]   Downloaded vfxpreopenexr-sys v0.0.6
[INFO] running `Command { std: "docker" "create" "-v" "/var/lib/crater-agent-workspace/builds/worker-33/target:/opt/rustwide/target:rw,Z" "-v" "/var/lib/crater-agent-workspace/builds/worker-33/source:/opt/rustwide/workdir:ro,Z" "-v" "/var/lib/crater-agent-workspace/cargo-home:/opt/rustwide/cargo-home:ro,Z" "-v" "/var/lib/crater-agent-workspace/rustup-home:/opt/rustwide/rustup-home:ro,Z" "-e" "SOURCE_DIR=/opt/rustwide/workdir" "-e" "CARGO_TARGET_DIR=/opt/rustwide/target" "-e" "CARGO_HOME=/opt/rustwide/cargo-home" "-e" "RUSTUP_HOME=/opt/rustwide/rustup-home" "-w" "/opt/rustwide/workdir" "-m" "1610612736" "--user" "0:0" "--network" "none" "ghcr.io/rust-lang/crates-build-env/linux@sha256:34b6a614d2c27851fe6cbf88fbd1137609cefab8b10d0615aaeb6fd47975d74e" "/opt/rustwide/cargo-home/bin/cargo" "+beta-2021-08-01" "metadata" "--no-deps" "--format-version=1", kill_on_drop: false }`
[INFO] [stdout] f59c23e224279de9866546d58587ac7501d7af276786a3d17e9d62e99d51dc00
[INFO] running `Command { std: "docker" "start" "-a" "f59c23e224279de9866546d58587ac7501d7af276786a3d17e9d62e99d51dc00", kill_on_drop: false }`
[INFO] running `Command { std: "docker" "inspect" "f59c23e224279de9866546d58587ac7501d7af276786a3d17e9d62e99d51dc00", kill_on_drop: false }`
[INFO] running `Command { std: "docker" "rm" "-f" "f59c23e224279de9866546d58587ac7501d7af276786a3d17e9d62e99d51dc00", kill_on_drop: false }`
[INFO] [stdout] f59c23e224279de9866546d58587ac7501d7af276786a3d17e9d62e99d51dc00
[INFO] running `Command { std: "docker" "create" "-v" "/var/lib/crater-agent-workspace/builds/worker-33/target:/opt/rustwide/target:rw,Z" "-v" "/var/lib/crater-agent-workspace/builds/worker-33/source:/opt/rustwide/workdir:ro,Z" "-v" "/var/lib/crater-agent-workspace/cargo-home:/opt/rustwide/cargo-home:ro,Z" "-v" "/var/lib/crater-agent-workspace/rustup-home:/opt/rustwide/rustup-home:ro,Z" "-e" "SOURCE_DIR=/opt/rustwide/workdir" "-e" "CARGO_TARGET_DIR=/opt/rustwide/target" "-e" "CARGO_INCREMENTAL=0" "-e" "RUST_BACKTRACE=full" "-e" "RUSTFLAGS=--cap-lints=warn" "-e" "CARGO_HOME=/opt/rustwide/cargo-home" "-e" "RUSTUP_HOME=/opt/rustwide/rustup-home" "-w" "/opt/rustwide/workdir" "-m" "1610612736" "--user" "0:0" "--network" "none" "ghcr.io/rust-lang/crates-build-env/linux@sha256:34b6a614d2c27851fe6cbf88fbd1137609cefab8b10d0615aaeb6fd47975d74e" "/opt/rustwide/cargo-home/bin/cargo" "+beta-2021-08-01" "build" "--frozen" "--message-format=json", kill_on_drop: false }`
[INFO] [stdout] 42fa6d97e47f6deee4d6dc044c02ed79a2d6913f858077a68cb4a2a5a8087a61
[INFO] running `Command { std: "docker" "start" "-a" "42fa6d97e47f6deee4d6dc044c02ed79a2d6913f858077a68cb4a2a5a8087a61", kill_on_drop: false }`
[INFO] [stderr]     Blocking waiting for file lock on package cache
[INFO] [stderr]     Blocking waiting for file lock on package cache
[INFO] [stderr]    Compiling syn v1.0.73
[INFO] [stderr]    Compiling cc v1.0.67
[INFO] [stderr]    Compiling half v1.7.1
[INFO] [stderr]    Compiling imath-traits v0.4.0
[INFO] [stderr]    Compiling cmake v0.1.45
[INFO] [stderr]    Compiling vfxpreopenexr-sys v0.0.6
[INFO] [stderr]    Compiling thiserror-impl v1.0.24
[INFO] [stderr]    Compiling thiserror v1.0.24
[INFO] [stderr] error: failed to run custom build command for `vfxpreopenexr-sys v0.0.6`
[INFO] [stderr] 
[INFO] [stderr] Caused by:
[INFO] [stderr]   process didn't exit successfully: `/opt/rustwide/target/debug/build/vfxpreopenexr-sys-0c442c1a2be7d92e/build-script-build` (exit status: 101)
[INFO] [stderr]   --- stdout
[INFO] [stderr]   running: "cmake" "/opt/rustwide/cargo-home/registry/src/github.com-1ecc6299db9ec823/vfxpreopenexr-sys-0.0.6/thirdparty/Imath" "-DIMATH_IS_SUBPROJECT=ON" "-DBUILD_TESTING=OFF" "-DBUILD_SHARED_LIBS=ON" "-DCMAKE_INSTALL_PREFIX=/opt/rustwide/target/debug/build/vfxpreopenexr-sys-a22b510bae3d803e/out" "-DCMAKE_C_FLAGS= -ffunction-sections -fdata-sections -fPIC -m64" "-DCMAKE_C_COMPILER=/usr/bin/cc" "-DCMAKE_CXX_FLAGS= -ffunction-sections -fdata-sections -fPIC -m64" "-DCMAKE_CXX_COMPILER=/usr/bin/c++" "-DCMAKE_ASM_FLAGS= -ffunction-sections -fdata-sections -fPIC -m64" "-DCMAKE_ASM_COMPILER=/usr/bin/cc" "-DCMAKE_BUILD_TYPE=Release"
[INFO] [stderr]   -- The C compiler identification is GNU 9.3.0
[INFO] [stderr]   -- The CXX compiler identification is GNU 9.3.0
[INFO] [stderr]   -- Check for working C compiler: /usr/bin/cc
[INFO] [stderr]   -- Check for working C compiler: /usr/bin/cc -- works
[INFO] [stderr]   -- Detecting C compiler ABI info
[INFO] [stderr]   -- Detecting C compiler ABI info - done
[INFO] [stderr]   -- Detecting C compile features
[INFO] [stderr]   -- Detecting C compile features - done
[INFO] [stderr]   -- Check for working CXX compiler: /usr/bin/c++
[INFO] [stderr]   -- Check for working CXX compiler: /usr/bin/c++ -- works
[INFO] [stderr]   -- Detecting CXX compiler ABI info
[INFO] [stderr]   -- Detecting CXX compiler ABI info - done
[INFO] [stderr]   -- Detecting CXX compile features
[INFO] [stderr]   -- Detecting CXX compile features - done
[INFO] [stderr]   -- Looking for pthread.h
[INFO] [stderr]   -- Looking for pthread.h - found
[INFO] [stderr]   -- Performing Test CMAKE_HAVE_LIBC_PTHREAD
[INFO] [stderr]   -- Performing Test CMAKE_HAVE_LIBC_PTHREAD - Failed
[INFO] [stderr]   -- Check if compiler accepts -pthread
[INFO] [stderr]   -- Check if compiler accepts -pthread - yes
[INFO] [stderr]   -- Found Threads: TRUE  
[INFO] [stderr]   -- Configure Imath 3.0.4, library API version: 28.0.1
[INFO] [stderr]   -- Configuring done
[INFO] [stderr]   -- Generating done
[INFO] [stderr]   -- Build files have been written to: /opt/rustwide/target/debug/build/vfxpreopenexr-sys-a22b510bae3d803e/out/build
[INFO] [stderr]   running: "cmake" "--build" "." "--target" "install" "--config" "Release" "--"
[INFO] [stderr]   Scanning dependencies of target Imath
[INFO] [stderr]   [ 33%] Building CXX object src/Imath/CMakeFiles/Imath.dir/ImathColorAlgo.cpp.o
[INFO] [stderr]   [ 33%] Building CXX object src/Imath/CMakeFiles/Imath.dir/ImathRandom.cpp.o
[INFO] [stderr]   [ 50%] Building CXX object src/Imath/CMakeFiles/Imath.dir/ImathMatrixAlgo.cpp.o
[INFO] [stderr]   [ 66%] Building CXX object src/Imath/CMakeFiles/Imath.dir/ImathFun.cpp.o
[INFO] [stderr]   [ 83%] Building CXX object src/Imath/CMakeFiles/Imath.dir/half.cpp.o
[INFO] [stderr]   [100%] Linking CXX shared library libImath-3_0.so
[INFO] [stderr]   [100%] Built target Imath
[INFO] [stderr]   Install the project...
[INFO] [stderr]   -- Install configuration: "Release"
[INFO] [stderr]   -- Installing: /opt/rustwide/target/debug/build/vfxpreopenexr-sys-a22b510bae3d803e/out/include/Imath/ImathConfig.h
[INFO] [stderr]   -- Installing: /opt/rustwide/target/debug/build/vfxpreopenexr-sys-a22b510bae3d803e/out/lib/pkgconfig/Imath.pc
[INFO] [stderr]   -- Installing: /opt/rustwide/target/debug/build/vfxpreopenexr-sys-a22b510bae3d803e/out/lib/cmake/Imath/ImathConfig.cmake
[INFO] [stderr]   -- Installing: /opt/rustwide/target/debug/build/vfxpreopenexr-sys-a22b510bae3d803e/out/lib/cmake/Imath/ImathConfigVersion.cmake
[INFO] [stderr]   -- Installing: /opt/rustwide/target/debug/build/vfxpreopenexr-sys-a22b510bae3d803e/out/lib/cmake/Imath/ImathTargets.cmake
[INFO] [stderr]   -- Installing: /opt/rustwide/target/debug/build/vfxpreopenexr-sys-a22b510bae3d803e/out/lib/cmake/Imath/ImathTargets-release.cmake
[INFO] [stderr]   -- Installing: /opt/rustwide/target/debug/build/vfxpreopenexr-sys-a22b510bae3d803e/out/lib/libImath-3_0.so.28.0.1
[INFO] [stderr]   -- Installing: /opt/rustwide/target/debug/build/vfxpreopenexr-sys-a22b510bae3d803e/out/lib/libImath-3_0.so.28
[INFO] [stderr]   -- Set runtime path of "/opt/rustwide/target/debug/build/vfxpreopenexr-sys-a22b510bae3d803e/out/lib/libImath-3_0.so.28.0.1" to "$ORIGIN/../lib:/opt/rustwide/target/debug/build/vfxpreopenexr-sys-a22b510bae3d803e/out/lib"
[INFO] [stderr]   -- Installing: /opt/rustwide/target/debug/build/vfxpreopenexr-sys-a22b510bae3d803e/out/lib/libImath-3_0.so
[INFO] [stderr]   -- Installing: /opt/rustwide/target/debug/build/vfxpreopenexr-sys-a22b510bae3d803e/out/include/Imath/ImathBoxAlgo.h
[INFO] [stderr]   -- Installing: /opt/rustwide/target/debug/build/vfxpreopenexr-sys-a22b510bae3d803e/out/include/Imath/ImathBox.h
[INFO] [stderr]   -- Installing: /opt/rustwide/target/debug/build/vfxpreopenexr-sys-a22b510bae3d803e/out/include/Imath/ImathColorAlgo.h
[INFO] [stderr]   -- Installing: /opt/rustwide/target/debug/build/vfxpreopenexr-sys-a22b510bae3d803e/out/include/Imath/ImathColor.h
[INFO] [stderr]   -- Installing: /opt/rustwide/target/debug/build/vfxpreopenexr-sys-a22b510bae3d803e/out/include/Imath/ImathEuler.h
[INFO] [stderr]   -- Installing: /opt/rustwide/target/debug/build/vfxpreopenexr-sys-a22b510bae3d803e/out/include/Imath/ImathExport.h
[INFO] [stderr]   -- Installing: /opt/rustwide/target/debug/build/vfxpreopenexr-sys-a22b510bae3d803e/out/include/Imath/ImathForward.h
[INFO] [stderr]   -- Installing: /opt/rustwide/target/debug/build/vfxpreopenexr-sys-a22b510bae3d803e/out/include/Imath/ImathFrame.h
[INFO] [stderr]   -- Installing: /opt/rustwide/target/debug/build/vfxpreopenexr-sys-a22b510bae3d803e/out/include/Imath/ImathFrustum.h
[INFO] [stderr]   -- Installing: /opt/rustwide/target/debug/build/vfxpreopenexr-sys-a22b510bae3d803e/out/include/Imath/ImathFrustumTest.h
[INFO] [stderr]   -- Installing: /opt/rustwide/target/debug/build/vfxpreopenexr-sys-a22b510bae3d803e/out/include/Imath/ImathFun.h
[INFO] [stderr]   -- Installing: /opt/rustwide/target/debug/build/vfxpreopenexr-sys-a22b510bae3d803e/out/include/Imath/ImathGL.h
[INFO] [stderr]   -- Installing: /opt/rustwide/target/debug/build/vfxpreopenexr-sys-a22b510bae3d803e/out/include/Imath/ImathGLU.h
[INFO] [stderr]   -- Installing: /opt/rustwide/target/debug/build/vfxpreopenexr-sys-a22b510bae3d803e/out/include/Imath/ImathInt64.h
[INFO] [stderr]   -- Installing: /opt/rustwide/target/debug/build/vfxpreopenexr-sys-a22b510bae3d803e/out/include/Imath/ImathInterval.h
[INFO] [stderr]   -- Installing: /opt/rustwide/target/debug/build/vfxpreopenexr-sys-a22b510bae3d803e/out/include/Imath/ImathLineAlgo.h
[INFO] [stderr]   -- Installing: /opt/rustwide/target/debug/build/vfxpreopenexr-sys-a22b510bae3d803e/out/include/Imath/ImathLine.h
[INFO] [stderr]   -- Installing: /opt/rustwide/target/debug/build/vfxpreopenexr-sys-a22b510bae3d803e/out/include/Imath/ImathMath.h
[INFO] [stderr]   -- Installing: /opt/rustwide/target/debug/build/vfxpreopenexr-sys-a22b510bae3d803e/out/include/Imath/ImathMatrixAlgo.h
[INFO] [stderr]   -- Installing: /opt/rustwide/target/debug/build/vfxpreopenexr-sys-a22b510bae3d803e/out/include/Imath/ImathMatrix.h
[INFO] [stderr]   -- Installing: /opt/rustwide/target/debug/build/vfxpreopenexr-sys-a22b510bae3d803e/out/include/Imath/ImathNamespace.h
[INFO] [stderr]   -- Installing: /opt/rustwide/target/debug/build/vfxpreopenexr-sys-a22b510bae3d803e/out/include/Imath/ImathPlane.h
[INFO] [stderr]   -- Installing: /opt/rustwide/target/debug/build/vfxpreopenexr-sys-a22b510bae3d803e/out/include/Imath/ImathPlatform.h
[INFO] [stderr]   -- Installing: /opt/rustwide/target/debug/build/vfxpreopenexr-sys-a22b510bae3d803e/out/include/Imath/ImathQuat.h
[INFO] [stderr]   -- Installing: /opt/rustwide/target/debug/build/vfxpreopenexr-sys-a22b510bae3d803e/out/include/Imath/ImathRandom.h
[INFO] [stderr]   -- Installing: /opt/rustwide/target/debug/build/vfxpreopenexr-sys-a22b510bae3d803e/out/include/Imath/ImathRoots.h
[INFO] [stderr]   -- Installing: /opt/rustwide/target/debug/build/vfxpreopenexr-sys-a22b510bae3d803e/out/include/Imath/ImathShear.h
[INFO] [stderr]   -- Installing: /opt/rustwide/target/debug/build/vfxpreopenexr-sys-a22b510bae3d803e/out/include/Imath/ImathSphere.h
[INFO] [stderr]   -- Installing: /opt/rustwide/target/debug/build/vfxpreopenexr-sys-a22b510bae3d803e/out/include/Imath/ImathTypeTraits.h
[INFO] [stderr]   -- Installing: /opt/rustwide/target/debug/build/vfxpreopenexr-sys-a22b510bae3d803e/out/include/Imath/ImathVecAlgo.h
[INFO] [stderr]   -- Installing: /opt/rustwide/target/debug/build/vfxpreopenexr-sys-a22b510bae3d803e/out/include/Imath/ImathVec.h
[INFO] [stderr]   -- Installing: /opt/rustwide/target/debug/build/vfxpreopenexr-sys-a22b510bae3d803e/out/include/Imath/half.h
[INFO] [stderr]   -- Installing: /opt/rustwide/target/debug/build/vfxpreopenexr-sys-a22b510bae3d803e/out/include/Imath/halfFunction.h
[INFO] [stderr]   -- Installing: /opt/rustwide/target/debug/build/vfxpreopenexr-sys-a22b510bae3d803e/out/include/Imath/halfLimits.h
[INFO] [stderr]   cargo:root=/opt/rustwide/target/debug/build/vfxpreopenexr-sys-a22b510bae3d803e/out
[INFO] [stderr]   detected home dir change, cleaning out entire build directory
[INFO] [stderr]   running: "cmake" "/opt/rustwide/cargo-home/registry/src/github.com-1ecc6299db9ec823/vfxpreopenexr-sys-0.0.6/thirdparty/openexr" "-DCMAKE_PREFIX_PATH=/opt/rustwide/target/debug/build/vfxpreopenexr-sys-a22b510bae3d803e/out" "-DOPENEXR_IS_SUBPROJECT=ON" "-DBUILD_TESTING=OFF" "-DOPENEXR_INSTALL_EXAMPLES=OFF" "-DBUILD_SHARED_LIBS=ON" "-DCMAKE_INSTALL_PREFIX=/opt/rustwide/target/debug/build/vfxpreopenexr-sys-a22b510bae3d803e/out" "-DCMAKE_C_FLAGS= -ffunction-sections -fdata-sections -fPIC -m64" "-DCMAKE_C_COMPILER=/usr/bin/cc" "-DCMAKE_CXX_FLAGS= -ffunction-sections -fdata-sections -fPIC -m64" "-DCMAKE_CXX_COMPILER=/usr/bin/c++" "-DCMAKE_ASM_FLAGS= -ffunction-sections -fdata-sections -fPIC -m64" "-DCMAKE_ASM_COMPILER=/usr/bin/cc" "-DCMAKE_BUILD_TYPE=Release"
[INFO] [stderr]   -- The C compiler identification is GNU 9.3.0
[INFO] [stderr]   -- The CXX compiler identification is GNU 9.3.0
[INFO] [stderr]   -- Check for working C compiler: /usr/bin/cc
[INFO] [stderr]   -- Check for working C compiler: /usr/bin/cc -- works
[INFO] [stderr]   -- Detecting C compiler ABI info
[INFO] [stderr]   -- Detecting C compiler ABI info - done
[INFO] [stderr]   -- Detecting C compile features
[INFO] [stderr]   -- Detecting C compile features - done
[INFO] [stderr]   -- Check for working CXX compiler: /usr/bin/c++
[INFO] [stderr]   -- Check for working CXX compiler: /usr/bin/c++ -- works
[INFO] [stderr]   -- Detecting CXX compiler ABI info
[INFO] [stderr]   -- Detecting CXX compiler ABI info - done
[INFO] [stderr]   -- Detecting CXX compile features
[INFO] [stderr]   -- Detecting CXX compile features - done
[INFO] [stderr]   -- Looking for pthread.h
[INFO] [stderr]   -- Looking for pthread.h - found
[INFO] [stderr]   -- Performing Test CMAKE_HAVE_LIBC_PTHREAD
[INFO] [stderr]   -- Performing Test CMAKE_HAVE_LIBC_PTHREAD - Failed
[INFO] [stderr]   -- Check if compiler accepts -pthread
[INFO] [stderr]   -- Check if compiler accepts -pthread - yes
[INFO] [stderr]   -- Found Threads: TRUE  
[INFO] [stderr]   -- Using Imath from /opt/rustwide/target/debug/build/vfxpreopenexr-sys-a22b510bae3d803e/out/lib/cmake/Imath
[INFO] [stderr]   -- Performing Test OPENEXR_IMF_HAVE_SYSCONF_NPROCESSORS_ONLN
[INFO] [stderr]   -- Performing Test OPENEXR_IMF_HAVE_SYSCONF_NPROCESSORS_ONLN - Success
[INFO] [stderr]   -- Performing Test OPENEXR_IMF_HAVE_GCC_INLINE_ASM_AVX
[INFO] [stderr]   -- Performing Test OPENEXR_IMF_HAVE_GCC_INLINE_ASM_AVX - Success
[INFO] [stderr]   -- Looking for include file ucontext.h
[INFO] [stderr]   -- Looking for include file ucontext.h - found
[INFO] [stderr]   -- Performing Test IEX_HAVE_CONTROL_REGISTER_SUPPORT
[INFO] [stderr]   -- Performing Test IEX_HAVE_CONTROL_REGISTER_SUPPORT - Success
[INFO] [stderr]   -- Looking for include file semaphore.h
[INFO] [stderr]   -- Looking for include file semaphore.h - found
[INFO] [stderr]   -- Looking for sem_init in pthread
[INFO] [stderr]   -- Looking for sem_init in pthread - found
[INFO] [stderr]   -- Configure OpenEXR 3.0.4, library API version: 28.1.0
[INFO] [stderr]   -- Configuring done
[INFO] [stderr]   -- Generating done
[INFO] [stderr]   -- Build files have been written to: /opt/rustwide/target/debug/build/vfxpreopenexr-sys-a22b510bae3d803e/out/build
[INFO] [stderr]   running: "cmake" "--build" "." "--target" "install" "--config" "Release" "--"
[INFO] [stderr]   Scanning dependencies of target Iex
[INFO] [stderr]   [  1%] Building CXX object src/lib/Iex/CMakeFiles/Iex.dir/IexBaseExc.cpp.o
[INFO] [stderr]   [  1%] Building CXX object src/lib/Iex/CMakeFiles/Iex.dir/IexThrowErrnoExc.cpp.o
[INFO] [stderr]   [  1%] Building CXX object src/lib/Iex/CMakeFiles/Iex.dir/IexMathFpu.cpp.o
[INFO] [stderr]   [  2%] Building CXX object src/lib/Iex/CMakeFiles/Iex.dir/IexMathFloatExc.cpp.o
[INFO] [stderr]   [  3%] Linking CXX shared library libIex-3_0.so
[INFO] [stderr]   [  3%] Built target Iex
[INFO] [stderr]   Scanning dependencies of target IlmThread
[INFO] [stderr]   [  4%] Building CXX object src/lib/IlmThread/CMakeFiles/IlmThread.dir/IlmThread.cpp.o
[INFO] [stderr]   [  4%] Building CXX object src/lib/IlmThread/CMakeFiles/IlmThread.dir/IlmThreadPool.cpp.o
[INFO] [stderr]   [  5%] Building CXX object src/lib/IlmThread/CMakeFiles/IlmThread.dir/IlmThreadSemaphore.cpp.o
[INFO] [stderr]   [  6%] Building CXX object src/lib/IlmThread/CMakeFiles/IlmThread.dir/IlmThreadSemaphoreOSX.cpp.o
[INFO] [stderr]   [  7%] Building CXX object src/lib/IlmThread/CMakeFiles/IlmThread.dir/IlmThreadSemaphorePosixCompat.cpp.o
[INFO] [stderr]   [  7%] Building CXX object src/lib/IlmThread/CMakeFiles/IlmThread.dir/IlmThreadSemaphorePosix.cpp.o
[INFO] [stderr]   [  8%] Building CXX object src/lib/IlmThread/CMakeFiles/IlmThread.dir/IlmThreadSemaphoreWin32.cpp.o
[INFO] [stderr]   [  8%] Linking CXX shared library libIlmThread-3_0.so
[INFO] [stderr]   [  8%] Built target IlmThread
[INFO] [stderr]   Scanning dependencies of target OpenEXR
[INFO] [stderr]   [  9%] Building CXX object src/lib/OpenEXR/CMakeFiles/OpenEXR.dir/ImfAttribute.cpp.o
[INFO] [stderr]   [  9%] Building CXX object src/lib/OpenEXR/CMakeFiles/OpenEXR.dir/ImfIO.cpp.o
[INFO] [stderr]   [ 11%] Building CXX object src/lib/OpenEXR/CMakeFiles/OpenEXR.dir/ImfFrameBuffer.cpp.o
[INFO] [stderr]   [ 11%] Building CXX object src/lib/OpenEXR/CMakeFiles/OpenEXR.dir/ImfChannelListAttribute.cpp.o
[INFO] [stderr]   [ 13%] Building CXX object src/lib/OpenEXR/CMakeFiles/OpenEXR.dir/ImfBoxAttribute.cpp.o
[INFO] [stderr]   [ 13%] Building CXX object src/lib/OpenEXR/CMakeFiles/OpenEXR.dir/ImfInputFile.cpp.o
[INFO] [stderr]   [ 13%] Building CXX object src/lib/OpenEXR/CMakeFiles/OpenEXR.dir/ImfFloatAttribute.cpp.o
[INFO] [stderr]   [ 14%] Building CXX object src/lib/OpenEXR/CMakeFiles/OpenEXR.dir/ImfChannelList.cpp.o
[INFO] [stderr]   [ 14%] Building CXX object src/lib/OpenEXR/CMakeFiles/OpenEXR.dir/ImfCRgbaFile.cpp.o
[INFO] [stderr]   [ 16%] Building CXX object src/lib/OpenEXR/CMakeFiles/OpenEXR.dir/ImfIntAttribute.cpp.o
[INFO] [stderr]   [ 16%] Building CXX object src/lib/OpenEXR/CMakeFiles/OpenEXR.dir/ImfHeader.cpp.o
[INFO] [stderr]   [ 16%] Building CXX object src/lib/OpenEXR/CMakeFiles/OpenEXR.dir/ImfLineOrderAttribute.cpp.o
[INFO] [stderr]   [ 17%] Building CXX object src/lib/OpenEXR/CMakeFiles/OpenEXR.dir/ImfMatrixAttribute.cpp.o
[INFO] [stderr]   [ 17%] Building CXX object src/lib/OpenEXR/CMakeFiles/OpenEXR.dir/ImfOutputFile.cpp.o
[INFO] [stderr]   [ 18%] Building CXX object src/lib/OpenEXR/CMakeFiles/OpenEXR.dir/ImfOpaqueAttribute.cpp.o
[INFO] [stderr]   [ 19%] Building CXX object src/lib/OpenEXR/CMakeFiles/OpenEXR.dir/ImfRgbaFile.cpp.o
[INFO] [stderr]   [ 20%] Building CXX object src/lib/OpenEXR/CMakeFiles/OpenEXR.dir/ImfStringAttribute.cpp.o
[INFO] [stderr]   [ 20%] Building CXX object src/lib/OpenEXR/CMakeFiles/OpenEXR.dir/ImfVecAttribute.cpp.o
[INFO] [stderr]   [ 21%] Building CXX object src/lib/OpenEXR/CMakeFiles/OpenEXR.dir/ImfHuf.cpp.o
[INFO] [stderr]   [ 22%] Building CXX object src/lib/OpenEXR/CMakeFiles/OpenEXR.dir/ImfThreading.cpp.o
[INFO] [stderr]   [ 22%] Building CXX object src/lib/OpenEXR/CMakeFiles/OpenEXR.dir/ImfWav.cpp.o
[INFO] [stderr]   [ 23%] Building CXX object src/lib/OpenEXR/CMakeFiles/OpenEXR.dir/ImfLut.cpp.o
[INFO] [stderr]   [ 24%] Building CXX object src/lib/OpenEXR/CMakeFiles/OpenEXR.dir/ImfCompressor.cpp.o
[INFO] [stderr]   [ 24%] Building CXX object src/lib/OpenEXR/CMakeFiles/OpenEXR.dir/ImfRleCompressor.cpp.o
[INFO] [stderr]   [ 25%] Building CXX object src/lib/OpenEXR/CMakeFiles/OpenEXR.dir/ImfDwaCompressor.cpp.o
[INFO] [stderr]   [ 26%] Building CXX object src/lib/OpenEXR/CMakeFiles/OpenEXR.dir/ImfZipCompressor.cpp.o
[INFO] [stderr]   [ 27%] Building CXX object src/lib/OpenEXR/CMakeFiles/OpenEXR.dir/ImfPizCompressor.cpp.o
[INFO] [stderr]   [ 27%] Building CXX object src/lib/OpenEXR/CMakeFiles/OpenEXR.dir/ImfB44Compressor.cpp.o
[INFO] [stderr]   [ 28%] Building CXX object src/lib/OpenEXR/CMakeFiles/OpenEXR.dir/ImfCompressionAttribute.cpp.o
[INFO] [stderr]   [ 28%] Building CXX object src/lib/OpenEXR/CMakeFiles/OpenEXR.dir/ImfMisc.cpp.o
[INFO] [stderr]   [ 29%] Building CXX object src/lib/OpenEXR/CMakeFiles/OpenEXR.dir/ImfPreviewImageAttribute.cpp.o
[INFO] [stderr]   [ 30%] Building CXX object src/lib/OpenEXR/CMakeFiles/OpenEXR.dir/ImfDoubleAttribute.cpp.o
[INFO] [stderr]   [ 31%] Building CXX object src/lib/OpenEXR/CMakeFiles/OpenEXR.dir/ImfVersion.cpp.o
[INFO] [stderr]   [ 32%] Building CXX object src/lib/OpenEXR/CMakeFiles/OpenEXR.dir/ImfConvert.cpp.o
[INFO] [stderr]   [ 32%] Building CXX object src/lib/OpenEXR/CMakeFiles/OpenEXR.dir/ImfPreviewImage.cpp.o
[INFO] [stderr]   [ 31%] Building CXX object src/lib/OpenEXR/CMakeFiles/OpenEXR.dir/ImfChromaticities.cpp.o
[INFO] [stderr]   [ 33%] Building CXX object src/lib/OpenEXR/CMakeFiles/OpenEXR.dir/ImfKeyCode.cpp.o
[INFO] [stderr]   [ 34%] Building CXX object src/lib/OpenEXR/CMakeFiles/OpenEXR.dir/ImfChromaticitiesAttribute.cpp.o
[INFO] [stderr]   [ 34%] Building CXX object src/lib/OpenEXR/CMakeFiles/OpenEXR.dir/ImfKeyCodeAttribute.cpp.o
[INFO] [stderr]   [ 35%] Building CXX object src/lib/OpenEXR/CMakeFiles/OpenEXR.dir/ImfTimeCode.cpp.o
[INFO] [stderr]   [ 36%] Building CXX object src/lib/OpenEXR/CMakeFiles/OpenEXR.dir/ImfTimeCodeAttribute.cpp.o
[INFO] [stderr]   [ 37%] Building CXX object src/lib/OpenEXR/CMakeFiles/OpenEXR.dir/ImfRationalAttribute.cpp.o
[INFO] [stderr]   [ 37%] Building CXX object src/lib/OpenEXR/CMakeFiles/OpenEXR.dir/ImfRational.cpp.o
[INFO] [stderr]   [ 38%] Building CXX object src/lib/OpenEXR/CMakeFiles/OpenEXR.dir/ImfFramesPerSecond.cpp.o
[INFO] [stderr]   [ 38%] Building CXX object src/lib/OpenEXR/CMakeFiles/OpenEXR.dir/ImfStandardAttributes.cpp.o
[INFO] [stderr]   [ 39%] Building CXX object src/lib/OpenEXR/CMakeFiles/OpenEXR.dir/ImfStdIO.cpp.o
[INFO] [stderr]   [ 40%] Building CXX object src/lib/OpenEXR/CMakeFiles/OpenEXR.dir/ImfScanLineInputFile.cpp.o
[INFO] [stderr]   [ 41%] Building CXX object src/lib/OpenEXR/CMakeFiles/OpenEXR.dir/ImfEnvmap.cpp.o
[INFO] [stderr]   [ 42%] Building CXX object src/lib/OpenEXR/CMakeFiles/OpenEXR.dir/ImfMultiPartOutputFile.cpp.o
[INFO] [stderr]   [ 41%] Building CXX object src/lib/OpenEXR/CMakeFiles/OpenEXR.dir/ImfEnvmapAttribute.cpp.o
[INFO] [stderr]   [ 42%] Building CXX object src/lib/OpenEXR/CMakeFiles/OpenEXR.dir/ImfMultiView.cpp.o
[INFO] [stderr]   [ 44%] Building CXX object src/lib/OpenEXR/CMakeFiles/OpenEXR.dir/ImfTiledRgbaFile.cpp.o
[INFO] [stderr]   [ 45%] Building CXX object src/lib/OpenEXR/CMakeFiles/OpenEXR.dir/ImfTiledOutputFile.cpp.o
[INFO] [stderr]   [ 46%] Building CXX object src/lib/OpenEXR/CMakeFiles/OpenEXR.dir/ImfRgbaYca.cpp.o
[INFO] [stderr]   [ 47%] Building CXX object src/lib/OpenEXR/CMakeFiles/OpenEXR.dir/ImfTestFile.cpp.o
[INFO] [stderr]   [ 51%] Building CXX object src/lib/OpenEXR/CMakeFiles/OpenEXR.dir/ImfOutputPartData.cpp.o
[INFO] [stderr]   [ 51%] Building CXX object src/lib/OpenEXR/CMakeFiles/OpenEXR.dir/ImfTiledInputFile.cpp.o
[INFO] [stderr]   [ 51%] Building CXX object src/lib/OpenEXR/CMakeFiles/OpenEXR.dir/ImfGenericOutputFile.cpp.o
[INFO] [stderr]   [ 43%] Building CXX object src/lib/OpenEXR/CMakeFiles/OpenEXR.dir/ImfTileDescriptionAttribute.cpp.o
[INFO] [stderr]   [ 51%] Building CXX object src/lib/OpenEXR/CMakeFiles/OpenEXR.dir/ImfStringVectorAttribute.cpp.o
[INFO] [stderr]   [ 43%] Building CXX object src/lib/OpenEXR/CMakeFiles/OpenEXR.dir/ImfPxr24Compressor.cpp.o
[INFO] [stderr]   [ 43%] Building CXX object src/lib/OpenEXR/CMakeFiles/OpenEXR.dir/ImfTiledMisc.cpp.o
[INFO] [stderr]   [ 51%] Building CXX object src/lib/OpenEXR/CMakeFiles/OpenEXR.dir/ImfTileOffsets.cpp.o
[INFO] [stderr]   [ 51%] Building CXX object src/lib/OpenEXR/CMakeFiles/OpenEXR.dir/ImfAcesFile.cpp.o
[INFO] [stderr]   [ 52%] Building CXX object src/lib/OpenEXR/CMakeFiles/OpenEXR.dir/ImfMultiPartInputFile.cpp.o
[INFO] [stderr] 
[INFO] [stderr]   --- stderr
[INFO] [stderr]   CMake Warning:
[INFO] [stderr]     Manually-specified variables were not used by the project:
[INFO] [stderr] 
[INFO] [stderr]       CMAKE_ASM_COMPILER
[INFO] [stderr]       CMAKE_ASM_FLAGS
[INFO] [stderr] 
[INFO] [stderr] 
[INFO] [stderr]   -- Creating symlink in /opt/rustwide/target/debug/build/vfxpreopenexr-sys-a22b510bae3d803e/out/lib libImath.so -> libImath-3_0.so
[INFO] [stderr]   CMake Warning:
[INFO] [stderr]     Manually-specified variables were not used by the project:
[INFO] [stderr] 
[INFO] [stderr]       CMAKE_ASM_COMPILER
[INFO] [stderr]       CMAKE_ASM_FLAGS
[INFO] [stderr] 
[INFO] [stderr] 
[INFO] [stderr]   c++: fatal error: Killed signal terminated program cc1plus
[INFO] [stderr]   compilation terminated.
[INFO] [stderr]   make[2]: *** [src/lib/OpenEXR/CMakeFiles/OpenEXR.dir/build.make:89: src/lib/OpenEXR/CMakeFiles/OpenEXR.dir/ImfCRgbaFile.cpp.o] Error 1
[INFO] [stderr]   make[2]: *** Waiting for unfinished jobs....
[INFO] [stderr]   c++: fatal error: Killed signal terminated program cc1plus
[INFO] [stderr]   compilation terminated.
[INFO] [stderr]   c++: fatal error: Killed signal terminated program cc1plus
[INFO] [stderr]   compilation terminated.
[INFO] [stderr]   make[2]: *** [src/lib/OpenEXR/CMakeFiles/OpenEXR.dir/build.make:154: src/lib/OpenEXR/CMakeFiles/OpenEXR.dir/ImfHeader.cpp.o] Error 1
[INFO] [stderr]   make[2]: *** [src/lib/OpenEXR/CMakeFiles/OpenEXR.dir/build.make:414: src/lib/OpenEXR/CMakeFiles/OpenEXR.dir/ImfDwaCompressor.cpp.o] Error 1
[INFO] [stderr]   c++: fatal error: Killed signal terminated program cc1plus
[INFO] [stderr]   compilation terminated.
[INFO] [stderr]   make[2]: *** [src/lib/OpenEXR/CMakeFiles/OpenEXR.dir/build.make:180: src/lib/OpenEXR/CMakeFiles/OpenEXR.dir/ImfInputFile.cpp.o] Error 1
[INFO] [stderr]   c++: fatal error: Killed signal terminated program cc1plus
[INFO] [stderr]   compilation terminated.
[INFO] [stderr]   c++: fatal error: Killed signal terminated program cc1plus
[INFO] [stderr]   compilation terminated.
[INFO] [stderr]   make[2]: *** [src/lib/OpenEXR/CMakeFiles/OpenEXR.dir/build.make:401: src/lib/OpenEXR/CMakeFiles/OpenEXR.dir/ImfB44Compressor.cpp.o] Error 1
[INFO] [stderr]   make[2]: *** [src/lib/OpenEXR/CMakeFiles/OpenEXR.dir/build.make:258: src/lib/OpenEXR/CMakeFiles/OpenEXR.dir/ImfRgbaFile.cpp.o] Error 1
[INFO] [stderr]   c++: fatal error: Killed signal terminated program cc1plus
[INFO] [stderr]   compilation terminated.
[INFO] [stderr]   make[2]: *** [src/lib/OpenEXR/CMakeFiles/OpenEXR.dir/build.make:388: src/lib/OpenEXR/CMakeFiles/OpenEXR.dir/ImfPizCompressor.cpp.o] Error 1
[INFO] [stderr]   c++: fatal error: Killed signal terminated program cc1plus
[INFO] [stderr]   compilation terminated.
[INFO] [stderr]   make[2]: *** [src/lib/OpenEXR/CMakeFiles/OpenEXR.dir/build.make:102: src/lib/OpenEXR/CMakeFiles/OpenEXR.dir/ImfChannelList.cpp.o] Error 1
[INFO] [stderr]   make[1]: *** [CMakeFiles/Makefile2:458: src/lib/OpenEXR/CMakeFiles/OpenEXR.dir/all] Error 2
[INFO] [stderr]   make: *** [Makefile:130: all] Error 2
[INFO] [stderr]   thread 'main' panicked at '
[INFO] [stderr]   command did not execute successfully, got: exit status: 2
[INFO] [stderr] 
[INFO] [stderr]   build script failed, must exit now', /opt/rustwide/cargo-home/registry/src/github.com-1ecc6299db9ec823/cmake-0.1.45/src/lib.rs:894:5
[INFO] [stderr]   stack backtrace:
[INFO] [stderr]      0:     0x5602a3426350 - std::backtrace_rs::backtrace::libunwind::trace::hff4d1766e93f64f1
[INFO] [stderr]                                  at /rustc/53fd98ca776cb875bc9e5514f56b52eb74f9e7a9/library/std/src/../../backtrace/src/backtrace/libunwind.rs:90:5
[INFO] [stderr]      1:     0x5602a3426350 - std::backtrace_rs::backtrace::trace_unsynchronized::h56bbc8eb78770bcb
[INFO] [stderr]                                  at /rustc/53fd98ca776cb875bc9e5514f56b52eb74f9e7a9/library/std/src/../../backtrace/src/backtrace/mod.rs:66:5
[INFO] [stderr]      2:     0x5602a3426350 - std::sys_common::backtrace::_print_fmt::h5c8e75464faca780
[INFO] [stderr]                                  at /rustc/53fd98ca776cb875bc9e5514f56b52eb74f9e7a9/library/std/src/sys_common/backtrace.rs:67:5
[INFO] [stderr]      3:     0x5602a3426350 - <std::sys_common::backtrace::_print::DisplayBacktrace as core::fmt::Display>::fmt::h48b88277def8b362
[INFO] [stderr]                                  at /rustc/53fd98ca776cb875bc9e5514f56b52eb74f9e7a9/library/std/src/sys_common/backtrace.rs:46:22
[INFO] [stderr]      4:     0x5602a3446ddc - core::fmt::write::h3381b3176fe2b3d3
[INFO] [stderr]                                  at /rustc/53fd98ca776cb875bc9e5514f56b52eb74f9e7a9/library/core/src/fmt/mod.rs:1115:17
[INFO] [stderr]      5:     0x5602a34230e5 - std::io::Write::write_fmt::hd42607e5d8e44db0
[INFO] [stderr]                                  at /rustc/53fd98ca776cb875bc9e5514f56b52eb74f9e7a9/library/std/src/io/mod.rs:1665:15
[INFO] [stderr]      6:     0x5602a342898b - std::sys_common::backtrace::_print::ha537687d6c17dd0d
[INFO] [stderr]                                  at /rustc/53fd98ca776cb875bc9e5514f56b52eb74f9e7a9/library/std/src/sys_common/backtrace.rs:49:5
[INFO] [stderr]      7:     0x5602a342898b - std::sys_common::backtrace::print::h61376ae57d131d72
[INFO] [stderr]                                  at /rustc/53fd98ca776cb875bc9e5514f56b52eb74f9e7a9/library/std/src/sys_common/backtrace.rs:36:9
[INFO] [stderr]      8:     0x5602a342898b - std::panicking::default_hook::{{closure}}::h0f7208c0b9644a54
[INFO] [stderr]                                  at /rustc/53fd98ca776cb875bc9e5514f56b52eb74f9e7a9/library/std/src/panicking.rs:208:50
[INFO] [stderr]      9:     0x5602a3428461 - std::panicking::default_hook::hdac7fc06578c14ce
[INFO] [stderr]                                  at /rustc/53fd98ca776cb875bc9e5514f56b52eb74f9e7a9/library/std/src/panicking.rs:225:9
[INFO] [stderr]     10:     0x5602a3429054 - std::panicking::rust_panic_with_hook::h72b21c283da3d1ef
[INFO] [stderr]                                  at /rustc/53fd98ca776cb875bc9e5514f56b52eb74f9e7a9/library/std/src/panicking.rs:622:17
[INFO] [stderr]     11:     0x5602a3428b37 - std::panicking::begin_panic_handler::{{closure}}::he5778f1729cff84a
[INFO] [stderr]                                  at /rustc/53fd98ca776cb875bc9e5514f56b52eb74f9e7a9/library/std/src/panicking.rs:519:13
[INFO] [stderr]     12:     0x5602a342682c - std::sys_common::backtrace::__rust_end_short_backtrace::h2d11ca8b453b4b1d
[INFO] [stderr]                                  at /rustc/53fd98ca776cb875bc9e5514f56b52eb74f9e7a9/library/std/src/sys_common/backtrace.rs:141:18
[INFO] [stderr]     13:     0x5602a3428a99 - rust_begin_unwind
[INFO] [stderr]                                  at /rustc/53fd98ca776cb875bc9e5514f56b52eb74f9e7a9/library/std/src/panicking.rs:515:5
[INFO] [stderr]     14:     0x5602a31e6c1b - std::panicking::begin_panic_fmt::h746518bde832d259
[INFO] [stderr]                                  at /rustc/53fd98ca776cb875bc9e5514f56b52eb74f9e7a9/library/std/src/panicking.rs:457:5
[INFO] [stderr]     15:     0x5602a31fc473 - cmake::fail::h6e49d39fc53a81a1
[INFO] [stderr]                                  at /opt/rustwide/cargo-home/registry/src/github.com-1ecc6299db9ec823/cmake-0.1.45/src/lib.rs:894:5
[INFO] [stderr]     16:     0x5602a31fbe81 - cmake::run::h75b37cdfbf28ca20
[INFO] [stderr]                                  at /opt/rustwide/cargo-home/registry/src/github.com-1ecc6299db9ec823/cmake-0.1.45/src/lib.rs:872:9
[INFO] [stderr]     17:     0x5602a31f98c1 - cmake::Config::build::hf817143c86877047
[INFO] [stderr]                                  at /opt/rustwide/cargo-home/registry/src/github.com-1ecc6299db9ec823/cmake-0.1.45/src/lib.rs:778:9
[INFO] [stderr]     18:     0x5602a31ed735 - build_script_build::build_openexr::ha4e33603986ff7db
[INFO] [stderr]                                  at /opt/rustwide/cargo-home/registry/src/github.com-1ecc6299db9ec823/vfxpreopenexr-sys-0.0.6/build.rs:18:5
[INFO] [stderr]     19:     0x5602a31eec11 - build_script_build::main::h2a17b25ff969eafe
[INFO] [stderr]                                  at /opt/rustwide/cargo-home/registry/src/github.com-1ecc6299db9ec823/vfxpreopenexr-sys-0.0.6/build.rs:134:28
[INFO] [stderr]     20:     0x5602a31f2fab - core::ops::function::FnOnce::call_once::h61c6eee75340f536
[INFO] [stderr]                                  at /rustc/53fd98ca776cb875bc9e5514f56b52eb74f9e7a9/library/core/src/ops/function.rs:227:5
[INFO] [stderr]     21:     0x5602a31f39be - std::sys_common::backtrace::__rust_begin_short_backtrace::hfb46fb31dacde46a
[INFO] [stderr]                                  at /rustc/53fd98ca776cb875bc9e5514f56b52eb74f9e7a9/library/std/src/sys_common/backtrace.rs:125:18
[INFO] [stderr]     22:     0x5602a31f3a51 - std::rt::lang_start::{{closure}}::h1b97fd49873aefde
[INFO] [stderr]                                  at /rustc/53fd98ca776cb875bc9e5514f56b52eb74f9e7a9/library/std/src/rt.rs:63:18
[INFO] [stderr]     23:     0x5602a342955a - core::ops::function::impls::<impl core::ops::function::FnOnce<A> for &F>::call_once::ha88a7d1a4d24e549
[INFO] [stderr]                                  at /rustc/53fd98ca776cb875bc9e5514f56b52eb74f9e7a9/library/core/src/ops/function.rs:259:13
[INFO] [stderr]     24:     0x5602a342955a - std::panicking::try::do_call::hd3b1d7740607ccc7
[INFO] [stderr]                                  at /rustc/53fd98ca776cb875bc9e5514f56b52eb74f9e7a9/library/std/src/panicking.rs:401:40
[INFO] [stderr]     25:     0x5602a342955a - std::panicking::try::h0ee8c65ac7461507
[INFO] [stderr]                                  at /rustc/53fd98ca776cb875bc9e5514f56b52eb74f9e7a9/library/std/src/panicking.rs:365:19
[INFO] [stderr]     26:     0x5602a342955a - std::panic::catch_unwind::head47f0de4ccd838
[INFO] [stderr]                                  at /rustc/53fd98ca776cb875bc9e5514f56b52eb74f9e7a9/library/std/src/panic.rs:434:14
[INFO] [stderr]     27:     0x5602a342955a - std::rt::lang_start_internal::{{closure}}::hbc7de8ec820ac085
[INFO] [stderr]                                  at /rustc/53fd98ca776cb875bc9e5514f56b52eb74f9e7a9/library/std/src/rt.rs:45:48
[INFO] [stderr]     28:     0x5602a342955a - std::panicking::try::do_call::h2609e52e8bad4a7b
[INFO] [stderr]                                  at /rustc/53fd98ca776cb875bc9e5514f56b52eb74f9e7a9/library/std/src/panicking.rs:401:40
[INFO] [stderr]     29:     0x5602a342955a - std::panicking::try::hd0929f0b603e0389
[INFO] [stderr]                                  at /rustc/53fd98ca776cb875bc9e5514f56b52eb74f9e7a9/library/std/src/panicking.rs:365:19
[INFO] [stderr]     30:     0x5602a342955a - std::panic::catch_unwind::h27902b81c3e47571
[INFO] [stderr]                                  at /rustc/53fd98ca776cb875bc9e5514f56b52eb74f9e7a9/library/std/src/panic.rs:434:14
[INFO] [stderr]     31:     0x5602a342955a - std::rt::lang_start_internal::h3fb2d794dd391e3e
[INFO] [stderr]                                  at /rustc/53fd98ca776cb875bc9e5514f56b52eb74f9e7a9/library/std/src/rt.rs:45:20
[INFO] [stderr]     32:     0x5602a31f3a20 - std::rt::lang_start::hd6361fa97ef5c711
[INFO] [stderr]                                  at /rustc/53fd98ca776cb875bc9e5514f56b52eb74f9e7a9/library/std/src/rt.rs:62:5
[INFO] [stderr]     33:     0x5602a31f03ac - main
[INFO] [stderr]     34:     0x7ff4e2d3c0b3 - __libc_start_main
[INFO] [stderr]     35:     0x5602a31e805e - _start
[INFO] [stderr]     36:                0x0 - <unknown>
[INFO] running `Command { std: "docker" "inspect" "42fa6d97e47f6deee4d6dc044c02ed79a2d6913f858077a68cb4a2a5a8087a61", kill_on_drop: false }`
[INFO] running `Command { std: "docker" "rm" "-f" "42fa6d97e47f6deee4d6dc044c02ed79a2d6913f858077a68cb4a2a5a8087a61", kill_on_drop: false }`
[INFO] [stdout] 42fa6d97e47f6deee4d6dc044c02ed79a2d6913f858077a68cb4a2a5a8087a61
