[INFO] fetching crate vfs-https 0.1.0...
[INFO] testing vfs-https-0.1.0 against 1.54.0 for beta-1.55-1
[INFO] extracting crate vfs-https 0.1.0 into /workspace/builds/worker-99/source
[INFO] validating manifest of crates.io crate vfs-https 0.1.0 on toolchain 1.54.0
[INFO] running `Command { std: "/workspace/cargo-home/bin/cargo" "+1.54.0" "metadata" "--manifest-path" "Cargo.toml" "--no-deps", kill_on_drop: false }`
[INFO] started tweaking crates.io crate vfs-https 0.1.0
[INFO] finished tweaking crates.io crate vfs-https 0.1.0
[INFO] tweaked toml for crates.io crate vfs-https 0.1.0 written to /workspace/builds/worker-99/source/Cargo.toml
[INFO] crate crates.io crate vfs-https 0.1.0 already has a lockfile, it will not be regenerated
[INFO] running `Command { std: "/workspace/cargo-home/bin/cargo" "+1.54.0" "fetch" "--manifest-path" "Cargo.toml", kill_on_drop: false }`
[INFO] [stderr]     Blocking waiting for file lock on package cache
[INFO] running `Command { std: "docker" "create" "-v" "/var/lib/crater-agent-workspace/builds/worker-99/target:/opt/rustwide/target:rw,Z" "-v" "/var/lib/crater-agent-workspace/builds/worker-99/source:/opt/rustwide/workdir:ro,Z" "-v" "/var/lib/crater-agent-workspace/cargo-home:/opt/rustwide/cargo-home:ro,Z" "-v" "/var/lib/crater-agent-workspace/rustup-home:/opt/rustwide/rustup-home:ro,Z" "-e" "SOURCE_DIR=/opt/rustwide/workdir" "-e" "CARGO_TARGET_DIR=/opt/rustwide/target" "-e" "CARGO_HOME=/opt/rustwide/cargo-home" "-e" "RUSTUP_HOME=/opt/rustwide/rustup-home" "-w" "/opt/rustwide/workdir" "-m" "1610612736" "--user" "0:0" "--network" "none" "ghcr.io/rust-lang/crates-build-env/linux@sha256:34b6a614d2c27851fe6cbf88fbd1137609cefab8b10d0615aaeb6fd47975d74e" "/opt/rustwide/cargo-home/bin/cargo" "+1.54.0" "metadata" "--no-deps" "--format-version=1", kill_on_drop: false }`
[INFO] [stdout] 3274baa6c06f068d462ddfc5bcffae87b49e2e7d860ba33863be31f0789d4a0d
[INFO] running `Command { std: "docker" "start" "-a" "3274baa6c06f068d462ddfc5bcffae87b49e2e7d860ba33863be31f0789d4a0d", kill_on_drop: false }`
[INFO] running `Command { std: "docker" "inspect" "3274baa6c06f068d462ddfc5bcffae87b49e2e7d860ba33863be31f0789d4a0d", kill_on_drop: false }`
[INFO] running `Command { std: "docker" "rm" "-f" "3274baa6c06f068d462ddfc5bcffae87b49e2e7d860ba33863be31f0789d4a0d", kill_on_drop: false }`
[INFO] [stdout] 3274baa6c06f068d462ddfc5bcffae87b49e2e7d860ba33863be31f0789d4a0d
[INFO] running `Command { std: "docker" "create" "-v" "/var/lib/crater-agent-workspace/builds/worker-99/target:/opt/rustwide/target:rw,Z" "-v" "/var/lib/crater-agent-workspace/builds/worker-99/source:/opt/rustwide/workdir:ro,Z" "-v" "/var/lib/crater-agent-workspace/cargo-home:/opt/rustwide/cargo-home:ro,Z" "-v" "/var/lib/crater-agent-workspace/rustup-home:/opt/rustwide/rustup-home:ro,Z" "-e" "SOURCE_DIR=/opt/rustwide/workdir" "-e" "CARGO_TARGET_DIR=/opt/rustwide/target" "-e" "CARGO_INCREMENTAL=0" "-e" "RUST_BACKTRACE=full" "-e" "RUSTFLAGS=--cap-lints=warn" "-e" "CARGO_HOME=/opt/rustwide/cargo-home" "-e" "RUSTUP_HOME=/opt/rustwide/rustup-home" "-w" "/opt/rustwide/workdir" "-m" "1610612736" "--user" "0:0" "--network" "none" "ghcr.io/rust-lang/crates-build-env/linux@sha256:34b6a614d2c27851fe6cbf88fbd1137609cefab8b10d0615aaeb6fd47975d74e" "/opt/rustwide/cargo-home/bin/cargo" "+1.54.0" "build" "--frozen" "--message-format=json", kill_on_drop: false }`
[INFO] [stdout] ac869857ef68a168805b7b29b7e86ef6fff3adb1abfd08a0f228331945d00ca9
[INFO] running `Command { std: "docker" "start" "-a" "ac869857ef68a168805b7b29b7e86ef6fff3adb1abfd08a0f228331945d00ca9", kill_on_drop: false }`
[INFO] [stderr]    Compiling proc-macro2 v1.0.24
[INFO] [stderr]    Compiling libc v0.2.88
[INFO] [stderr]    Compiling unicode-xid v0.2.1
[INFO] [stderr]    Compiling syn v1.0.64
[INFO] [stderr]    Compiling cc v1.0.67
[INFO] [stderr]    Compiling proc-macro-hack v0.5.19
[INFO] [stderr]    Compiling once_cell v1.7.2
[INFO] [stderr]    Compiling version_check v0.9.2
[INFO] [stderr]    Compiling memchr v2.3.4
[INFO] [stderr]    Compiling pin-project-lite v0.2.6
[INFO] [stderr]    Compiling futures-core v0.3.13
[INFO] [stderr]    Compiling spin v0.5.2
[INFO] [stderr]    Compiling proc-macro-nested v0.1.7
[INFO] [stderr]    Compiling untrusted v0.7.1
[INFO] [stderr]    Compiling serde_derive v1.0.124
[INFO] [stderr]    Compiling slab v0.4.2
[INFO] [stderr]    Compiling futures-io v0.3.13
[INFO] [stderr]    Compiling hashbrown v0.9.1
[INFO] [stderr]    Compiling futures-task v0.3.13
[INFO] [stderr]    Compiling openssl-probe v0.1.2
[INFO] [stderr]    Compiling openssl v0.10.33
[INFO] [stderr]    Compiling httparse v1.3.5
[INFO] [stderr]    Compiling futures-sink v0.3.13
[INFO] [stderr]    Compiling const_fn v0.4.5
[INFO] [stderr]    Compiling serde v1.0.124
[INFO] [stderr]    Compiling getrandom v0.2.2
[INFO] [stderr]    Compiling serde_json v1.0.64
[INFO] [stderr]    Compiling ipnet v2.3.0
[INFO] [stderr]    Compiling tokio v1.3.0
[INFO] [stderr]    Compiling indexmap v1.6.2
[INFO] [stderr]    Compiling http v0.2.3
[INFO] [stderr]    Compiling tinyvec v1.1.1
[INFO] [stderr]    Compiling tracing-core v0.1.17
[INFO] [stderr]    Compiling unicode-bidi v0.3.4
[INFO] [stderr]    Compiling num-traits v0.2.14
[INFO] [stderr]    Compiling futures-channel v0.3.13
[INFO] [stderr]    Compiling tracing v0.1.25
[INFO] [stderr]    Compiling standback v0.2.15
[INFO] [stderr]    Compiling time v0.2.25
[INFO] [stderr]    Compiling cookie v0.14.4
[INFO] [stderr]    Compiling unicode-normalization v0.1.17
[INFO] [stderr]    Compiling quote v1.0.9
[INFO] [stderr]    Compiling openssl-sys v0.9.61
[INFO] [stderr]    Compiling ring v0.16.20
[INFO] [stderr]    Compiling num_cpus v1.13.0
[INFO] [stderr]    Compiling mio v0.7.9
[INFO] [stderr]    Compiling socket2 v0.3.19
[INFO] [stderr]    Compiling time v0.1.43
[INFO] [stderr]    Compiling rand_core v0.6.2
[INFO] [stderr]    Compiling rand_chacha v0.3.0
[INFO] [stderr]    Compiling num-integer v0.1.44
[INFO] [stderr]    Compiling idna v0.2.2
[INFO] [stderr]    Compiling http-body v0.4.0
[INFO] [stderr]    Compiling rand v0.8.3
[INFO] [stderr]    Compiling chrono v0.4.19
[INFO] [stderr]    Compiling native-tls v0.2.7
[INFO] [stderr]    Compiling url v2.2.1
[INFO] [stderr]    Compiling publicsuffix v1.5.6
[INFO] [stderr]    Compiling sct v0.6.0
[INFO] [stderr]    Compiling webpki v0.21.4
[INFO] [stderr]    Compiling ct-logs v0.8.0
[INFO] [stderr]    Compiling rustls v0.19.0
[INFO] [stderr]    Compiling tokio-macros v1.1.0
[INFO] [stderr]    Compiling futures-macro v0.3.13
[INFO] [stderr]    Compiling time-macros-impl v0.1.1
[INFO] [stderr]    Compiling pin-project-internal v1.0.5
[INFO] [stderr]    Compiling thiserror-impl v1.0.24
[INFO] [stderr]    Compiling async-stream-impl v0.3.0
[INFO] [stderr]    Compiling time-macros v0.1.1
[INFO] [stderr]    Compiling async-stream v0.3.0
[INFO] [stderr]    Compiling rustls-native-certs v0.5.0
[INFO] [stderr]    Compiling futures-util v0.3.13
[INFO] [stderr]    Compiling thiserror v1.0.24
[INFO] [stderr]    Compiling vfs v0.5.1
[INFO] [stderr]    Compiling pin-project v1.0.5
[INFO] [stderr]    Compiling tokio-util v0.6.4
[INFO] [stderr]    Compiling tokio-native-tls v0.3.0
[INFO] [stderr]    Compiling tokio-rustls v0.22.0
[INFO] [stderr]    Compiling h2 v0.3.1
[INFO] [stderr]    Compiling serde_urlencoded v0.7.0
[INFO] [stderr]    Compiling hyper v0.14.4
[INFO] [stderr]    Compiling cookie_store v0.12.0
[INFO] [stderr]    Compiling hyper-tls v0.5.0
[INFO] [stderr]    Compiling hyper-rustls v0.22.1
[INFO] [stderr]    Compiling reqwest v0.11.2
[INFO] [stderr]    Compiling vfs-https v0.1.0 (/opt/rustwide/workdir)
[INFO] [stderr]     Finished dev [unoptimized + debuginfo] target(s) in 37.59s
[INFO] running `Command { std: "docker" "inspect" "ac869857ef68a168805b7b29b7e86ef6fff3adb1abfd08a0f228331945d00ca9", kill_on_drop: false }`
[INFO] running `Command { std: "docker" "rm" "-f" "ac869857ef68a168805b7b29b7e86ef6fff3adb1abfd08a0f228331945d00ca9", kill_on_drop: false }`
[INFO] [stdout] ac869857ef68a168805b7b29b7e86ef6fff3adb1abfd08a0f228331945d00ca9
[INFO] running `Command { std: "docker" "create" "-v" "/var/lib/crater-agent-workspace/builds/worker-99/target:/opt/rustwide/target:rw,Z" "-v" "/var/lib/crater-agent-workspace/builds/worker-99/source:/opt/rustwide/workdir:ro,Z" "-v" "/var/lib/crater-agent-workspace/cargo-home:/opt/rustwide/cargo-home:ro,Z" "-v" "/var/lib/crater-agent-workspace/rustup-home:/opt/rustwide/rustup-home:ro,Z" "-e" "SOURCE_DIR=/opt/rustwide/workdir" "-e" "CARGO_TARGET_DIR=/opt/rustwide/target" "-e" "CARGO_INCREMENTAL=0" "-e" "RUST_BACKTRACE=full" "-e" "RUSTFLAGS=--cap-lints=warn" "-e" "CARGO_HOME=/opt/rustwide/cargo-home" "-e" "RUSTUP_HOME=/opt/rustwide/rustup-home" "-w" "/opt/rustwide/workdir" "-m" "1610612736" "--user" "0:0" "--network" "none" "ghcr.io/rust-lang/crates-build-env/linux@sha256:34b6a614d2c27851fe6cbf88fbd1137609cefab8b10d0615aaeb6fd47975d74e" "/opt/rustwide/cargo-home/bin/cargo" "+1.54.0" "test" "--frozen" "--no-run" "--message-format=json", kill_on_drop: false }`
[INFO] [stdout] 1555fec711edcf38befb18080bcd73fb182a922e419fe7f9ffb13dbc7dae5683
[INFO] running `Command { std: "docker" "start" "-a" "1555fec711edcf38befb18080bcd73fb182a922e419fe7f9ffb13dbc7dae5683", kill_on_drop: false }`
[INFO] [stderr]     Blocking waiting for file lock on package cache
[INFO] [stderr]     Blocking waiting for file lock on package cache
[INFO] [stderr]    Compiling vfs-https v0.1.0 (/opt/rustwide/workdir)
[INFO] [stdout] error[E0432]: unresolved import `crate::VfsFileType`
[INFO] [stdout]    --> src/httpsfs.rs:512:5
[INFO] [stdout]     |
[INFO] [stdout] 512 | /     test_vfs!({
[INFO] [stdout] 513 | |         let server_port;
[INFO] [stdout] 514 | |         match PORT.lock() {
[INFO] [stdout] 515 | |             Ok(mut x) => {
[INFO] [stdout] ...   |
[INFO] [stdout] 549 | |             .unwrap()
[INFO] [stdout] 550 | |     });
[INFO] [stdout]     | |_______^ no `VfsFileType` in the root
[INFO] [stdout]     |
[INFO] [stdout]     = note: this error originates in the macro `test_vfs` (in Nightly builds, run with -Z macro-backtrace for more info)
[INFO] [stdout] 
[INFO] [stdout] 
[INFO] [stdout] error[E0432]: unresolved import `crate::VfsPath`
[INFO] [stdout]    --> src/httpsfs.rs:512:5
[INFO] [stdout]     |
[INFO] [stdout] 512 | /     test_vfs!({
[INFO] [stdout] 513 | |         let server_port;
[INFO] [stdout] 514 | |         match PORT.lock() {
[INFO] [stdout] 515 | |             Ok(mut x) => {
[INFO] [stdout] ...   |
[INFO] [stdout] 549 | |             .unwrap()
[INFO] [stdout] 550 | |     });
[INFO] [stdout]     | |_______^ no `VfsPath` in the root
[INFO] [stdout]     |
[INFO] [stdout]     = note: this error originates in the macro `test_vfs` (in Nightly builds, run with -Z macro-backtrace for more info)
[INFO] [stdout] 
[INFO] [stdout] 
[INFO] [stdout] error[E0412]: cannot find type `VfsResult` in this scope
[INFO] [stdout]    --> src/httpsfs.rs:512:5
[INFO] [stdout]     |
[INFO] [stdout] 512 | /     test_vfs!({
[INFO] [stdout] 513 | |         let server_port;
[INFO] [stdout] 514 | |         match PORT.lock() {
[INFO] [stdout] 515 | |             Ok(mut x) => {
[INFO] [stdout] ...   |
[INFO] [stdout] 549 | |             .unwrap()
[INFO] [stdout] 550 | |     });
[INFO] [stdout]     | |_______^ help: an enum with a similar name exists: `Result`
[INFO] [stdout]     |
[INFO] [stdout]     = note: consider importing one of these items:
[INFO] [stdout]             crate::httpsfs::VfsResult
[INFO] [stdout]             vfs::VfsResult
[INFO] [stdout]     = note: this error originates in the macro `test_vfs` (in Nightly builds, run with -Z macro-backtrace for more info)
[INFO] [stdout] 
[INFO] [stdout] 
[INFO] [stdout] error[E0412]: cannot find type `VfsResult` in this scope
[INFO] [stdout]    --> src/httpsfs.rs:512:5
[INFO] [stdout]     |
[INFO] [stdout] 512 | /     test_vfs!({
[INFO] [stdout] 513 | |         let server_port;
[INFO] [stdout] 514 | |         match PORT.lock() {
[INFO] [stdout] 515 | |             Ok(mut x) => {
[INFO] [stdout] ...   |
[INFO] [stdout] 549 | |             .unwrap()
[INFO] [stdout] 550 | |     });
[INFO] [stdout]     | |_______^ help: an enum with a similar name exists: `Result`
[INFO] [stdout]     |
[INFO] [stdout]     = note: consider importing one of these items:
[INFO] [stdout]             crate::httpsfs::VfsResult
[INFO] [stdout]             vfs::VfsResult
[INFO] [stdout]     = note: this error originates in the macro `test_vfs` (in Nightly builds, run with -Z macro-backtrace for more info)
[INFO] [stdout] 
[INFO] [stdout] 
[INFO] [stdout] error[E0412]: cannot find type `VfsResult` in this scope
[INFO] [stdout]    --> src/httpsfs.rs:512:5
[INFO] [stdout]     |
[INFO] [stdout] 512 | /     test_vfs!({
[INFO] [stdout] 513 | |         let server_port;
[INFO] [stdout] 514 | |         match PORT.lock() {
[INFO] [stdout] 515 | |             Ok(mut x) => {
[INFO] [stdout] ...   |
[INFO] [stdout] 549 | |             .unwrap()
[INFO] [stdout] 550 | |     });
[INFO] [stdout]     | |_______^ help: an enum with a similar name exists: `Result`
[INFO] [stdout]     |
[INFO] [stdout]     = note: consider importing one of these items:
[INFO] [stdout]             crate::httpsfs::VfsResult
[INFO] [stdout]             vfs::VfsResult
[INFO] [stdout]     = note: this error originates in the macro `test_vfs` (in Nightly builds, run with -Z macro-backtrace for more info)
[INFO] [stdout] 
[INFO] [stdout] 
[INFO] [stdout] error[E0412]: cannot find type `VfsResult` in this scope
[INFO] [stdout]    --> src/httpsfs.rs:512:5
[INFO] [stdout]     |
[INFO] [stdout] 512 | /     test_vfs!({
[INFO] [stdout] 513 | |         let server_port;
[INFO] [stdout] 514 | |         match PORT.lock() {
[INFO] [stdout] 515 | |             Ok(mut x) => {
[INFO] [stdout] ...   |
[INFO] [stdout] 549 | |             .unwrap()
[INFO] [stdout] 550 | |     });
[INFO] [stdout]     | |_______^ help: an enum with a similar name exists: `Result`
[INFO] [stdout]     |
[INFO] [stdout]     = note: consider importing one of these items:
[INFO] [stdout]             crate::httpsfs::VfsResult
[INFO] [stdout]             vfs::VfsResult
[INFO] [stdout]     = note: this error originates in the macro `test_vfs` (in Nightly builds, run with -Z macro-backtrace for more info)
[INFO] [stdout] 
[INFO] [stdout] 
[INFO] [stdout] error[E0412]: cannot find type `VfsResult` in this scope
[INFO] [stdout]    --> src/httpsfs.rs:512:5
[INFO] [stdout]     |
[INFO] [stdout] 512 | /     test_vfs!({
[INFO] [stdout] 513 | |         let server_port;
[INFO] [stdout] 514 | |         match PORT.lock() {
[INFO] [stdout] 515 | |             Ok(mut x) => {
[INFO] [stdout] ...   |
[INFO] [stdout] 549 | |             .unwrap()
[INFO] [stdout] 550 | |     });
[INFO] [stdout]     | |_______^ help: an enum with a similar name exists: `Result`
[INFO] [stdout]     |
[INFO] [stdout]     = note: consider importing one of these items:
[INFO] [stdout]             crate::httpsfs::VfsResult
[INFO] [stdout]             vfs::VfsResult
[INFO] [stdout]     = note: this error originates in the macro `test_vfs` (in Nightly builds, run with -Z macro-backtrace for more info)
[INFO] [stdout] 
[INFO] [stdout] 
[INFO] [stdout] error[E0412]: cannot find type `VfsResult` in this scope
[INFO] [stdout]    --> src/httpsfs.rs:512:5
[INFO] [stdout]     |
[INFO] [stdout] 512 | /     test_vfs!({
[INFO] [stdout] 513 | |         let server_port;
[INFO] [stdout] 514 | |         match PORT.lock() {
[INFO] [stdout] 515 | |             Ok(mut x) => {
[INFO] [stdout] ...   |
[INFO] [stdout] 549 | |             .unwrap()
[INFO] [stdout] 550 | |     });
[INFO] [stdout]     | |_______^ help: an enum with a similar name exists: `Result`
[INFO] [stdout]     |
[INFO] [stdout]     = note: consider importing one of these items:
[INFO] [stdout]             crate::httpsfs::VfsResult
[INFO] [stdout]             vfs::VfsResult
[INFO] [stdout]     = note: this error originates in the macro `test_vfs` (in Nightly builds, run with -Z macro-backtrace for more info)
[INFO] [stdout] 
[INFO] [stdout] 
[INFO] [stdout] error[E0412]: cannot find type `VfsResult` in this scope
[INFO] [stdout]    --> src/httpsfs.rs:512:5
[INFO] [stdout]     |
[INFO] [stdout] 512 | /     test_vfs!({
[INFO] [stdout] 513 | |         let server_port;
[INFO] [stdout] 514 | |         match PORT.lock() {
[INFO] [stdout] 515 | |             Ok(mut x) => {
[INFO] [stdout] ...   |
[INFO] [stdout] 549 | |             .unwrap()
[INFO] [stdout] 550 | |     });
[INFO] [stdout]     | |_______^ help: an enum with a similar name exists: `Result`
[INFO] [stdout]     |
[INFO] [stdout]     = note: consider importing one of these items:
[INFO] [stdout]             crate::httpsfs::VfsResult
[INFO] [stdout]             vfs::VfsResult
[INFO] [stdout]     = note: this error originates in the macro `test_vfs` (in Nightly builds, run with -Z macro-backtrace for more info)
[INFO] [stdout] 
[INFO] [stdout] 
[INFO] [stdout] error[E0412]: cannot find type `VfsResult` in this scope
[INFO] [stdout]    --> src/httpsfs.rs:512:5
[INFO] [stdout]     |
[INFO] [stdout] 512 | /     test_vfs!({
[INFO] [stdout] 513 | |         let server_port;
[INFO] [stdout] 514 | |         match PORT.lock() {
[INFO] [stdout] 515 | |             Ok(mut x) => {
[INFO] [stdout] ...   |
[INFO] [stdout] 549 | |             .unwrap()
[INFO] [stdout] 550 | |     });
[INFO] [stdout]     | |_______^ help: an enum with a similar name exists: `Result`
[INFO] [stdout]     |
[INFO] [stdout]     = note: consider importing one of these items:
[INFO] [stdout]             crate::httpsfs::VfsResult
[INFO] [stdout]             vfs::VfsResult
[INFO] [stdout]     = note: this error originates in the macro `test_vfs` (in Nightly builds, run with -Z macro-backtrace for more info)
[INFO] [stdout] 
[INFO] [stdout] 
[INFO] [stdout] error[E0412]: cannot find type `VfsResult` in this scope
[INFO] [stdout]    --> src/httpsfs.rs:512:5
[INFO] [stdout]     |
[INFO] [stdout] 512 | /     test_vfs!({
[INFO] [stdout] 513 | |         let server_port;
[INFO] [stdout] 514 | |         match PORT.lock() {
[INFO] [stdout] 515 | |             Ok(mut x) => {
[INFO] [stdout] ...   |
[INFO] [stdout] 549 | |             .unwrap()
[INFO] [stdout] 550 | |     });
[INFO] [stdout]     | |_______^ help: an enum with a similar name exists: `Result`
[INFO] [stdout]     |
[INFO] [stdout]     = note: consider importing one of these items:
[INFO] [stdout]             crate::httpsfs::VfsResult
[INFO] [stdout]             vfs::VfsResult
[INFO] [stdout]     = note: this error originates in the macro `test_vfs` (in Nightly builds, run with -Z macro-backtrace for more info)
[INFO] [stdout] 
[INFO] [stdout] 
[INFO] [stdout] error[E0412]: cannot find type `VfsResult` in this scope
[INFO] [stdout]    --> src/httpsfs.rs:512:5
[INFO] [stdout]     |
[INFO] [stdout] 512 | /     test_vfs!({
[INFO] [stdout] 513 | |         let server_port;
[INFO] [stdout] 514 | |         match PORT.lock() {
[INFO] [stdout] 515 | |             Ok(mut x) => {
[INFO] [stdout] ...   |
[INFO] [stdout] 549 | |             .unwrap()
[INFO] [stdout] 550 | |     });
[INFO] [stdout]     | |_______^ help: an enum with a similar name exists: `Result`
[INFO] [stdout]     |
[INFO] [stdout]     = note: consider importing one of these items:
[INFO] [stdout]             crate::httpsfs::VfsResult
[INFO] [stdout]             vfs::VfsResult
[INFO] [stdout]     = note: this error originates in the macro `test_vfs` (in Nightly builds, run with -Z macro-backtrace for more info)
[INFO] [stdout] 
[INFO] [stdout] 
[INFO] [stdout] error[E0412]: cannot find type `VfsResult` in this scope
[INFO] [stdout]    --> src/httpsfs.rs:512:5
[INFO] [stdout]     |
[INFO] [stdout] 512 | /     test_vfs!({
[INFO] [stdout] 513 | |         let server_port;
[INFO] [stdout] 514 | |         match PORT.lock() {
[INFO] [stdout] 515 | |             Ok(mut x) => {
[INFO] [stdout] ...   |
[INFO] [stdout] 549 | |             .unwrap()
[INFO] [stdout] 550 | |     });
[INFO] [stdout]     | |_______^ help: an enum with a similar name exists: `Result`
[INFO] [stdout]     |
[INFO] [stdout]     = note: consider importing one of these items:
[INFO] [stdout]             crate::httpsfs::VfsResult
[INFO] [stdout]             vfs::VfsResult
[INFO] [stdout]     = note: this error originates in the macro `test_vfs` (in Nightly builds, run with -Z macro-backtrace for more info)
[INFO] [stdout] 
[INFO] [stdout] 
[INFO] [stdout] error[E0412]: cannot find type `VfsResult` in this scope
[INFO] [stdout]    --> src/httpsfs.rs:512:5
[INFO] [stdout]     |
[INFO] [stdout] 512 | /     test_vfs!({
[INFO] [stdout] 513 | |         let server_port;
[INFO] [stdout] 514 | |         match PORT.lock() {
[INFO] [stdout] 515 | |             Ok(mut x) => {
[INFO] [stdout] ...   |
[INFO] [stdout] 549 | |             .unwrap()
[INFO] [stdout] 550 | |     });
[INFO] [stdout]     | |_______^ help: an enum with a similar name exists: `Result`
[INFO] [stdout]     |
[INFO] [stdout]     = note: consider importing one of these items:
[INFO] [stdout]             crate::httpsfs::VfsResult
[INFO] [stdout]             vfs::VfsResult
[INFO] [stdout]     = note: this error originates in the macro `test_vfs` (in Nightly builds, run with -Z macro-backtrace for more info)
[INFO] [stdout] 
[INFO] [stdout] 
[INFO] [stdout] error[E0412]: cannot find type `VfsResult` in this scope
[INFO] [stdout]    --> src/httpsfs.rs:512:5
[INFO] [stdout]     |
[INFO] [stdout] 512 | /     test_vfs!({
[INFO] [stdout] 513 | |         let server_port;
[INFO] [stdout] 514 | |         match PORT.lock() {
[INFO] [stdout] 515 | |             Ok(mut x) => {
[INFO] [stdout] ...   |
[INFO] [stdout] 549 | |             .unwrap()
[INFO] [stdout] 550 | |     });
[INFO] [stdout]     | |_______^ help: an enum with a similar name exists: `Result`
[INFO] [stdout]     |
[INFO] [stdout]     = note: consider importing one of these items:
[INFO] [stdout]             crate::httpsfs::VfsResult
[INFO] [stdout]             vfs::VfsResult
[INFO] [stdout]     = note: this error originates in the macro `test_vfs` (in Nightly builds, run with -Z macro-backtrace for more info)
[INFO] [stdout] 
[INFO] [stdout] 
[INFO] [stdout] error[E0412]: cannot find type `VfsResult` in this scope
[INFO] [stdout]    --> src/httpsfs.rs:512:5
[INFO] [stdout]     |
[INFO] [stdout] 512 | /     test_vfs!({
[INFO] [stdout] 513 | |         let server_port;
[INFO] [stdout] 514 | |         match PORT.lock() {
[INFO] [stdout] 515 | |             Ok(mut x) => {
[INFO] [stdout] ...   |
[INFO] [stdout] 549 | |             .unwrap()
[INFO] [stdout] 550 | |     });
[INFO] [stdout]     | |_______^ help: an enum with a similar name exists: `Result`
[INFO] [stdout]     |
[INFO] [stdout]     = note: consider importing one of these items:
[INFO] [stdout]             crate::httpsfs::VfsResult
[INFO] [stdout]             vfs::VfsResult
[INFO] [stdout]     = note: this error originates in the macro `test_vfs` (in Nightly builds, run with -Z macro-backtrace for more info)
[INFO] [stdout] 
[INFO] [stdout] 
[INFO] [stdout] error[E0412]: cannot find type `VfsResult` in this scope
[INFO] [stdout]    --> src/httpsfs.rs:512:5
[INFO] [stdout]     |
[INFO] [stdout] 512 | /     test_vfs!({
[INFO] [stdout] 513 | |         let server_port;
[INFO] [stdout] 514 | |         match PORT.lock() {
[INFO] [stdout] 515 | |             Ok(mut x) => {
[INFO] [stdout] ...   |
[INFO] [stdout] 549 | |             .unwrap()
[INFO] [stdout] 550 | |     });
[INFO] [stdout]     | |_______^ help: an enum with a similar name exists: `Result`
[INFO] [stdout]     |
[INFO] [stdout]     = note: consider importing one of these items:
[INFO] [stdout]             crate::httpsfs::VfsResult
[INFO] [stdout]             vfs::VfsResult
[INFO] [stdout]     = note: this error originates in the macro `test_vfs` (in Nightly builds, run with -Z macro-backtrace for more info)
[INFO] [stdout] 
[INFO] [stdout] 
[INFO] [stdout] error[E0412]: cannot find type `VfsResult` in this scope
[INFO] [stdout]    --> src/httpsfs.rs:512:5
[INFO] [stdout]     |
[INFO] [stdout] 512 | /     test_vfs!({
[INFO] [stdout] 513 | |         let server_port;
[INFO] [stdout] 514 | |         match PORT.lock() {
[INFO] [stdout] 515 | |             Ok(mut x) => {
[INFO] [stdout] ...   |
[INFO] [stdout] 549 | |             .unwrap()
[INFO] [stdout] 550 | |     });
[INFO] [stdout]     | |_______^ help: an enum with a similar name exists: `Result`
[INFO] [stdout]     |
[INFO] [stdout]     = note: consider importing one of these items:
[INFO] [stdout]             crate::httpsfs::VfsResult
[INFO] [stdout]             vfs::VfsResult
[INFO] [stdout]     = note: this error originates in the macro `test_vfs` (in Nightly builds, run with -Z macro-backtrace for more info)
[INFO] [stdout] 
[INFO] [stdout] 
[INFO] [stdout] error[E0412]: cannot find type `VfsResult` in this scope
[INFO] [stdout]    --> src/httpsfs.rs:512:5
[INFO] [stdout]     |
[INFO] [stdout] 512 | /     test_vfs!({
[INFO] [stdout] 513 | |         let server_port;
[INFO] [stdout] 514 | |         match PORT.lock() {
[INFO] [stdout] 515 | |             Ok(mut x) => {
[INFO] [stdout] ...   |
[INFO] [stdout] 549 | |             .unwrap()
[INFO] [stdout] 550 | |     });
[INFO] [stdout]     | |_______^ help: an enum with a similar name exists: `Result`
[INFO] [stdout]     |
[INFO] [stdout]     = note: consider importing one of these items:
[INFO] [stdout]             crate::httpsfs::VfsResult
[INFO] [stdout]             vfs::VfsResult
[INFO] [stdout]     = note: this error originates in the macro `test_vfs` (in Nightly builds, run with -Z macro-backtrace for more info)
[INFO] [stdout] 
[INFO] [stdout] 
[INFO] [stdout] error[E0412]: cannot find type `VfsResult` in this scope
[INFO] [stdout]    --> src/httpsfs.rs:512:5
[INFO] [stdout]     |
[INFO] [stdout] 512 | /     test_vfs!({
[INFO] [stdout] 513 | |         let server_port;
[INFO] [stdout] 514 | |         match PORT.lock() {
[INFO] [stdout] 515 | |             Ok(mut x) => {
[INFO] [stdout] ...   |
[INFO] [stdout] 549 | |             .unwrap()
[INFO] [stdout] 550 | |     });
[INFO] [stdout]     | |_______^ help: an enum with a similar name exists: `Result`
[INFO] [stdout]     |
[INFO] [stdout]     = note: consider importing one of these items:
[INFO] [stdout]             crate::httpsfs::VfsResult
[INFO] [stdout]             vfs::VfsResult
[INFO] [stdout]     = note: this error originates in the macro `test_vfs` (in Nightly builds, run with -Z macro-backtrace for more info)
[INFO] [stdout] 
[INFO] [stdout] 
[INFO] [stdout] error[E0412]: cannot find type `VfsResult` in this scope
[INFO] [stdout]    --> src/httpsfs.rs:512:5
[INFO] [stdout]     |
[INFO] [stdout] 512 | /     test_vfs!({
[INFO] [stdout] 513 | |         let server_port;
[INFO] [stdout] 514 | |         match PORT.lock() {
[INFO] [stdout] 515 | |             Ok(mut x) => {
[INFO] [stdout] ...   |
[INFO] [stdout] 549 | |             .unwrap()
[INFO] [stdout] 550 | |     });
[INFO] [stdout]     | |_______^ help: an enum with a similar name exists: `Result`
[INFO] [stdout]     |
[INFO] [stdout]     = note: consider importing one of these items:
[INFO] [stdout]             crate::httpsfs::VfsResult
[INFO] [stdout]             vfs::VfsResult
[INFO] [stdout]     = note: this error originates in the macro `test_vfs` (in Nightly builds, run with -Z macro-backtrace for more info)
[INFO] [stdout] 
[INFO] [stdout] 
[INFO] [stdout] error[E0412]: cannot find type `VfsResult` in this scope
[INFO] [stdout]    --> src/httpsfs.rs:512:5
[INFO] [stdout]     |
[INFO] [stdout] 512 | /     test_vfs!({
[INFO] [stdout] 513 | |         let server_port;
[INFO] [stdout] 514 | |         match PORT.lock() {
[INFO] [stdout] 515 | |             Ok(mut x) => {
[INFO] [stdout] ...   |
[INFO] [stdout] 549 | |             .unwrap()
[INFO] [stdout] 550 | |     });
[INFO] [stdout]     | |_______^ help: an enum with a similar name exists: `Result`
[INFO] [stdout]     |
[INFO] [stdout]     = note: consider importing one of these items:
[INFO] [stdout]             crate::httpsfs::VfsResult
[INFO] [stdout]             vfs::VfsResult
[INFO] [stdout]     = note: this error originates in the macro `test_vfs` (in Nightly builds, run with -Z macro-backtrace for more info)
[INFO] [stdout] 
[INFO] [stdout] 
[INFO] [stdout] error[E0412]: cannot find type `VfsResult` in this scope
[INFO] [stdout]    --> src/httpsfs.rs:512:5
[INFO] [stdout]     |
[INFO] [stdout] 512 | /     test_vfs!({
[INFO] [stdout] 513 | |         let server_port;
[INFO] [stdout] 514 | |         match PORT.lock() {
[INFO] [stdout] 515 | |             Ok(mut x) => {
[INFO] [stdout] ...   |
[INFO] [stdout] 549 | |             .unwrap()
[INFO] [stdout] 550 | |     });
[INFO] [stdout]     | |_______^ help: an enum with a similar name exists: `Result`
[INFO] [stdout]     |
[INFO] [stdout]     = note: consider importing one of these items:
[INFO] [stdout]             crate::httpsfs::VfsResult
[INFO] [stdout]             vfs::VfsResult
[INFO] [stdout]     = note: this error originates in the macro `test_vfs` (in Nightly builds, run with -Z macro-backtrace for more info)
[INFO] [stdout] 
[INFO] [stdout] 
[INFO] [stdout] error[E0412]: cannot find type `VfsResult` in this scope
[INFO] [stdout]    --> src/httpsfs.rs:512:5
[INFO] [stdout]     |
[INFO] [stdout] 512 | /     test_vfs!({
[INFO] [stdout] 513 | |         let server_port;
[INFO] [stdout] 514 | |         match PORT.lock() {
[INFO] [stdout] 515 | |             Ok(mut x) => {
[INFO] [stdout] ...   |
[INFO] [stdout] 549 | |             .unwrap()
[INFO] [stdout] 550 | |     });
[INFO] [stdout]     | |_______^ help: an enum with a similar name exists: `Result`
[INFO] [stdout]     |
[INFO] [stdout]     = note: consider importing one of these items:
[INFO] [stdout]             crate::httpsfs::VfsResult
[INFO] [stdout]             vfs::VfsResult
[INFO] [stdout]     = note: this error originates in the macro `test_vfs` (in Nightly builds, run with -Z macro-backtrace for more info)
[INFO] [stdout] 
[INFO] [stdout] 
[INFO] [stdout] error[E0412]: cannot find type `VfsResult` in this scope
[INFO] [stdout]    --> src/httpsfs.rs:512:5
[INFO] [stdout]     |
[INFO] [stdout] 512 | /     test_vfs!({
[INFO] [stdout] 513 | |         let server_port;
[INFO] [stdout] 514 | |         match PORT.lock() {
[INFO] [stdout] 515 | |             Ok(mut x) => {
[INFO] [stdout] ...   |
[INFO] [stdout] 549 | |             .unwrap()
[INFO] [stdout] 550 | |     });
[INFO] [stdout]     | |_______^ help: an enum with a similar name exists: `Result`
[INFO] [stdout]     |
[INFO] [stdout]     = note: consider importing one of these items:
[INFO] [stdout]             crate::httpsfs::VfsResult
[INFO] [stdout]             vfs::VfsResult
[INFO] [stdout]     = note: this error originates in the macro `test_vfs` (in Nightly builds, run with -Z macro-backtrace for more info)
[INFO] [stdout] 
[INFO] [stdout] 
[INFO] [stdout] error[E0412]: cannot find type `VfsResult` in this scope
[INFO] [stdout]    --> src/httpsfs.rs:512:5
[INFO] [stdout]     |
[INFO] [stdout] 512 | /     test_vfs!({
[INFO] [stdout] 513 | |         let server_port;
[INFO] [stdout] 514 | |         match PORT.lock() {
[INFO] [stdout] 515 | |             Ok(mut x) => {
[INFO] [stdout] ...   |
[INFO] [stdout] 549 | |             .unwrap()
[INFO] [stdout] 550 | |     });
[INFO] [stdout]     | |_______^ help: an enum with a similar name exists: `Result`
[INFO] [stdout]     |
[INFO] [stdout]     = note: consider importing one of these items:
[INFO] [stdout]             crate::httpsfs::VfsResult
[INFO] [stdout]             vfs::VfsResult
[INFO] [stdout]     = note: this error originates in the macro `test_vfs` (in Nightly builds, run with -Z macro-backtrace for more info)
[INFO] [stdout] 
[INFO] [stdout] 
[INFO] [stdout] error[E0412]: cannot find type `VfsResult` in this scope
[INFO] [stdout]    --> src/httpsfs.rs:512:5
[INFO] [stdout]     |
[INFO] [stdout] 512 | /     test_vfs!({
[INFO] [stdout] 513 | |         let server_port;
[INFO] [stdout] 514 | |         match PORT.lock() {
[INFO] [stdout] 515 | |             Ok(mut x) => {
[INFO] [stdout] ...   |
[INFO] [stdout] 549 | |             .unwrap()
[INFO] [stdout] 550 | |     });
[INFO] [stdout]     | |_______^ help: an enum with a similar name exists: `Result`
[INFO] [stdout]     |
[INFO] [stdout]     = note: consider importing one of these items:
[INFO] [stdout]             crate::httpsfs::VfsResult
[INFO] [stdout]             vfs::VfsResult
[INFO] [stdout]     = note: this error originates in the macro `test_vfs` (in Nightly builds, run with -Z macro-backtrace for more info)
[INFO] [stdout] 
[INFO] [stdout] 
[INFO] [stdout] error[E0412]: cannot find type `VfsResult` in this scope
[INFO] [stdout]    --> src/httpsfs.rs:512:5
[INFO] [stdout]     |
[INFO] [stdout] 512 | /     test_vfs!({
[INFO] [stdout] 513 | |         let server_port;
[INFO] [stdout] 514 | |         match PORT.lock() {
[INFO] [stdout] 515 | |             Ok(mut x) => {
[INFO] [stdout] ...   |
[INFO] [stdout] 549 | |             .unwrap()
[INFO] [stdout] 550 | |     });
[INFO] [stdout]     | |_______^ help: an enum with a similar name exists: `Result`
[INFO] [stdout]     |
[INFO] [stdout]     = note: consider importing one of these items:
[INFO] [stdout]             crate::httpsfs::VfsResult
[INFO] [stdout]             vfs::VfsResult
[INFO] [stdout]     = note: this error originates in the macro `test_vfs` (in Nightly builds, run with -Z macro-backtrace for more info)
[INFO] [stdout] 
[INFO] [stdout] 
[INFO] [stdout] error[E0412]: cannot find type `VfsResult` in this scope
[INFO] [stdout]    --> src/httpsfs.rs:512:5
[INFO] [stdout]     |
[INFO] [stdout] 512 | /     test_vfs!({
[INFO] [stdout] 513 | |         let server_port;
[INFO] [stdout] 514 | |         match PORT.lock() {
[INFO] [stdout] 515 | |             Ok(mut x) => {
[INFO] [stdout] ...   |
[INFO] [stdout] 549 | |             .unwrap()
[INFO] [stdout] 550 | |     });
[INFO] [stdout]     | |_______^ help: an enum with a similar name exists: `Result`
[INFO] [stdout]     |
[INFO] [stdout]     = note: consider importing one of these items:
[INFO] [stdout]             crate::httpsfs::VfsResult
[INFO] [stdout]             vfs::VfsResult
[INFO] [stdout]     = note: this error originates in the macro `test_vfs` (in Nightly builds, run with -Z macro-backtrace for more info)
[INFO] [stdout] 
[INFO] [stdout] 
[INFO] [stdout] error[E0412]: cannot find type `VfsResult` in this scope
[INFO] [stdout]    --> src/httpsfs.rs:512:5
[INFO] [stdout]     |
[INFO] [stdout] 512 | /     test_vfs!({
[INFO] [stdout] 513 | |         let server_port;
[INFO] [stdout] 514 | |         match PORT.lock() {
[INFO] [stdout] 515 | |             Ok(mut x) => {
[INFO] [stdout] ...   |
[INFO] [stdout] 549 | |             .unwrap()
[INFO] [stdout] 550 | |     });
[INFO] [stdout]     | |_______^ help: an enum with a similar name exists: `Result`
[INFO] [stdout]     |
[INFO] [stdout]     = note: consider importing one of these items:
[INFO] [stdout]             crate::httpsfs::VfsResult
[INFO] [stdout]             vfs::VfsResult
[INFO] [stdout]     = note: this error originates in the macro `test_vfs` (in Nightly builds, run with -Z macro-backtrace for more info)
[INFO] [stdout] 
[INFO] [stdout] 
[INFO] [stdout] error[E0412]: cannot find type `VfsResult` in this scope
[INFO] [stdout]    --> src/httpsfs.rs:512:5
[INFO] [stdout]     |
[INFO] [stdout] 512 | /     test_vfs!({
[INFO] [stdout] 513 | |         let server_port;
[INFO] [stdout] 514 | |         match PORT.lock() {
[INFO] [stdout] 515 | |             Ok(mut x) => {
[INFO] [stdout] ...   |
[INFO] [stdout] 549 | |             .unwrap()
[INFO] [stdout] 550 | |     });
[INFO] [stdout]     | |_______^ help: an enum with a similar name exists: `Result`
[INFO] [stdout]     |
[INFO] [stdout]     = note: consider importing one of these items:
[INFO] [stdout]             crate::httpsfs::VfsResult
[INFO] [stdout]             vfs::VfsResult
[INFO] [stdout]     = note: this error originates in the macro `test_vfs` (in Nightly builds, run with -Z macro-backtrace for more info)
[INFO] [stdout] 
[INFO] [stdout] 
[INFO] [stdout] error[E0412]: cannot find type `VfsResult` in this scope
[INFO] [stdout]    --> src/httpsfs.rs:512:5
[INFO] [stdout]     |
[INFO] [stdout] 512 | /     test_vfs!({
[INFO] [stdout] 513 | |         let server_port;
[INFO] [stdout] 514 | |         match PORT.lock() {
[INFO] [stdout] 515 | |             Ok(mut x) => {
[INFO] [stdout] ...   |
[INFO] [stdout] 549 | |             .unwrap()
[INFO] [stdout] 550 | |     });
[INFO] [stdout]     | |_______^ help: an enum with a similar name exists: `Result`
[INFO] [stdout]     |
[INFO] [stdout]     = note: consider importing one of these items:
[INFO] [stdout]             crate::httpsfs::VfsResult
[INFO] [stdout]             vfs::VfsResult
[INFO] [stdout]     = note: this error originates in the macro `test_vfs` (in Nightly builds, run with -Z macro-backtrace for more info)
[INFO] [stdout] 
[INFO] [stdout] 
[INFO] [stdout] error[E0412]: cannot find type `VfsResult` in this scope
[INFO] [stdout]    --> src/httpsfs.rs:512:5
[INFO] [stdout]     |
[INFO] [stdout] 512 | /     test_vfs!({
[INFO] [stdout] 513 | |         let server_port;
[INFO] [stdout] 514 | |         match PORT.lock() {
[INFO] [stdout] 515 | |             Ok(mut x) => {
[INFO] [stdout] ...   |
[INFO] [stdout] 549 | |             .unwrap()
[INFO] [stdout] 550 | |     });
[INFO] [stdout]     | |_______^ help: an enum with a similar name exists: `Result`
[INFO] [stdout]     |
[INFO] [stdout]     = note: consider importing one of these items:
[INFO] [stdout]             crate::httpsfs::VfsResult
[INFO] [stdout]             vfs::VfsResult
[INFO] [stdout]     = note: this error originates in the macro `test_vfs` (in Nightly builds, run with -Z macro-backtrace for more info)
[INFO] [stdout] 
[INFO] [stdout] 
[INFO] [stdout] error[E0412]: cannot find type `VfsResult` in this scope
[INFO] [stdout]    --> src/httpsfs.rs:512:5
[INFO] [stdout]     |
[INFO] [stdout] 512 | /     test_vfs!({
[INFO] [stdout] 513 | |         let server_port;
[INFO] [stdout] 514 | |         match PORT.lock() {
[INFO] [stdout] 515 | |             Ok(mut x) => {
[INFO] [stdout] ...   |
[INFO] [stdout] 549 | |             .unwrap()
[INFO] [stdout] 550 | |     });
[INFO] [stdout]     | |_______^ help: an enum with a similar name exists: `Result`
[INFO] [stdout]     |
[INFO] [stdout]     = note: consider importing one of these items:
[INFO] [stdout]             crate::httpsfs::VfsResult
[INFO] [stdout]             vfs::VfsResult
[INFO] [stdout]     = note: this error originates in the macro `test_vfs` (in Nightly builds, run with -Z macro-backtrace for more info)
[INFO] [stdout] 
[INFO] [stdout] 
[INFO] [stdout] error[E0412]: cannot find type `VfsResult` in this scope
[INFO] [stdout]    --> src/httpsfs.rs:512:5
[INFO] [stdout]     |
[INFO] [stdout] 512 | /     test_vfs!({
[INFO] [stdout] 513 | |         let server_port;
[INFO] [stdout] 514 | |         match PORT.lock() {
[INFO] [stdout] 515 | |             Ok(mut x) => {
[INFO] [stdout] ...   |
[INFO] [stdout] 549 | |             .unwrap()
[INFO] [stdout] 550 | |     });
[INFO] [stdout]     | |_______^ help: an enum with a similar name exists: `Result`
[INFO] [stdout]     |
[INFO] [stdout]     = note: consider importing one of these items:
[INFO] [stdout]             crate::httpsfs::VfsResult
[INFO] [stdout]             vfs::VfsResult
[INFO] [stdout]     = note: this error originates in the macro `test_vfs` (in Nightly builds, run with -Z macro-backtrace for more info)
[INFO] [stdout] 
[INFO] [stdout] 
[INFO] [stdout] error[E0412]: cannot find type `VfsResult` in this scope
[INFO] [stdout]    --> src/httpsfs.rs:512:5
[INFO] [stdout]     |
[INFO] [stdout] 512 | /     test_vfs!({
[INFO] [stdout] 513 | |         let server_port;
[INFO] [stdout] 514 | |         match PORT.lock() {
[INFO] [stdout] 515 | |             Ok(mut x) => {
[INFO] [stdout] ...   |
[INFO] [stdout] 549 | |             .unwrap()
[INFO] [stdout] 550 | |     });
[INFO] [stdout]     | |_______^ help: an enum with a similar name exists: `Result`
[INFO] [stdout]     |
[INFO] [stdout]     = note: consider importing one of these items:
[INFO] [stdout]             crate::httpsfs::VfsResult
[INFO] [stdout]             vfs::VfsResult
[INFO] [stdout]     = note: this error originates in the macro `test_vfs` (in Nightly builds, run with -Z macro-backtrace for more info)
[INFO] [stdout] 
[INFO] [stdout] 
[INFO] [stdout] error[E0412]: cannot find type `VfsResult` in this scope
[INFO] [stdout]    --> src/httpsfs.rs:512:5
[INFO] [stdout]     |
[INFO] [stdout] 512 | /     test_vfs!({
[INFO] [stdout] 513 | |         let server_port;
[INFO] [stdout] 514 | |         match PORT.lock() {
[INFO] [stdout] 515 | |             Ok(mut x) => {
[INFO] [stdout] ...   |
[INFO] [stdout] 549 | |             .unwrap()
[INFO] [stdout] 550 | |     });
[INFO] [stdout]     | |_______^ help: an enum with a similar name exists: `Result`
[INFO] [stdout]     |
[INFO] [stdout]     = note: consider importing one of these items:
[INFO] [stdout]             crate::httpsfs::VfsResult
[INFO] [stdout]             vfs::VfsResult
[INFO] [stdout]     = note: this error originates in the macro `test_vfs` (in Nightly builds, run with -Z macro-backtrace for more info)
[INFO] [stdout] 
[INFO] [stdout] 
[INFO] [stdout] error[E0412]: cannot find type `VfsResult` in this scope
[INFO] [stdout]    --> src/httpsfs.rs:512:5
[INFO] [stdout]     |
[INFO] [stdout] 512 | /     test_vfs!({
[INFO] [stdout] 513 | |         let server_port;
[INFO] [stdout] 514 | |         match PORT.lock() {
[INFO] [stdout] 515 | |             Ok(mut x) => {
[INFO] [stdout] ...   |
[INFO] [stdout] 549 | |             .unwrap()
[INFO] [stdout] 550 | |     });
[INFO] [stdout]     | |_______^ help: an enum with a similar name exists: `Result`
[INFO] [stdout]     |
[INFO] [stdout]     = note: consider importing one of these items:
[INFO] [stdout]             crate::httpsfs::VfsResult
[INFO] [stdout]             vfs::VfsResult
[INFO] [stdout]     = note: this error originates in the macro `test_vfs` (in Nightly builds, run with -Z macro-backtrace for more info)
[INFO] [stdout] 
[INFO] [stdout] 
[INFO] [stdout] error[E0412]: cannot find type `VfsResult` in this scope
[INFO] [stdout]    --> src/httpsfs.rs:512:5
[INFO] [stdout]     |
[INFO] [stdout] 512 | /     test_vfs!({
[INFO] [stdout] 513 | |         let server_port;
[INFO] [stdout] 514 | |         match PORT.lock() {
[INFO] [stdout] 515 | |             Ok(mut x) => {
[INFO] [stdout] ...   |
[INFO] [stdout] 549 | |             .unwrap()
[INFO] [stdout] 550 | |     });
[INFO] [stdout]     | |_______^ help: an enum with a similar name exists: `Result`
[INFO] [stdout]     |
[INFO] [stdout]     = note: consider importing one of these items:
[INFO] [stdout]             crate::httpsfs::VfsResult
[INFO] [stdout]             vfs::VfsResult
[INFO] [stdout]     = note: this error originates in the macro `test_vfs` (in Nightly builds, run with -Z macro-backtrace for more info)
[INFO] [stdout] 
[INFO] [stdout] 
[INFO] [stdout] error[E0412]: cannot find type `VfsResult` in this scope
[INFO] [stdout]    --> src/httpsfs.rs:512:5
[INFO] [stdout]     |
[INFO] [stdout] 512 | /     test_vfs!({
[INFO] [stdout] 513 | |         let server_port;
[INFO] [stdout] 514 | |         match PORT.lock() {
[INFO] [stdout] 515 | |             Ok(mut x) => {
[INFO] [stdout] ...   |
[INFO] [stdout] 549 | |             .unwrap()
[INFO] [stdout] 550 | |     });
[INFO] [stdout]     | |_______^ help: an enum with a similar name exists: `Result`
[INFO] [stdout]     |
[INFO] [stdout]     = note: consider importing one of these items:
[INFO] [stdout]             crate::httpsfs::VfsResult
[INFO] [stdout]             vfs::VfsResult
[INFO] [stdout]     = note: this error originates in the macro `test_vfs` (in Nightly builds, run with -Z macro-backtrace for more info)
[INFO] [stdout] 
[INFO] [stdout] 
[INFO] [stdout] error[E0412]: cannot find type `VfsResult` in this scope
[INFO] [stdout]    --> src/httpsfs.rs:512:5
[INFO] [stdout]     |
[INFO] [stdout] 512 | /     test_vfs!({
[INFO] [stdout] 513 | |         let server_port;
[INFO] [stdout] 514 | |         match PORT.lock() {
[INFO] [stdout] 515 | |             Ok(mut x) => {
[INFO] [stdout] ...   |
[INFO] [stdout] 549 | |             .unwrap()
[INFO] [stdout] 550 | |     });
[INFO] [stdout]     | |_______^ help: an enum with a similar name exists: `Result`
[INFO] [stdout]     |
[INFO] [stdout]     = note: consider importing one of these items:
[INFO] [stdout]             crate::httpsfs::VfsResult
[INFO] [stdout]             vfs::VfsResult
[INFO] [stdout]     = note: this error originates in the macro `test_vfs` (in Nightly builds, run with -Z macro-backtrace for more info)
[INFO] [stdout] 
[INFO] [stdout] 
[INFO] [stdout] error: aborting due to 41 previous errors
[INFO] [stdout] 
[INFO] [stdout] 
[INFO] [stdout] Some errors have detailed explanations: E0412, E0432.
[INFO] [stdout] 
[INFO] [stdout] For more information about an error, try `rustc --explain E0412`.
[INFO] [stdout] 
[INFO] [stderr] error: could not compile `vfs-https`
[INFO] [stderr] 
[INFO] [stderr] To learn more, run the command again with --verbose.
[INFO] [stderr] warning: build failed, waiting for other jobs to finish...
[INFO] [stderr] error: build failed
[INFO] running `Command { std: "docker" "inspect" "1555fec711edcf38befb18080bcd73fb182a922e419fe7f9ffb13dbc7dae5683", kill_on_drop: false }`
[INFO] running `Command { std: "docker" "rm" "-f" "1555fec711edcf38befb18080bcd73fb182a922e419fe7f9ffb13dbc7dae5683", kill_on_drop: false }`
[INFO] [stdout] 1555fec711edcf38befb18080bcd73fb182a922e419fe7f9ffb13dbc7dae5683
