[INFO] fetching crate value_from_type_macros 1.0.6...
[INFO] testing value_from_type_macros-1.0.6 against beta-2021-08-01 for beta-1.55-1
[INFO] extracting crate value_from_type_macros 1.0.6 into /workspace/builds/worker-97/source
[INFO] validating manifest of crates.io crate value_from_type_macros 1.0.6 on toolchain beta-2021-08-01
[INFO] running `Command { std: "/workspace/cargo-home/bin/cargo" "+beta-2021-08-01" "metadata" "--manifest-path" "Cargo.toml" "--no-deps", kill_on_drop: false }`
[INFO] started tweaking crates.io crate value_from_type_macros 1.0.6
[INFO] finished tweaking crates.io crate value_from_type_macros 1.0.6
[INFO] tweaked toml for crates.io crate value_from_type_macros 1.0.6 written to /workspace/builds/worker-97/source/Cargo.toml
[INFO] running `Command { std: "/workspace/cargo-home/bin/cargo" "+beta-2021-08-01" "generate-lockfile" "--manifest-path" "Cargo.toml" "-Zno-index-update", kill_on_drop: false }`
[INFO] [stderr]     Blocking waiting for file lock on package cache
[INFO] running `Command { std: "/workspace/cargo-home/bin/cargo" "+beta-2021-08-01" "fetch" "--manifest-path" "Cargo.toml", kill_on_drop: false }`
[INFO] [stderr]     Blocking waiting for file lock on package cache
[INFO] [stderr]     Blocking waiting for file lock on package cache
[INFO] running `Command { std: "docker" "create" "-v" "/var/lib/crater-agent-workspace/builds/worker-97/target:/opt/rustwide/target:rw,Z" "-v" "/var/lib/crater-agent-workspace/builds/worker-97/source:/opt/rustwide/workdir:ro,Z" "-v" "/var/lib/crater-agent-workspace/cargo-home:/opt/rustwide/cargo-home:ro,Z" "-v" "/var/lib/crater-agent-workspace/rustup-home:/opt/rustwide/rustup-home:ro,Z" "-e" "SOURCE_DIR=/opt/rustwide/workdir" "-e" "CARGO_TARGET_DIR=/opt/rustwide/target" "-e" "CARGO_HOME=/opt/rustwide/cargo-home" "-e" "RUSTUP_HOME=/opt/rustwide/rustup-home" "-w" "/opt/rustwide/workdir" "-m" "1610612736" "--user" "0:0" "--network" "none" "ghcr.io/rust-lang/crates-build-env/linux@sha256:34b6a614d2c27851fe6cbf88fbd1137609cefab8b10d0615aaeb6fd47975d74e" "/opt/rustwide/cargo-home/bin/cargo" "+beta-2021-08-01" "metadata" "--no-deps" "--format-version=1", kill_on_drop: false }`
[INFO] [stdout] 4ecd54c7ae16e5894b442c9b2b3b5a48c1f88809e40006575c0f35748897cae0
[INFO] running `Command { std: "docker" "start" "-a" "4ecd54c7ae16e5894b442c9b2b3b5a48c1f88809e40006575c0f35748897cae0", kill_on_drop: false }`
[INFO] running `Command { std: "docker" "inspect" "4ecd54c7ae16e5894b442c9b2b3b5a48c1f88809e40006575c0f35748897cae0", kill_on_drop: false }`
[INFO] running `Command { std: "docker" "rm" "-f" "4ecd54c7ae16e5894b442c9b2b3b5a48c1f88809e40006575c0f35748897cae0", kill_on_drop: false }`
[INFO] [stdout] 4ecd54c7ae16e5894b442c9b2b3b5a48c1f88809e40006575c0f35748897cae0
[INFO] running `Command { std: "docker" "create" "-v" "/var/lib/crater-agent-workspace/builds/worker-97/target:/opt/rustwide/target:rw,Z" "-v" "/var/lib/crater-agent-workspace/builds/worker-97/source:/opt/rustwide/workdir:ro,Z" "-v" "/var/lib/crater-agent-workspace/cargo-home:/opt/rustwide/cargo-home:ro,Z" "-v" "/var/lib/crater-agent-workspace/rustup-home:/opt/rustwide/rustup-home:ro,Z" "-e" "SOURCE_DIR=/opt/rustwide/workdir" "-e" "CARGO_TARGET_DIR=/opt/rustwide/target" "-e" "CARGO_INCREMENTAL=0" "-e" "RUST_BACKTRACE=full" "-e" "RUSTFLAGS=--cap-lints=warn" "-e" "CARGO_HOME=/opt/rustwide/cargo-home" "-e" "RUSTUP_HOME=/opt/rustwide/rustup-home" "-w" "/opt/rustwide/workdir" "-m" "1610612736" "--user" "0:0" "--network" "none" "ghcr.io/rust-lang/crates-build-env/linux@sha256:34b6a614d2c27851fe6cbf88fbd1137609cefab8b10d0615aaeb6fd47975d74e" "/opt/rustwide/cargo-home/bin/cargo" "+beta-2021-08-01" "build" "--frozen" "--message-format=json", kill_on_drop: false }`
[INFO] [stdout] 5a264536b5c9aa4a52f0579f9744b2d2770167739bba72187b11e310c0d5a61a
[INFO] running `Command { std: "docker" "start" "-a" "5a264536b5c9aa4a52f0579f9744b2d2770167739bba72187b11e310c0d5a61a", kill_on_drop: false }`
[INFO] [stderr]    Compiling unicode-xid v0.1.0
[INFO] [stderr]    Compiling unicode-segmentation v1.8.0
[INFO] [stderr]    Compiling proc-macro2 v0.3.8
[INFO] [stdout] error[E0433]: failed to resolve: could not find `Op` in `proc_macro`
[INFO] [stdout]    --> /opt/rustwide/cargo-home/registry/src/github.com-1ecc6299db9ec823/proc-macro2-0.3.8/src/unstable.rs:131:42
[INFO] [stdout]     |
[INFO] [stdout] 131 |                 let mut op = proc_macro::Op::new(tt.op(), spacing);
[INFO] [stdout]     |                                          ^^ not found in `proc_macro`
[INFO] [stdout]     |
[INFO] [stdout] help: consider importing this struct
[INFO] [stdout]     |
[INFO] [stdout] 3   | use Op;
[INFO] [stdout]     |
[INFO] [stdout] 
[INFO] [stdout] 
[INFO] [stdout] error[E0412]: cannot find type `Term` in crate `proc_macro`
[INFO] [stdout]    --> /opt/rustwide/cargo-home/registry/src/github.com-1ecc6299db9ec823/proc-macro2-0.3.8/src/unstable.rs:439:25
[INFO] [stdout]     |
[INFO] [stdout] 439 |     Nightly(proc_macro::Term),
[INFO] [stdout]     |                         ^^^^ not found in `proc_macro`
[INFO] [stdout]     |
[INFO] [stdout] help: consider importing one of these items
[INFO] [stdout]     |
[INFO] [stdout] 3   | use Term;
[INFO] [stdout]     |
[INFO] [stdout] 3   | use stable::Term;
[INFO] [stdout]     |
[INFO] [stdout] 
[INFO] [stdout] 
[INFO] [stdout] error[E0433]: failed to resolve: could not find `Term` in `proc_macro`
[INFO] [stdout]    --> /opt/rustwide/cargo-home/registry/src/github.com-1ecc6299db9ec823/proc-macro2-0.3.8/src/unstable.rs:446:59
[INFO] [stdout]     |
[INFO] [stdout] 446 |             Span::Nightly(s) => Term::Nightly(proc_macro::Term::new(string, s)),
[INFO] [stdout]     |                                                           ^^^^ not found in `proc_macro`
[INFO] [stdout]     |
[INFO] [stdout] help: consider importing one of these items
[INFO] [stdout]     |
[INFO] [stdout] 3   | use Term;
[INFO] [stdout]     |
[INFO] [stdout] 3   | use stable::Term;
[INFO] [stdout]     |
[INFO] [stdout] 
[INFO] [stdout] 
[INFO] [stdout] error[E0412]: cannot find type `Term` in crate `proc_macro`
[INFO] [stdout]    --> /opt/rustwide/cargo-home/registry/src/github.com-1ecc6299db9ec823/proc-macro2-0.3.8/src/unstable.rs:473:44
[INFO] [stdout]     |
[INFO] [stdout] 473 |     fn unwrap_nightly(self) -> proc_macro::Term {
[INFO] [stdout]     |                                            ^^^^ not found in `proc_macro`
[INFO] [stdout]     |
[INFO] [stdout] help: consider importing one of these items
[INFO] [stdout]     |
[INFO] [stdout] 3   | use Term;
[INFO] [stdout]     |
[INFO] [stdout] 3   | use stable::Term;
[INFO] [stdout]     |
[INFO] [stdout] 
[INFO] [stdout] 
[INFO] [stdout] error[E0554]: `#![feature]` may not be used on the beta release channel
[INFO] [stdout]   --> /opt/rustwide/cargo-home/registry/src/github.com-1ecc6299db9ec823/proc-macro2-0.3.8/src/lib.rs:47:34
[INFO] [stdout]    |
[INFO] [stdout] 47 | #![cfg_attr(feature = "nightly", feature(proc_macro))]
[INFO] [stdout]    |                                  ^^^^^^^^^^^^^^^^^^^ help: remove the attribute
[INFO] [stdout]    |
[INFO] [stdout]    = help: the feature `proc_macro` has been stable since 1.29.0 and no longer requires an attribute to enable
[INFO] [stdout] 
[INFO] [stdout] 
[INFO] [stdout] error[E0658]: use of unstable library feature 'proc_macro_span'
[INFO] [stdout]    --> /opt/rustwide/cargo-home/registry/src/github.com-1ecc6299db9ec823/proc-macro2-0.3.8/src/unstable.rs:262:13
[INFO] [stdout]     |
[INFO] [stdout] 262 |     Nightly(proc_macro::SourceFile, FileName),
[INFO] [stdout]     |             ^^^^^^^^^^^^^^^^^^^^^^
[INFO] [stdout]     |
[INFO] [stdout]     = note: see issue #54725 <https://github.com/rust-lang/rust/issues/54725> for more information
[INFO] [stdout] 
[INFO] [stdout] 
[INFO] [stdout] error[E0658]: use of unstable library feature 'proc_macro_span'
[INFO] [stdout]    --> /opt/rustwide/cargo-home/registry/src/github.com-1ecc6299db9ec823/proc-macro2-0.3.8/src/unstable.rs:267:20
[INFO] [stdout]     |
[INFO] [stdout] 267 |     fn nightly(sf: proc_macro::SourceFile) -> Self {
[INFO] [stdout]     |                    ^^^^^^^^^^^^^^^^^^^^^^
[INFO] [stdout]     |
[INFO] [stdout]     = note: see issue #54725 <https://github.com/rust-lang/rust/issues/54725> for more information
[INFO] [stdout] 
[INFO] [stdout] 
[INFO] [stdout] error[E0599]: no function or associated item named `empty` found for struct `proc_macro::TokenStream` in the current scope
[INFO] [stdout]   --> /opt/rustwide/cargo-home/registry/src/github.com-1ecc6299db9ec823/proc-macro2-0.3.8/src/unstable.rs:45:59
[INFO] [stdout]    |
[INFO] [stdout] 45 |             TokenStream::Nightly(proc_macro::TokenStream::empty())
[INFO] [stdout]    |                                                           ^^^^^ function or associated item not found in `proc_macro::TokenStream`
[INFO] [stdout] 
[INFO] [stdout] 
[INFO] [stderr]    Compiling heck v0.3.3
[INFO] [stdout] error[E0599]: no variant or associated item named `Op` found for enum `proc_macro::TokenTree` in the current scope
[INFO] [stdout]    --> /opt/rustwide/cargo-home/registry/src/github.com-1ecc6299db9ec823/proc-macro2-0.3.8/src/unstable.rs:228:36
[INFO] [stdout]     |
[INFO] [stdout] 228 |             proc_macro::TokenTree::Op(tt) => {
[INFO] [stdout]     |                                    ^^ variant or associated item not found in `proc_macro::TokenTree`
[INFO] [stdout] 
[INFO] [stdout] 
[INFO] [stdout] error[E0599]: no variant or associated item named `Term` found for enum `proc_macro::TokenTree` in the current scope
[INFO] [stdout]    --> /opt/rustwide/cargo-home/registry/src/github.com-1ecc6299db9ec823/proc-macro2-0.3.8/src/unstable.rs:237:36
[INFO] [stdout]     |
[INFO] [stdout] 237 |             proc_macro::TokenTree::Term(s) => ::Term::_new(Term::Nightly(s)).into(),
[INFO] [stdout]     |                                    ^^^^ variant or associated item not found in `proc_macro::TokenTree`
[INFO] [stdout] 
[INFO] [stdout] 
[INFO] [stdout] error[E0658]: use of unstable library feature 'proc_macro_span'
[INFO] [stdout]    --> /opt/rustwide/cargo-home/registry/src/github.com-1ecc6299db9ec823/proc-macro2-0.3.8/src/unstable.rs:268:45
[INFO] [stdout]     |
[INFO] [stdout] 268 |         let filename = stable::file_name(sf.path().to_string());
[INFO] [stdout]     |                                             ^^^^
[INFO] [stdout]     |
[INFO] [stdout]     = note: see issue #54725 <https://github.com/rust-lang/rust/issues/54725> for more information
[INFO] [stdout] 
[INFO] [stdout] 
[INFO] [stdout] error[E0599]: the method `to_string` exists for struct `PathBuf`, but its trait bounds were not satisfied
[INFO] [stdout]     --> /opt/rustwide/cargo-home/registry/src/github.com-1ecc6299db9ec823/proc-macro2-0.3.8/src/unstable.rs:268:52
[INFO] [stdout]      |
[INFO] [stdout] 268  |           let filename = stable::file_name(sf.path().to_string());
[INFO] [stdout]      |                                                      ^^^^^^^^^
[INFO] [stdout]      |
[INFO] [stdout]      = note: the following trait bounds were not satisfied:
[INFO] [stdout]              `PathBuf: std::fmt::Display`
[INFO] [stdout]              which is required by `PathBuf: ToString`
[INFO] [stdout]              `Path: std::fmt::Display`
[INFO] [stdout]              which is required by `Path: ToString`
[INFO] [stdout] 
[INFO] [stdout] 
[INFO] [stdout] error[E0658]: use of unstable library feature 'proc_macro_span'
[INFO] [stdout]    --> /opt/rustwide/cargo-home/registry/src/github.com-1ecc6299db9ec823/proc-macro2-0.3.8/src/unstable.rs:282:44
[INFO] [stdout]     |
[INFO] [stdout] 282 |             SourceFile::Nightly(a, _) => a.is_real(),
[INFO] [stdout]     |                                            ^^^^^^^
[INFO] [stdout]     |
[INFO] [stdout]     = note: see issue #54725 <https://github.com/rust-lang/rust/issues/54725> for more information
[INFO] [stdout] 
[INFO] [stdout] 
[INFO] [stdout] error[E0658]: use of unstable library feature 'proc_macro_def_site'
[INFO] [stdout]    --> /opt/rustwide/cargo-home/registry/src/github.com-1ecc6299db9ec823/proc-macro2-0.3.8/src/unstable.rs:325:27
[INFO] [stdout]     |
[INFO] [stdout] 325 |             Span::Nightly(proc_macro::Span::def_site())
[INFO] [stdout]     |                           ^^^^^^^^^^^^^^^^^^^^^^^^^^
[INFO] [stdout]     |
[INFO] [stdout]     = note: see issue #54724 <https://github.com/rust-lang/rust/issues/54724> for more information
[INFO] [stdout] 
[INFO] [stdout] 
[INFO] [stdout] error[E0658]: use of unstable library feature 'proc_macro_span'
[INFO] [stdout]    --> /opt/rustwide/cargo-home/registry/src/github.com-1ecc6299db9ec823/proc-macro2-0.3.8/src/unstable.rs:402:55
[INFO] [stdout]     |
[INFO] [stdout] 402 |             (Span::Nightly(a), Span::Nightly(b)) => a.eq(b),
[INFO] [stdout]     |                                                       ^^
[INFO] [stdout]     |
[INFO] [stdout]     = note: see issue #54725 <https://github.com/rust-lang/rust/issues/54725> for more information
[INFO] [stdout] 
[INFO] [stdout] 
[INFO] [stdout] error: aborting due to 15 previous errors
[INFO] [stdout] 
[INFO] [stdout] 
[INFO] [stdout] Some errors have detailed explanations: E0412, E0433, E0554, E0599, E0658.
[INFO] [stdout] 
[INFO] [stdout] For more information about an error, try `rustc --explain E0412`.
[INFO] [stdout] 
[INFO] [stderr] error: could not compile `proc-macro2` due to 16 previous errors
[INFO] [stderr] warning: build failed, waiting for other jobs to finish...
[INFO] [stderr] error: build failed
[INFO] running `Command { std: "docker" "inspect" "5a264536b5c9aa4a52f0579f9744b2d2770167739bba72187b11e310c0d5a61a", kill_on_drop: false }`
[INFO] running `Command { std: "docker" "rm" "-f" "5a264536b5c9aa4a52f0579f9744b2d2770167739bba72187b11e310c0d5a61a", kill_on_drop: false }`
[INFO] [stdout] 5a264536b5c9aa4a52f0579f9744b2d2770167739bba72187b11e310c0d5a61a
