[INFO] fetching crate v8-sys 0.15.0...
[INFO] testing v8-sys-0.15.0 against beta-2021-08-01 for beta-1.55-1
[INFO] extracting crate v8-sys 0.15.0 into /workspace/builds/worker-93/source
[INFO] validating manifest of crates.io crate v8-sys 0.15.0 on toolchain beta-2021-08-01
[INFO] running `Command { std: "/workspace/cargo-home/bin/cargo" "+beta-2021-08-01" "metadata" "--manifest-path" "Cargo.toml" "--no-deps", kill_on_drop: false }`
[INFO] started tweaking crates.io crate v8-sys 0.15.0
[INFO] finished tweaking crates.io crate v8-sys 0.15.0
[INFO] tweaked toml for crates.io crate v8-sys 0.15.0 written to /workspace/builds/worker-93/source/Cargo.toml
[INFO] running `Command { std: "/workspace/cargo-home/bin/cargo" "+beta-2021-08-01" "generate-lockfile" "--manifest-path" "Cargo.toml" "-Zno-index-update", kill_on_drop: false }`
[INFO] [stderr]     Blocking waiting for file lock on package cache
[INFO] running `Command { std: "/workspace/cargo-home/bin/cargo" "+beta-2021-08-01" "fetch" "--manifest-path" "Cargo.toml", kill_on_drop: false }`
[INFO] [stderr]  Downloading crates ...
[INFO] [stderr]   Downloaded clang-sys v0.14.1
[INFO] [stderr]   Downloaded bindgen v0.47.4
[INFO] [stderr]   Downloaded clang v0.15.0
[INFO] [stderr]   Downloaded v8-api v0.8.0
[INFO] running `Command { std: "docker" "create" "-v" "/var/lib/crater-agent-workspace/builds/worker-93/target:/opt/rustwide/target:rw,Z" "-v" "/var/lib/crater-agent-workspace/builds/worker-93/source:/opt/rustwide/workdir:ro,Z" "-v" "/var/lib/crater-agent-workspace/cargo-home:/opt/rustwide/cargo-home:ro,Z" "-v" "/var/lib/crater-agent-workspace/rustup-home:/opt/rustwide/rustup-home:ro,Z" "-e" "SOURCE_DIR=/opt/rustwide/workdir" "-e" "CARGO_TARGET_DIR=/opt/rustwide/target" "-e" "CARGO_HOME=/opt/rustwide/cargo-home" "-e" "RUSTUP_HOME=/opt/rustwide/rustup-home" "-w" "/opt/rustwide/workdir" "-m" "1610612736" "--user" "0:0" "--network" "none" "ghcr.io/rust-lang/crates-build-env/linux@sha256:34b6a614d2c27851fe6cbf88fbd1137609cefab8b10d0615aaeb6fd47975d74e" "/opt/rustwide/cargo-home/bin/cargo" "+beta-2021-08-01" "metadata" "--no-deps" "--format-version=1", kill_on_drop: false }`
[INFO] [stdout] cb13ce5cf3f5bc2dee0c1d2d5fb7b5564c8bcd17f9755e35d3f83ae99ee3b229
[INFO] running `Command { std: "docker" "start" "-a" "cb13ce5cf3f5bc2dee0c1d2d5fb7b5564c8bcd17f9755e35d3f83ae99ee3b229", kill_on_drop: false }`
[INFO] running `Command { std: "docker" "inspect" "cb13ce5cf3f5bc2dee0c1d2d5fb7b5564c8bcd17f9755e35d3f83ae99ee3b229", kill_on_drop: false }`
[INFO] running `Command { std: "docker" "rm" "-f" "cb13ce5cf3f5bc2dee0c1d2d5fb7b5564c8bcd17f9755e35d3f83ae99ee3b229", kill_on_drop: false }`
[INFO] [stdout] cb13ce5cf3f5bc2dee0c1d2d5fb7b5564c8bcd17f9755e35d3f83ae99ee3b229
[INFO] running `Command { std: "docker" "create" "-v" "/var/lib/crater-agent-workspace/builds/worker-93/target:/opt/rustwide/target:rw,Z" "-v" "/var/lib/crater-agent-workspace/builds/worker-93/source:/opt/rustwide/workdir:ro,Z" "-v" "/var/lib/crater-agent-workspace/cargo-home:/opt/rustwide/cargo-home:ro,Z" "-v" "/var/lib/crater-agent-workspace/rustup-home:/opt/rustwide/rustup-home:ro,Z" "-e" "SOURCE_DIR=/opt/rustwide/workdir" "-e" "CARGO_TARGET_DIR=/opt/rustwide/target" "-e" "CARGO_INCREMENTAL=0" "-e" "RUST_BACKTRACE=full" "-e" "RUSTFLAGS=--cap-lints=warn" "-e" "CARGO_HOME=/opt/rustwide/cargo-home" "-e" "RUSTUP_HOME=/opt/rustwide/rustup-home" "-w" "/opt/rustwide/workdir" "-m" "1610612736" "--user" "0:0" "--network" "none" "ghcr.io/rust-lang/crates-build-env/linux@sha256:34b6a614d2c27851fe6cbf88fbd1137609cefab8b10d0615aaeb6fd47975d74e" "/opt/rustwide/cargo-home/bin/cargo" "+beta-2021-08-01" "build" "--frozen" "--message-format=json", kill_on_drop: false }`
[INFO] [stdout] ee05002191ad5ef6f4ea3fd1873ee9e2d8181d8bf0c8e61a4ad2d69d92a16181
[INFO] running `Command { std: "docker" "start" "-a" "ee05002191ad5ef6f4ea3fd1873ee9e2d8181d8bf0c8e61a4ad2d69d92a16181", kill_on_drop: false }`
[INFO] [stderr]     Blocking waiting for file lock on package cache
[INFO] [stderr]    Compiling libc v0.2.98
[INFO] [stderr]    Compiling autocfg v0.1.7
[INFO] [stderr]    Compiling rand_core v0.4.2
[INFO] [stderr]    Compiling autocfg v1.0.1
[INFO] [stderr]    Compiling memchr v2.4.0
[INFO] [stderr]    Compiling siphasher v0.2.3
[INFO] [stderr]    Compiling cc v1.0.69
[INFO] [stderr]    Compiling glob v0.2.11
[INFO] [stderr]    Compiling itoa v0.3.4
[INFO] [stderr]    Compiling dtoa v0.4.8
[INFO] [stderr]    Compiling serde v0.9.15
[INFO] [stderr]    Compiling cfg-if v1.0.0
[INFO] [stderr]    Compiling version_check v0.1.5
[INFO] [stderr]    Compiling log v0.4.14
[INFO] [stderr]    Compiling gimli v0.25.0
[INFO] [stderr]    Compiling adler v1.0.2
[INFO] [stderr]    Compiling regex-syntax v0.6.25
[INFO] [stderr]    Compiling proc-macro2 v0.4.30
[INFO] [stderr]    Compiling bitflags v1.2.1
[INFO] [stderr]    Compiling rustc-demangle v0.1.20
[INFO] [stderr]    Compiling lazy_static v0.2.11
[INFO] [stderr]    Compiling quick-error v1.2.3
[INFO] [stderr]    Compiling bitflags v0.7.0
[INFO] [stderr]    Compiling unicode-width v0.1.8
[INFO] [stderr]    Compiling termcolor v1.1.2
[INFO] [stderr]    Compiling unicode-xid v0.1.0
[INFO] [stderr]    Compiling bindgen v0.47.4
[INFO] [stderr]    Compiling scopeguard v0.3.3
[INFO] [stderr]    Compiling ansi_term v0.11.0
[INFO] [stderr]    Compiling byteorder v1.4.3
[INFO] [stderr]    Compiling vec_map v0.8.2
[INFO] [stderr]    Compiling strsim v0.8.0
[INFO] [stderr]    Compiling shlex v0.1.1
[INFO] [stderr]    Compiling cfg-if v0.1.10
[INFO] [stderr]    Compiling peeking_take_while v0.1.2
[INFO] [stderr]    Compiling lazy_static v1.4.0
[INFO] [stderr]    Compiling pkg-config v0.3.19
[INFO] [stderr]    Compiling humantime v1.3.0
[INFO] [stderr]    Compiling rand_core v0.3.1
[INFO] [stderr]    Compiling rand_jitter v0.1.4
[INFO] [stderr]    Compiling phf_shared v0.7.24
[INFO] [stderr]    Compiling num-traits v0.2.14
[INFO] [stderr]    Compiling miniz_oxide v0.4.4
[INFO] [stderr]    Compiling rand_hc v0.1.0
[INFO] [stderr]    Compiling rand_isaac v0.1.1
[INFO] [stderr]    Compiling rand_xorshift v0.1.1
[INFO] [stderr]    Compiling nom v4.2.3
[INFO] [stderr]    Compiling hashbrown v0.1.8
[INFO] [stderr]    Compiling textwrap v0.11.0
[INFO] [stderr]    Compiling phf v0.7.24
[INFO] [stderr]    Compiling object v0.26.0
[INFO] [stderr]    Compiling aho-corasick v0.7.18
[INFO] [stderr]    Compiling rand_pcg v0.1.2
[INFO] [stderr]    Compiling rand_chacha v0.1.1
[INFO] [stderr]    Compiling rand v0.6.5
[INFO] [stderr]    Compiling clang-sys v0.26.4
[INFO] [stderr]    Compiling clang-sys v0.14.1
[INFO] [stderr]    Compiling quote v0.6.13
[INFO] [stderr]    Compiling backtrace v0.3.61
[INFO] [stderr]    Compiling libloading v0.5.2
[INFO] [stderr]    Compiling rand_os v0.1.3
[INFO] [stderr]    Compiling atty v0.2.14
[INFO] [stderr]    Compiling clap v2.33.3
[INFO] [stderr]    Compiling cexpr v0.3.6
[INFO] [stderr]    Compiling regex v1.5.4
[INFO] [stderr]    Compiling num-traits v0.1.43
[INFO] [stderr]    Compiling addr2line v0.16.0
[INFO] [stderr]    Compiling serde_json v0.9.10
[INFO] [stderr]    Compiling phf_generator v0.7.24
[INFO] [stderr]    Compiling phf_codegen v0.7.24
[INFO] [stderr]    Compiling target_build_utils v0.3.1
[INFO] [stderr]    Compiling env_logger v0.6.2
[INFO] [stderr]    Compiling failure v0.1.8
[INFO] [stderr]    Compiling which v2.0.1
[INFO] [stderr]    Compiling libloading v0.3.4
[INFO] [stderr]    Compiling clang v0.15.0
[INFO] [stderr]    Compiling v8-api v0.8.0
[INFO] [stderr]    Compiling v8-sys v0.15.0 (/opt/rustwide/workdir)
[INFO] [stderr] The following warnings were emitted during compilation:
[INFO] [stderr] 
[INFO] [stderr] warning: pkg-config failed, falling back to naïve lib search: Err(Failure { command: "\"pkg-config\" \"--static\" \"--libs\" \"--cflags\" \"v8\"", output: Output { status: ExitStatus(ExitStatus(256)), stdout: "", stderr: "Package v8 was not found in the pkg-config search path.\nPerhaps you should add the directory containing `v8.pc'\nto the PKG_CONFIG_PATH environment variable\nNo package 'v8' found\n" } })
[INFO] [stderr] warning: In file included from src/v8-glue.cc:1:
[INFO] [stderr] warning: src/v8-glue.h:3:10: fatal error: v8.h: No such file or directory
[INFO] [stderr] warning:     3 | #include <v8.h>
[INFO] [stderr] warning:       |          ^~~~~~
[INFO] [stderr] warning: compilation terminated.
[INFO] [stderr] 
[INFO] [stderr] error: failed to run custom build command for `v8-sys v0.15.0 (/opt/rustwide/workdir)`
[INFO] [stderr] 
[INFO] [stderr] Caused by:
[INFO] [stderr]   process didn't exit successfully: `/opt/rustwide/target/debug/build/v8-sys-a0924587a8d9e723/build-script-build` (exit status: 1)
[INFO] [stderr]   --- stdout
[INFO] [stderr]   cargo:rerun-if-changed=src/v8-trampoline.h
[INFO] [stderr]   cargo:rerun-if-changed=src/v8-glue.h
[INFO] [stderr]   cargo:rerun-if-changed=src/v8-glue.cc
[INFO] [stderr]   -I"/usr/local/include"
[INFO] [stderr]   -I"/usr/lib/llvm-10/lib/clang/10.0.0/include"
[INFO] [stderr]   -I"/usr/include/x86_64-linux-gnu"
[INFO] [stderr]   -I"/usr/include"
[INFO] [stderr]   preferring static linking: true
[INFO] [stderr]   cargo:rerun-if-env-changed=V8_NO_PKG_CONFIG
[INFO] [stderr]   cargo:rerun-if-env-changed=PKG_CONFIG
[INFO] [stderr]   cargo:rerun-if-env-changed=PKG_CONFIG_PATH_x86_64-unknown-linux-gnu
[INFO] [stderr]   cargo:rerun-if-env-changed=PKG_CONFIG_PATH_x86_64_unknown_linux_gnu
[INFO] [stderr]   cargo:rerun-if-env-changed=HOST_PKG_CONFIG_PATH
[INFO] [stderr]   cargo:rerun-if-env-changed=PKG_CONFIG_PATH
[INFO] [stderr]   cargo:rerun-if-env-changed=PKG_CONFIG_LIBDIR_x86_64-unknown-linux-gnu
[INFO] [stderr]   cargo:rerun-if-env-changed=PKG_CONFIG_LIBDIR_x86_64_unknown_linux_gnu
[INFO] [stderr]   cargo:rerun-if-env-changed=HOST_PKG_CONFIG_LIBDIR
[INFO] [stderr]   cargo:rerun-if-env-changed=PKG_CONFIG_LIBDIR
[INFO] [stderr]   cargo:rerun-if-env-changed=PKG_CONFIG_SYSROOT_DIR_x86_64-unknown-linux-gnu
[INFO] [stderr]   cargo:rerun-if-env-changed=PKG_CONFIG_SYSROOT_DIR_x86_64_unknown_linux_gnu
[INFO] [stderr]   cargo:rerun-if-env-changed=HOST_PKG_CONFIG_SYSROOT_DIR
[INFO] [stderr]   cargo:rerun-if-env-changed=PKG_CONFIG_SYSROOT_DIR
[INFO] [stderr]   cargo:warning=pkg-config failed, falling back to naïve lib search: Err(Failure { command: "\"pkg-config\" \"--static\" \"--libs\" \"--cflags\" \"v8\"", output: Output { status: ExitStatus(ExitStatus(256)), stdout: "", stderr: "Package v8 was not found in the pkg-config search path.\nPerhaps you should add the directory containing `v8.pc'\nto the PKG_CONFIG_PATH environment variable\nNo package 'v8' found\n" } })
[INFO] [stderr]   cargo:rustc-link-search=native=/usr/lib
[INFO] [stderr]   cargo:rustc-link-search=native=/usr/local/lib
[INFO] [stderr]   cargo:rustc-link-search=native=/usr/lib/x86_64-linux-gnu
[INFO] [stderr]   cargo:rustc-link-lib=static=v8_base
[INFO] [stderr]   cargo:rustc-link-lib=static=v8_libbase
[INFO] [stderr]   cargo:rustc-link-lib=static=v8_libsampler
[INFO] [stderr]   cargo:rustc-link-lib=static=v8_nosnapshot
[INFO] [stderr]   cargo:rustc-link-lib=static=icui18n
[INFO] [stderr]   cargo:rustc-link-lib=static=icuuc
[INFO] [stderr]   cargo:rustc-link-lib=static=icudata
[INFO] [stderr]   TARGET = Some("x86_64-unknown-linux-gnu")
[INFO] [stderr]   OPT_LEVEL = Some("0")
[INFO] [stderr]   HOST = Some("x86_64-unknown-linux-gnu")
[INFO] [stderr]   CXX_x86_64-unknown-linux-gnu = None
[INFO] [stderr]   CXX_x86_64_unknown_linux_gnu = None
[INFO] [stderr]   HOST_CXX = None
[INFO] [stderr]   CXX = None
[INFO] [stderr]   CXXFLAGS_x86_64-unknown-linux-gnu = None
[INFO] [stderr]   CXXFLAGS_x86_64_unknown_linux_gnu = None
[INFO] [stderr]   HOST_CXXFLAGS = None
[INFO] [stderr]   CXXFLAGS = None
[INFO] [stderr]   CRATE_CC_NO_DEFAULTS = None
[INFO] [stderr]   DEBUG = Some("true")
[INFO] [stderr]   CARGO_CFG_TARGET_FEATURE = Some("fxsr,sse,sse2")
[INFO] [stderr]   running: "c++" "-O0" "-ffunction-sections" "-fdata-sections" "-fPIC" "-g" "-fno-omit-frame-pointer" "-m64" "-I" "src" "-I" "/opt/rustwide/target/debug/build/v8-sys-0ed9ba81a64c7e0d/out" "-Wall" "-Wextra" "-std=c++11" "-Wall" "-o" "/opt/rustwide/target/debug/build/v8-sys-0ed9ba81a64c7e0d/out/src/v8-glue.o" "-c" "src/v8-glue.cc"
[INFO] [stderr]   cargo:warning=In file included from src/v8-glue.cc:1:
[INFO] [stderr]   cargo:warning=src/v8-glue.h:3:10: fatal error: v8.h: No such file or directory
[INFO] [stderr]   cargo:warning=    3 | #include <v8.h>
[INFO] [stderr]   cargo:warning=      |          ^~~~~~
[INFO] [stderr]   cargo:warning=compilation terminated.
[INFO] [stderr]   exit status: 1
[INFO] [stderr] 
[INFO] [stderr]   --- stderr
[INFO] [stderr]   src/v8-trampoline.h:3:10: fatal error: 'v8.h' file not found
[INFO] [stderr] 
[INFO] [stderr] 
[INFO] [stderr]   error occurred: Command "c++" "-O0" "-ffunction-sections" "-fdata-sections" "-fPIC" "-g" "-fno-omit-frame-pointer" "-m64" "-I" "src" "-I" "/opt/rustwide/target/debug/build/v8-sys-0ed9ba81a64c7e0d/out" "-Wall" "-Wextra" "-std=c++11" "-Wall" "-o" "/opt/rustwide/target/debug/build/v8-sys-0ed9ba81a64c7e0d/out/src/v8-glue.o" "-c" "src/v8-glue.cc" with args "c++" did not execute successfully (status code exit status: 1).
[INFO] [stderr] 
[INFO] [stderr] 
[INFO] running `Command { std: "docker" "inspect" "ee05002191ad5ef6f4ea3fd1873ee9e2d8181d8bf0c8e61a4ad2d69d92a16181", kill_on_drop: false }`
[INFO] running `Command { std: "docker" "rm" "-f" "ee05002191ad5ef6f4ea3fd1873ee9e2d8181d8bf0c8e61a4ad2d69d92a16181", kill_on_drop: false }`
[INFO] [stdout] ee05002191ad5ef6f4ea3fd1873ee9e2d8181d8bf0c8e61a4ad2d69d92a16181
